85.29.133.222 - - [29/Mar/2021:14:09:20 +0600] "GET /api/v1/get/categories HTTP/1.0" 200 1072 "https://purchases.greenclinic.kz/" "Mozilla/5.0 (Macintosh; Intel Mac OS X 10_15_7) AppleWebKit/605.1.15 (KHTML, like Gecko) Version/14.0 Safari/605.1.15"
85.29.133.222 - - [29/Mar/2021:14:10:55 +0600] "GET /api/v1/get/categories HTTP/1.0" 200 1072 "https://purchases.greenclinic.kz/" "Mozilla/5.0 (Windows NT 10.0; Win64; x64) AppleWebKit/537.36 (KHTML, like Gecko) Chrome/89.0.4389.90 Safari/537.36"
85.29.133.222 - - [29/Mar/2021:14:11:03 +0600] "GET /api/v1/get/categories HTTP/1.0" 200 1072 "https://purchases.greenclinic.kz/" "Mozilla/5.0 (Windows NT 10.0; Win64; x64) AppleWebKit/537.36 (KHTML, like Gecko) Chrome/89.0.4389.90 Safari/537.36"
85.29.133.222 - - [29/Mar/2021:14:11:22 +0600] "GET /api/v1/get/categories HTTP/1.0" 200 1072 "https://purchases.greenclinic.kz/" "Mozilla/5.0 (Windows NT 10.0; Win64; x64) AppleWebKit/537.36 (KHTML, like Gecko) Chrome/89.0.4389.90 Safari/537.36"
85.29.133.222 - - [29/Mar/2021:14:12:10 +0600] "GET /api/v1/get/categories HTTP/1.0" 200 1072 "https://purchases.greenclinic.kz/" "Mozilla/5.0 (Windows NT 10.0; Win64; x64) AppleWebKit/537.36 (KHTML, like Gecko) Chrome/89.0.4389.90 Safari/537.36"
85.29.133.222 - - [29/Mar/2021:14:13:02 +0600] "GET /api/v1/get/categories HTTP/1.0" 200 1072 "https://purchases.greenclinic.kz/" "Mozilla/5.0 (Windows NT 10.0; Win64; x64) AppleWebKit/537.36 (KHTML, like Gecko) Chrome/89.0.4389.90 Safari/537.36"
85.29.133.222 - - [29/Mar/2021:14:13:14 +0600] "GET /api/v1/get/categories HTTP/1.0" 200 1072 "https://purchases.greenclinic.kz/" "Mozilla/5.0 (Windows NT 10.0; Win64; x64) AppleWebKit/537.36 (KHTML, like Gecko) Chrome/89.0.4389.90 Safari/537.36"
85.29.133.222 - - [29/Mar/2021:14:18:10 +0600] "GET /api/v1/get/categories HTTP/1.0" 200 1072 "https://purchases.greenclinic.kz/" "Mozilla/5.0 (Windows NT 6.3; Win64; x64) AppleWebKit/537.36 (KHTML, like Gecko) Chrome/88.0.4324.182 YaBrowser/21.2.4.165 Yowser/2.5 Safari/537.36"
85.29.133.222 - - [29/Mar/2021:14:18:31 +0600] "GET /api/v1/get/categories HTTP/1.0" 200 1072 "https://purchases.greenclinic.kz/" "Mozilla/5.0 (Windows NT 6.3; Win64; x64) AppleWebKit/537.36 (KHTML, like Gecko) Chrome/88.0.4324.182 YaBrowser/21.2.4.165 Yowser/2.5 Safari/537.36"
85.29.133.222 - - [29/Mar/2021:14:18:38 +0600] "GET /api/v1/get/categories HTTP/1.0" 200 1072 "https://purchases.greenclinic.kz/" "Mozilla/5.0 (Windows NT 6.3; Win64; x64) AppleWebKit/537.36 (KHTML, like Gecko) Chrome/88.0.4324.182 YaBrowser/21.2.4.165 Yowser/2.5 Safari/537.36"
85.29.133.222 - - [29/Mar/2021:14:22:05 +0600] "GET /api/v1/get/categories HTTP/1.0" 200 1072 "https://purchases.greenclinic.kz/" "Mozilla/5.0 (Macintosh; Intel Mac OS X 10_15_7) AppleWebKit/605.1.15 (KHTML, like Gecko) Version/14.0 Safari/605.1.15"
85.29.133.222 - - [29/Mar/2021:14:22:10 +0600] "GET /api/v1/get/categories HTTP/1.0" 200 1072 "https://purchases.greenclinic.kz/" "Mozilla/5.0 (Macintosh; Intel Mac OS X 10_15_7) AppleWebKit/605.1.15 (KHTML, like Gecko) Version/14.0 Safari/605.1.15"
85.29.133.222 - - [29/Mar/2021:14:37:15 +0600] "GET /api/v1/get/categories HTTP/1.0" 200 1072 "https://purchases.greenclinic.kz/" "Mozilla/5.0 (Macintosh; Intel Mac OS X 10_15_7) AppleWebKit/605.1.15 (KHTML, like Gecko) Version/14.0 Safari/605.1.15"
85.29.133.222 - - [29/Mar/2021:14:37:37 +0600] "OPTIONS /api/v1/login HTTP/1.0" 204 137 "https://purchases.greenclinic.kz/" "Mozilla/5.0 (Macintosh; Intel Mac OS X 10_15_7) AppleWebKit/537.36 (KHTML, like Gecko) Chrome/89.0.4389.90 Safari/537.36"
85.29.133.222 - - [29/Mar/2021:14:37:38 +0600] "POST /api/v1/login HTTP/1.0" 200 1472 "https://purchases.greenclinic.kz/" "Mozilla/5.0 (Macintosh; Intel Mac OS X 10_15_7) AppleWebKit/537.36 (KHTML, like Gecko) Chrome/89.0.4389.90 Safari/537.36"
85.29.133.222 - - [29/Mar/2021:14:37:39 +0600] "OPTIONS /api/v1/get/user/me HTTP/1.0" 204 137 "https://purchases.greenclinic.kz/" "Mozilla/5.0 (Macintosh; Intel Mac OS X 10_15_7) AppleWebKit/537.36 (KHTML, like Gecko) Chrome/89.0.4389.90 Safari/537.36"
85.29.133.222 - - [29/Mar/2021:14:37:40 +0600] "POST /api/v1/get/user/me HTTP/1.0" 200 775 "https://purchases.greenclinic.kz/" "Mozilla/5.0 (Macintosh; Intel Mac OS X 10_15_7) AppleWebKit/537.36 (KHTML, like Gecko) Chrome/89.0.4389.90 Safari/537.36"
85.29.133.222 - - [29/Mar/2021:14:37:40 +0600] "OPTIONS /api/v1/get/user/me HTTP/1.0" 204 137 "https://purchases.greenclinic.kz/" "Mozilla/5.0 (Macintosh; Intel Mac OS X 10_15_7) AppleWebKit/537.36 (KHTML, like Gecko) Chrome/89.0.4389.90 Safari/537.36"
85.29.133.222 - - [29/Mar/2021:14:37:40 +0600] "OPTIONS /api/v1/login HTTP/1.0" 204 137 "https://purchases.greenclinic.kz/" "Mozilla/5.0 (Macintosh; Intel Mac OS X 10_15_7) AppleWebKit/537.36 (KHTML, like Gecko) Chrome/89.0.4389.90 Safari/537.36"
85.29.133.222 - - [29/Mar/2021:14:37:42 +0600] "POST /api/v1/login HTTP/1.0" 200 1472 "https://purchases.greenclinic.kz/" "Mozilla/5.0 (Macintosh; Intel Mac OS X 10_15_7) AppleWebKit/537.36 (KHTML, like Gecko) Chrome/89.0.4389.90 Safari/537.36"
85.29.133.222 - - [29/Mar/2021:14:37:43 +0600] "OPTIONS /api/v1/get/user/me HTTP/1.0" 204 137 "https://purchases.greenclinic.kz/" "Mozilla/5.0 (Macintosh; Intel Mac OS X 10_15_7) AppleWebKit/537.36 (KHTML, like Gecko) Chrome/89.0.4389.90 Safari/537.36"
85.29.133.222 - - [29/Mar/2021:14:37:41 +0600] "POST /api/v1/get/user/me HTTP/1.0" 200 775 "https://purchases.greenclinic.kz/" "Mozilla/5.0 (Macintosh; Intel Mac OS X 10_15_7) AppleWebKit/537.36 (KHTML, like Gecko) Chrome/89.0.4389.90 Safari/537.36"
85.29.133.222 - - [29/Mar/2021:14:37:43 +0600] "POST /api/v1/get/user/me HTTP/1.0" 200 775 "https://purchases.greenclinic.kz/" "Mozilla/5.0 (Macintosh; Intel Mac OS X 10_15_7) AppleWebKit/537.36 (KHTML, like Gecko) Chrome/89.0.4389.90 Safari/537.36"
85.29.133.222 - - [29/Mar/2021:14:37:44 +0600] "OPTIONS /api/v1/get/purchases HTTP/1.0" 204 137 "https://purchases.greenclinic.kz/" "Mozilla/5.0 (Macintosh; Intel Mac OS X 10_15_7) AppleWebKit/537.36 (KHTML, like Gecko) Chrome/89.0.4389.90 Safari/537.36"
85.29.133.222 - - [29/Mar/2021:14:37:44 +0600] "GET /api/v1/get/purchases HTTP/1.0" 200 802 "https://purchases.greenclinic.kz/" "Mozilla/5.0 (Macintosh; Intel Mac OS X 10_15_7) AppleWebKit/537.36 (KHTML, like Gecko) Chrome/89.0.4389.90 Safari/537.36"
85.29.133.222 - - [29/Mar/2021:14:37:44 +0600] "OPTIONS /api/v1/get/categories HTTP/1.0" 204 137 "https://purchases.greenclinic.kz/" "Mozilla/5.0 (Macintosh; Intel Mac OS X 10_15_7) AppleWebKit/537.36 (KHTML, like Gecko) Chrome/89.0.4389.90 Safari/537.36"
85.29.133.222 - - [29/Mar/2021:14:37:44 +0600] "OPTIONS /api/v1/get/applications HTTP/1.0" 204 137 "https://purchases.greenclinic.kz/" "Mozilla/5.0 (Macintosh; Intel Mac OS X 10_15_7) AppleWebKit/537.36 (KHTML, like Gecko) Chrome/89.0.4389.90 Safari/537.36"
85.29.133.222 - - [29/Mar/2021:14:37:45 +0600] "GET /api/v1/get/categories HTTP/1.0" 200 1093 "https://purchases.greenclinic.kz/" "Mozilla/5.0 (Macintosh; Intel Mac OS X 10_15_7) AppleWebKit/537.36 (KHTML, like Gecko) Chrome/89.0.4389.90 Safari/537.36"
85.29.133.222 - - [29/Mar/2021:14:37:46 +0600] "GET /api/v1/get/applications HTTP/1.0" 200 2076 "https://purchases.greenclinic.kz/" "Mozilla/5.0 (Macintosh; Intel Mac OS X 10_15_7) AppleWebKit/537.36 (KHTML, like Gecko) Chrome/89.0.4389.90 Safari/537.36"
85.29.133.222 - - [29/Mar/2021:14:40:02 +0600] "OPTIONS /api/v1/create/category HTTP/1.0" 204 137 "https://purchases.greenclinic.kz/" "Mozilla/5.0 (Macintosh; Intel Mac OS X 10_15_7) AppleWebKit/537.36 (KHTML, like Gecko) Chrome/89.0.4389.90 Safari/537.36"
85.29.133.222 - - [29/Mar/2021:14:40:03 +0600] "POST /api/v1/create/category HTTP/1.0" 200 598 "https://purchases.greenclinic.kz/" "Mozilla/5.0 (Macintosh; Intel Mac OS X 10_15_7) AppleWebKit/537.36 (KHTML, like Gecko) Chrome/89.0.4389.90 Safari/537.36"
85.29.133.222 - - [29/Mar/2021:14:40:04 +0600] "OPTIONS /api/v1/get/categories HTTP/1.0" 204 137 "https://purchases.greenclinic.kz/" "Mozilla/5.0 (Macintosh; Intel Mac OS X 10_15_7) AppleWebKit/537.36 (KHTML, like Gecko) Chrome/89.0.4389.90 Safari/537.36"
85.29.133.222 - - [29/Mar/2021:14:40:04 +0600] "GET /api/v1/get/categories HTTP/1.0" 200 1524 "https://purchases.greenclinic.kz/" "Mozilla/5.0 (Macintosh; Intel Mac OS X 10_15_7) AppleWebKit/537.36 (KHTML, like Gecko) Chrome/89.0.4389.90 Safari/537.36"
85.29.133.222 - - [29/Mar/2021:14:40:04 +0600] "OPTIONS /api/v1/get/purchases HTTP/1.0" 204 137 "https://purchases.greenclinic.kz/" "Mozilla/5.0 (Macintosh; Intel Mac OS X 10_15_7) AppleWebKit/537.36 (KHTML, like Gecko) Chrome/89.0.4389.90 Safari/537.36"
85.29.133.222 - - [29/Mar/2021:14:40:05 +0600] "GET /api/v1/get/purchases HTTP/1.0" 200 802 "https://purchases.greenclinic.kz/" "Mozilla/5.0 (Macintosh; Intel Mac OS X 10_15_7) AppleWebKit/537.36 (KHTML, like Gecko) Chrome/89.0.4389.90 Safari/537.36"
85.29.133.222 - - [29/Mar/2021:14:40:07 +0600] "OPTIONS /api/v1/create/category HTTP/1.0" 204 137 "https://purchases.greenclinic.kz/" "Mozilla/5.0 (Macintosh; Intel Mac OS X 10_15_7) AppleWebKit/537.36 (KHTML, like Gecko) Chrome/89.0.4389.90 Safari/537.36"
85.29.133.222 - - [29/Mar/2021:14:40:08 +0600] "POST /api/v1/create/category HTTP/1.0" 200 598 "https://purchases.greenclinic.kz/" "Mozilla/5.0 (Macintosh; Intel Mac OS X 10_15_7) AppleWebKit/537.36 (KHTML, like Gecko) Chrome/89.0.4389.90 Safari/537.36"
85.29.133.222 - - [29/Mar/2021:14:40:08 +0600] "OPTIONS /api/v1/get/categories HTTP/1.0" 204 137 "https://purchases.greenclinic.kz/" "Mozilla/5.0 (Macintosh; Intel Mac OS X 10_15_7) AppleWebKit/537.36 (KHTML, like Gecko) Chrome/89.0.4389.90 Safari/537.36"
85.29.133.222 - - [29/Mar/2021:14:40:09 +0600] "GET /api/v1/get/categories HTTP/1.0" 200 1955 "https://purchases.greenclinic.kz/" "Mozilla/5.0 (Macintosh; Intel Mac OS X 10_15_7) AppleWebKit/537.36 (KHTML, like Gecko) Chrome/89.0.4389.90 Safari/537.36"
85.29.133.222 - - [29/Mar/2021:14:40:08 +0600] "OPTIONS /api/v1/get/purchases HTTP/1.0" 204 137 "https://purchases.greenclinic.kz/" "Mozilla/5.0 (Macintosh; Intel Mac OS X 10_15_7) AppleWebKit/537.36 (KHTML, like Gecko) Chrome/89.0.4389.90 Safari/537.36"
85.29.133.222 - - [29/Mar/2021:14:40:10 +0600] "GET /api/v1/get/purchases HTTP/1.0" 200 802 "https://purchases.greenclinic.kz/" "Mozilla/5.0 (Macintosh; Intel Mac OS X 10_15_7) AppleWebKit/537.36 (KHTML, like Gecko) Chrome/89.0.4389.90 Safari/537.36"
85.29.133.222 - - [29/Mar/2021:14:40:28 +0600] "GET /api/v1/get/categories HTTP/1.0" 200 1934 "https://purchases.greenclinic.kz/" "Mozilla/5.0 (Macintosh; Intel Mac OS X 10_15_7) AppleWebKit/537.36 (KHTML, like Gecko) Chrome/89.0.4389.90 Safari/537.36"
85.29.133.222 - - [29/Mar/2021:14:40:45 +0600] "OPTIONS /api/v1/delete/category?id=5 HTTP/1.0" 204 137 "https://purchases.greenclinic.kz/" "Mozilla/5.0 (Macintosh; Intel Mac OS X 10_15_7) AppleWebKit/537.36 (KHTML, like Gecko) Chrome/89.0.4389.90 Safari/537.36"
85.29.133.222 - - [29/Mar/2021:14:40:45 +0600] "GET /api/v1/delete/category?id=5 HTTP/1.0" 200 586 "https://purchases.greenclinic.kz/" "Mozilla/5.0 (Macintosh; Intel Mac OS X 10_15_7) AppleWebKit/537.36 (KHTML, like Gecko) Chrome/89.0.4389.90 Safari/537.36"
85.29.133.222 - - [29/Mar/2021:14:40:46 +0600] "OPTIONS /api/v1/get/purchases HTTP/1.0" 204 137 "https://purchases.greenclinic.kz/" "Mozilla/5.0 (Macintosh; Intel Mac OS X 10_15_7) AppleWebKit/537.36 (KHTML, like Gecko) Chrome/89.0.4389.90 Safari/537.36"
85.29.133.222 - - [29/Mar/2021:14:40:46 +0600] "GET /api/v1/get/purchases HTTP/1.0" 200 802 "https://purchases.greenclinic.kz/" "Mozilla/5.0 (Macintosh; Intel Mac OS X 10_15_7) AppleWebKit/537.36 (KHTML, like Gecko) Chrome/89.0.4389.90 Safari/537.36"
85.29.133.222 - - [29/Mar/2021:14:40:46 +0600] "OPTIONS /api/v1/get/applications HTTP/1.0" 204 137 "https://purchases.greenclinic.kz/" "Mozilla/5.0 (Macintosh; Intel Mac OS X 10_15_7) AppleWebKit/537.36 (KHTML, like Gecko) Chrome/89.0.4389.90 Safari/537.36"
85.29.133.222 - - [29/Mar/2021:14:40:46 +0600] "OPTIONS /api/v1/get/categories HTTP/1.0" 204 137 "https://purchases.greenclinic.kz/" "Mozilla/5.0 (Macintosh; Intel Mac OS X 10_15_7) AppleWebKit/537.36 (KHTML, like Gecko) Chrome/89.0.4389.90 Safari/537.36"
85.29.133.222 - - [29/Mar/2021:14:40:47 +0600] "GET /api/v1/get/applications HTTP/1.0" 200 2076 "https://purchases.greenclinic.kz/" "Mozilla/5.0 (Macintosh; Intel Mac OS X 10_15_7) AppleWebKit/537.36 (KHTML, like Gecko) Chrome/89.0.4389.90 Safari/537.36"
85.29.133.222 - - [29/Mar/2021:14:40:48 +0600] "GET /api/v1/get/categories HTTP/1.0" 200 1524 "https://purchases.greenclinic.kz/" "Mozilla/5.0 (Macintosh; Intel Mac OS X 10_15_7) AppleWebKit/537.36 (KHTML, like Gecko) Chrome/89.0.4389.90 Safari/537.36"
85.29.133.222 - - [29/Mar/2021:14:40:49 +0600] "OPTIONS /api/v1/delete/category?id=4 HTTP/1.0" 204 137 "https://purchases.greenclinic.kz/" "Mozilla/5.0 (Macintosh; Intel Mac OS X 10_15_7) AppleWebKit/537.36 (KHTML, like Gecko) Chrome/89.0.4389.90 Safari/537.36"
85.29.133.222 - - [29/Mar/2021:14:40:49 +0600] "GET /api/v1/delete/category?id=4 HTTP/1.0" 200 586 "https://purchases.greenclinic.kz/" "Mozilla/5.0 (Macintosh; Intel Mac OS X 10_15_7) AppleWebKit/537.36 (KHTML, like Gecko) Chrome/89.0.4389.90 Safari/537.36"
85.29.133.222 - - [29/Mar/2021:14:40:50 +0600] "OPTIONS /api/v1/get/purchases HTTP/1.0" 204 137 "https://purchases.greenclinic.kz/" "Mozilla/5.0 (Macintosh; Intel Mac OS X 10_15_7) AppleWebKit/537.36 (KHTML, like Gecko) Chrome/89.0.4389.90 Safari/537.36"
85.29.133.222 - - [29/Mar/2021:14:40:50 +0600] "OPTIONS /api/v1/get/applications HTTP/1.0" 204 137 "https://purchases.greenclinic.kz/" "Mozilla/5.0 (Macintosh; Intel Mac OS X 10_15_7) AppleWebKit/537.36 (KHTML, like Gecko) Chrome/89.0.4389.90 Safari/537.36"
85.29.133.222 - - [29/Mar/2021:14:40:50 +0600] "OPTIONS /api/v1/get/categories HTTP/1.0" 204 137 "https://purchases.greenclinic.kz/" "Mozilla/5.0 (Macintosh; Intel Mac OS X 10_15_7) AppleWebKit/537.36 (KHTML, like Gecko) Chrome/89.0.4389.90 Safari/537.36"
85.29.133.222 - - [29/Mar/2021:14:40:53 +0600] "OPTIONS /api/v1/delete/category?id=2 HTTP/1.0" 204 137 "https://purchases.greenclinic.kz/" "Mozilla/5.0 (Macintosh; Intel Mac OS X 10_15_7) AppleWebKit/537.36 (KHTML, like Gecko) Chrome/89.0.4389.90 Safari/537.36"
85.29.133.222 - - [29/Mar/2021:14:40:56 +0600] "OPTIONS /api/v1/delete/category?id=2 HTTP/1.0" 204 137 "https://purchases.greenclinic.kz/" "Mozilla/5.0 (Macintosh; Intel Mac OS X 10_15_7) AppleWebKit/537.36 (KHTML, like Gecko) Chrome/89.0.4389.90 Safari/537.36"
85.29.133.222 - - [29/Mar/2021:14:40:59 +0600] "OPTIONS /api/v1/delete/category?id=2 HTTP/1.0" 204 137 "https://purchases.greenclinic.kz/" "Mozilla/5.0 (Macintosh; Intel Mac OS X 10_15_7) AppleWebKit/537.36 (KHTML, like Gecko) Chrome/89.0.4389.90 Safari/537.36"
85.29.133.222 - - [29/Mar/2021:14:41:00 +0600] "OPTIONS /api/v1/delete/category?id=2 HTTP/1.0" 204 137 "https://purchases.greenclinic.kz/" "Mozilla/5.0 (Macintosh; Intel Mac OS X 10_15_7) AppleWebKit/537.36 (KHTML, like Gecko) Chrome/89.0.4389.90 Safari/537.36"
85.29.133.222 - - [29/Mar/2021:14:41:00 +0600] "OPTIONS /api/v1/delete/category?id=2 HTTP/1.0" 204 137 "https://purchases.greenclinic.kz/" "Mozilla/5.0 (Macintosh; Intel Mac OS X 10_15_7) AppleWebKit/537.36 (KHTML, like Gecko) Chrome/89.0.4389.90 Safari/537.36"
85.29.133.222 - - [29/Mar/2021:14:41:01 +0600] "OPTIONS /api/v1/delete/category?id=2 HTTP/1.0" 204 137 "https://purchases.greenclinic.kz/" "Mozilla/5.0 (Macintosh; Intel Mac OS X 10_15_7) AppleWebKit/537.36 (KHTML, like Gecko) Chrome/89.0.4389.90 Safari/537.36"
85.29.133.222 - - [29/Mar/2021:14:41:01 +0600] "OPTIONS /api/v1/delete/category?id=2 HTTP/1.0" 204 137 "https://purchases.greenclinic.kz/" "Mozilla/5.0 (Macintosh; Intel Mac OS X 10_15_7) AppleWebKit/537.36 (KHTML, like Gecko) Chrome/89.0.4389.90 Safari/537.36"
85.29.133.222 - - [29/Mar/2021:14:41:01 +0600] "OPTIONS /api/v1/delete/category?id=2 HTTP/1.0" 204 137 "https://purchases.greenclinic.kz/" "Mozilla/5.0 (Macintosh; Intel Mac OS X 10_15_7) AppleWebKit/537.36 (KHTML, like Gecko) Chrome/89.0.4389.90 Safari/537.36"
85.29.133.222 - - [29/Mar/2021:14:41:02 +0600] "OPTIONS /api/v1/delete/category?id=2 HTTP/1.0" 204 137 "https://purchases.greenclinic.kz/" "Mozilla/5.0 (Macintosh; Intel Mac OS X 10_15_7) AppleWebKit/537.36 (KHTML, like Gecko) Chrome/89.0.4389.90 Safari/537.36"
85.29.133.222 - - [29/Mar/2021:14:41:00 +0600] "OPTIONS /api/v1/delete/category?id=2 HTTP/1.0" 204 137 "https://purchases.greenclinic.kz/" "Mozilla/5.0 (Macintosh; Intel Mac OS X 10_15_7) AppleWebKit/537.36 (KHTML, like Gecko) Chrome/89.0.4389.90 Safari/537.36"
85.29.133.222 - - [29/Mar/2021:14:41:01 +0600] "OPTIONS /api/v1/delete/category?id=2 HTTP/1.0" 204 137 "https://purchases.greenclinic.kz/" "Mozilla/5.0 (Macintosh; Intel Mac OS X 10_15_7) AppleWebKit/537.36 (KHTML, like Gecko) Chrome/89.0.4389.90 Safari/537.36"
85.29.133.222 - - [29/Mar/2021:14:41:01 +0600] "OPTIONS /api/v1/delete/category?id=2 HTTP/1.0" 204 137 "https://purchases.greenclinic.kz/" "Mozilla/5.0 (Macintosh; Intel Mac OS X 10_15_7) AppleWebKit/537.36 (KHTML, like Gecko) Chrome/89.0.4389.90 Safari/537.36"
85.29.133.222 - - [29/Mar/2021:14:41:01 +0600] "OPTIONS /api/v1/delete/category?id=2 HTTP/1.0" 204 137 "https://purchases.greenclinic.kz/" "Mozilla/5.0 (Macintosh; Intel Mac OS X 10_15_7) AppleWebKit/537.36 (KHTML, like Gecko) Chrome/89.0.4389.90 Safari/537.36"
85.29.133.222 - - [29/Mar/2021:14:41:02 +0600] "OPTIONS /api/v1/delete/category?id=2 HTTP/1.0" 204 137 "https://purchases.greenclinic.kz/" "Mozilla/5.0 (Macintosh; Intel Mac OS X 10_15_7) AppleWebKit/537.36 (KHTML, like Gecko) Chrome/89.0.4389.90 Safari/537.36"
85.29.133.222 - - [29/Mar/2021:14:41:04 +0600] "OPTIONS /api/v1/get/user/me HTTP/1.0" 204 137 "https://purchases.greenclinic.kz/" "Mozilla/5.0 (Macintosh; Intel Mac OS X 10_15_7) AppleWebKit/537.36 (KHTML, like Gecko) Chrome/89.0.4389.90 Safari/537.36"
85.29.133.222 - - [29/Mar/2021:14:40:54 +0600] "GET /api/v1/delete/category?id=2 HTTP/1.0" 200 586 "https://purchases.greenclinic.kz/" "Mozilla/5.0 (Macintosh; Intel Mac OS X 10_15_7) AppleWebKit/537.36 (KHTML, like Gecko) Chrome/89.0.4389.90 Safari/537.36"
85.29.133.222 - - [29/Mar/2021:14:41:05 +0600] "POST /api/v1/get/user/me HTTP/1.0" 200 775 "https://purchases.greenclinic.kz/" "Mozilla/5.0 (Macintosh; Intel Mac OS X 10_15_7) AppleWebKit/537.36 (KHTML, like Gecko) Chrome/89.0.4389.90 Safari/537.36"
85.29.133.222 - - [29/Mar/2021:14:41:45 +0600] "OPTIONS /api/v1/create/category HTTP/1.0" 204 137 "https://purchases.greenclinic.kz/" "Mozilla/5.0 (Macintosh; Intel Mac OS X 10_15_7) AppleWebKit/537.36 (KHTML, like Gecko) Chrome/89.0.4389.90 Safari/537.36"
85.29.133.222 - - [29/Mar/2021:14:41:52 +0600] "OPTIONS /api/v1/get/user/me HTTP/1.0" 204 137 "https://purchases.greenclinic.kz/" "Mozilla/5.0 (Macintosh; Intel Mac OS X 10_15_7) AppleWebKit/537.36 (KHTML, like Gecko) Chrome/89.0.4389.90 Safari/537.36"
85.29.133.222 - - [29/Mar/2021:14:42:17 +0600] "POST /api/v1/get/user/me HTTP/1.0" 200 775 "https://purchases.greenclinic.kz/" "Mozilla/5.0 (Macintosh; Intel Mac OS X 10_15_7) AppleWebKit/537.36 (KHTML, like Gecko) Chrome/89.0.4389.90 Safari/537.36"
85.29.133.222 - - [29/Mar/2021:14:42:18 +0600] "OPTIONS /api/v1/get/purchases HTTP/1.0" 204 137 "https://purchases.greenclinic.kz/" "Mozilla/5.0 (Macintosh; Intel Mac OS X 10_15_7) AppleWebKit/537.36 (KHTML, like Gecko) Chrome/89.0.4389.90 Safari/537.36"
85.29.133.222 - - [29/Mar/2021:14:42:18 +0600] "GET /api/v1/get/purchases HTTP/1.0" 200 495 "https://purchases.greenclinic.kz/" "Mozilla/5.0 (Macintosh; Intel Mac OS X 10_15_7) AppleWebKit/537.36 (KHTML, like Gecko) Chrome/89.0.4389.90 Safari/537.36"
85.29.133.222 - - [29/Mar/2021:14:42:18 +0600] "OPTIONS /api/v1/get/applications HTTP/1.0" 204 137 "https://purchases.greenclinic.kz/" "Mozilla/5.0 (Macintosh; Intel Mac OS X 10_15_7) AppleWebKit/537.36 (KHTML, like Gecko) Chrome/89.0.4389.90 Safari/537.36"
85.29.133.222 - - [29/Mar/2021:14:42:19 +0600] "GET /api/v1/get/applications HTTP/1.0" 200 2076 "https://purchases.greenclinic.kz/" "Mozilla/5.0 (Macintosh; Intel Mac OS X 10_15_7) AppleWebKit/537.36 (KHTML, like Gecko) Chrome/89.0.4389.90 Safari/537.36"
85.29.133.222 - - [29/Mar/2021:14:41:26 +0600] "OPTIONS /api/v1/create/category HTTP/1.0" 204 137 "https://purchases.greenclinic.kz/" "Mozilla/5.0 (Macintosh; Intel Mac OS X 10_15_7) AppleWebKit/537.36 (KHTML, like Gecko) Chrome/89.0.4389.90 Safari/537.36"
85.29.133.222 - - [29/Mar/2021:14:40:51 +0600] "GET /api/v1/get/purchases HTTP/1.0" 200 495 "https://purchases.greenclinic.kz/" "Mozilla/5.0 (Macintosh; Intel Mac OS X 10_15_7) AppleWebKit/537.36 (KHTML, like Gecko) Chrome/89.0.4389.90 Safari/537.36"
85.29.133.222 - - [29/Mar/2021:14:40:51 +0600] "GET /api/v1/get/applications HTTP/1.0" 200 2076 "https://purchases.greenclinic.kz/" "Mozilla/5.0 (Macintosh; Intel Mac OS X 10_15_7) AppleWebKit/537.36 (KHTML, like Gecko) Chrome/89.0.4389.90 Safari/537.36"
85.29.133.222 - - [29/Mar/2021:14:40:52 +0600] "GET /api/v1/get/categories HTTP/1.0" 200 925 "https://purchases.greenclinic.kz/" "Mozilla/5.0 (Macintosh; Intel Mac OS X 10_15_7) AppleWebKit/537.36 (KHTML, like Gecko) Chrome/89.0.4389.90 Safari/537.36"
85.29.133.222 - - [29/Mar/2021:14:42:18 +0600] "OPTIONS /api/v1/get/categories HTTP/1.0" 204 137 "https://purchases.greenclinic.kz/" "Mozilla/5.0 (Macintosh; Intel Mac OS X 10_15_7) AppleWebKit/537.36 (KHTML, like Gecko) Chrome/89.0.4389.90 Safari/537.36"
85.29.133.222 - - [29/Mar/2021:14:41:39 +0600] "OPTIONS /api/v1/get/user/me HTTP/1.0" 204 137 "https://purchases.greenclinic.kz/" "Mozilla/5.0 (Macintosh; Intel Mac OS X 10_15_7) AppleWebKit/537.36 (KHTML, like Gecko) Chrome/89.0.4389.90 Safari/537.36"
85.29.133.222 - - [29/Mar/2021:14:41:49 +0600] "OPTIONS /api/v1/create/category HTTP/1.0" 204 137 "https://purchases.greenclinic.kz/" "Mozilla/5.0 (Macintosh; Intel Mac OS X 10_15_7) AppleWebKit/537.36 (KHTML, like Gecko) Chrome/89.0.4389.90 Safari/537.36"
85.29.133.222 - - [29/Mar/2021:14:41:12 +0600] "GET /api/v1/get/categories HTTP/1.0" 200 3146 "https://purchases.greenclinic.kz/" "Mozilla/5.0 (Macintosh; Intel Mac OS X 10_15_7) AppleWebKit/537.36 (KHTML, like Gecko) Chrome/89.0.4389.90 Safari/537.36"
85.29.133.222 - - [29/Mar/2021:14:42:32 +0600] "OPTIONS /api/v1/create/category HTTP/1.0" 204 137 "https://purchases.greenclinic.kz/" "Mozilla/5.0 (Macintosh; Intel Mac OS X 10_15_7) AppleWebKit/537.36 (KHTML, like Gecko) Chrome/89.0.4389.90 Safari/537.36"
85.29.133.222 - - [29/Mar/2021:14:42:32 +0600] "GET /api/v1/get/categories HTTP/1.0" 200 925 "https://purchases.greenclinic.kz/" "Mozilla/5.0 (Macintosh; Intel Mac OS X 10_15_7) AppleWebKit/537.36 (KHTML, like Gecko) Chrome/89.0.4389.90 Safari/537.36"
85.29.133.222 - - [29/Mar/2021:14:42:32 +0600] "POST /api/v1/create/category HTTP/1.0" 200 598 "https://purchases.greenclinic.kz/" "Mozilla/5.0 (Macintosh; Intel Mac OS X 10_15_7) AppleWebKit/537.36 (KHTML, like Gecko) Chrome/89.0.4389.90 Safari/537.36"
85.29.133.222 - - [29/Mar/2021:14:42:33 +0600] "OPTIONS /api/v1/get/categories HTTP/1.0" 204 137 "https://purchases.greenclinic.kz/" "Mozilla/5.0 (Macintosh; Intel Mac OS X 10_15_7) AppleWebKit/537.36 (KHTML, like Gecko) Chrome/89.0.4389.90 Safari/537.36"
85.29.133.222 - - [29/Mar/2021:14:42:33 +0600] "OPTIONS /api/v1/get/purchases HTTP/1.0" 204 137 "https://purchases.greenclinic.kz/" "Mozilla/5.0 (Macintosh; Intel Mac OS X 10_15_7) AppleWebKit/537.36 (KHTML, like Gecko) Chrome/89.0.4389.90 Safari/537.36"
85.29.133.222 - - [29/Mar/2021:14:43:02 +0600] "OPTIONS /api/v1/create/category HTTP/1.0" 204 137 "https://purchases.greenclinic.kz/" "Mozilla/5.0 (Macintosh; Intel Mac OS X 10_15_7) AppleWebKit/537.36 (KHTML, like Gecko) Chrome/89.0.4389.90 Safari/537.36"
85.29.133.222 - - [29/Mar/2021:14:43:04 +0600] "POST /api/v1/create/category HTTP/1.0" 200 598 "https://purchases.greenclinic.kz/" "Mozilla/5.0 (Macintosh; Intel Mac OS X 10_15_7) AppleWebKit/537.36 (KHTML, like Gecko) Chrome/89.0.4389.90 Safari/537.36"
85.29.133.222 - - [29/Mar/2021:14:43:14 +0600] "OPTIONS /api/v1/get/user/me HTTP/1.0" 204 137 "https://purchases.greenclinic.kz/" "Mozilla/5.0 (Macintosh; Intel Mac OS X 10_15_7) AppleWebKit/537.36 (KHTML, like Gecko) Chrome/89.0.4389.90 Safari/537.36"
85.29.133.222 - - [29/Mar/2021:14:43:03 +0600] "GET /api/v1/get/categories HTTP/1.0" 200 1528 "https://purchases.greenclinic.kz/" "Mozilla/5.0 (Macintosh; Intel Mac OS X 10_15_7) AppleWebKit/537.36 (KHTML, like Gecko) Chrome/89.0.4389.90 Safari/537.36"
85.29.133.222 - - [29/Mar/2021:14:43:15 +0600] "POST /api/v1/get/user/me HTTP/1.0" 200 775 "https://purchases.greenclinic.kz/" "Mozilla/5.0 (Macintosh; Intel Mac OS X 10_15_7) AppleWebKit/537.36 (KHTML, like Gecko) Chrome/89.0.4389.90 Safari/537.36"
85.29.133.222 - - [29/Mar/2021:14:43:16 +0600] "OPTIONS /api/v1/get/purchases HTTP/1.0" 204 137 "https://purchases.greenclinic.kz/" "Mozilla/5.0 (Macintosh; Intel Mac OS X 10_15_7) AppleWebKit/537.36 (KHTML, like Gecko) Chrome/89.0.4389.90 Safari/537.36"
85.29.133.222 - - [29/Mar/2021:14:43:16 +0600] "OPTIONS /api/v1/get/categories HTTP/1.0" 204 137 "https://purchases.greenclinic.kz/" "Mozilla/5.0 (Macintosh; Intel Mac OS X 10_15_7) AppleWebKit/537.36 (KHTML, like Gecko) Chrome/89.0.4389.90 Safari/537.36"
85.29.133.222 - - [29/Mar/2021:14:43:17 +0600] "GET /api/v1/get/purchases HTTP/1.0" 200 495 "https://purchases.greenclinic.kz/" "Mozilla/5.0 (Macintosh; Intel Mac OS X 10_15_7) AppleWebKit/537.36 (KHTML, like Gecko) Chrome/89.0.4389.90 Safari/537.36"
85.29.133.222 - - [29/Mar/2021:14:43:17 +0600] "GET /api/v1/get/categories HTTP/1.0" 200 1549 "https://purchases.greenclinic.kz/" "Mozilla/5.0 (Macintosh; Intel Mac OS X 10_15_7) AppleWebKit/537.36 (KHTML, like Gecko) Chrome/89.0.4389.90 Safari/537.36"
85.29.133.222 - - [29/Mar/2021:14:43:16 +0600] "OPTIONS /api/v1/get/applications HTTP/1.0" 204 137 "https://purchases.greenclinic.kz/" "Mozilla/5.0 (Macintosh; Intel Mac OS X 10_15_7) AppleWebKit/537.36 (KHTML, like Gecko) Chrome/89.0.4389.90 Safari/537.36"
85.29.133.222 - - [29/Mar/2021:14:43:17 +0600] "GET /api/v1/get/applications HTTP/1.0" 200 2076 "https://purchases.greenclinic.kz/" "Mozilla/5.0 (Macintosh; Intel Mac OS X 10_15_7) AppleWebKit/537.36 (KHTML, like Gecko) Chrome/89.0.4389.90 Safari/537.36"
145.255.179.145 - - [29/Mar/2021:14:43:18 +0600] "GET /api/v1/get/categories HTTP/1.0" 200 1528 "https://purchases.greenclinic.kz/" "Mozilla/5.0 (Macintosh; Intel Mac OS X 10_11_6) AppleWebKit/537.36 (KHTML, like Gecko) Chrome/89.0.4389.90 Safari/537.36"
145.255.179.145 - - [29/Mar/2021:14:43:21 +0600] "GET /api/v1/get/by/category?id=6 HTTP/1.0" 200 474 "https://purchases.greenclinic.kz/" "Mozilla/5.0 (Macintosh; Intel Mac OS X 10_11_6) AppleWebKit/537.36 (KHTML, like Gecko) Chrome/89.0.4389.90 Safari/537.36"
85.29.133.222 - - [29/Mar/2021:14:43:23 +0600] "OPTIONS /api/v1/delete/category?id=6 HTTP/1.0" 204 137 "https://purchases.greenclinic.kz/" "Mozilla/5.0 (Macintosh; Intel Mac OS X 10_15_7) AppleWebKit/537.36 (KHTML, like Gecko) Chrome/89.0.4389.90 Safari/537.36"
145.255.179.145 - - [29/Mar/2021:14:43:23 +0600] "GET /api/v1/get/by/category?id=8 HTTP/1.0" 200 474 "https://purchases.greenclinic.kz/" "Mozilla/5.0 (Macintosh; Intel Mac OS X 10_11_6) AppleWebKit/537.36 (KHTML, like Gecko) Chrome/89.0.4389.90 Safari/537.36"
85.29.133.222 - - [29/Mar/2021:14:43:25 +0600] "GET /api/v1/delete/category?id=6 HTTP/1.0" 200 586 "https://purchases.greenclinic.kz/" "Mozilla/5.0 (Macintosh; Intel Mac OS X 10_15_7) AppleWebKit/537.36 (KHTML, like Gecko) Chrome/89.0.4389.90 Safari/537.36"
85.29.133.222 - - [29/Mar/2021:14:43:26 +0600] "OPTIONS /api/v1/get/purchases HTTP/1.0" 204 137 "https://purchases.greenclinic.kz/" "Mozilla/5.0 (Macintosh; Intel Mac OS X 10_15_7) AppleWebKit/537.36 (KHTML, like Gecko) Chrome/89.0.4389.90 Safari/537.36"
85.29.133.222 - - [29/Mar/2021:14:43:26 +0600] "OPTIONS /api/v1/get/categories HTTP/1.0" 204 137 "https://purchases.greenclinic.kz/" "Mozilla/5.0 (Macintosh; Intel Mac OS X 10_15_7) AppleWebKit/537.36 (KHTML, like Gecko) Chrome/89.0.4389.90 Safari/537.36"
85.29.133.222 - - [29/Mar/2021:14:43:26 +0600] "GET /api/v1/get/purchases HTTP/1.0" 200 495 "https://purchases.greenclinic.kz/" "Mozilla/5.0 (Macintosh; Intel Mac OS X 10_15_7) AppleWebKit/537.36 (KHTML, like Gecko) Chrome/89.0.4389.90 Safari/537.36"
85.29.133.222 - - [29/Mar/2021:14:43:26 +0600] "GET /api/v1/get/categories HTTP/1.0" 200 1118 "https://purchases.greenclinic.kz/" "Mozilla/5.0 (Macintosh; Intel Mac OS X 10_15_7) AppleWebKit/537.36 (KHTML, like Gecko) Chrome/89.0.4389.90 Safari/537.36"
85.29.133.222 - - [29/Mar/2021:14:43:26 +0600] "OPTIONS /api/v1/get/applications HTTP/1.0" 204 137 "https://purchases.greenclinic.kz/" "Mozilla/5.0 (Macintosh; Intel Mac OS X 10_15_7) AppleWebKit/537.36 (KHTML, like Gecko) Chrome/89.0.4389.90 Safari/537.36"
145.255.179.145 - - [29/Mar/2021:14:43:25 +0600] "GET /api/v1/get/by/category?id=6 HTTP/1.0" 200 474 "https://purchases.greenclinic.kz/" "Mozilla/5.0 (Macintosh; Intel Mac OS X 10_11_6) AppleWebKit/537.36 (KHTML, like Gecko) Chrome/89.0.4389.90 Safari/537.36"
85.29.133.222 - - [29/Mar/2021:14:43:27 +0600] "GET /api/v1/get/applications HTTP/1.0" 200 2076 "https://purchases.greenclinic.kz/" "Mozilla/5.0 (Macintosh; Intel Mac OS X 10_15_7) AppleWebKit/537.36 (KHTML, like Gecko) Chrome/89.0.4389.90 Safari/537.36"
145.255.179.145 - - [29/Mar/2021:14:43:27 +0600] "GET /api/v1/get/by/category?id=8 HTTP/1.0" 200 474 "https://purchases.greenclinic.kz/" "Mozilla/5.0 (Macintosh; Intel Mac OS X 10_11_6) AppleWebKit/537.36 (KHTML, like Gecko) Chrome/89.0.4389.90 Safari/537.36"
145.255.179.145 - - [29/Mar/2021:14:43:28 +0600] "GET /api/v1/get/by/category?id=6 HTTP/1.0" 200 474 "https://purchases.greenclinic.kz/" "Mozilla/5.0 (Macintosh; Intel Mac OS X 10_11_6) AppleWebKit/537.36 (KHTML, like Gecko) Chrome/89.0.4389.90 Safari/537.36"
145.255.179.145 - - [29/Mar/2021:14:43:23 +0600] "GET /api/v1/get/by/category?id=7 HTTP/1.0" 200 474 "https://purchases.greenclinic.kz/" "Mozilla/5.0 (Macintosh; Intel Mac OS X 10_11_6) AppleWebKit/537.36 (KHTML, like Gecko) Chrome/89.0.4389.90 Safari/537.36"
85.29.133.222 - - [29/Mar/2021:14:42:33 +0600] "GET /api/v1/get/purchases HTTP/1.0" 200 495 "https://purchases.greenclinic.kz/" "Mozilla/5.0 (Macintosh; Intel Mac OS X 10_15_7) AppleWebKit/537.36 (KHTML, like Gecko) Chrome/89.0.4389.90 Safari/537.36"
85.29.133.222 - - [29/Mar/2021:14:42:33 +0600] "GET /api/v1/get/categories HTTP/1.0" 200 1118 "https://purchases.greenclinic.kz/" "Mozilla/5.0 (Macintosh; Intel Mac OS X 10_15_7) AppleWebKit/537.36 (KHTML, like Gecko) Chrome/89.0.4389.90 Safari/537.36"
145.255.179.145 - - [29/Mar/2021:14:43:36 +0600] "GET /api/v1/get/categories HTTP/1.0" 200 1097 "https://purchases.greenclinic.kz/" "Mozilla/5.0 (Macintosh; Intel Mac OS X 10_11_6) AppleWebKit/537.36 (KHTML, like Gecko) Chrome/89.0.4389.90 Safari/537.36"
85.29.133.222 - - [29/Mar/2021:14:43:40 +0600] "OPTIONS /api/v1/create/category HTTP/1.0" 204 137 "https://purchases.greenclinic.kz/" "Mozilla/5.0 (Macintosh; Intel Mac OS X 10_15_7) AppleWebKit/537.36 (KHTML, like Gecko) Chrome/89.0.4389.90 Safari/537.36"
85.29.133.222 - - [29/Mar/2021:14:43:41 +0600] "POST /api/v1/create/category HTTP/1.0" 200 598 "https://purchases.greenclinic.kz/" "Mozilla/5.0 (Macintosh; Intel Mac OS X 10_15_7) AppleWebKit/537.36 (KHTML, like Gecko) Chrome/89.0.4389.90 Safari/537.36"
85.29.133.222 - - [29/Mar/2021:14:43:42 +0600] "OPTIONS /api/v1/get/purchases HTTP/1.0" 204 137 "https://purchases.greenclinic.kz/" "Mozilla/5.0 (Macintosh; Intel Mac OS X 10_15_7) AppleWebKit/537.36 (KHTML, like Gecko) Chrome/89.0.4389.90 Safari/537.36"
85.29.133.222 - - [29/Mar/2021:14:43:42 +0600] "OPTIONS /api/v1/get/categories HTTP/1.0" 204 137 "https://purchases.greenclinic.kz/" "Mozilla/5.0 (Macintosh; Intel Mac OS X 10_15_7) AppleWebKit/537.36 (KHTML, like Gecko) Chrome/89.0.4389.90 Safari/537.36"
85.29.133.222 - - [29/Mar/2021:14:43:42 +0600] "GET /api/v1/get/purchases HTTP/1.0" 200 495 "https://purchases.greenclinic.kz/" "Mozilla/5.0 (Macintosh; Intel Mac OS X 10_15_7) AppleWebKit/537.36 (KHTML, like Gecko) Chrome/89.0.4389.90 Safari/537.36"
85.29.133.222 - - [29/Mar/2021:14:43:42 +0600] "GET /api/v1/get/categories HTTP/1.0" 200 1341 "https://purchases.greenclinic.kz/" "Mozilla/5.0 (Macintosh; Intel Mac OS X 10_15_7) AppleWebKit/537.36 (KHTML, like Gecko) Chrome/89.0.4389.90 Safari/537.36"
85.29.133.222 - - [29/Mar/2021:14:44:04 +0600] "OPTIONS /api/v1/create/category HTTP/1.0" 204 137 "https://purchases.greenclinic.kz/" "Mozilla/5.0 (Macintosh; Intel Mac OS X 10_15_7) AppleWebKit/537.36 (KHTML, like Gecko) Chrome/89.0.4389.90 Safari/537.36"
85.29.133.222 - - [29/Mar/2021:14:44:04 +0600] "POST /api/v1/create/category HTTP/1.0" 200 598 "https://purchases.greenclinic.kz/" "Mozilla/5.0 (Macintosh; Intel Mac OS X 10_15_7) AppleWebKit/537.36 (KHTML, like Gecko) Chrome/89.0.4389.90 Safari/537.36"
85.29.133.222 - - [29/Mar/2021:14:44:05 +0600] "OPTIONS /api/v1/get/categories HTTP/1.0" 204 137 "https://purchases.greenclinic.kz/" "Mozilla/5.0 (Macintosh; Intel Mac OS X 10_15_7) AppleWebKit/537.36 (KHTML, like Gecko) Chrome/89.0.4389.90 Safari/537.36"
85.29.133.222 - - [29/Mar/2021:14:44:05 +0600] "OPTIONS /api/v1/get/purchases HTTP/1.0" 204 137 "https://purchases.greenclinic.kz/" "Mozilla/5.0 (Macintosh; Intel Mac OS X 10_15_7) AppleWebKit/537.36 (KHTML, like Gecko) Chrome/89.0.4389.90 Safari/537.36"
85.29.133.222 - - [29/Mar/2021:14:44:05 +0600] "GET /api/v1/get/categories HTTP/1.0" 200 1535 "https://purchases.greenclinic.kz/" "Mozilla/5.0 (Macintosh; Intel Mac OS X 10_15_7) AppleWebKit/537.36 (KHTML, like Gecko) Chrome/89.0.4389.90 Safari/537.36"
85.29.133.222 - - [29/Mar/2021:14:44:05 +0600] "GET /api/v1/get/purchases HTTP/1.0" 200 495 "https://purchases.greenclinic.kz/" "Mozilla/5.0 (Macintosh; Intel Mac OS X 10_15_7) AppleWebKit/537.36 (KHTML, like Gecko) Chrome/89.0.4389.90 Safari/537.36"
85.29.133.222 - - [29/Mar/2021:14:44:18 +0600] "GET /api/v1/get/categories HTTP/1.0" 200 1514 "https://purchases.greenclinic.kz/" "Mozilla/5.0 (Macintosh; Intel Mac OS X 10_15_7) AppleWebKit/537.36 (KHTML, like Gecko) Chrome/89.0.4389.90 Safari/537.36"
85.29.133.222 - - [29/Mar/2021:14:45:00 +0600] "OPTIONS /api/v1/create/purchase HTTP/1.0" 204 137 "https://purchases.greenclinic.kz/" "Mozilla/5.0 (Macintosh; Intel Mac OS X 10_15_7) AppleWebKit/537.36 (KHTML, like Gecko) Chrome/89.0.4389.90 Safari/537.36"
85.29.133.222 - - [29/Mar/2021:14:45:01 +0600] "POST /api/v1/create/purchase HTTP/1.0" 500 12699 "https://purchases.greenclinic.kz/" "Mozilla/5.0 (Macintosh; Intel Mac OS X 10_15_7) AppleWebKit/537.36 (KHTML, like Gecko) Chrome/89.0.4389.90 Safari/537.36"
145.255.179.145 - - [29/Mar/2021:14:45:46 +0600] "OPTIONS /api/v1/login HTTP/1.0" 204 137 "https://purchases.greenclinic.kz/" "Mozilla/5.0 (Macintosh; Intel Mac OS X 10_11_6) AppleWebKit/537.36 (KHTML, like Gecko) Chrome/89.0.4389.90 Safari/537.36"
145.255.179.145 - - [29/Mar/2021:14:45:47 +0600] "POST /api/v1/login HTTP/1.0" 200 1472 "https://purchases.greenclinic.kz/" "Mozilla/5.0 (Macintosh; Intel Mac OS X 10_11_6) AppleWebKit/537.36 (KHTML, like Gecko) Chrome/89.0.4389.90 Safari/537.36"
145.255.179.145 - - [29/Mar/2021:14:45:48 +0600] "OPTIONS /api/v1/get/user/me HTTP/1.0" 204 137 "https://purchases.greenclinic.kz/" "Mozilla/5.0 (Macintosh; Intel Mac OS X 10_11_6) AppleWebKit/537.36 (KHTML, like Gecko) Chrome/89.0.4389.90 Safari/537.36"
145.255.179.145 - - [29/Mar/2021:14:45:48 +0600] "POST /api/v1/get/user/me HTTP/1.0" 200 775 "https://purchases.greenclinic.kz/" "Mozilla/5.0 (Macintosh; Intel Mac OS X 10_11_6) AppleWebKit/537.36 (KHTML, like Gecko) Chrome/89.0.4389.90 Safari/537.36"
145.255.179.145 - - [29/Mar/2021:14:45:48 +0600] "OPTIONS /api/v1/login HTTP/1.0" 204 137 "https://purchases.greenclinic.kz/" "Mozilla/5.0 (Macintosh; Intel Mac OS X 10_11_6) AppleWebKit/537.36 (KHTML, like Gecko) Chrome/89.0.4389.90 Safari/537.36"
145.255.179.145 - - [29/Mar/2021:14:45:49 +0600] "OPTIONS /api/v1/get/user/me HTTP/1.0" 204 137 "https://purchases.greenclinic.kz/" "Mozilla/5.0 (Macintosh; Intel Mac OS X 10_11_6) AppleWebKit/537.36 (KHTML, like Gecko) Chrome/89.0.4389.90 Safari/537.36"
145.255.179.145 - - [29/Mar/2021:14:45:50 +0600] "POST /api/v1/get/user/me HTTP/1.0" 200 775 "https://purchases.greenclinic.kz/" "Mozilla/5.0 (Macintosh; Intel Mac OS X 10_11_6) AppleWebKit/537.36 (KHTML, like Gecko) Chrome/89.0.4389.90 Safari/537.36"
145.255.179.145 - - [29/Mar/2021:14:45:50 +0600] "POST /api/v1/login HTTP/1.0" 200 1472 "https://purchases.greenclinic.kz/" "Mozilla/5.0 (Macintosh; Intel Mac OS X 10_11_6) AppleWebKit/537.36 (KHTML, like Gecko) Chrome/89.0.4389.90 Safari/537.36"
145.255.179.145 - - [29/Mar/2021:14:45:50 +0600] "OPTIONS /api/v1/get/purchases HTTP/1.0" 204 137 "https://purchases.greenclinic.kz/" "Mozilla/5.0 (Macintosh; Intel Mac OS X 10_11_6) AppleWebKit/537.36 (KHTML, like Gecko) Chrome/89.0.4389.90 Safari/537.36"
145.255.179.145 - - [29/Mar/2021:14:45:50 +0600] "OPTIONS /api/v1/get/user/me HTTP/1.0" 204 137 "https://purchases.greenclinic.kz/" "Mozilla/5.0 (Macintosh; Intel Mac OS X 10_11_6) AppleWebKit/537.36 (KHTML, like Gecko) Chrome/89.0.4389.90 Safari/537.36"
145.255.179.145 - - [29/Mar/2021:14:45:50 +0600] "GET /api/v1/get/purchases HTTP/1.0" 200 495 "https://purchases.greenclinic.kz/" "Mozilla/5.0 (Macintosh; Intel Mac OS X 10_11_6) AppleWebKit/537.36 (KHTML, like Gecko) Chrome/89.0.4389.90 Safari/537.36"
145.255.179.145 - - [29/Mar/2021:14:45:51 +0600] "POST /api/v1/get/user/me HTTP/1.0" 200 775 "https://purchases.greenclinic.kz/" "Mozilla/5.0 (Macintosh; Intel Mac OS X 10_11_6) AppleWebKit/537.36 (KHTML, like Gecko) Chrome/89.0.4389.90 Safari/537.36"
145.255.179.145 - - [29/Mar/2021:14:45:50 +0600] "OPTIONS /api/v1/get/categories HTTP/1.0" 204 137 "https://purchases.greenclinic.kz/" "Mozilla/5.0 (Macintosh; Intel Mac OS X 10_11_6) AppleWebKit/537.36 (KHTML, like Gecko) Chrome/89.0.4389.90 Safari/537.36"
145.255.179.145 - - [29/Mar/2021:14:45:50 +0600] "OPTIONS /api/v1/get/applications HTTP/1.0" 204 137 "https://purchases.greenclinic.kz/" "Mozilla/5.0 (Macintosh; Intel Mac OS X 10_11_6) AppleWebKit/537.36 (KHTML, like Gecko) Chrome/89.0.4389.90 Safari/537.36"
85.29.133.222 - - [29/Mar/2021:14:45:52 +0600] "OPTIONS /api/v1/create/purchase HTTP/1.0" 204 137 "https://purchases.greenclinic.kz/" "Mozilla/5.0 (Macintosh; Intel Mac OS X 10_15_7) AppleWebKit/537.36 (KHTML, like Gecko) Chrome/89.0.4389.90 Safari/537.36"
145.255.179.145 - - [29/Mar/2021:14:45:52 +0600] "GET /api/v1/get/categories HTTP/1.0" 200 1535 "https://purchases.greenclinic.kz/" "Mozilla/5.0 (Macintosh; Intel Mac OS X 10_11_6) AppleWebKit/537.36 (KHTML, like Gecko) Chrome/89.0.4389.90 Safari/537.36"
145.255.179.145 - - [29/Mar/2021:14:45:52 +0600] "GET /api/v1/get/applications HTTP/1.0" 200 2076 "https://purchases.greenclinic.kz/" "Mozilla/5.0 (Macintosh; Intel Mac OS X 10_11_6) AppleWebKit/537.36 (KHTML, like Gecko) Chrome/89.0.4389.90 Safari/537.36"
85.29.133.222 - - [29/Mar/2021:14:45:52 +0600] "POST /api/v1/create/purchase HTTP/1.0" 200 598 "https://purchases.greenclinic.kz/" "Mozilla/5.0 (Macintosh; Intel Mac OS X 10_15_7) AppleWebKit/537.36 (KHTML, like Gecko) Chrome/89.0.4389.90 Safari/537.36"
85.29.133.222 - - [29/Mar/2021:14:45:53 +0600] "OPTIONS /api/v1/get/purchases HTTP/1.0" 204 137 "https://purchases.greenclinic.kz/" "Mozilla/5.0 (Macintosh; Intel Mac OS X 10_15_7) AppleWebKit/537.36 (KHTML, like Gecko) Chrome/89.0.4389.90 Safari/537.36"
85.29.133.222 - - [29/Mar/2021:14:45:53 +0600] "OPTIONS /api/v1/get/categories HTTP/1.0" 204 137 "https://purchases.greenclinic.kz/" "Mozilla/5.0 (Macintosh; Intel Mac OS X 10_15_7) AppleWebKit/537.36 (KHTML, like Gecko) Chrome/89.0.4389.90 Safari/537.36"
85.29.133.222 - - [29/Mar/2021:14:45:53 +0600] "GET /api/v1/get/categories HTTP/1.0" 200 2142 "https://purchases.greenclinic.kz/" "Mozilla/5.0 (Macintosh; Intel Mac OS X 10_15_7) AppleWebKit/537.36 (KHTML, like Gecko) Chrome/89.0.4389.90 Safari/537.36"
85.29.133.222 - - [29/Mar/2021:14:45:53 +0600] "GET /api/v1/get/purchases HTTP/1.0" 200 1120 "https://purchases.greenclinic.kz/" "Mozilla/5.0 (Macintosh; Intel Mac OS X 10_15_7) AppleWebKit/537.36 (KHTML, like Gecko) Chrome/89.0.4389.90 Safari/537.36"
145.255.179.145 - - [29/Mar/2021:14:45:54 +0600] "OPTIONS /api/v1/get/user/me HTTP/1.0" 204 137 "https://purchases.greenclinic.kz/" "Mozilla/5.0 (Macintosh; Intel Mac OS X 10_11_6) AppleWebKit/537.36 (KHTML, like Gecko) Chrome/89.0.4389.90 Safari/537.36"
145.255.179.145 - - [29/Mar/2021:14:45:55 +0600] "POST /api/v1/get/user/me HTTP/1.0" 200 775 "https://purchases.greenclinic.kz/" "Mozilla/5.0 (Macintosh; Intel Mac OS X 10_11_6) AppleWebKit/537.36 (KHTML, like Gecko) Chrome/89.0.4389.90 Safari/537.36"
145.255.179.145 - - [29/Mar/2021:14:45:56 +0600] "OPTIONS /api/v1/get/categories HTTP/1.0" 204 137 "https://purchases.greenclinic.kz/" "Mozilla/5.0 (Macintosh; Intel Mac OS X 10_11_6) AppleWebKit/537.36 (KHTML, like Gecko) Chrome/89.0.4389.90 Safari/537.36"
145.255.179.145 - - [29/Mar/2021:14:45:56 +0600] "OPTIONS /api/v1/get/purchases HTTP/1.0" 204 137 "https://purchases.greenclinic.kz/" "Mozilla/5.0 (Macintosh; Intel Mac OS X 10_11_6) AppleWebKit/537.36 (KHTML, like Gecko) Chrome/89.0.4389.90 Safari/537.36"
145.255.179.145 - - [29/Mar/2021:14:45:56 +0600] "OPTIONS /api/v1/get/applications HTTP/1.0" 204 137 "https://purchases.greenclinic.kz/" "Mozilla/5.0 (Macintosh; Intel Mac OS X 10_11_6) AppleWebKit/537.36 (KHTML, like Gecko) Chrome/89.0.4389.90 Safari/537.36"
145.255.179.145 - - [29/Mar/2021:14:45:57 +0600] "GET /api/v1/get/categories HTTP/1.0" 200 2142 "https://purchases.greenclinic.kz/" "Mozilla/5.0 (Macintosh; Intel Mac OS X 10_11_6) AppleWebKit/537.36 (KHTML, like Gecko) Chrome/89.0.4389.90 Safari/537.36"
145.255.179.145 - - [29/Mar/2021:14:45:57 +0600] "GET /api/v1/get/purchases HTTP/1.0" 200 1120 "https://purchases.greenclinic.kz/" "Mozilla/5.0 (Macintosh; Intel Mac OS X 10_11_6) AppleWebKit/537.36 (KHTML, like Gecko) Chrome/89.0.4389.90 Safari/537.36"
145.255.179.145 - - [29/Mar/2021:14:45:57 +0600] "GET /api/v1/get/applications HTTP/1.0" 200 2076 "https://purchases.greenclinic.kz/" "Mozilla/5.0 (Macintosh; Intel Mac OS X 10_11_6) AppleWebKit/537.36 (KHTML, like Gecko) Chrome/89.0.4389.90 Safari/537.36"
85.29.133.222 - - [29/Mar/2021:14:45:57 +0600] "GET /api/v1/get/by/category?id=7 HTTP/1.0" 200 1081 "https://purchases.greenclinic.kz/" "Mozilla/5.0 (Macintosh; Intel Mac OS X 10_15_7) AppleWebKit/537.36 (KHTML, like Gecko) Chrome/89.0.4389.90 Safari/537.36"
145.255.179.145 - - [29/Mar/2021:14:46:08 +0600] "OPTIONS /api/v1/create/category HTTP/1.0" 204 137 "https://purchases.greenclinic.kz/" "Mozilla/5.0 (Macintosh; Intel Mac OS X 10_11_6) AppleWebKit/537.36 (KHTML, like Gecko) Chrome/89.0.4389.90 Safari/537.36"
145.255.179.145 - - [29/Mar/2021:14:46:08 +0600] "POST /api/v1/create/category HTTP/1.0" 200 598 "https://purchases.greenclinic.kz/" "Mozilla/5.0 (Macintosh; Intel Mac OS X 10_11_6) AppleWebKit/537.36 (KHTML, like Gecko) Chrome/89.0.4389.90 Safari/537.36"
145.255.179.145 - - [29/Mar/2021:14:46:08 +0600] "OPTIONS /api/v1/get/purchases HTTP/1.0" 204 137 "https://purchases.greenclinic.kz/" "Mozilla/5.0 (Macintosh; Intel Mac OS X 10_11_6) AppleWebKit/537.36 (KHTML, like Gecko) Chrome/89.0.4389.90 Safari/537.36"
145.255.179.145 - - [29/Mar/2021:14:46:08 +0600] "OPTIONS /api/v1/get/categories HTTP/1.0" 204 137 "https://purchases.greenclinic.kz/" "Mozilla/5.0 (Macintosh; Intel Mac OS X 10_11_6) AppleWebKit/537.36 (KHTML, like Gecko) Chrome/89.0.4389.90 Safari/537.36"
145.255.179.145 - - [29/Mar/2021:14:46:09 +0600] "GET /api/v1/get/purchases HTTP/1.0" 200 1120 "https://purchases.greenclinic.kz/" "Mozilla/5.0 (Macintosh; Intel Mac OS X 10_11_6) AppleWebKit/537.36 (KHTML, like Gecko) Chrome/89.0.4389.90 Safari/537.36"
145.255.179.145 - - [29/Mar/2021:14:46:09 +0600] "GET /api/v1/get/categories HTTP/1.0" 200 2265 "https://purchases.greenclinic.kz/" "Mozilla/5.0 (Macintosh; Intel Mac OS X 10_11_6) AppleWebKit/537.36 (KHTML, like Gecko) Chrome/89.0.4389.90 Safari/537.36"
145.255.179.145 - - [29/Mar/2021:14:46:18 +0600] "GET /api/v1/get/categories HTTP/1.0" 200 2244 "https://purchases.greenclinic.kz/" "Mozilla/5.0 (Macintosh; Intel Mac OS X 10_11_6) AppleWebKit/537.36 (KHTML, like Gecko) Chrome/89.0.4389.90 Safari/537.36"
145.255.179.145 - - [29/Mar/2021:14:46:22 +0600] "GET /api/v1/get/by/category?id=7 HTTP/1.0" 200 1081 "https://purchases.greenclinic.kz/" "Mozilla/5.0 (Macintosh; Intel Mac OS X 10_11_6) AppleWebKit/537.36 (KHTML, like Gecko) Chrome/89.0.4389.90 Safari/537.36"
145.255.179.145 - - [29/Mar/2021:14:46:23 +0600] "GET /api/v1/get/by/category?id=8 HTTP/1.0" 200 474 "https://purchases.greenclinic.kz/" "Mozilla/5.0 (Macintosh; Intel Mac OS X 10_11_6) AppleWebKit/537.36 (KHTML, like Gecko) Chrome/89.0.4389.90 Safari/537.36"
145.255.179.145 - - [29/Mar/2021:14:46:24 +0600] "GET /api/v1/get/by/category?id=9 HTTP/1.0" 200 474 "https://purchases.greenclinic.kz/" "Mozilla/5.0 (Macintosh; Intel Mac OS X 10_11_6) AppleWebKit/537.36 (KHTML, like Gecko) Chrome/89.0.4389.90 Safari/537.36"
145.255.179.145 - - [29/Mar/2021:14:46:25 +0600] "GET /api/v1/get/by/category?id=10 HTTP/1.0" 200 474 "https://purchases.greenclinic.kz/" "Mozilla/5.0 (Macintosh; Intel Mac OS X 10_11_6) AppleWebKit/537.36 (KHTML, like Gecko) Chrome/89.0.4389.90 Safari/537.36"
145.255.179.145 - - [29/Mar/2021:14:46:26 +0600] "GET /api/v1/get/by/category?id=7 HTTP/1.0" 200 1081 "https://purchases.greenclinic.kz/" "Mozilla/5.0 (Macintosh; Intel Mac OS X 10_11_6) AppleWebKit/537.36 (KHTML, like Gecko) Chrome/89.0.4389.90 Safari/537.36"
85.29.133.222 - - [29/Mar/2021:14:47:26 +0600] "POST /api/v1/create/application HTTP/1.0" 200 577 "https://purchases.greenclinic.kz/" "Mozilla/5.0 (Macintosh; Intel Mac OS X 10_15_7) AppleWebKit/537.36 (KHTML, like Gecko) Chrome/89.0.4389.90 Safari/537.36"
85.29.133.222 - - [29/Mar/2021:14:47:59 +0600] "OPTIONS /api/v1/get/user/me HTTP/1.0" 204 137 "https://purchases.greenclinic.kz/" "Mozilla/5.0 (Macintosh; Intel Mac OS X 10_15_7) AppleWebKit/537.36 (KHTML, like Gecko) Chrome/89.0.4389.90 Safari/537.36"
85.29.133.222 - - [29/Mar/2021:14:48:00 +0600] "POST /api/v1/get/user/me HTTP/1.0" 200 775 "https://purchases.greenclinic.kz/" "Mozilla/5.0 (Macintosh; Intel Mac OS X 10_15_7) AppleWebKit/537.36 (KHTML, like Gecko) Chrome/89.0.4389.90 Safari/537.36"
85.29.133.222 - - [29/Mar/2021:14:48:00 +0600] "OPTIONS /api/v1/get/categories HTTP/1.0" 204 137 "https://purchases.greenclinic.kz/" "Mozilla/5.0 (Macintosh; Intel Mac OS X 10_15_7) AppleWebKit/537.36 (KHTML, like Gecko) Chrome/89.0.4389.90 Safari/537.36"
85.29.133.222 - - [29/Mar/2021:14:48:01 +0600] "GET /api/v1/get/categories HTTP/1.0" 200 2262 "https://purchases.greenclinic.kz/" "Mozilla/5.0 (Macintosh; Intel Mac OS X 10_15_7) AppleWebKit/537.36 (KHTML, like Gecko) Chrome/89.0.4389.90 Safari/537.36"
85.29.133.222 - - [29/Mar/2021:14:48:00 +0600] "OPTIONS /api/v1/get/purchases HTTP/1.0" 204 137 "https://purchases.greenclinic.kz/" "Mozilla/5.0 (Macintosh; Intel Mac OS X 10_15_7) AppleWebKit/537.36 (KHTML, like Gecko) Chrome/89.0.4389.90 Safari/537.36"
85.29.133.222 - - [29/Mar/2021:14:48:00 +0600] "OPTIONS /api/v1/get/applications HTTP/1.0" 204 137 "https://purchases.greenclinic.kz/" "Mozilla/5.0 (Macintosh; Intel Mac OS X 10_15_7) AppleWebKit/537.36 (KHTML, like Gecko) Chrome/89.0.4389.90 Safari/537.36"
85.29.133.222 - - [29/Mar/2021:14:48:02 +0600] "GET /api/v1/get/purchases HTTP/1.0" 200 1530 "https://purchases.greenclinic.kz/" "Mozilla/5.0 (Macintosh; Intel Mac OS X 10_15_7) AppleWebKit/537.36 (KHTML, like Gecko) Chrome/89.0.4389.90 Safari/537.36"
85.29.133.222 - - [29/Mar/2021:14:48:03 +0600] "GET /api/v1/get/applications HTTP/1.0" 200 2490 "https://purchases.greenclinic.kz/" "Mozilla/5.0 (Macintosh; Intel Mac OS X 10_15_7) AppleWebKit/537.36 (KHTML, like Gecko) Chrome/89.0.4389.90 Safari/537.36"
145.255.179.145 - - [29/Mar/2021:14:48:12 +0600] "GET /api/v1/get/categories HTTP/1.0" 200 2241 "https://purchases.greenclinic.kz/" "Mozilla/5.0 (Macintosh; Intel Mac OS X 10_11_6) AppleWebKit/537.36 (KHTML, like Gecko) Chrome/89.0.4389.90 Safari/537.36"
145.255.179.145 - - [29/Mar/2021:14:48:20 +0600] "GET /api/v1/get/categories HTTP/1.0" 200 2241 "https://purchases.greenclinic.kz/" "Mozilla/5.0 (Macintosh; Intel Mac OS X 10_11_6) AppleWebKit/537.36 (KHTML, like Gecko) Chrome/89.0.4389.90 Safari/537.36"
85.29.133.222 - - [29/Mar/2021:14:48:35 +0600] "GET /api/v1/get/categories HTTP/1.0" 200 2241 "https://purchases.greenclinic.kz/" "Mozilla/5.0 (Macintosh; Intel Mac OS X 10_15_7) AppleWebKit/537.36 (KHTML, like Gecko) Chrome/89.0.4389.90 Safari/537.36"
145.255.179.145 - - [29/Mar/2021:14:48:37 +0600] "OPTIONS /api/v1/get/user/me HTTP/1.0" 204 137 "https://purchases.greenclinic.kz/" "Mozilla/5.0 (Macintosh; Intel Mac OS X 10_11_6) AppleWebKit/537.36 (KHTML, like Gecko) Chrome/89.0.4389.90 Safari/537.36"
145.255.179.145 - - [29/Mar/2021:14:48:37 +0600] "POST /api/v1/get/user/me HTTP/1.0" 200 775 "https://purchases.greenclinic.kz/" "Mozilla/5.0 (Macintosh; Intel Mac OS X 10_11_6) AppleWebKit/537.36 (KHTML, like Gecko) Chrome/89.0.4389.90 Safari/537.36"
145.255.179.145 - - [29/Mar/2021:14:48:38 +0600] "OPTIONS /api/v1/get/categories HTTP/1.0" 204 137 "https://purchases.greenclinic.kz/" "Mozilla/5.0 (Macintosh; Intel Mac OS X 10_11_6) AppleWebKit/537.36 (KHTML, like Gecko) Chrome/89.0.4389.90 Safari/537.36"
145.255.179.145 - - [29/Mar/2021:14:48:38 +0600] "OPTIONS /api/v1/get/purchases HTTP/1.0" 204 137 "https://purchases.greenclinic.kz/" "Mozilla/5.0 (Macintosh; Intel Mac OS X 10_11_6) AppleWebKit/537.36 (KHTML, like Gecko) Chrome/89.0.4389.90 Safari/537.36"
