85.29.133.222 - - [29/Apr/2021:10:21:39 +0600] "GET /api/v1/get/categories HTTP/1.0" 200 2119 "https://zakup.greenclinic.kz/" "Mozilla/5.0 (Windows NT 6.3; Win64; x64) AppleWebKit/537.36 (KHTML, like Gecko) Chrome/89.0.4389.86 YaBrowser/21.3.1.91 Yowser/2.5 Safari/537.36"
85.29.133.222 - - [29/Apr/2021:10:21:45 +0600] "GET /api/v1/get/categories HTTP/1.0" 200 2119 "https://zakup.greenclinic.kz/" "Mozilla/5.0 (Windows NT 6.3; Win64; x64) AppleWebKit/537.36 (KHTML, like Gecko) Chrome/89.0.4389.86 YaBrowser/21.3.1.91 Yowser/2.5 Safari/537.36"
85.29.133.222 - - [29/Apr/2021:10:22:48 +0600] "GET /api/v1/get/categories HTTP/1.0" 200 2119 "https://zakup.greenclinic.kz/" "Mozilla/5.0 (Windows NT 6.3; Win64; x64) AppleWebKit/537.36 (KHTML, like Gecko) Chrome/89.0.4389.86 YaBrowser/21.3.1.91 Yowser/2.5 Safari/537.36"
85.29.133.222 - - [29/Apr/2021:10:28:09 +0600] "GET /api/v1/get/categories HTTP/1.0" 200 2119 "https://zakup.greenclinic.kz/" "Mozilla/5.0 (Windows NT 6.3; Win64; x64) AppleWebKit/537.36 (KHTML, like Gecko) Chrome/89.0.4389.86 YaBrowser/21.3.1.91 Yowser/2.5 Safari/537.36"
85.29.133.222 - - [29/Apr/2021:10:28:31 +0600] "GET /api/v1/get/categories HTTP/1.0" 200 2119 "https://zakup.greenclinic.kz/" "Mozilla/5.0 (Windows NT 6.3; Win64; x64) AppleWebKit/537.36 (KHTML, like Gecko) Chrome/89.0.4389.86 YaBrowser/21.3.1.91 Yowser/2.5 Safari/537.36"
85.29.133.222 - - [29/Apr/2021:10:28:42 +0600] "GET /api/v1/get/categories HTTP/1.0" 200 2119 "https://zakup.greenclinic.kz/" "Mozilla/5.0 (Windows NT 6.3; Win64; x64) AppleWebKit/537.36 (KHTML, like Gecko) Chrome/89.0.4389.86 YaBrowser/21.3.1.91 Yowser/2.5 Safari/537.36"
85.29.133.222 - - [29/Apr/2021:10:41:12 +0600] "GET /api/v1/get/categories HTTP/1.0" 200 2119 "https://zakup.greenclinic.kz/" "Mozilla/5.0 (Windows NT 6.3; Win64; x64) AppleWebKit/537.36 (KHTML, like Gecko) Chrome/89.0.4389.86 YaBrowser/21.3.1.91 Yowser/2.5 Safari/537.36"
85.29.133.222 - - [29/Apr/2021:11:27:48 +0600] "GET /api/v1/get/categories HTTP/1.0" 200 2119 "https://zakup.greenclinic.kz/" "Mozilla/5.0 (Windows NT 6.3; Win64; x64) AppleWebKit/537.36 (KHTML, like Gecko) Chrome/89.0.4389.86 YaBrowser/21.3.1.91 Yowser/2.5 Safari/537.36"
85.29.133.222 - - [29/Apr/2021:13:03:39 +0600] "GET /api/v1/get/categories HTTP/1.0" 200 2119 "https://zakup.greenclinic.kz/" "Mozilla/5.0 (Macintosh; Intel Mac OS X 10_15_7) AppleWebKit/605.1.15 (KHTML, like Gecko) Version/14.0.3 Safari/605.1.15"
85.29.133.222 - - [29/Apr/2021:14:03:29 +0600] "GET /api/v1/get/categories HTTP/1.0" 200 2119 "https://zakup.greenclinic.kz/" "Mozilla/5.0 (Macintosh; Intel Mac OS X 10_15_7) AppleWebKit/605.1.15 (KHTML, like Gecko) Version/14.0.3 Safari/605.1.15"
85.29.133.222 - - [29/Apr/2021:15:11:56 +0600] "GET /api/v1/get/categories HTTP/1.0" 200 2119 "https://zakup.greenclinic.kz/" "Mozilla/5.0 (Windows NT 6.3; Win64; x64) AppleWebKit/537.36 (KHTML, like Gecko) Chrome/89.0.4389.86 YaBrowser/21.3.1.91 Yowser/2.5 Safari/537.36"
85.29.133.222 - - [30/Apr/2021:16:11:13 +0600] "GET /api/v1/get/categories HTTP/1.0" 200 2119 "https://zakup.greenclinic.kz/" "Mozilla/5.0 (Windows NT 6.3; Win64; x64) AppleWebKit/537.36 (KHTML, like Gecko) Chrome/89.0.4389.86 YaBrowser/21.3.1.91 Yowser/2.5 Safari/537.36"
2.133.56.123 - - [30/Apr/2021:23:08:17 +0600] "GET /api/v1/get/categories HTTP/1.0" 200 2119 "https://zakup.greenclinic.kz/" "Mozilla/5.0 (iPhone; CPU iPhone OS 14_4 like Mac OS X) AppleWebKit/605.1.15 (KHTML, like Gecko) Version/14.0.3 Mobile/15E148 Safari/604.1"
54.154.67.176 - - [01/May/2021:07:39:58 +0600] "GET / HTTP/1.0" 200 18846 "-" "PleskBot"
2.75.222.242 - - [01/May/2021:22:05:00 +0600] "GET /api/v1/get/categories HTTP/1.0" 200 2119 "https://zakup.greenclinic.kz/" "Mozilla/5.0 (Linux; Android 10; M2007J20CG) AppleWebKit/537.36 (KHTML, like Gecko) Chrome/89.0.4389.105 Mobile Safari/537.36"
89.42.207.199 - - [03/May/2021:15:08:47 +0600] "GET /api/v1/get/categories HTTP/1.0" 200 2119 "https://zakup.greenclinic.kz/" "Mozilla/5.0 (Linux; Android 11; SM-G975F) AppleWebKit/537.36 (KHTML, like Gecko) Chrome/90.0.4430.91 Mobile Safari/537.36"
89.42.207.199 - - [03/May/2021:15:08:55 +0600] "GET /api/v1/get/by/category?id=9 HTTP/1.0" 200 474 "https://zakup.greenclinic.kz/" "Mozilla/5.0 (Linux; Android 11; SM-G975F) AppleWebKit/537.36 (KHTML, like Gecko) Chrome/90.0.4430.91 Mobile Safari/537.36"
89.42.207.199 - - [03/May/2021:15:09:04 +0600] "GET /api/v1/get/by/category?id=9 HTTP/1.0" 200 474 "https://zakup.greenclinic.kz/" "Mozilla/5.0 (Linux; Android 11; SM-G975F) AppleWebKit/537.36 (KHTML, like Gecko) Chrome/90.0.4430.91 Mobile Safari/537.36"
89.42.207.199 - - [03/May/2021:15:09:07 +0600] "GET /api/v1/get/by/category?id=9 HTTP/1.0" 200 474 "https://zakup.greenclinic.kz/" "Mozilla/5.0 (Linux; Android 11; SM-G975F) AppleWebKit/537.36 (KHTML, like Gecko) Chrome/90.0.4430.91 Mobile Safari/537.36"
13.228.104.57 - - [04/May/2021:11:04:37 +0600] "GET / HTTP/1.0" 200 18846 "-" "Mozilla/5.0 (Windows NT 4.0; WOW64) AppleWebKit/537.36 (KHTML, like Gecko) Chrome/37.0.2049.0 Safari/537.36"
13.228.104.57 - - [04/May/2021:11:05:09 +0600] "GET /wp-login.php HTTP/1.0" 404 6976 "-" "Mozilla/5.0 (Windows NT 4.0; WOW64) AppleWebKit/537.36 (KHTML, like Gecko) Chrome/37.0.2049.0 Safari/537.36"
13.228.104.57 - - [04/May/2021:11:05:15 +0600] "GET /wordpress/wp-login.php HTTP/1.0" 404 6976 "-" "Mozilla/5.0 (Windows NT 4.0; WOW64) AppleWebKit/537.36 (KHTML, like Gecko) Chrome/37.0.2049.0 Safari/537.36"
13.228.104.57 - - [04/May/2021:11:05:19 +0600] "GET /blog/wp-login.php HTTP/1.0" 404 6976 "-" "Mozilla/5.0 (Windows NT 4.0; WOW64) AppleWebKit/537.36 (KHTML, like Gecko) Chrome/37.0.2049.0 Safari/537.36"
13.228.104.57 - - [04/May/2021:11:05:23 +0600] "GET /wp/wp-login.php HTTP/1.0" 404 6976 "-" "Mozilla/5.0 (Windows NT 4.0; WOW64) AppleWebKit/537.36 (KHTML, like Gecko) Chrome/37.0.2049.0 Safari/537.36"
93.185.75.124 - - [04/May/2021:14:08:53 +0600] "GET /api/v1/get/categories HTTP/1.0" 200 2119 "https://zakup.greenclinic.kz/" "Mozilla/5.0 (Windows NT 10.0; Win64; x64) AppleWebKit/537.36 (KHTML, like Gecko) Chrome/90.0.4430.93 Safari/537.36"
93.185.75.124 - - [04/May/2021:14:09:02 +0600] "GET /api/v1/get/by/category?id=8 HTTP/1.0" 200 474 "https://zakup.greenclinic.kz/" "Mozilla/5.0 (Windows NT 10.0; Win64; x64) AppleWebKit/537.36 (KHTML, like Gecko) Chrome/90.0.4430.93 Safari/537.36"
93.185.75.124 - - [04/May/2021:14:09:04 +0600] "GET /api/v1/get/by/category?id=9 HTTP/1.0" 200 474 "https://zakup.greenclinic.kz/" "Mozilla/5.0 (Windows NT 10.0; Win64; x64) AppleWebKit/537.36 (KHTML, like Gecko) Chrome/90.0.4430.93 Safari/537.36"
93.185.75.124 - - [04/May/2021:14:09:05 +0600] "GET /api/v1/get/by/category?id=10 HTTP/1.0" 200 474 "https://zakup.greenclinic.kz/" "Mozilla/5.0 (Windows NT 10.0; Win64; x64) AppleWebKit/537.36 (KHTML, like Gecko) Chrome/90.0.4430.93 Safari/537.36"
93.185.75.124 - - [04/May/2021:14:09:07 +0600] "GET /api/v1/get/by/category?id=7 HTTP/1.0" 200 1079 "https://zakup.greenclinic.kz/" "Mozilla/5.0 (Windows NT 10.0; Win64; x64) AppleWebKit/537.36 (KHTML, like Gecko) Chrome/90.0.4430.93 Safari/537.36"
85.29.133.222 - - [04/May/2021:15:46:55 +0600] "GET /api/v1/get/categories HTTP/1.0" 200 2119 "https://zakup.greenclinic.kz/" "Mozilla/5.0 (Macintosh; Intel Mac OS X 10_15_7) AppleWebKit/605.1.15 (KHTML, like Gecko) Version/14.0.3 Safari/605.1.15"
94.141.248.122 - - [04/May/2021:16:58:36 +0600] "GET /api/v1/get/categories HTTP/1.0" 200 2119 "https://zakup.greenclinic.kz/" "Mozilla/5.0 (Windows NT 10.0; Win64; x64) AppleWebKit/537.36 (KHTML, like Gecko) Chrome/90.0.4430.93 Safari/537.36"
34.203.37.48 - - [04/May/2021:20:45:26 +0600] "GET / HTTP/1.0" 200 18846 "-" "Mozilla/5.0 (Windows NT 6.1; WOW64) AppleWebKit/537.36 (KHTML, like Gecko) Chrome/31.0.1623.0 Safari/537.36"
34.203.37.48 - - [04/May/2021:20:45:30 +0600] "GET /wp-login.php HTTP/1.0" 404 6976 "-" "Mozilla/5.0 (Windows NT 6.1; WOW64) AppleWebKit/537.36 (KHTML, like Gecko) Chrome/31.0.1623.0 Safari/537.36"
34.203.37.48 - - [04/May/2021:20:45:34 +0600] "GET /wordpress/wp-login.php HTTP/1.0" 404 6976 "-" "Mozilla/5.0 (Windows NT 6.1; WOW64) AppleWebKit/537.36 (KHTML, like Gecko) Chrome/31.0.1623.0 Safari/537.36"
34.203.37.48 - - [04/May/2021:20:45:37 +0600] "GET /blog/wp-login.php HTTP/1.0" 404 6976 "-" "Mozilla/5.0 (Windows NT 6.1; WOW64) AppleWebKit/537.36 (KHTML, like Gecko) Chrome/31.0.1623.0 Safari/537.36"
34.203.37.48 - - [04/May/2021:20:45:41 +0600] "GET /wp/wp-login.php HTTP/1.0" 404 6976 "-" "Mozilla/5.0 (Windows NT 6.1; WOW64) AppleWebKit/537.36 (KHTML, like Gecko) Chrome/31.0.1623.0 Safari/537.36"
167.99.116.221 - - [05/May/2021:09:32:06 +0600] "GET / HTTP/1.0" 200 18846 "-" "Mozilla/5.0 (compatible; NetcraftSurveyAgent/1.0; +info@netcraft.com)"
159.65.190.181 - - [05/May/2021:11:02:17 +0600] "GET / HTTP/1.0" 200 18846 "-" "Mozilla/5.0 (compatible; NetcraftSurveyAgent/1.0; +info@netcraft.com)"
107.150.59.246 - - [06/May/2021:19:55:07 +0600] "GET / HTTP/1.0" 200 18846 "http://www.google.com.hk" "Mozilla/5.0 (Windows NT 6.1; WOW64) AppleWebKit/537.36 (KHTML, like Gecko) Chrome/42.0.2311.90 Safari/537.36"
145.255.176.174 - - [07/May/2021:23:30:26 +0600] "GET /api/v1/get/categories HTTP/1.0" 200 2119 "http://localhost:8080/" "Mozilla/5.0 (Macintosh; Intel Mac OS X 10_11_6) AppleWebKit/537.36 (KHTML, like Gecko) Chrome/90.0.4430.93 Safari/537.36"
145.255.176.174 - - [07/May/2021:23:48:04 +0600] "GET /api/v1/get/categories HTTP/1.0" 200 2119 "http://localhost:8080/" "Mozilla/5.0 (Macintosh; Intel Mac OS X 10_11_6) AppleWebKit/537.36 (KHTML, like Gecko) Chrome/90.0.4430.93 Safari/537.36"
34.86.35.13 - - [08/May/2021:03:30:26 +0600] "GET / HTTP/1.0" 200 18846 "-" "Expanse, a Palo Alto Networks company, searches across the global IPv4 space multiple times per day to identify customers' presences on the Internet. If you would like to be excluded from our scans, please send IP addresses/domains to: scaninfo@paloaltonetworks.com"
17.121.115.139 - - [08/May/2021:22:09:50 +0600] "GET /api/v1/get/categories HTTP/1.0" 200 2119 "https://zakup.greenclinic.kz/" "Mozilla/5.0 (Macintosh; Intel Mac OS X 10_10_1) AppleWebKit/600.2.5 (KHTML, like Gecko) Version/8.0.2 Safari/600.2.5 (Applebot/0.1; +http://www.apple.com/go/applebot)"
178.90.226.59 - - [09/May/2021:01:37:35 +0600] "GET /api/v1/get/categories HTTP/1.0" 200 2119 "https://zakup.greenclinic.kz/" "Mozilla/5.0 (Macintosh; Intel Mac OS X 10_11_6) AppleWebKit/537.36 (KHTML, like Gecko) Chrome/90.0.4430.93 Safari/537.36"
178.90.226.59 - - [09/May/2021:01:41:05 +0600] "GET /api/v1/get/categories HTTP/1.0" 200 2119 "https://zakup.greenclinic.kz/" "Mozilla/5.0 (Macintosh; Intel Mac OS X 10_11_6) AppleWebKit/537.36 (KHTML, like Gecko) Chrome/90.0.4430.93 Safari/537.36"
34.245.122.2 - - [10/May/2021:09:27:25 +0600] "GET / HTTP/1.0" 200 18846 "-" "PleskBot"
92.118.160.1 - - [10/May/2021:18:25:14 +0600] "GET / HTTP/1.0" 200 18846 "-" "NetSystemsResearch studies the availability of various services across the internet. Our website is netsystemsresearch.com"
208.110.85.70 - - [11/May/2021:10:04:42 +0600] "GET / HTTP/1.0" 200 18846 "http://www.google.com.hk" "Mozilla/5.0 (Windows NT 6.1; WOW64) AppleWebKit/537.36 (KHTML, like Gecko) Chrome/42.0.2311.90 Safari/537.36"
2.76.56.131 - - [11/May/2021:10:26:32 +0600] "GET /api/v1/get/categories HTTP/1.0" 200 2119 "https://zakup.greenclinic.kz/" "Mozilla/5.0 (Linux; Android 10; POT-LX1) AppleWebKit/537.36 (KHTML, like Gecko) Chrome/90.0.4430.91 Mobile Safari/537.36"
109.229.164.33 - - [11/May/2021:10:28:07 +0600] "GET /api/v1/get/categories HTTP/1.0" 200 2119 "https://zakup.greenclinic.kz/" "Mozilla/5.0 (Windows NT 10.0; Win64; x64) AppleWebKit/537.36 (KHTML, like Gecko) Chrome/90.0.4430.93 Safari/537.36"
34.86.35.27 - - [11/May/2021:15:36:33 +0600] "GET / HTTP/1.0" 200 18846 "-" "Expanse, a Palo Alto Networks company, searches across the global IPv4 space multiple times per day to identify customers' presences on the Internet. If you would like to be excluded from our scans, please send IP addresses/domains to: scaninfo@paloaltonetworks.com"
85.29.133.222 - - [11/May/2021:16:56:25 +0600] "GET /api/v1/get/categories HTTP/1.0" 200 2119 "https://zakup.greenclinic.kz/" "Mozilla/5.0 (Windows NT 10.0; Win64; x64) AppleWebKit/537.36 (KHTML, like Gecko) Chrome/90.0.4430.93 Safari/537.36"
107.150.52.195 - - [12/May/2021:01:50:08 +0600] "GET / HTTP/1.0" 200 18846 "http://www.google.com.hk" "Mozilla/5.0 (Windows NT 6.1; WOW64) AppleWebKit/537.36 (KHTML, like Gecko) Chrome/42.0.2311.90 Safari/537.36"
109.229.164.33 - - [12/May/2021:11:07:05 +0600] "GET /api/v1/get/categories HTTP/1.0" 200 2119 "https://zakup.greenclinic.kz/" "Mozilla/5.0 (Windows NT 10.0; Win64; x64) AppleWebKit/537.36 (KHTML, like Gecko) Chrome/90.0.4430.93 Safari/537.36"
3.141.168.105 - - [12/May/2021:13:47:18 +0600] "GET / HTTP/1.0" 200 18846 "-" "Mozilla/5.0 (Windows NT 10.0; Win64; x64) AppleWebKit/537.36 (KHTML, like Gecko; compatible; BW/1.1; bit.ly/2W6Px8S) Chrome/84.0.4147.105 Safari/537.36"
89.218.90.50 - - [13/May/2021:10:48:33 +0600] "GET /api/v1/get/categories HTTP/1.0" 200 2119 "https://zakup.greenclinic.kz/" "Mozilla/5.0 (Windows NT 10.0; Win64; x64) AppleWebKit/537.36 (KHTML, like Gecko) Chrome/90.0.4430.212 Safari/537.36"
109.229.164.33 - - [13/May/2021:10:59:25 +0600] "GET /api/v1/get/categories HTTP/1.0" 200 2119 "https://zakup.greenclinic.kz/" "Mozilla/5.0 (Windows NT 10.0; Win64; x64) AppleWebKit/537.36 (KHTML, like Gecko) Chrome/90.0.4430.212 Safari/537.36"
109.229.164.33 - - [13/May/2021:10:59:37 +0600] "GET /api/v1/get/by/category?id=7 HTTP/1.0" 200 1079 "https://zakup.greenclinic.kz/" "Mozilla/5.0 (Windows NT 10.0; Win64; x64) AppleWebKit/537.36 (KHTML, like Gecko) Chrome/90.0.4430.212 Safari/537.36"
109.229.164.33 - - [13/May/2021:10:59:39 +0600] "GET /api/v1/get/by/category?id=7 HTTP/1.0" 200 1079 "https://zakup.greenclinic.kz/" "Mozilla/5.0 (Windows NT 10.0; Win64; x64) AppleWebKit/537.36 (KHTML, like Gecko) Chrome/90.0.4430.212 Safari/537.36"
109.229.164.33 - - [13/May/2021:10:59:41 +0600] "GET /api/v1/get/by/category?id=8 HTTP/1.0" 200 474 "https://zakup.greenclinic.kz/" "Mozilla/5.0 (Windows NT 10.0; Win64; x64) AppleWebKit/537.36 (KHTML, like Gecko) Chrome/90.0.4430.212 Safari/537.36"
109.229.164.33 - - [13/May/2021:10:59:45 +0600] "GET /api/v1/get/by/category?id=9 HTTP/1.0" 200 474 "https://zakup.greenclinic.kz/" "Mozilla/5.0 (Windows NT 10.0; Win64; x64) AppleWebKit/537.36 (KHTML, like Gecko) Chrome/90.0.4430.212 Safari/537.36"
109.229.164.33 - - [13/May/2021:10:59:47 +0600] "GET /api/v1/get/by/category?id=7 HTTP/1.0" 200 1079 "https://zakup.greenclinic.kz/" "Mozilla/5.0 (Windows NT 10.0; Win64; x64) AppleWebKit/537.36 (KHTML, like Gecko) Chrome/90.0.4430.212 Safari/537.36"
109.206.12.237 - - [14/May/2021:06:43:56 +0600] "GET /api/v1/get/categories HTTP/1.0" 200 2119 "https://zakup.greenclinic.kz/" "Mozilla/5.0 (iPhone; CPU iPhone OS 14_4_1 like Mac OS X) AppleWebKit/605.1.15 (KHTML, like Gecko) Version/14.0.3 Mobile/15E148 Safari/604.1"
109.229.164.33 - - [14/May/2021:09:30:59 +0600] "GET /api/v1/get/categories HTTP/1.0" 200 2119 "https://zakup.greenclinic.kz/" "Mozilla/5.0 (Windows NT 10.0; Win64; x64) AppleWebKit/537.36 (KHTML, like Gecko) Chrome/90.0.4430.212 Safari/537.36"
178.90.249.139 - - [14/May/2021:19:46:45 +0600] "GET /api/v1/get/categories HTTP/1.0" 200 2119 "https://zakup.greenclinic.kz/" "Mozilla/5.0 (Macintosh; Intel Mac OS X 10_11_6) AppleWebKit/537.36 (KHTML, like Gecko) Chrome/90.0.4430.212 Safari/537.36"
178.90.249.139 - - [14/May/2021:19:46:51 +0600] "GET /api/v1/get/by/category?id=8 HTTP/1.0" 200 474 "https://zakup.greenclinic.kz/" "Mozilla/5.0 (Macintosh; Intel Mac OS X 10_11_6) AppleWebKit/537.36 (KHTML, like Gecko) Chrome/90.0.4430.212 Safari/537.36"
178.90.249.139 - - [14/May/2021:19:46:52 +0600] "GET /api/v1/get/by/category?id=7 HTTP/1.0" 200 1079 "https://zakup.greenclinic.kz/" "Mozilla/5.0 (Macintosh; Intel Mac OS X 10_11_6) AppleWebKit/537.36 (KHTML, like Gecko) Chrome/90.0.4430.212 Safari/537.36"
178.90.249.139 - - [14/May/2021:19:47:22 +0600] "GET /api/v1/get/by/category?id=7 HTTP/1.0" 200 1079 "https://zakup.greenclinic.kz/" "Mozilla/5.0 (Macintosh; Intel Mac OS X 10_11_6) AppleWebKit/537.36 (KHTML, like Gecko) Chrome/90.0.4430.212 Safari/537.36"
13.124.222.242 - - [15/May/2021:09:16:45 +0600] "GET / HTTP/1.0" 200 18846 "-" "Mozilla/5.0 (Windows NT 4.0; WOW64) AppleWebKit/537.36 (KHTML, like Gecko) Chrome/37.0.2049.0 Safari/537.36"
13.124.222.242 - - [15/May/2021:09:16:49 +0600] "GET /wp-login.php HTTP/1.0" 404 6976 "-" "Mozilla/5.0 (Windows NT 4.0; WOW64) AppleWebKit/537.36 (KHTML, like Gecko) Chrome/37.0.2049.0 Safari/537.36"
13.124.222.242 - - [15/May/2021:09:16:59 +0600] "GET /wordpress/wp-login.php HTTP/1.0" 404 6976 "-" "Mozilla/5.0 (Windows NT 4.0; WOW64) AppleWebKit/537.36 (KHTML, like Gecko) Chrome/37.0.2049.0 Safari/537.36"
13.124.222.242 - - [15/May/2021:09:17:10 +0600] "GET /blog/wp-login.php HTTP/1.0" 404 6976 "-" "Mozilla/5.0 (Windows NT 4.0; WOW64) AppleWebKit/537.36 (KHTML, like Gecko) Chrome/37.0.2049.0 Safari/537.36"
13.124.222.242 - - [15/May/2021:09:17:18 +0600] "GET /wp/wp-login.php HTTP/1.0" 404 6976 "-" "Mozilla/5.0 (Windows NT 4.0; WOW64) AppleWebKit/537.36 (KHTML, like Gecko) Chrome/37.0.2049.0 Safari/537.36"
34.96.130.2 - - [15/May/2021:12:41:17 +0600] "GET / HTTP/1.0" 200 18846 "-" "Expanse, a Palo Alto Networks company, searches across the global IPv4 space multiple times per day to identify customers' presences on the Internet. If you would like to be excluded from our scans, please send IP addresses/domains to: scaninfo@paloaltonetworks.com"
208.110.85.69 - - [16/May/2021:01:15:05 +0600] "GET // HTTP/1.0" 200 18846 "http://www.google.com.hk" "Mozilla/5.0 (Windows NT 6.1; WOW64) AppleWebKit/537.36 (KHTML, like Gecko) Chrome/42.0.2311.90 Safari/537.36"
92.118.160.9 - - [16/May/2021:23:32:27 +0600] "GET / HTTP/1.0" 200 18846 "-" "NetSystemsResearch studies the availability of various services across the internet. Our website is netsystemsresearch.com"
178.22.168.190 - - [17/May/2021:11:36:42 +0600] "GET /api/v1/get/categories HTTP/1.0" 200 2119 "https://zakup.greenclinic.kz/" "Mozilla/5.0 (Windows NT 10.0) AppleWebKit/537.36 (KHTML, like Gecko) Chrome/90.0.4430.212 Safari/537.36"
93.185.75.124 - - [17/May/2021:11:52:40 +0600] "GET /api/v1/get/categories HTTP/1.0" 200 2119 "https://zakup.greenclinic.kz/" "Mozilla/5.0 (Windows NT 10.0; Win64; x64) AppleWebKit/537.36 (KHTML, like Gecko) Chrome/90.0.4430.212 Safari/537.36"
93.185.75.124 - - [17/May/2021:14:20:37 +0600] "GET /api/v1/get/categories HTTP/1.0" 200 2119 "https://zakup.greenclinic.kz/" "Mozilla/5.0 (iPhone; CPU iPhone OS 14_4_2 like Mac OS X) AppleWebKit/605.1.15 (KHTML, like Gecko) Version/14.0.3 Mobile/15E148 Safari/604.1"
93.185.75.124 - - [17/May/2021:14:39:45 +0600] "GET /api/v1/get/categories HTTP/1.0" 200 2119 "https://zakup.greenclinic.kz/" "Mozilla/5.0 (Windows NT 10.0; WOW64) AppleWebKit/537.36 (KHTML, like Gecko) Chrome/90.0.4430.212 Safari/537.36"
93.185.75.124 - - [17/May/2021:14:40:38 +0600] "GET /api/v1/get/by/category?id=9 HTTP/1.0" 200 474 "https://zakup.greenclinic.kz/" "Mozilla/5.0 (Windows NT 10.0; WOW64) AppleWebKit/537.36 (KHTML, like Gecko) Chrome/90.0.4430.212 Safari/537.36"
93.185.75.124 - - [17/May/2021:14:40:42 +0600] "GET /api/v1/get/by/category?id=8 HTTP/1.0" 200 474 "https://zakup.greenclinic.kz/" "Mozilla/5.0 (Windows NT 10.0; WOW64) AppleWebKit/537.36 (KHTML, like Gecko) Chrome/90.0.4430.212 Safari/537.36"
93.185.75.124 - - [17/May/2021:14:42:09 +0600] "GET /api/v1/get/categories HTTP/1.0" 200 2119 "https://zakup.greenclinic.kz/" "Mozilla/5.0 (Windows NT 10.0; WOW64) AppleWebKit/537.36 (KHTML, like Gecko) Chrome/90.0.4430.212 Safari/537.36"
85.29.133.222 - - [17/May/2021:15:09:55 +0600] "GET /api/v1/get/categories HTTP/1.0" 200 2119 "https://zakup.greenclinic.kz/" "Mozilla/5.0 (Macintosh; Intel Mac OS X 10_15_7) AppleWebKit/605.1.15 (KHTML, like Gecko) Version/14.0.3 Safari/605.1.15"
87.255.202.250 - - [17/May/2021:15:18:07 +0600] "GET /api/v1/get/categories HTTP/1.0" 200 2119 "https://zakup.greenclinic.kz/" "Mozilla/5.0 (Windows NT 10.0; Win64; x64) AppleWebKit/537.36 (KHTML, like Gecko) Chrome/90.0.4430.212 Safari/537.36"
34.209.105.222 - - [17/May/2021:15:29:35 +0600] "GET / HTTP/1.0" 200 18846 "-" "Mozilla/5.0 (Windows NT 6.2) AppleWebKit/537.36 (KHTML, like Gecko) Chrome/28.0.1464.0 Safari/537.36"
34.209.105.222 - - [17/May/2021:15:29:37 +0600] "GET /wp-login.php HTTP/1.0" 404 6976 "-" "Mozilla/5.0 (Windows NT 6.2) AppleWebKit/537.36 (KHTML, like Gecko) Chrome/28.0.1464.0 Safari/537.36"
34.209.105.222 - - [17/May/2021:15:29:40 +0600] "GET /wordpress/wp-login.php HTTP/1.0" 404 6976 "-" "Mozilla/5.0 (Windows NT 6.2) AppleWebKit/537.36 (KHTML, like Gecko) Chrome/28.0.1464.0 Safari/537.36"
34.209.105.222 - - [17/May/2021:15:29:42 +0600] "GET /blog/wp-login.php HTTP/1.0" 404 6976 "-" "Mozilla/5.0 (Windows NT 6.2) AppleWebKit/537.36 (KHTML, like Gecko) Chrome/28.0.1464.0 Safari/537.36"
34.209.105.222 - - [17/May/2021:15:29:44 +0600] "GET /wp/wp-login.php HTTP/1.0" 404 6976 "-" "Mozilla/5.0 (Windows NT 6.2) AppleWebKit/537.36 (KHTML, like Gecko) Chrome/28.0.1464.0 Safari/537.36"
93.185.75.124 - - [17/May/2021:15:59:06 +0600] "GET /api/v1/get/categories HTTP/1.0" 200 2119 "https://zakup.greenclinic.kz/" "Mozilla/5.0 (Windows NT 10.0; Win64; x64) AppleWebKit/537.36 (KHTML, like Gecko) Chrome/90.0.4430.212 Safari/537.36"
188.247.193.115 - - [17/May/2021:16:44:58 +0600] "GET /api/v1/get/categories HTTP/1.0" 200 2119 "https://zakup.greenclinic.kz/" "Mozilla/5.0 (Windows NT 10.0; Win64; x64) AppleWebKit/537.36 (KHTML, like Gecko) Chrome/90.0.4430.212 Safari/537.36"
188.247.193.115 - - [17/May/2021:16:45:03 +0600] "GET /api/v1/get/by/category?id=10 HTTP/1.0" 200 474 "https://zakup.greenclinic.kz/" "Mozilla/5.0 (Windows NT 10.0; Win64; x64) AppleWebKit/537.36 (KHTML, like Gecko) Chrome/90.0.4430.212 Safari/537.36"
188.247.193.115 - - [17/May/2021:16:45:07 +0600] "GET /api/v1/get/by/category?id=8 HTTP/1.0" 200 474 "https://zakup.greenclinic.kz/" "Mozilla/5.0 (Windows NT 10.0; Win64; x64) AppleWebKit/537.36 (KHTML, like Gecko) Chrome/90.0.4430.212 Safari/537.36"
188.247.193.115 - - [17/May/2021:16:45:10 +0600] "GET /api/v1/get/by/category?id=7 HTTP/1.0" 200 1079 "https://zakup.greenclinic.kz/" "Mozilla/5.0 (Windows NT 10.0; Win64; x64) AppleWebKit/537.36 (KHTML, like Gecko) Chrome/90.0.4430.212 Safari/537.36"
188.247.193.115 - - [17/May/2021:16:45:11 +0600] "GET /api/v1/get/by/category?id=8 HTTP/1.0" 200 474 "https://zakup.greenclinic.kz/" "Mozilla/5.0 (Windows NT 10.0; Win64; x64) AppleWebKit/537.36 (KHTML, like Gecko) Chrome/90.0.4430.212 Safari/537.36"
188.247.193.115 - - [17/May/2021:16:45:12 +0600] "GET /api/v1/get/by/category?id=9 HTTP/1.0" 200 474 "https://zakup.greenclinic.kz/" "Mozilla/5.0 (Windows NT 10.0; Win64; x64) AppleWebKit/537.36 (KHTML, like Gecko) Chrome/90.0.4430.212 Safari/537.36"
85.29.133.222 - - [17/May/2021:16:46:07 +0600] "GET /api/v1/get/categories HTTP/1.0" 200 2119 "https://zakup.greenclinic.kz/" "Mozilla/5.0 (Macintosh; Intel Mac OS X 10_15_7) AppleWebKit/605.1.15 (KHTML, like Gecko) Version/14.0.3 Safari/605.1.15"
93.185.75.124 - - [17/May/2021:16:57:27 +0600] "GET /api/v1/get/categories HTTP/1.0" 200 2119 "https://zakup.greenclinic.kz/" "Mozilla/5.0 (Windows NT 10.0; Win64; x64) AppleWebKit/537.36 (KHTML, like Gecko) Chrome/90.0.4430.212 Safari/537.36"
178.91.106.36 - - [17/May/2021:20:20:23 +0600] "GET /api/v1/get/categories HTTP/1.0" 200 2119 "https://zakup.greenclinic.kz/" "Mozilla/5.0 (Windows NT 10.0; Win64; x64) AppleWebKit/537.36 (KHTML, like Gecko) Chrome/90.0.4430.212 Safari/537.36"
178.91.106.36 - - [17/May/2021:20:20:26 +0600] "GET /api/v1/get/by/category?id=7 HTTP/1.0" 200 1079 "https://zakup.greenclinic.kz/" "Mozilla/5.0 (Windows NT 10.0; Win64; x64) AppleWebKit/537.36 (KHTML, like Gecko) Chrome/90.0.4430.212 Safari/537.36"
178.91.106.36 - - [17/May/2021:20:20:31 +0600] "GET /api/v1/get/by/category?id=8 HTTP/1.0" 200 474 "https://zakup.greenclinic.kz/" "Mozilla/5.0 (Windows NT 10.0; Win64; x64) AppleWebKit/537.36 (KHTML, like Gecko) Chrome/90.0.4430.212 Safari/537.36"
178.91.106.36 - - [17/May/2021:20:20:32 +0600] "GET /api/v1/get/by/category?id=9 HTTP/1.0" 200 474 "https://zakup.greenclinic.kz/" "Mozilla/5.0 (Windows NT 10.0; Win64; x64) AppleWebKit/537.36 (KHTML, like Gecko) Chrome/90.0.4430.212 Safari/537.36"
178.91.106.36 - - [17/May/2021:20:20:33 +0600] "GET /api/v1/get/by/category?id=10 HTTP/1.0" 200 474 "https://zakup.greenclinic.kz/" "Mozilla/5.0 (Windows NT 10.0; Win64; x64) AppleWebKit/537.36 (KHTML, like Gecko) Chrome/90.0.4430.212 Safari/537.36"
178.91.106.36 - - [17/May/2021:20:20:34 +0600] "GET /api/v1/get/by/category?id=7 HTTP/1.0" 200 1079 "https://zakup.greenclinic.kz/" "Mozilla/5.0 (Windows NT 10.0; Win64; x64) AppleWebKit/537.36 (KHTML, like Gecko) Chrome/90.0.4430.212 Safari/537.36"
178.91.106.36 - - [17/May/2021:20:20:47 +0600] "GET /api/v1/get/categories HTTP/1.0" 200 2119 "https://zakup.greenclinic.kz/" "Mozilla/5.0 (Windows NT 10.0; Win64; x64) AppleWebKit/537.36 (KHTML, like Gecko) Chrome/90.0.4430.212 Safari/537.36"
34.77.162.16 - - [18/May/2021:02:47:34 +0600] "GET / HTTP/1.0" 200 18846 "-" "Expanse, a Palo Alto Networks company, searches across the global IPv4 space multiple times per day to identify customers' presences on the Internet. If you would like to be excluded from our scans, please send IP addresses/domains to: scaninfo@paloaltonetworks.com"
109.229.164.33 - - [18/May/2021:09:37:33 +0600] "GET /api/v1/get/categories HTTP/1.0" 200 2119 "https://zakup.greenclinic.kz/" "Mozilla/5.0 (Windows NT 10.0; Win64; x64) AppleWebKit/537.36 (KHTML, like Gecko) Chrome/90.0.4430.212 Safari/537.36"
95.141.141.189 - - [18/May/2021:14:03:37 +0600] "GET /api/v1/get/categories HTTP/1.0" 200 2119 "https://zakup.greenclinic.kz/" "Mozilla/5.0 (Windows NT 6.1; Win64; x64) AppleWebKit/537.36 (KHTML, like Gecko) Chrome/90.0.4430.93 Safari/537.36"
93.185.75.124 - - [18/May/2021:14:38:26 +0600] "GET /api/v1/get/categories HTTP/1.0" 200 2119 "https://zakup.greenclinic.kz/" "Mozilla/5.0 (Windows NT 10.0; Win64; x64) AppleWebKit/537.36 (KHTML, like Gecko) Chrome/90.0.4430.212 Safari/537.36"
54.195.63.28 - - [18/May/2021:17:23:14 +0600] "GET / HTTP/1.0" 200 18846 "-" "PleskBot"
212.47.251.118 - - [18/May/2021:21:59:00 +0600] "GET / HTTP/1.0" 200 18846 "-" "-"
93.185.75.124 - - [19/May/2021:09:05:09 +0600] "GET /api/v1/get/categories HTTP/1.0" 200 2119 "https://zakup.greenclinic.kz/" "Mozilla/5.0 (Windows NT 10.0; Win64; x64) AppleWebKit/537.36 (KHTML, like Gecko) Chrome/90.0.4430.212 Safari/537.36"
93.185.75.124 - - [19/May/2021:09:05:23 +0600] "GET /api/v1/get/by/category?id=8 HTTP/1.0" 200 474 "https://zakup.greenclinic.kz/" "Mozilla/5.0 (Windows NT 10.0; Win64; x64) AppleWebKit/537.36 (KHTML, like Gecko) Chrome/90.0.4430.212 Safari/537.36"
93.185.75.124 - - [19/May/2021:09:05:26 +0600] "GET /api/v1/get/by/category?id=7 HTTP/1.0" 200 1079 "https://zakup.greenclinic.kz/" "Mozilla/5.0 (Windows NT 10.0; Win64; x64) AppleWebKit/537.36 (KHTML, like Gecko) Chrome/90.0.4430.212 Safari/537.36"
109.229.164.33 - - [19/May/2021:09:16:43 +0600] "GET /api/v1/get/categories HTTP/1.0" 200 2119 "https://zakup.greenclinic.kz/" "Mozilla/5.0 (Windows NT 10.0; Win64; x64) AppleWebKit/537.36 (KHTML, like Gecko) Chrome/90.0.4430.212 Safari/537.36"
2.76.183.173 - - [19/May/2021:16:29:34 +0600] "GET /api/v1/get/categories HTTP/1.0" 200 2119 "https://zakup.greenclinic.kz/" "Mozilla/5.0 (iPhone; CPU iPhone OS 13_5_1 like Mac OS X) AppleWebKit/605.1.15 (KHTML, like Gecko) Version/13.1.1 Mobile/15E148 Safari/604.1"
2.76.183.173 - - [19/May/2021:16:33:07 +0600] "GET /api/v1/get/categories HTTP/1.0" 200 2119 "https://zakup.greenclinic.kz/" "Mozilla/5.0 (iPhone; CPU iPhone OS 13_5_1 like Mac OS X) AppleWebKit/605.1.15 (KHTML, like Gecko) Version/13.1.1 Mobile/15E148 Safari/604.1"
34.236.18.197 - - [20/May/2021:11:57:15 +0600] "GET / HTTP/1.0" 200 18846 "-" "Mozilla/5.0 (Windows NT 6.1; WOW64) AppleWebKit/537.36 (KHTML, like Gecko) Chrome/31.0.1623.0 Safari/537.36"
34.236.18.197 - - [20/May/2021:11:57:17 +0600] "GET /wp-login.php HTTP/1.0" 404 6976 "-" "Mozilla/5.0 (Windows NT 6.1; WOW64) AppleWebKit/537.36 (KHTML, like Gecko) Chrome/31.0.1623.0 Safari/537.36"
34.236.18.197 - - [20/May/2021:11:57:20 +0600] "GET /wordpress/wp-login.php HTTP/1.0" 404 6976 "-" "Mozilla/5.0 (Windows NT 6.1; WOW64) AppleWebKit/537.36 (KHTML, like Gecko) Chrome/31.0.1623.0 Safari/537.36"
34.236.18.197 - - [20/May/2021:11:57:22 +0600] "GET /blog/wp-login.php HTTP/1.0" 404 6976 "-" "Mozilla/5.0 (Windows NT 6.1; WOW64) AppleWebKit/537.36 (KHTML, like Gecko) Chrome/31.0.1623.0 Safari/537.36"
34.236.18.197 - - [20/May/2021:11:57:25 +0600] "GET /wp/wp-login.php HTTP/1.0" 404 6976 "-" "Mozilla/5.0 (Windows NT 6.1; WOW64) AppleWebKit/537.36 (KHTML, like Gecko) Chrome/31.0.1623.0 Safari/537.36"
109.229.164.33 - - [21/May/2021:09:14:51 +0600] "GET /api/v1/get/categories HTTP/1.0" 200 2119 "https://zakup.greenclinic.kz/" "Mozilla/5.0 (Windows NT 10.0; Win64; x64) AppleWebKit/537.36 (KHTML, like Gecko) Chrome/90.0.4430.212 Safari/537.36"
85.29.133.222 - - [21/May/2021:09:38:21 +0600] "GET /api/v1/get/categories HTTP/1.0" 200 2119 "https://zakup.greenclinic.kz/" "Mozilla/5.0 (Windows NT 10.0; Win64; x64) AppleWebKit/537.36 (KHTML, like Gecko) Chrome/90.0.4430.93 Safari/537.36 OPR/76.0.4017.123 (Edition Campaign 34)"
93.185.75.124 - - [21/May/2021:10:03:29 +0600] "GET /api/v1/get/categories HTTP/1.0" 200 2119 "https://zakup.greenclinic.kz/" "Mozilla/5.0 (Windows NT 10.0; Win64; x64) AppleWebKit/537.36 (KHTML, like Gecko) Chrome/90.0.4430.212 Safari/537.36"
34.86.35.20 - - [22/May/2021:03:25:53 +0600] "GET / HTTP/1.0" 200 18846 "-" "Expanse, a Palo Alto Networks company, searches across the global IPv4 space multiple times per day to identify customers' presences on the Internet. If you would like to be excluded from our scans, please send IP addresses/domains to: scaninfo@paloaltonetworks.com"
2.57.96.235 - - [23/May/2021:17:50:47 +0600] "GET /api/v1/get/categories HTTP/1.0" 200 2119 "https://zakup.greenclinic.kz/" "Mozilla/5.0 (iPhone; CPU iPhone OS 14_4_2 like Mac OS X) AppleWebKit/605.1.15 (KHTML, like Gecko) Version/14.0.3 Mobile/15E148 Safari/604.1"
93.185.75.124 - - [24/May/2021:08:03:21 +0600] "GET /api/v1/get/categories HTTP/1.0" 200 2119 "https://zakup.greenclinic.kz/" "Mozilla/5.0 (Windows NT 10.0; WOW64) AppleWebKit/537.36 (KHTML, like Gecko) Chrome/90.0.4430.212 Safari/537.36"
93.185.75.124 - - [24/May/2021:08:06:52 +0600] "GET /api/v1/get/categories HTTP/1.0" 200 2119 "https://zakup.greenclinic.kz/" "Mozilla/5.0 (Windows NT 10.0; WOW64) AppleWebKit/537.36 (KHTML, like Gecko) Chrome/90.0.4430.212 Safari/537.36"
109.229.164.33 - - [24/May/2021:10:33:36 +0600] "GET /api/v1/get/categories HTTP/1.0" 200 2119 "https://zakup.greenclinic.kz/" "Mozilla/5.0 (Windows NT 10.0; Win64; x64) AppleWebKit/537.36 (KHTML, like Gecko) Chrome/90.0.4430.212 Safari/537.36"
212.96.79.170 - - [24/May/2021:13:04:01 +0600] "GET /api/v1/get/categories HTTP/1.0" 200 2119 "https://zakup.greenclinic.kz/" "Mozilla/5.0 (Windows NT 6.1) AppleWebKit/537.36 (KHTML, like Gecko) Chrome/90.0.4430.212 Safari/537.36"
212.96.79.170 - - [24/May/2021:13:04:15 +0600] "GET /api/v1/get/by/category?id=8 HTTP/1.0" 200 474 "https://zakup.greenclinic.kz/" "Mozilla/5.0 (Windows NT 6.1) AppleWebKit/537.36 (KHTML, like Gecko) Chrome/90.0.4430.212 Safari/537.36"
212.96.79.170 - - [24/May/2021:13:04:20 +0600] "GET /api/v1/get/by/category?id=9 HTTP/1.0" 200 474 "https://zakup.greenclinic.kz/" "Mozilla/5.0 (Windows NT 6.1) AppleWebKit/537.36 (KHTML, like Gecko) Chrome/90.0.4430.212 Safari/537.36"
212.96.79.170 - - [24/May/2021:13:04:24 +0600] "GET /api/v1/get/by/category?id=10 HTTP/1.0" 200 474 "https://zakup.greenclinic.kz/" "Mozilla/5.0 (Windows NT 6.1) AppleWebKit/537.36 (KHTML, like Gecko) Chrome/90.0.4430.212 Safari/537.36"
34.213.141.59 - - [24/May/2021:17:32:14 +0600] "GET /api/v1/get/categories HTTP/1.0" 200 2119 "https://purchases.greenclinic.kz/" "Mozilla/5.0 (Windows NT 10.0; Win64; x64; rv:57.0) Gecko/20100101 Firefox/57.0"
52.40.234.105 - - [24/May/2021:18:38:49 +0600] "GET /api/v1/get/categories HTTP/1.0" 200 2119 "https://purchases.greenclinic.kz/" "\"Mozilla/4.0 (compatible; MSIE 10.0; Windows NT 5.1; Trident/4.0; (R1 1.5); .NET CLR 1.1.4322; .NETCLR 2.0.50727)\""
52.40.234.105 - - [24/May/2021:18:40:42 +0600] "GET /api/v1/get/categories HTTP/1.0" 200 2119 "https://purchases.greenclinic.kz/" "\"Mozilla/4.0 (compatible; MSIE 10.0; Windows NT 5.1; Trident/4.0; (R1 1.5); .NET CLR 1.1.4322; .NETCLR 2.0.50727)\""
52.40.234.105 - - [24/May/2021:18:40:55 +0600] "GET / HTTP/1.0" 200 18846 "-" "Mozilla/5.0 (Macintosh; Intel Mac OS X 10_13_6) AppleWebKit/537.36 (KHTML, like Gecko) Chrome/80.0.3987.149 Safari/537.36"
52.40.234.105 - - [24/May/2021:18:40:56 +0600] "GET / HTTP/1.0" 200 18846 "-" "Mozilla/5.0 (Windows NT 10.0; Win64; x64) AppleWebKit/537.36 (KHTML, like Gecko) Chrome/80.0.3987.149 Safari/537.36"
69.25.58.56 - - [24/May/2021:18:43:19 +0600] "GET /api/v1/get/categories HTTP/1.0" 200 2119 "https://purchases.greenclinic.kz/" "Mozilla/5.0 (Windows NT 10.0; WOW64) AppleWebKit/537.36 (KHTML, like Gecko) Chrome/67.0.3396.79 Safari/537.16"
52.40.234.105 - - [24/May/2021:19:43:05 +0600] "GET / HTTP/1.0" 200 18846 "-" "\"Mozilla/4.0 (compatible; MSIE 10.0; Windows NT 5.1; Trident/4.0; (R1 1.5); .NET CLR 1.1.4322; .NETCLR 2.0.50727)\""
52.40.234.105 - - [24/May/2021:19:43:08 +0600] "GET / HTTP/1.0" 200 18846 "-" "python-requests/2.25.1"
52.40.234.105 - - [24/May/2021:19:43:35 +0600] "GET / HTTP/1.0" 200 18846 "-" "\"Mozilla/4.0 (compatible; MSIE 10.0; Windows NT 5.1; Trident/4.0; (R1 1.5); .NET CLR 1.1.4322; .NETCLR 2.0.50727)\""
52.40.234.105 - - [24/May/2021:19:43:38 +0600] "GET / HTTP/1.0" 200 18846 "-" "python-requests/2.25.1"
52.60.189.115 - - [24/May/2021:21:05:11 +0600] "GET / HTTP/1.0" 200 18846 "-" "Mozilla/5.0 (Windows NT 6.3; WOW64) AppleWebKit/537.36 (KHTML, like Gecko) Chrome/41.0.2226.0 Safari/537.36"
52.60.189.115 - - [24/May/2021:21:05:13 +0600] "GET /wp-login.php HTTP/1.0" 404 6976 "-" "Mozilla/5.0 (Windows NT 6.3; WOW64) AppleWebKit/537.36 (KHTML, like Gecko) Chrome/41.0.2226.0 Safari/537.36"
52.60.189.115 - - [24/May/2021:21:05:15 +0600] "GET /wordpress/wp-login.php HTTP/1.0" 404 6976 "-" "Mozilla/5.0 (Windows NT 6.3; WOW64) AppleWebKit/537.36 (KHTML, like Gecko) Chrome/41.0.2226.0 Safari/537.36"
52.60.189.115 - - [24/May/2021:21:05:16 +0600] "GET /blog/wp-login.php HTTP/1.0" 404 6976 "-" "Mozilla/5.0 (Windows NT 6.3; WOW64) AppleWebKit/537.36 (KHTML, like Gecko) Chrome/41.0.2226.0 Safari/537.36"
52.60.189.115 - - [24/May/2021:21:05:18 +0600] "GET /wp/wp-login.php HTTP/1.0" 404 6976 "-" "Mozilla/5.0 (Windows NT 6.3; WOW64) AppleWebKit/537.36 (KHTML, like Gecko) Chrome/41.0.2226.0 Safari/537.36"
109.239.43.142 - - [24/May/2021:21:57:45 +0600] "GET /api/v1/get/categories HTTP/1.0" 200 2119 "https://zakup.greenclinic.kz/" "Mozilla/5.0 (Windows NT 6.3; Win64; x64) AppleWebKit/537.36 (KHTML, like Gecko) Chrome/90.0.4430.212 Safari/537.36"
109.239.43.142 - - [24/May/2021:21:59:05 +0600] "GET /api/v1/get/by/category?id=8 HTTP/1.0" 200 474 "https://zakup.greenclinic.kz/" "Mozilla/5.0 (Windows NT 6.3; Win64; x64) AppleWebKit/537.36 (KHTML, like Gecko) Chrome/90.0.4430.212 Safari/537.36"
65.155.30.101 - - [25/May/2021:00:50:02 +0600] "GET /api/v1/get/categories HTTP/1.0" 200 2119 "https://purchases.greenclinic.kz/" "Mozilla/5.0 (Windows NT 10.0; Win64; x64) AppleWebKit/537.36 (KHTML, like Gecko) Chrome/76.0.3809.71 Safari/537.36"
205.169.39.17 - - [25/May/2021:02:33:00 +0600] "GET / HTTP/1.0" 200 18846 "-" "Mozilla/5.0 (Windows NT 10.0; Win64; x64) AppleWebKit/537.36 (KHTML, like Gecko) Chrome/76.0.3809.71 Safari/537.36"
188.124.236.30 - - [25/May/2021:09:49:12 +0600] "GET /api/v1/get/categories HTTP/1.0" 200 2119 "https://zakup.greenclinic.kz/" "Mozilla/5.0 (Windows NT 6.1; Win64; x64) AppleWebKit/537.36 (KHTML, like Gecko) Chrome/90.0.4430.212 Safari/537.36"
109.229.164.33 - - [25/May/2021:10:47:22 +0600] "GET /api/v1/get/categories HTTP/1.0" 200 2119 "https://zakup.greenclinic.kz/" "Mozilla/5.0 (Windows NT 10.0; Win64; x64) AppleWebKit/537.36 (KHTML, like Gecko) Chrome/90.0.4430.212 Safari/537.36"
109.229.164.33 - - [26/May/2021:10:06:33 +0600] "GET /api/v1/get/categories HTTP/1.0" 200 2119 "https://zakup.greenclinic.kz/" "Mozilla/5.0 (Windows NT 10.0; Win64; x64) AppleWebKit/537.36 (KHTML, like Gecko) Chrome/90.0.4430.212 Safari/537.36"
109.229.164.33 - - [26/May/2021:10:06:41 +0600] "GET /api/v1/get/categories HTTP/1.0" 200 2119 "https://zakup.greenclinic.kz/" "Mozilla/5.0 (Windows NT 10.0; Win64; x64) AppleWebKit/537.36 (KHTML, like Gecko) Chrome/90.0.4430.212 Safari/537.36"
63.33.50.19 - - [27/May/2021:07:28:36 +0600] "GET / HTTP/1.0" 200 18846 "-" "PleskBot"
93.185.75.124 - - [27/May/2021:09:25:53 +0600] "GET /api/v1/get/categories HTTP/1.0" 200 2119 "https://zakup.greenclinic.kz/" "Mozilla/5.0 (Windows NT 10.0; Win64; x64) AppleWebKit/537.36 (KHTML, like Gecko) Chrome/90.0.4430.212 Safari/537.36"
109.229.164.33 - - [27/May/2021:09:33:38 +0600] "GET /api/v1/get/categories HTTP/1.0" 200 2119 "https://zakup.greenclinic.kz/" "Mozilla/5.0 (Windows NT 10.0; Win64; x64) AppleWebKit/537.36 (KHTML, like Gecko) Chrome/90.0.4430.212 Safari/537.36"
35.178.16.1 - - [27/May/2021:12:31:13 +0600] "GET / HTTP/1.0" 200 21088 "-" "Mozilla/5.0 (Macintosh; Intel Mac OS X 10_9_0) AppleWebKit/537.36 (KHTML, like Gecko) Chrome/32.0.1664.3 Safari/537.36"
35.178.16.1 - - [27/May/2021:12:31:16 +0600] "GET /wp-login.php HTTP/1.0" 404 6976 "-" "Mozilla/5.0 (Macintosh; Intel Mac OS X 10_9_0) AppleWebKit/537.36 (KHTML, like Gecko) Chrome/32.0.1664.3 Safari/537.36"
35.178.16.1 - - [27/May/2021:12:31:18 +0600] "GET /wordpress/wp-login.php HTTP/1.0" 404 6976 "-" "Mozilla/5.0 (Macintosh; Intel Mac OS X 10_9_0) AppleWebKit/537.36 (KHTML, like Gecko) Chrome/32.0.1664.3 Safari/537.36"
35.178.16.1 - - [27/May/2021:12:31:19 +0600] "GET /blog/wp-login.php HTTP/1.0" 404 6976 "-" "Mozilla/5.0 (Macintosh; Intel Mac OS X 10_9_0) AppleWebKit/537.36 (KHTML, like Gecko) Chrome/32.0.1664.3 Safari/537.36"
35.178.16.1 - - [27/May/2021:12:31:20 +0600] "GET /wp/wp-login.php HTTP/1.0" 404 6976 "-" "Mozilla/5.0 (Macintosh; Intel Mac OS X 10_9_0) AppleWebKit/537.36 (KHTML, like Gecko) Chrome/32.0.1664.3 Safari/537.36"
5.9.106.204 - - [27/May/2021:15:56:44 +0600] "GET /api/v1/get/categories HTTP/1.0" 200 2119 "https://zakup.greenclinic.kz/" "Mozilla/5.0 (Windows NT 10.0; Win64; x64) AppleWebKit/537.36 (KHTML, like Gecko) Chrome/90.0.4430.93 Safari/537.36"
34.96.130.17 - - [28/May/2021:06:44:56 +0600] "GET / HTTP/1.0" 200 18846 "-" "Expanse, a Palo Alto Networks company, searches across the global IPv4 space multiple times per day to identify customers' presences on the Internet. If you would like to be excluded from our scans, please send IP addresses/domains to: scaninfo@paloaltonetworks.com"
109.229.164.33 - - [28/May/2021:10:34:09 +0600] "GET /api/v1/get/categories HTTP/1.0" 200 2119 "https://zakup.greenclinic.kz/" "Mozilla/5.0 (Windows NT 10.0; Win64; x64) AppleWebKit/537.36 (KHTML, like Gecko) Chrome/90.0.4430.212 Safari/537.36"
93.185.75.124 - - [28/May/2021:11:23:45 +0600] "GET /api/v1/get/categories HTTP/1.0" 200 2119 "https://zakup.greenclinic.kz/" "Mozilla/5.0 (Windows NT 10.0; Win64; x64) AppleWebKit/537.36 (KHTML, like Gecko) Chrome/90.0.4430.212 Safari/537.36"
93.185.75.124 - - [28/May/2021:12:45:28 +0600] "GET /api/v1/get/categories HTTP/1.0" 200 2119 "https://zakup.greenclinic.kz/" "Mozilla/5.0 (iPhone; CPU iPhone OS 14_4_2 like Mac OS X) AppleWebKit/605.1.15 (KHTML, like Gecko) Version/14.0.3 Mobile/15E148 Safari/604.1"
93.185.75.124 - - [28/May/2021:12:45:33 +0600] "GET /api/v1/get/by/category?id=7 HTTP/1.0" 200 1079 "https://zakup.greenclinic.kz/" "Mozilla/5.0 (iPhone; CPU iPhone OS 14_4_2 like Mac OS X) AppleWebKit/605.1.15 (KHTML, like Gecko) Version/14.0.3 Mobile/15E148 Safari/604.1"
85.29.133.222 - - [28/May/2021:14:39:17 +0600] "GET /api/v1/get/categories HTTP/1.0" 200 2119 "https://zakup.greenclinic.kz/" "Mozilla/5.0 (Macintosh; Intel Mac OS X 10_15_7) AppleWebKit/537.36 (KHTML, like Gecko) Chrome/90.0.4430.212 Safari/537.36"
185.215.162.194 - - [28/May/2021:14:39:44 +0600] "GET /api/v1/get/categories HTTP/1.0" 200 2119 "https://zakup.greenclinic.kz/" "Mozilla/5.0 (Windows NT 10.0; Win64; x64) AppleWebKit/537.36 (KHTML, like Gecko) Chrome/90.0.4430.212 Safari/537.36"
85.29.133.222 - - [28/May/2021:14:55:02 +0600] "GET /api/v1/get/categories HTTP/1.0" 200 2119 "https://zakup.greenclinic.kz/" "Mozilla/5.0 (Macintosh; Intel Mac OS X 10_15_7) AppleWebKit/537.36 (KHTML, like Gecko) Chrome/90.0.4430.212 Safari/537.36"
185.215.162.194 - - [28/May/2021:14:55:17 +0600] "GET /api/v1/get/categories HTTP/1.0" 200 2119 "https://zakup.greenclinic.kz/" "Mozilla/5.0 (Windows NT 10.0; Win64; x64) AppleWebKit/537.36 (KHTML, like Gecko) Chrome/90.0.4430.212 Safari/537.36"
85.29.133.222 - - [28/May/2021:14:58:39 +0600] "GET /api/v1/get/categories HTTP/1.0" 200 2119 "https://zakup.greenclinic.kz/" "Mozilla/5.0 (Windows NT 10.0; Win64; x64) AppleWebKit/537.36 (KHTML, like Gecko) Chrome/90.0.4430.212 Safari/537.36"
85.29.133.222 - - [28/May/2021:15:14:45 +0600] "GET /api/v1/get/categories HTTP/1.0" 200 2119 "https://zakup.greenclinic.kz/" "Mozilla/5.0 (Windows NT 10.0; Win64; x64) AppleWebKit/537.36 (KHTML, like Gecko) Chrome/90.0.4430.212 Safari/537.36"
85.29.133.222 - - [28/May/2021:15:46:15 +0600] "GET /api/v1/get/categories HTTP/1.0" 200 2119 "https://zakup.greenclinic.kz/" "Mozilla/5.0 (Windows NT 10.0; Win64; x64) AppleWebKit/537.36 (KHTML, like Gecko) Chrome/90.0.4430.212 Safari/537.36"
205.169.39.23 - - [28/May/2021:16:33:14 +0600] "GET /api/v1/get/categories HTTP/1.0" 200 2119 "https://zakup.greenclinic.kz/" "Mozilla/5.0 (Windows NT 10.0; Win64; x64) AppleWebKit/537.36 (KHTML, like Gecko) Chrome/76.0.3809.71 Safari/537.36"
85.29.133.222 - - [28/May/2021:17:03:25 +0600] "GET /api/v1/get/categories HTTP/1.0" 200 2119 "https://zakup.greenclinic.kz/" "Mozilla/5.0 (Windows NT 10.0; Win64; x64) AppleWebKit/537.36 (KHTML, like Gecko) Chrome/90.0.4430.212 Safari/537.36"
93.185.75.124 - - [28/May/2021:17:25:39 +0600] "GET /api/v1/get/categories HTTP/1.0" 200 2119 "https://zakup.greenclinic.kz/" "Mozilla/5.0 (Windows NT 10.0; Win64; x64) AppleWebKit/537.36 (KHTML, like Gecko) Chrome/90.0.4430.212 Safari/537.36"
188.0.154.94 - - [28/May/2021:17:31:29 +0600] "GET /api/v1/get/categories HTTP/1.0" 200 2119 "https://zakup.greenclinic.kz/" "Mozilla/5.0 (Macintosh; Intel Mac OS X 10_11_6) AppleWebKit/537.36 (KHTML, like Gecko) Chrome/90.0.4430.212 Safari/537.36"
188.0.154.94 - - [28/May/2021:17:31:33 +0600] "GET /api/v1/get/by/category?id=8 HTTP/1.0" 200 474 "https://zakup.greenclinic.kz/" "Mozilla/5.0 (Macintosh; Intel Mac OS X 10_11_6) AppleWebKit/537.36 (KHTML, like Gecko) Chrome/90.0.4430.212 Safari/537.36"
188.0.154.94 - - [28/May/2021:17:31:34 +0600] "GET /api/v1/get/by/category?id=9 HTTP/1.0" 200 474 "https://zakup.greenclinic.kz/" "Mozilla/5.0 (Macintosh; Intel Mac OS X 10_11_6) AppleWebKit/537.36 (KHTML, like Gecko) Chrome/90.0.4430.212 Safari/537.36"
188.0.154.94 - - [28/May/2021:17:31:35 +0600] "GET /api/v1/get/by/category?id=10 HTTP/1.0" 200 474 "https://zakup.greenclinic.kz/" "Mozilla/5.0 (Macintosh; Intel Mac OS X 10_11_6) AppleWebKit/537.36 (KHTML, like Gecko) Chrome/90.0.4430.212 Safari/537.36"
188.0.154.94 - - [28/May/2021:17:31:36 +0600] "GET /api/v1/get/by/category?id=7 HTTP/1.0" 200 1079 "https://zakup.greenclinic.kz/" "Mozilla/5.0 (Macintosh; Intel Mac OS X 10_11_6) AppleWebKit/537.36 (KHTML, like Gecko) Chrome/90.0.4430.212 Safari/537.36"
188.0.154.94 - - [28/May/2021:17:31:58 +0600] "GET /api/v1/get/categories HTTP/1.0" 200 2119 "https://zakup.greenclinic.kz/" "Mozilla/5.0 (Macintosh; Intel Mac OS X 10_11_6) AppleWebKit/537.36 (KHTML, like Gecko) Chrome/90.0.4430.212 Safari/537.36"
143.110.226.199 - - [29/May/2021:18:37:00 +0600] "GET /api/v1/get/categories HTTP/1.0" 200 2119 "https://purchases.greenclinic.kz/" "Mozilla/5.0 (Windows NT 10.0; Win64; x64) AppleWebKit/537.36 (KHTML, like Gecko) Chrome/90.0.4430.93 Safari/537.36"
66.249.75.66 - - [30/May/2021:08:45:32 +0600] "GET /api/v1/get/categories HTTP/1.0" 200 2119 "https://zakup.greenclinic.kz/" "Mozilla/5.0 (Linux; Android 6.0.1; Nexus 5X Build/MMB29P) AppleWebKit/537.36 (KHTML, like Gecko) Chrome/90.0.4430.97 Mobile Safari/537.36 (compatible; Googlebot/2.1; +http://www.google.com/bot.html)"
66.249.75.66 - - [30/May/2021:15:21:56 +0600] "GET /api/v1/get/categories HTTP/1.0" 200 2119 "https://purchases.greenclinic.kz/" "Mozilla/5.0 (Linux; Android 6.0.1; Nexus 5X Build/MMB29P) AppleWebKit/537.36 (KHTML, like Gecko) Chrome/90.0.4430.97 Mobile Safari/537.36 (compatible; Googlebot/2.1; +http://www.google.com/bot.html)"
62.84.44.82 - - [31/May/2021:01:20:47 +0600] "GET /api/v1/get/categories HTTP/1.0" 200 2119 "https://zakup.greenclinic.kz/" "Mozilla/5.0 (iPhone; CPU iPhone OS 14_3 like Mac OS X) AppleWebKit/605.1.15 (KHTML, like Gecko) Version/14.0.2 Mobile/15E148 Safari/604.1"
62.84.44.82 - - [31/May/2021:01:20:57 +0600] "GET /api/v1/get/by/category?id=8 HTTP/1.0" 200 474 "https://zakup.greenclinic.kz/" "Mozilla/5.0 (iPhone; CPU iPhone OS 14_3 like Mac OS X) AppleWebKit/605.1.15 (KHTML, like Gecko) Version/14.0.2 Mobile/15E148 Safari/604.1"
62.84.44.82 - - [31/May/2021:01:21:05 +0600] "GET /api/v1/get/by/category?id=8 HTTP/1.0" 200 474 "https://zakup.greenclinic.kz/" "Mozilla/5.0 (iPhone; CPU iPhone OS 14_3 like Mac OS X) AppleWebKit/605.1.15 (KHTML, like Gecko) Version/14.0.2 Mobile/15E148 Safari/604.1"
62.84.44.82 - - [31/May/2021:01:21:06 +0600] "GET /api/v1/get/by/category?id=8 HTTP/1.0" 200 474 "https://zakup.greenclinic.kz/" "Mozilla/5.0 (iPhone; CPU iPhone OS 14_3 like Mac OS X) AppleWebKit/605.1.15 (KHTML, like Gecko) Version/14.0.2 Mobile/15E148 Safari/604.1"
62.84.44.82 - - [31/May/2021:01:21:07 +0600] "GET /api/v1/get/by/category?id=7 HTTP/1.0" 200 1079 "https://zakup.greenclinic.kz/" "Mozilla/5.0 (iPhone; CPU iPhone OS 14_3 like Mac OS X) AppleWebKit/605.1.15 (KHTML, like Gecko) Version/14.0.2 Mobile/15E148 Safari/604.1"
62.84.44.82 - - [31/May/2021:01:21:12 +0600] "GET /api/v1/get/by/category?id=10 HTTP/1.0" 200 2716 "https://zakup.greenclinic.kz/" "Mozilla/5.0 (iPhone; CPU iPhone OS 14_3 like Mac OS X) AppleWebKit/605.1.15 (KHTML, like Gecko) Version/14.0.2 Mobile/15E148 Safari/604.1"
62.84.44.82 - - [31/May/2021:01:21:14 +0600] "GET /api/v1/get/by/category?id=10 HTTP/1.0" 200 474 "https://zakup.greenclinic.kz/" "Mozilla/5.0 (iPhone; CPU iPhone OS 14_3 like Mac OS X) AppleWebKit/605.1.15 (KHTML, like Gecko) Version/14.0.2 Mobile/15E148 Safari/604.1"
109.229.164.33 - - [31/May/2021:11:03:21 +0600] "GET /api/v1/get/categories HTTP/1.0" 200 2119 "https://zakup.greenclinic.kz/" "Mozilla/5.0 (Windows NT 10.0; Win64; x64) AppleWebKit/537.36 (KHTML, like Gecko) Chrome/90.0.4430.212 Safari/537.36"
85.29.133.222 - - [31/May/2021:16:04:40 +0600] "GET /api/v1/get/categories HTTP/1.0" 200 2119 "https://zakup.greenclinic.kz/" "Mozilla/5.0 (Windows NT 10.0; Win64; x64) AppleWebKit/537.36 (KHTML, like Gecko) Chrome/90.0.4430.212 Safari/537.36"
93.185.75.124 - - [31/May/2021:16:07:47 +0600] "GET /api/v1/get/categories HTTP/1.0" 200 2119 "https://zakup.greenclinic.kz/" "Mozilla/5.0 (Windows NT 10.0; Win64; x64) AppleWebKit/537.36 (KHTML, like Gecko) Chrome/91.0.4472.77 Safari/537.36"
34.215.69.55 - - [01/Jun/2021:11:15:31 +0600] "GET / HTTP/1.0" 200 18846 "-" "Mozilla/5.0 (Windows NT 5.1) AppleWebKit/537.36 (KHTML, like Gecko) Chrome/35.0.2117.157 Safari/537.36"
34.215.69.55 - - [01/Jun/2021:11:15:35 +0600] "GET /wp-login.php HTTP/1.0" 404 9218 "-" "Mozilla/5.0 (Windows NT 5.1) AppleWebKit/537.36 (KHTML, like Gecko) Chrome/35.0.2117.157 Safari/537.36"
34.215.69.55 - - [01/Jun/2021:11:15:39 +0600] "GET /wordpress/wp-login.php HTTP/1.0" 404 6976 "-" "Mozilla/5.0 (Windows NT 5.1) AppleWebKit/537.36 (KHTML, like Gecko) Chrome/35.0.2117.157 Safari/537.36"
34.215.69.55 - - [01/Jun/2021:11:15:43 +0600] "GET /blog/wp-login.php HTTP/1.0" 404 6976 "-" "Mozilla/5.0 (Windows NT 5.1) AppleWebKit/537.36 (KHTML, like Gecko) Chrome/35.0.2117.157 Safari/537.36"
34.215.69.55 - - [01/Jun/2021:11:15:51 +0600] "GET /wp/wp-login.php HTTP/1.0" 404 6976 "-" "Mozilla/5.0 (Windows NT 5.1) AppleWebKit/537.36 (KHTML, like Gecko) Chrome/35.0.2117.157 Safari/537.36"
109.229.164.33 - - [01/Jun/2021:14:18:40 +0600] "GET /api/v1/get/categories HTTP/1.0" 200 2119 "https://zakup.greenclinic.kz/" "Mozilla/5.0 (Windows NT 10.0; Win64; x64) AppleWebKit/537.36 (KHTML, like Gecko) Chrome/90.0.4430.212 Safari/537.36"
34.86.35.31 - - [01/Jun/2021:20:45:41 +0600] "GET / HTTP/1.0" 200 18846 "-" "Expanse, a Palo Alto Networks company, searches across the global IPv4 space multiple times per day to identify customers' presences on the Internet. If you would like to be excluded from our scans, please send IP addresses/domains to: scaninfo@paloaltonetworks.com"
213.232.244.59 - - [01/Jun/2021:23:22:52 +0600] "GET /api/v1/get/categories HTTP/1.0" 200 2119 "https://zakup.greenclinic.kz/" "Mozilla/5.0 (iPhone; CPU iPhone OS 14_3 like Mac OS X) AppleWebKit/605.1.15 (KHTML, like Gecko) Version/14.0.2 Mobile/15E148 Safari/604.1"
2.132.177.134 - - [02/Jun/2021:02:13:56 +0600] "GET /api/v1/get/categories HTTP/1.0" 200 2119 "https://zakup.greenclinic.kz/" "Mozilla/5.0 (Linux; Android 7.0; SM-A310F) AppleWebKit/537.36 (KHTML, like Gecko) Chrome/90.0.4430.210 Mobile Safari/537.36"
93.185.75.124 - - [02/Jun/2021:11:38:53 +0600] "GET /api/v1/get/categories HTTP/1.0" 200 2119 "https://zakup.greenclinic.kz/" "Mozilla/5.0 (Windows NT 10.0; Win64; x64) AppleWebKit/537.36 (KHTML, like Gecko) Chrome/90.0.4430.212 Safari/537.36"
