2a03:2880:f814:8:: - - [01/Jan/2026:04:33:04 +0500] "GET /en/?item=915905724 HTTP/1.0" 200 56946 "-" "meta-externalagent/1.1 (+https://developers.facebook.com/docs/sharing/webmasters/crawler)"
216.73.216.167 - - [01/Jan/2026:04:33:04 +0500] "GET /products/395417032358894?fileloc=%2Fvar%2Fwww%2Fvhosts%2Fgreenclinic.kz%2Fmed.greenclinic.kz%2Fwp-includes%2Fblocks%2Fcomments-title.php&path=%2Fvar%2Fwww%2Fvhosts%2Fgreenclinic.kz%2Fmed.greenclinic.kz%2Fwp-includes%2Fblocks HTTP/1.0" 200 20171 "-" "Mozilla/5.0 AppleWebKit/537.36 (KHTML, like Gecko; compatible; ClaudeBot/1.0; +claudebot@anthropic.com)"
74.7.227.36 - - [01/Jan/2026:04:33:04 +0500] "GET /ru/directions/proktologiya/?fileloc=/var/www/vhosts/greenclinic.kz/newsite/wp-content/uploads/2024/06/img_2929-300x200.jpg&path=/var/www/vhosts/greenclinic.kz/newsite/wp-content/uploads/2024/06 HTTP/1.0" 200 79578 "-" "Mozilla/5.0 AppleWebKit/537.36 (KHTML, like Gecko; compatible; GPTBot/1.3; +https://openai.com/gptbot)"
216.73.216.167 - - [01/Jan/2026:04:33:03 +0500] "GET /products/304764084131702?fileloc=%2Fvar%2Fwww%2Fvhosts%2Fgreenclinic.kz%2Fnewsite%2Fwp-admin%2Fjs%2Feditor.min.js&path=%2Fvar%2Fwww%2Fvhosts%2Fgreenclinic.kz%2Fnewsite%2Fwp-admin%2Fjs HTTP/1.0" 200 34558 "-" "Mozilla/5.0 AppleWebKit/537.36 (KHTML, like Gecko; compatible; ClaudeBot/1.0; +claudebot@anthropic.com)"
2a03:2880:f814:30:: - - [01/Jan/2026:04:33:03 +0500] "GET /products/29628727 HTTP/1.0" 200 56946 "-" "meta-externalagent/1.1 (+https://developers.facebook.com/docs/sharing/webmasters/crawler)"
216.73.216.167 - - [01/Jan/2026:04:33:04 +0500] "GET /products/622950973535151?fileloc=%2Fvar%2Fwww%2Fvhosts%2Fgreenclinic.kz%2Fnewsite%2Fwp-admin%2Fjs%2Fuser-suggest.js&path=%2Fvar%2Fwww%2Fvhosts%2Fgreenclinic.kz%2Fnewsite%2Fwp-admin%2Fjs HTTP/1.0" 200 19453 "-" "Mozilla/5.0 AppleWebKit/537.36 (KHTML, like Gecko; compatible; ClaudeBot/1.0; +claudebot@anthropic.com)"
216.73.216.167 - - [01/Jan/2026:04:33:05 +0500] "GET /products/446854142285535?fileloc=%2Fvar%2Fwww%2Fvhosts%2Fgreenclinic.kz%2Fmed.greenclinic.kz%2Fwp-includes%2Fversion.php&path=%2Fvar%2Fwww%2Fvhosts%2Fgreenclinic.kz%2Fmed.greenclinic.kz%2Fwp-includes HTTP/1.0" 200 18091 "-" "Mozilla/5.0 AppleWebKit/537.36 (KHTML, like Gecko; compatible; ClaudeBot/1.0; +claudebot@anthropic.com)"
2a03:2880:f814:25:: - - [01/Jan/2026:04:33:05 +0500] "GET /products/31153972 HTTP/1.0" 200 56946 "-" "meta-externalagent/1.1 (+https://developers.facebook.com/docs/sharing/webmasters/crawler)"
216.73.216.167 - - [01/Jan/2026:04:33:05 +0500] "GET /products/286139204754769?fileloc=%2Fvar%2Fwww%2Fvhosts%2Fgreenclinic.kz%2Fnewsite%2Fwp-admin%2Fjs%2Fset-post-thumbnail.js&path=%2Fvar%2Fwww%2Fvhosts%2Fgreenclinic.kz%2Fnewsite%2Fwp-admin%2Fjs HTTP/1.0" 200 17874 "-" "Mozilla/5.0 AppleWebKit/537.36 (KHTML, like Gecko; compatible; ClaudeBot/1.0; +claudebot@anthropic.com)"
74.7.227.36 - - [01/Jan/2026:04:33:05 +0500] "GET /ru/directions/proktologiya/?fileloc=/var/www/vhosts/greenclinic.kz/newsite/wp-content/uploads/2024/05/img_2252-150x150.jpg&path=/var/www/vhosts/greenclinic.kz/newsite/wp-content/uploads/2024/05 HTTP/1.0" 200 68304 "-" "Mozilla/5.0 AppleWebKit/537.36 (KHTML, like Gecko; compatible; GPTBot/1.3; +https://openai.com/gptbot)"
216.73.216.167 - - [01/Jan/2026:04:33:05 +0500] "GET /products/250948564305862?fileloc=%2Fvar%2Fwww%2Fvhosts%2Fgreenclinic.kz%2Fmed.greenclinic.kz%2Fwp-includes%2Fjs%2Fwp-pointer.js&path=%2Fvar%2Fwww%2Fvhosts%2Fgreenclinic.kz%2Fmed.greenclinic.kz%2Fwp-includes%2Fjs HTTP/1.0" 200 27943 "-" "Mozilla/5.0 AppleWebKit/537.36 (KHTML, like Gecko; compatible; ClaudeBot/1.0; +claudebot@anthropic.com)"
216.73.216.167 - - [01/Jan/2026:04:33:05 +0500] "GET /products/245524528109166?fileloc=%2Fvar%2Fwww%2Fvhosts%2Fgreenclinic.kz%2Fnewsite%2Fwp-includes%2Fjs%2Fmce-view.min.js&path=%2Fvar%2Fwww%2Fvhosts%2Fgreenclinic.kz%2Fnewsite%2Fwp-includes%2Fjs HTTP/1.0" 200 28742 "-" "Mozilla/5.0 AppleWebKit/537.36 (KHTML, like Gecko; compatible; ClaudeBot/1.0; +claudebot@anthropic.com)"
216.73.216.167 - - [01/Jan/2026:04:33:05 +0500] "GET /products/567345706441332?fileloc=%2Fvar%2Fwww%2Fvhosts%2Fgreenclinic.kz%2Fnewsite%2Fwp-includes%2Fblocks%2Fbuttons%2Fblock.json&path=%2Fvar%2Fwww%2Fvhosts%2Fgreenclinic.kz%2Fnewsite%2Fwp-includes%2Fblocks%2Fbuttons HTTP/1.0" 200 18770 "-" "Mozilla/5.0 AppleWebKit/537.36 (KHTML, like Gecko; compatible; ClaudeBot/1.0; +claudebot@anthropic.com)"
216.73.216.167 - - [01/Jan/2026:04:33:04 +0500] "GET /products/34920707655243?fileloc=%2Fvar%2Fwww%2Fvhosts%2Fgreenclinic.kz%2Fnewsite%2Fwp-includes%2Fblocks%2Fspacer%2Fstyle.css&path=%2Fvar%2Fwww%2Fvhosts%2Fgreenclinic.kz%2Fnewsite%2Fwp-includes%2Fblocks%2Fspacer HTTP/1.0" 200 17062 "-" "Mozilla/5.0 AppleWebKit/537.36 (KHTML, like Gecko; compatible; ClaudeBot/1.0; +claudebot@anthropic.com)"
74.7.227.36 - - [01/Jan/2026:04:33:05 +0500] "GET /ru/directions/proktologiya/?fileloc=/var/www/vhosts/greenclinic.kz/newsite/wp-content/uploads/2024/06/img_2926-300x200.jpg&path=/var/www/vhosts/greenclinic.kz/newsite/wp-content/uploads/2024/06 HTTP/1.0" 200 80410 "-" "Mozilla/5.0 AppleWebKit/537.36 (KHTML, like Gecko; compatible; GPTBot/1.3; +https://openai.com/gptbot)"
216.73.216.167 - - [01/Jan/2026:04:33:05 +0500] "GET /products/669384204380819?fileloc=%2Fvar%2Fwww%2Fvhosts%2Fgreenclinic.kz%2Fnewsite%2Fwp-includes%2Fjs%2Fdist%2Fundo-manager.min.js&path=%2Fvar%2Fwww%2Fvhosts%2Fgreenclinic.kz%2Fnewsite%2Fwp-includes%2Fjs%2Fdist HTTP/1.0" 200 18915 "-" "Mozilla/5.0 AppleWebKit/537.36 (KHTML, like Gecko; compatible; ClaudeBot/1.0; +claudebot@anthropic.com)"
216.73.216.167 - - [01/Jan/2026:04:33:03 +0500] "GET /products/316320614474990?fileloc=%2Fvar%2Fwww%2Fvhosts%2Fgreenclinic.kz%2Fnewsite%2Fwp-includes%2Fblocks%2Fspacer%2Feditor.min.css&path=%2Fvar%2Fwww%2Fvhosts%2Fgreenclinic.kz%2Fnewsite%2Fwp-includes%2Fblocks%2Fspacer HTTP/1.0" 200 18002 "-" "Mozilla/5.0 AppleWebKit/537.36 (KHTML, like Gecko; compatible; ClaudeBot/1.0; +claudebot@anthropic.com)"
216.73.216.167 - - [01/Jan/2026:04:33:05 +0500] "GET /products/361758017073063?fileloc=%2Fvar%2Fwww%2Fvhosts%2Fgreenclinic.kz%2Fnewsite%2Fwp-admin%2Fjs%2Fwidgets%2Fmedia-video-widget.min.js&path=%2Fvar%2Fwww%2Fvhosts%2Fgreenclinic.kz%2Fnewsite%2Fwp-admin%2Fjs%2Fwidgets HTTP/1.0" 200 20167 "-" "Mozilla/5.0 AppleWebKit/537.36 (KHTML, like Gecko; compatible; ClaudeBot/1.0; +claudebot@anthropic.com)"
2a03:2880:f814:4:: - - [01/Jan/2026:04:33:06 +0500] "GET /products/24139672 HTTP/1.0" 200 56946 "-" "meta-externalagent/1.1 (+https://developers.facebook.com/docs/sharing/webmasters/crawler)"
216.73.216.167 - - [01/Jan/2026:04:33:06 +0500] "GET /products/40688329161333?fileloc=%2Fvar%2Fwww%2Fvhosts%2Fgreenclinic.kz%2Fnewsite%2Fwp-admin%2Fthemes.php&path=%2Fvar%2Fwww%2Fvhosts%2Fgreenclinic.kz%2Fnewsite%2Fwp-admin HTTP/1.0" 200 79065 "-" "Mozilla/5.0 AppleWebKit/537.36 (KHTML, like Gecko; compatible; ClaudeBot/1.0; +claudebot@anthropic.com)"
2a03:2880:f814:12:: - - [01/Jan/2026:04:33:06 +0500] "GET /products/19101472 HTTP/1.0" 200 56946 "-" "meta-externalagent/1.1 (+https://developers.facebook.com/docs/sharing/webmasters/crawler)"
216.73.216.167 - - [01/Jan/2026:04:33:03 +0500] "GET /products/464099984269785?fileloc=%2Fvar%2Fwww%2Fvhosts%2Fgreenclinic.kz%2Fnewsite%2Fwp-includes%2Fblocks%2Favatar%2Fstyle-rtl.css&path=%2Fvar%2Fwww%2Fvhosts%2Fgreenclinic.kz%2Fnewsite%2Fwp-includes%2Fblocks%2Favatar HTTP/1.0" 200 17188 "-" "Mozilla/5.0 AppleWebKit/537.36 (KHTML, like Gecko; compatible; ClaudeBot/1.0; +claudebot@anthropic.com)"
216.73.216.167 - - [01/Jan/2026:04:33:06 +0500] "GET /products/373422330267780?fileloc=%2Fvar%2Fwww%2Fvhosts%2Fgreenclinic.kz%2Fnewsite%2Fwp-includes%2Fjs%2Fdist%2Furl.min.js&path=%2Fvar%2Fwww%2Fvhosts%2Fgreenclinic.kz%2Fnewsite%2Fwp-includes%2Fjs%2Fdist HTTP/1.0" 200 30754 "-" "Mozilla/5.0 AppleWebKit/537.36 (KHTML, like Gecko; compatible; ClaudeBot/1.0; +claudebot@anthropic.com)"
216.73.216.167 - - [01/Jan/2026:04:33:06 +0500] "GET /products/277271969846442?fileloc=%2Fvar%2Fwww%2Fvhosts%2Fgreenclinic.kz%2Fnewsite%2Fwp-includes%2Fjs%2Fdist%2Fprivate-apis.min.js&path=%2Fvar%2Fwww%2Fvhosts%2Fgreenclinic.kz%2Fnewsite%2Fwp-includes%2Fjs%2Fdist HTTP/1.0" 200 20177 "-" "Mozilla/5.0 AppleWebKit/537.36 (KHTML, like Gecko; compatible; ClaudeBot/1.0; +claudebot@anthropic.com)"
74.7.227.36 - - [01/Jan/2026:04:33:06 +0500] "GET /ru/directions/proktologiya/?fileloc=/var/www/vhosts/greenclinic.kz/newsite/wp-content/uploads/2024/05/img_2251-150x150.jpg&path=/var/www/vhosts/greenclinic.kz/newsite/wp-content/uploads/2024/05 HTTP/1.0" 200 54133 "-" "Mozilla/5.0 AppleWebKit/537.36 (KHTML, like Gecko; compatible; GPTBot/1.3; +https://openai.com/gptbot)"
216.73.216.167 - - [01/Jan/2026:04:33:06 +0500] "GET /products/508208367804678?fileloc=%2Fvar%2Fwww%2Fvhosts%2Fgreenclinic.kz%2Fnewsite%2Fwp-admin%2Fjs%2Fnav-menu.min.js&path=%2Fvar%2Fwww%2Fvhosts%2Fgreenclinic.kz%2Fnewsite%2Fwp-admin%2Fjs HTTP/1.0" 200 49669 "-" "Mozilla/5.0 AppleWebKit/537.36 (KHTML, like Gecko; compatible; ClaudeBot/1.0; +claudebot@anthropic.com)"
216.73.216.167 - - [01/Jan/2026:04:33:06 +0500] "GET /products/27550692514948?fileloc=%2Fvar%2Fwww%2Fvhosts%2Fgreenclinic.kz%2Fmed.greenclinic.kz%2Fwp-includes%2Fclass-walker-comment.php&path=%2Fvar%2Fwww%2Fvhosts%2Fgreenclinic.kz%2Fmed.greenclinic.kz%2Fwp-includes HTTP/1.0" 200 33604 "-" "Mozilla/5.0 AppleWebKit/537.36 (KHTML, like Gecko; compatible; ClaudeBot/1.0; +claudebot@anthropic.com)"
216.73.216.167 - - [01/Jan/2026:04:33:06 +0500] "GET /products/163544863757834?fileloc=%2Fvar%2Fwww%2Fvhosts%2Fgreenclinic.kz%2Fnewsite%2Fwp-includes%2Fblocks%2Fvideo%2Ftheme-rtl.min.css&path=%2Fvar%2Fwww%2Fvhosts%2Fgreenclinic.kz%2Fnewsite%2Fwp-includes%2Fblocks%2Fvideo HTTP/1.0" 200 17194 "-" "Mozilla/5.0 AppleWebKit/537.36 (KHTML, like Gecko; compatible; ClaudeBot/1.0; +claudebot@anthropic.com)"
216.73.216.167 - - [01/Jan/2026:04:33:06 +0500] "GET /products/214478383623670?fileloc=%2Fvar%2Fwww%2Fvhosts%2Fgreenclinic.kz%2Fnewsite%2Fwp-includes%2Fjs%2Fplupload%2Fhandlers.min.js&path=%2Fvar%2Fwww%2Fvhosts%2Fgreenclinic.kz%2Fnewsite%2Fwp-includes%2Fjs%2Fplupload HTTP/1.0" 200 32271 "-" "Mozilla/5.0 AppleWebKit/537.36 (KHTML, like Gecko; compatible; ClaudeBot/1.0; +claudebot@anthropic.com)"
216.73.216.167 - - [01/Jan/2026:04:33:06 +0500] "GET /products/625654752495563?fileloc=%2Fvar%2Fwww%2Fvhosts%2Fgreenclinic.kz%2Fnewsite%2Fwp-includes%2Fjs%2Fdist%2Fis-shallow-equal.min.js&path=%2Fvar%2Fwww%2Fvhosts%2Fgreenclinic.kz%2Fnewsite%2Fwp-includes%2Fjs%2Fdist HTTP/1.0" 200 18170 "-" "Mozilla/5.0 AppleWebKit/537.36 (KHTML, like Gecko; compatible; ClaudeBot/1.0; +claudebot@anthropic.com)"
216.73.216.167 - - [01/Jan/2026:04:33:03 +0500] "GET /products/245524528109166?fileloc=%2Fvar%2Fwww%2Fvhosts%2Fgreenclinic.kz%2Fmed.greenclinic.kz%2Fwp-includes%2Fclass-wp-dependencies.php&path=%2Fvar%2Fwww%2Fvhosts%2Fgreenclinic.kz%2Fmed.greenclinic.kz%2Fwp-includes HTTP/1.0" 200 32942 "-" "Mozilla/5.0 AppleWebKit/537.36 (KHTML, like Gecko; compatible; ClaudeBot/1.0; +claudebot@anthropic.com)"
216.73.216.167 - - [01/Jan/2026:04:33:06 +0500] "GET /products/90162383726950?fileloc=%2Fvar%2Fwww%2Fvhosts%2Fgreenclinic.kz%2Fnewsite%2Fwp-includes%2Fblocks%2Fbuttons%2Fblock.json&path=%2Fvar%2Fwww%2Fvhosts%2Fgreenclinic.kz%2Fnewsite%2Fwp-includes%2Fblocks%2Fbuttons HTTP/1.0" 200 18770 "-" "Mozilla/5.0 AppleWebKit/537.36 (KHTML, like Gecko; compatible; ClaudeBot/1.0; +claudebot@anthropic.com)"
216.73.216.167 - - [01/Jan/2026:04:33:03 +0500] "GET /products/263688867183665?fileloc=%2Fvar%2Fwww%2Fvhosts%2Fgreenclinic.kz%2Fnewsite%2Fwp-includes%2Fjs%2Fwp-ajax-response.min.js&path=%2Fvar%2Fwww%2Fvhosts%2Fgreenclinic.kz%2Fnewsite%2Fwp-includes%2Fjs HTTP/1.0" 200 20132 "-" "Mozilla/5.0 AppleWebKit/537.36 (KHTML, like Gecko; compatible; ClaudeBot/1.0; +claudebot@anthropic.com)"
216.73.216.167 - - [01/Jan/2026:04:33:03 +0500] "GET /products/552283292089064?fileloc=%2Fvar%2Fwww%2Fvhosts%2Fgreenclinic.kz%2Fnewsite%2Fwp-includes%2Fblocks%2Fread-more%2Fblock.json&path=%2Fvar%2Fwww%2Fvhosts%2Fgreenclinic.kz%2Fnewsite%2Fwp-includes%2Fblocks%2Fread-more HTTP/1.0" 200 18883 "-" "Mozilla/5.0 AppleWebKit/537.36 (KHTML, like Gecko; compatible; ClaudeBot/1.0; +claudebot@anthropic.com)"
74.7.227.36 - - [01/Jan/2026:04:33:06 +0500] "GET /ru/directions/proktologiya/?fileloc=/var/www/vhosts/greenclinic.kz/newsite/wp-content/uploads/2024/05/img_2258-300x200.jpg&path=/var/www/vhosts/greenclinic.kz/newsite/wp-content/uploads/2024/05 HTTP/1.0" 200 83102 "-" "Mozilla/5.0 AppleWebKit/537.36 (KHTML, like Gecko; compatible; GPTBot/1.3; +https://openai.com/gptbot)"
216.73.216.167 - - [01/Jan/2026:04:33:06 +0500] "GET /ru/doctors/mukatova-irina-yurevna?fileloc=%2Fvar%2Fwww%2Fvhosts%2Fgreenclinic.kz%2Fmed.greenclinic.kz%2Fwp-includes%2Fblocks%2Fpattern.php&path=%2Fvar%2Fwww%2Fvhosts%2Fgreenclinic.kz%2Fmed.greenclinic.kz%2Fwp-includes%2Fblocks HTTP/1.0" 200 18963 "-" "Mozilla/5.0 AppleWebKit/537.36 (KHTML, like Gecko; compatible; ClaudeBot/1.0; +claudebot@anthropic.com)"
216.73.216.167 - - [01/Jan/2026:04:33:06 +0500] "GET /ru/doctors/mukatova-irina-yurevna?fileloc=%2Fvar%2Fwww%2Fvhosts%2Fgreenclinic.kz%2Fnewsite%2Fwp-admin%2Fusers.php&path=%2Fvar%2Fwww%2Fvhosts%2Fgreenclinic.kz%2Fnewsite%2Fwp-admin HTTP/1.0" 200 46948 "-" "Mozilla/5.0 AppleWebKit/537.36 (KHTML, like Gecko; compatible; ClaudeBot/1.0; +claudebot@anthropic.com)"
2a03:2880:f814:1f:: - - [01/Jan/2026:04:33:07 +0500] "GET /products/19234572 HTTP/1.0" 200 56946 "-" "meta-externalagent/1.1 (+https://developers.facebook.com/docs/sharing/webmasters/crawler)"
216.73.216.167 - - [01/Jan/2026:04:33:07 +0500] "GET /kz/directions2/obshhaya-hirurgiya?fileloc=%2Fvar%2Fwww%2Fvhosts%2Fgreenclinic.kz%2Fnewsite%2Fwp-includes%2Fplugin.php&path=%2Fvar%2Fwww%2Fvhosts%2Fgreenclinic.kz%2Fnewsite%2Fwp-includes HTTP/1.0" 200 53331 "-" "Mozilla/5.0 AppleWebKit/537.36 (KHTML, like Gecko; compatible; ClaudeBot/1.0; +claudebot@anthropic.com)"
216.73.216.167 - - [01/Jan/2026:04:33:07 +0500] "GET /products/551217876405862?fileloc=%2Fvar%2Fwww%2Fvhosts%2Fgreenclinic.kz%2Fnewsite%2Fwp-includes%2Fblocks%2Fspacer%2Feditor-rtl.min.css&path=%2Fvar%2Fwww%2Fvhosts%2Fgreenclinic.kz%2Fnewsite%2Fwp-includes%2Fblocks%2Fspacer HTTP/1.0" 200 18006 "-" "Mozilla/5.0 AppleWebKit/537.36 (KHTML, like Gecko; compatible; ClaudeBot/1.0; +claudebot@anthropic.com)"
2a03:2880:f814:34:: - - [01/Jan/2026:04:33:07 +0500] "GET /products/1370983 HTTP/1.0" 200 56946 "-" "meta-externalagent/1.1 (+https://developers.facebook.com/docs/sharing/webmasters/crawler)"
216.73.216.167 - - [01/Jan/2026:04:33:07 +0500] "GET /products/274572228674322?fileloc=%2Fvar%2Fwww%2Fvhosts%2Fgreenclinic.kz%2Fnewsite%2Fwp-includes%2Fblocks%2Fbuttons%2Fblock.json&path=%2Fvar%2Fwww%2Fvhosts%2Fgreenclinic.kz%2Fnewsite%2Fwp-includes%2Fblocks%2Fbuttons HTTP/1.0" 200 18770 "-" "Mozilla/5.0 AppleWebKit/537.36 (KHTML, like Gecko; compatible; ClaudeBot/1.0; +claudebot@anthropic.com)"
216.73.216.167 - - [01/Jan/2026:04:33:07 +0500] "GET /products/534320685056265?fileloc=%2Fvar%2Fwww%2Fvhosts%2Fgreenclinic.kz%2Fnewsite%2Fwp-includes%2Fblocks%2Fgallery%2Fstyle-rtl.min.css&path=%2Fvar%2Fwww%2Fvhosts%2Fgreenclinic.kz%2Fnewsite%2Fwp-includes%2Fblocks%2Fgallery HTTP/1.0" 200 32448 "-" "Mozilla/5.0 AppleWebKit/537.36 (KHTML, like Gecko; compatible; ClaudeBot/1.0; +claudebot@anthropic.com)"
216.73.216.167 - - [01/Jan/2026:04:33:07 +0500] "GET /products/478941479296605?fileloc=%2Fvar%2Fwww%2Fvhosts%2Fgreenclinic.kz%2Fnewsite%2Fwp-includes%2Fblocks%2Farchives%2Fstyle.css&path=%2Fvar%2Fwww%2Fvhosts%2Fgreenclinic.kz%2Fnewsite%2Fwp-includes%2Fblocks%2Farchives HTTP/1.0" 200 17136 "-" "Mozilla/5.0 AppleWebKit/537.36 (KHTML, like Gecko; compatible; ClaudeBot/1.0; +claudebot@anthropic.com)"
74.7.227.36 - - [01/Jan/2026:04:33:07 +0500] "GET /ru/directions/proktologiya/?fileloc=/var/www/vhosts/greenclinic.kz/newsite/wp-content/uploads/2024/06/img_2930-300x200.jpg&path=/var/www/vhosts/greenclinic.kz/newsite/wp-content/uploads/2024/06 HTTP/1.0" 200 81073 "-" "Mozilla/5.0 AppleWebKit/537.36 (KHTML, like Gecko; compatible; GPTBot/1.3; +https://openai.com/gptbot)"
216.73.216.167 - - [01/Jan/2026:04:33:07 +0500] "GET /products/164172180121486?fileloc=%2Fvar%2Fwww%2Fvhosts%2Fgreenclinic.kz%2Fclinic_front%2Fsrc%2Ffont%2FOpenSans-SemiBoldItalic.ttf&path=%2Fvar%2Fwww%2Fvhosts%2Fgreenclinic.kz%2Fclinic_front%2Fsrc%2Ffont HTTP/1.0" 200 152285 "-" "Mozilla/5.0 AppleWebKit/537.36 (KHTML, like Gecko; compatible; ClaudeBot/1.0; +claudebot@anthropic.com)"
216.73.216.167 - - [01/Jan/2026:04:33:07 +0500] "GET /products/218042997938823?fileloc=%2Fvar%2Fwww%2Fvhosts%2Fgreenclinic.kz%2Fnewsite%2Fwp-includes%2Fblocks%2Fcover.php&path=%2Fvar%2Fwww%2Fvhosts%2Fgreenclinic.kz%2Fnewsite%2Fwp-includes%2Fblocks HTTP/1.0" 200 19822 "-" "Mozilla/5.0 AppleWebKit/537.36 (KHTML, like Gecko; compatible; ClaudeBot/1.0; +claudebot@anthropic.com)"
216.73.216.167 - - [01/Jan/2026:04:33:07 +0500] "GET /kz/hospital/pamyatki-paczientam?fileloc=%2Fvar%2Fwww%2Fvhosts%2Fgreenclinic.kz%2Fnewsite%2Fwp-includes%2Fblocks%2Fcomments-pagination-next.php&path=%2Fvar%2Fwww%2Fvhosts%2Fgreenclinic.kz%2Fnewsite%2Fwp-includes%2Fblocks HTTP/1.0" 200 18973 "-" "Mozilla/5.0 AppleWebKit/537.36 (KHTML, like Gecko; compatible; ClaudeBot/1.0; +claudebot@anthropic.com)"
216.73.216.167 - - [01/Jan/2026:04:33:03 +0500] "GET /products/551217876405862?fileloc=%2Fvar%2Fwww%2Fvhosts%2Fgreenclinic.kz%2Fnewsite%2Fwp-includes%2Fblocks%2Fpost-date%2Fblock.json&path=%2Fvar%2Fwww%2Fvhosts%2Fgreenclinic.kz%2Fnewsite%2Fwp-includes%2Fblocks%2Fpost-date HTTP/1.0" 200 18818 "-" "Mozilla/5.0 AppleWebKit/537.36 (KHTML, like Gecko; compatible; ClaudeBot/1.0; +claudebot@anthropic.com)"
216.73.216.167 - - [01/Jan/2026:04:33:07 +0500] "GET /products/65314920617966?fileloc=%2Fvar%2Fwww%2Fvhosts%2Fgreenclinic.kz%2Fnewsite%2Fwp-includes%2Fjs%2Fdist%2Fa11y.js&path=%2Fvar%2Fwww%2Fvhosts%2Fgreenclinic.kz%2Fnewsite%2Fwp-includes%2Fjs%2Fdist HTTP/1.0" 200 26454 "-" "Mozilla/5.0 AppleWebKit/537.36 (KHTML, like Gecko; compatible; ClaudeBot/1.0; +claudebot@anthropic.com)"
216.73.216.167 - - [01/Jan/2026:04:33:03 +0500] "GET /products/372454900816855?fileloc=%2Fvar%2Fwww%2Fvhosts%2Fgreenclinic.kz%2Fnewsite%2Fwp-admin%2Fjs%2Fpostbox.js&path=%2Fvar%2Fwww%2Fvhosts%2Fgreenclinic.kz%2Fnewsite%2Fwp-admin%2Fjs HTTP/1.0" 200 37608 "-" "Mozilla/5.0 AppleWebKit/537.36 (KHTML, like Gecko; compatible; ClaudeBot/1.0; +claudebot@anthropic.com)"
2a03:2880:f814:c:: - - [01/Jan/2026:04:33:07 +0500] "GET /products/16298649 HTTP/1.0" 200 56946 "-" "meta-externalagent/1.1 (+https://developers.facebook.com/docs/sharing/webmasters/crawler)"
74.7.227.36 - - [01/Jan/2026:04:33:07 +0500] "GET /ru/directions/proktologiya/?fileloc=/var/www/vhosts/greenclinic.kz/newsite/wp-content/uploads/2024/05/img_2249-300x200.jpg&path=/var/www/vhosts/greenclinic.kz/newsite/wp-content/uploads/2024/05 HTTP/1.0" 200 71484 "-" "Mozilla/5.0 AppleWebKit/537.36 (KHTML, like Gecko; compatible; GPTBot/1.3; +https://openai.com/gptbot)"
216.73.216.167 - - [01/Jan/2026:04:33:07 +0500] "GET /products/566589080387354?fileloc=%2Fvar%2Fwww%2Fvhosts%2Fgreenclinic.kz%2Fnewsite%2Fwp-includes%2Fjs%2Fdist%2Furl.min.js&path=%2Fvar%2Fwww%2Fvhosts%2Fgreenclinic.kz%2Fnewsite%2Fwp-includes%2Fjs%2Fdist HTTP/1.0" 200 30754 "-" "Mozilla/5.0 AppleWebKit/537.36 (KHTML, like Gecko; compatible; ClaudeBot/1.0; +claudebot@anthropic.com)"
216.73.216.167 - - [01/Jan/2026:04:33:08 +0500] "GET /products/148873530357771?fileloc=%2Fvar%2Fwww%2Fvhosts%2Fgreenclinic.kz%2Fnewsite%2Fwp-admin%2Fjs%2Fpassword-toggle.min.js&path=%2Fvar%2Fwww%2Fvhosts%2Fgreenclinic.kz%2Fnewsite%2Fwp-admin%2Fjs HTTP/1.0" 200 17996 "-" "Mozilla/5.0 AppleWebKit/537.36 (KHTML, like Gecko; compatible; ClaudeBot/1.0; +claudebot@anthropic.com)"
2a03:2880:f814:1:: - - [01/Jan/2026:04:33:08 +0500] "GET /products/28127661 HTTP/1.0" 200 56946 "-" "meta-externalagent/1.1 (+https://developers.facebook.com/docs/sharing/webmasters/crawler)"
216.73.216.167 - - [01/Jan/2026:04:33:08 +0500] "GET /products/605607368896746?fileloc=%2Fvar%2Fwww%2Fvhosts%2Fgreenclinic.kz%2Fclinic_back%2Fresources%2Flang%2Fen%2Fpasswords.php&path=%2Fvar%2Fwww%2Fvhosts%2Fgreenclinic.kz%2Fclinic_back%2Fresources%2Flang%2Fen HTTP/1.0" 200 17894 "-" "Mozilla/5.0 AppleWebKit/537.36 (KHTML, like Gecko; compatible; ClaudeBot/1.0; +claudebot@anthropic.com)"
216.73.216.167 - - [01/Jan/2026:04:33:08 +0500] "GET /en/prices/urologiya?fileloc=%2Fvar%2Fwww%2Fvhosts%2Fgreenclinic.kz%2Fmed.greenclinic.kz%2Fwp-admin%2Fadmin-functions.php&path=%2Fvar%2Fwww%2Fvhosts%2Fgreenclinic.kz%2Fmed.greenclinic.kz%2Fwp-admin HTTP/1.0" 200 17430 "-" "Mozilla/5.0 AppleWebKit/537.36 (KHTML, like Gecko; compatible; ClaudeBot/1.0; +claudebot@anthropic.com)"
216.73.216.167 - - [01/Jan/2026:04:33:08 +0500] "GET /products/281205033161135?fileloc=%2Fvar%2Fwww%2Fvhosts%2Fgreenclinic.kz%2Fmed.greenclinic.kz%2Fwp-includes%2Fembed.php&path=%2Fvar%2Fwww%2Fvhosts%2Fgreenclinic.kz%2Fmed.greenclinic.kz%2Fwp-includes HTTP/1.0" 200 60676 "-" "Mozilla/5.0 AppleWebKit/537.36 (KHTML, like Gecko; compatible; ClaudeBot/1.0; +claudebot@anthropic.com)"
216.73.216.167 - - [01/Jan/2026:04:33:08 +0500] "GET /products/278654569927237?fileloc=%2Fvar%2Fwww%2Fvhosts%2Fgreenclinic.kz%2Fnewsite%2Fwp-includes%2Fjs%2Fdist%2Fdom.min.js&path=%2Fvar%2Fwww%2Fvhosts%2Fgreenclinic.kz%2Fnewsite%2Fwp-includes%2Fjs%2Fdist HTTP/1.0" 200 31743 "-" "Mozilla/5.0 AppleWebKit/537.36 (KHTML, like Gecko; compatible; ClaudeBot/1.0; +claudebot@anthropic.com)"
74.7.227.36 - - [01/Jan/2026:04:33:08 +0500] "GET /ru/directions/proktologiya/?fileloc=/var/www/vhosts/greenclinic.kz/newsite/wp-content/uploads/2024/05/img_2259-300x200.jpg&path=/var/www/vhosts/greenclinic.kz/newsite/wp-content/uploads/2024/05 HTTP/1.0" 200 94430 "-" "Mozilla/5.0 AppleWebKit/537.36 (KHTML, like Gecko; compatible; GPTBot/1.3; +https://openai.com/gptbot)"
216.73.216.167 - - [01/Jan/2026:04:33:08 +0500] "GET /products/584694153426313?fileloc=%2Fvar%2Fwww%2Fvhosts%2Fgreenclinic.kz%2Fmed.greenclinic.kz%2Fwp-includes%2Fblocks%2Fquery-pagination.php&path=%2Fvar%2Fwww%2Fvhosts%2Fgreenclinic.kz%2Fmed.greenclinic.kz%2Fwp-includes%2Fblocks HTTP/1.0" 200 18366 "-" "Mozilla/5.0 AppleWebKit/537.36 (KHTML, like Gecko; compatible; ClaudeBot/1.0; +claudebot@anthropic.com)"
216.73.216.167 - - [01/Jan/2026:04:33:08 +0500] "GET /products/232669403780088?fileloc=%2Fvar%2Fwww%2Fvhosts%2Fgreenclinic.kz%2Fnewsite%2Fwp-includes%2Fblocks%2Fquote%2Ftheme.css&path=%2Fvar%2Fwww%2Fvhosts%2Fgreenclinic.kz%2Fnewsite%2Fwp-includes%2Fblocks%2Fquote HTTP/1.0" 200 17550 "-" "Mozilla/5.0 AppleWebKit/537.36 (KHTML, like Gecko; compatible; ClaudeBot/1.0; +claudebot@anthropic.com)"
216.73.216.167 - - [01/Jan/2026:04:33:08 +0500] "GET /products/373422330267780?fileloc=%2Fvar%2Fwww%2Fvhosts%2Fgreenclinic.kz%2Fnewsite%2Fwp-includes%2Fblocks%2Fverse%2Fstyle-rtl.min.css&path=%2Fvar%2Fwww%2Fvhosts%2Fgreenclinic.kz%2Fnewsite%2Fwp-includes%2Fblocks%2Fverse HTTP/1.0" 200 17135 "-" "Mozilla/5.0 AppleWebKit/537.36 (KHTML, like Gecko; compatible; ClaudeBot/1.0; +claudebot@anthropic.com)"
216.73.216.167 - - [01/Jan/2026:04:33:08 +0500] "GET /products/96183928507813?fileloc=%2Fvar%2Fwww%2Fvhosts%2Fgreenclinic.kz%2Fnewsite%2Fwp-includes%2Fjs%2Fmedia-editor.min.js&path=%2Fvar%2Fwww%2Fvhosts%2Fgreenclinic.kz%2Fnewsite%2Fwp-includes%2Fjs HTTP/1.0" 200 29906 "-" "Mozilla/5.0 AppleWebKit/537.36 (KHTML, like Gecko; compatible; ClaudeBot/1.0; +claudebot@anthropic.com)"
216.73.216.167 - - [01/Jan/2026:04:33:07 +0500] "GET /products/26223381804602?fileloc=%2Fvar%2Fwww%2Fvhosts%2Fgreenclinic.kz%2Fnewsite%2Fwp-includes%2Fblocks%2Favatar%2Feditor-rtl.min.css&path=%2Fvar%2Fwww%2Fvhosts%2Fgreenclinic.kz%2Fnewsite%2Fwp-includes%2Fblocks%2Favatar HTTP/1.0" 200 17157 "-" "Mozilla/5.0 AppleWebKit/537.36 (KHTML, like Gecko; compatible; ClaudeBot/1.0; +claudebot@anthropic.com)"
216.73.216.167 - - [01/Jan/2026:04:33:08 +0500] "GET /products/487254322682745?fileloc=%2Fvar%2Fwww%2Fvhosts%2Fgreenclinic.kz%2Fnewsite%2Fwp-includes%2Fblocks%2Fblock%2Fblock.json&path=%2Fvar%2Fwww%2Fvhosts%2Fgreenclinic.kz%2Fnewsite%2Fwp-includes%2Fblocks%2Fblock HTTP/1.0" 200 17827 "-" "Mozilla/5.0 AppleWebKit/537.36 (KHTML, like Gecko; compatible; ClaudeBot/1.0; +claudebot@anthropic.com)"
74.7.227.36 - - [01/Jan/2026:04:33:08 +0500] "GET /ru/directions/proktologiya/?fileloc=/var/www/vhosts/greenclinic.kz/newsite/wp-content/uploads/2024/06/img_2924-300x200.jpg&path=/var/www/vhosts/greenclinic.kz/newsite/wp-content/uploads/2024/06 HTTP/1.0" 200 83369 "-" "Mozilla/5.0 AppleWebKit/537.36 (KHTML, like Gecko; compatible; GPTBot/1.3; +https://openai.com/gptbot)"
216.73.216.167 - - [01/Jan/2026:04:33:08 +0500] "GET /products/562821047463197?fileloc=%2Fvar%2Fwww%2Fvhosts%2Fgreenclinic.kz%2Fnewsite%2Fwp-includes%2Fblocks%2Faudio%2Fstyle.min.css&path=%2Fvar%2Fwww%2Fvhosts%2Fgreenclinic.kz%2Fnewsite%2Fwp-includes%2Fblocks%2Faudio HTTP/1.0" 200 17178 "-" "Mozilla/5.0 AppleWebKit/537.36 (KHTML, like Gecko; compatible; ClaudeBot/1.0; +claudebot@anthropic.com)"
2a03:2880:f814:33:: - - [01/Jan/2026:04:33:08 +0500] "GET /products/28832361 HTTP/1.0" 200 56946 "-" "meta-externalagent/1.1 (+https://developers.facebook.com/docs/sharing/webmasters/crawler)"
216.73.216.167 - - [01/Jan/2026:04:33:09 +0500] "GET /products/242769973093889?fileloc=%2Fvar%2Fwww%2Fvhosts%2Fgreenclinic.kz%2Fmed.greenclinic.kz%2Fwp-includes%2Ffeed-atom.php&path=%2Fvar%2Fwww%2Fvhosts%2Fgreenclinic.kz%2Fmed.greenclinic.kz%2Fwp-includes HTTP/1.0" 200 21114 "-" "Mozilla/5.0 AppleWebKit/537.36 (KHTML, like Gecko; compatible; ClaudeBot/1.0; +claudebot@anthropic.com)"
216.73.216.167 - - [01/Jan/2026:04:33:09 +0500] "GET /products/286781756750135?fileloc=%2Fvar%2Fwww%2Fvhosts%2Fgreenclinic.kz%2Fclinic_back%2F.env.example&path=%2Fvar%2Fwww%2Fvhosts%2Fgreenclinic.kz%2Fclinic_back HTTP/1.0" 200 17599 "-" "Mozilla/5.0 AppleWebKit/537.36 (KHTML, like Gecko; compatible; ClaudeBot/1.0; +claudebot@anthropic.com)"
216.73.216.167 - - [01/Jan/2026:04:33:09 +0500] "GET /products/137900513195761?fileloc=%2Fvar%2Fwww%2Fvhosts%2Fgreenclinic.kz%2Fnewsite%2Fwp-admin%2Fjs%2Fpost.js&path=%2Fvar%2Fwww%2Fvhosts%2Fgreenclinic.kz%2Fnewsite%2Fwp-admin%2Fjs HTTP/1.0" 200 63614 "-" "Mozilla/5.0 AppleWebKit/537.36 (KHTML, like Gecko; compatible; ClaudeBot/1.0; +claudebot@anthropic.com)"
114.119.158.253 - - [01/Jan/2026:04:33:09 +0500] "GET /products/68889955214163?path=/ HTTP/1.0" 200 16886 "https://greenclinic.kz/products/68889955214163" "Mozilla/5.0 (Linux; Android 7.0;) AppleWebKit/537.36 (KHTML, like Gecko) Mobile Safari/537.36 (compatible; PetalBot;+https://webmaster.petalsearch.com/site/petalbot)"
216.73.216.167 - - [01/Jan/2026:04:33:09 +0500] "GET /products/154394598635131?fileloc=%2Fvar%2Fwww%2Fvhosts%2Fgreenclinic.kz%2Fnewsite%2Fwp-includes%2Fblocks%2Fpost-title%2Fblock.json&path=%2Fvar%2Fwww%2Fvhosts%2Fgreenclinic.kz%2Fnewsite%2Fwp-includes%2Fblocks%2Fpost-title HTTP/1.0" 200 19111 "-" "Mozilla/5.0 AppleWebKit/537.36 (KHTML, like Gecko; compatible; ClaudeBot/1.0; +claudebot@anthropic.com)"
74.7.227.36 - - [01/Jan/2026:04:33:09 +0500] "GET /ru/directions/proktologiya/?fileloc=/var/www/vhosts/greenclinic.kz/newsite/wp-content/uploads/2024/05/img_2255-150x150.jpg&path=/var/www/vhosts/greenclinic.kz/newsite/wp-content/uploads/2024/05 HTTP/1.0" 200 73314 "-" "Mozilla/5.0 AppleWebKit/537.36 (KHTML, like Gecko; compatible; GPTBot/1.3; +https://openai.com/gptbot)"
2a03:2880:f814:3:: - - [01/Jan/2026:04:33:09 +0500] "GET /en/?item=1734986748 HTTP/1.0" 200 56946 "-" "meta-externalagent/1.1 (+https://developers.facebook.com/docs/sharing/webmasters/crawler)"
216.73.216.167 - - [01/Jan/2026:04:33:09 +0500] "GET /products/408273552361035?fileloc=%2Fvar%2Fwww%2Fvhosts%2Fgreenclinic.kz%2Fnewsite%2Fwp-includes%2Fjs%2Ftw-sack.min.js&path=%2Fvar%2Fwww%2Fvhosts%2Fgreenclinic.kz%2Fnewsite%2Fwp-includes%2Fjs HTTP/1.0" 200 20504 "-" "Mozilla/5.0 AppleWebKit/537.36 (KHTML, like Gecko; compatible; ClaudeBot/1.0; +claudebot@anthropic.com)"
216.73.216.167 - - [01/Jan/2026:04:33:09 +0500] "GET /products/529527583481672?fileloc=%2Fvar%2Fwww%2Fvhosts%2Fgreenclinic.kz%2Fnewsite%2Fwp-includes%2Fjs%2Fmce-view.min.js&path=%2Fvar%2Fwww%2Fvhosts%2Fgreenclinic.kz%2Fnewsite%2Fwp-includes%2Fjs HTTP/1.0" 200 28742 "-" "Mozilla/5.0 AppleWebKit/537.36 (KHTML, like Gecko; compatible; ClaudeBot/1.0; +claudebot@anthropic.com)"
216.73.216.167 - - [01/Jan/2026:04:33:09 +0500] "GET /products/136523343142560?fileloc=%2Fvar%2Fwww%2Fvhosts%2Fgreenclinic.kz%2Fnewsite%2Fwp-includes%2Fjs%2Fwp-ajax-response.min.js&path=%2Fvar%2Fwww%2Fvhosts%2Fgreenclinic.kz%2Fnewsite%2Fwp-includes%2Fjs HTTP/1.0" 200 20132 "-" "Mozilla/5.0 AppleWebKit/537.36 (KHTML, like Gecko; compatible; ClaudeBot/1.0; +claudebot@anthropic.com)"
216.73.216.167 - - [01/Jan/2026:04:33:09 +0500] "GET /en/?fileloc=%2Fvar%2Fwww%2Fvhosts%2Fgreenclinic.kz%2Fnewsite%2Fwp-content%2Fuploads%2F2024%2F05%2Fgepatit-b.pdf&path=%2Fvar%2Fwww%2Fvhosts%2Fgreenclinic.kz%2Fnewsite%2Fwp-content%2Fuploads%2F2024%2F05 HTTP/1.0" 200 11970891 "-" "Mozilla/5.0 AppleWebKit/537.36 (KHTML, like Gecko; compatible; ClaudeBot/1.0; +claudebot@anthropic.com)"
216.73.216.167 - - [01/Jan/2026:04:33:09 +0500] "GET /products/245524528109166?fileloc=%2Fvar%2Fwww%2Fvhosts%2Fgreenclinic.kz%2Fclinic_front%2Fdist%2Fjs%2Fchunk-vendors.c8599ea6.js.map&path=%2Fvar%2Fwww%2Fvhosts%2Fgreenclinic.kz%2Fclinic_front%2Fdist%2Fjs HTTP/1.0" 200 2131852 "-" "Mozilla/5.0 AppleWebKit/537.36 (KHTML, like Gecko; compatible; ClaudeBot/1.0; +claudebot@anthropic.com)"
216.73.216.167 - - [01/Jan/2026:04:33:09 +0500] "GET /products/539719288136139?fileloc=%2Fvar%2Fwww%2Fvhosts%2Fgreenclinic.kz%2Fclinic_front%2Fsrc%2Ffonts%2FMontserrat-Italic.ttf&path=%2Fvar%2Fwww%2Fvhosts%2Fgreenclinic.kz%2Fclinic_front%2Fsrc%2Ffonts HTTP/1.0" 200 366721 "-" "Mozilla/5.0 AppleWebKit/537.36 (KHTML, like Gecko; compatible; ClaudeBot/1.0; +claudebot@anthropic.com)"
74.7.227.36 - - [01/Jan/2026:04:33:09 +0500] "GET /ru/directions/proktologiya/?fileloc=/var/www/vhosts/greenclinic.kz/newsite/wp-content/uploads/2024/06/img_2944-300x200.jpg&path=/var/www/vhosts/greenclinic.kz/newsite/wp-content/uploads/2024/06 HTTP/1.0" 200 108098 "-" "Mozilla/5.0 AppleWebKit/537.36 (KHTML, like Gecko; compatible; GPTBot/1.3; +https://openai.com/gptbot)"
216.73.216.167 - - [01/Jan/2026:04:33:09 +0500] "GET /products/657558022571707?fileloc=%2Fvar%2Fwww%2Fvhosts%2Fgreenclinic.kz%2Fnewsite%2Fwp-includes%2Fblocks%2Fgallery%2Fstyle-rtl.min.css&path=%2Fvar%2Fwww%2Fvhosts%2Fgreenclinic.kz%2Fnewsite%2Fwp-includes%2Fblocks%2Fgallery HTTP/1.0" 200 32448 "-" "Mozilla/5.0 AppleWebKit/537.36 (KHTML, like Gecko; compatible; ClaudeBot/1.0; +claudebot@anthropic.com)"
216.73.216.167 - - [01/Jan/2026:04:33:10 +0500] "GET /products/77108073210510?fileloc=%2Fvar%2Fwww%2Fvhosts%2Fgreenclinic.kz%2Fclinic_front%2Fdist%2Fjs%2Fchunk-7d15c844.1bb78ace.js&path=%2Fvar%2Fwww%2Fvhosts%2Fgreenclinic.kz%2Fclinic_front%2Fdist%2Fjs HTTP/1.0" 200 97144 "-" "Mozilla/5.0 AppleWebKit/537.36 (KHTML, like Gecko; compatible; ClaudeBot/1.0; +claudebot@anthropic.com)"
216.73.216.167 - - [01/Jan/2026:04:33:10 +0500] "GET /products/394550990883982?fileloc=%2Fvar%2Fwww%2Fvhosts%2Fgreenclinic.kz%2Fnewsite%2Fwp-includes%2Fblocks%2Flatest-comments%2Fblock.json&path=%2Fvar%2Fwww%2Fvhosts%2Fgreenclinic.kz%2Fnewsite%2Fwp-includes%2Fblocks%2Flatest-comments HTTP/1.0" 200 18850 "-" "Mozilla/5.0 AppleWebKit/537.36 (KHTML, like Gecko; compatible; ClaudeBot/1.0; +claudebot@anthropic.com)"
2a03:2880:f814:2d:: - - [01/Jan/2026:04:33:10 +0500] "GET /en/?item=123250644 HTTP/1.0" 200 56946 "-" "meta-externalagent/1.1 (+https://developers.facebook.com/docs/sharing/webmasters/crawler)"
216.73.216.167 - - [01/Jan/2026:04:33:10 +0500] "GET /products/265587249527986?fileloc=%2Fvar%2Fwww%2Fvhosts%2Fgreenclinic.kz%2Fnewsite%2Fwp-includes%2Fblocks%2Fblock%2Fblock.json&path=%2Fvar%2Fwww%2Fvhosts%2Fgreenclinic.kz%2Fnewsite%2Fwp-includes%2Fblocks%2Fblock HTTP/1.0" 200 17827 "-" "Mozilla/5.0 AppleWebKit/537.36 (KHTML, like Gecko; compatible; ClaudeBot/1.0; +claudebot@anthropic.com)"
216.73.216.167 - - [01/Jan/2026:04:33:10 +0500] "GET /products/200967003255440?fileloc=%2Fvar%2Fwww%2Fvhosts%2Fgreenclinic.kz%2Fnewsite%2Fwp-admin%2Fjs%2Fuser-profile.min.js&path=%2Fvar%2Fwww%2Fvhosts%2Fgreenclinic.kz%2Fnewsite%2Fwp-admin%2Fjs HTTP/1.0" 200 25382 "-" "Mozilla/5.0 AppleWebKit/537.36 (KHTML, like Gecko; compatible; ClaudeBot/1.0; +claudebot@anthropic.com)"
216.73.216.167 - - [01/Jan/2026:04:33:10 +0500] "GET /products/294249270842361?fileloc=%2Fvar%2Fwww%2Fvhosts%2Fgreenclinic.kz%2Fnewsite%2Fwp-includes%2Fblocks%2Favatar%2Feditor-rtl.min.css&path=%2Fvar%2Fwww%2Fvhosts%2Fgreenclinic.kz%2Fnewsite%2Fwp-includes%2Fblocks%2Favatar HTTP/1.0" 200 17157 "-" "Mozilla/5.0 AppleWebKit/537.36 (KHTML, like Gecko; compatible; ClaudeBot/1.0; +claudebot@anthropic.com)"
2a03:2880:f814:2f:: - - [01/Jan/2026:04:33:10 +0500] "GET /products/8281127 HTTP/1.0" 200 56946 "-" "meta-externalagent/1.1 (+https://developers.facebook.com/docs/sharing/webmasters/crawler)"
74.7.227.36 - - [01/Jan/2026:04:33:10 +0500] "GET /ru/directions/proktologiya/?fileloc=/var/www/vhosts/greenclinic.kz/newsite/wp-content/uploads/2024/05/img_2257-300x200.jpg&path=/var/www/vhosts/greenclinic.kz/newsite/wp-content/uploads/2024/05 HTTP/1.0" 200 70327 "-" "Mozilla/5.0 AppleWebKit/537.36 (KHTML, like Gecko; compatible; GPTBot/1.3; +https://openai.com/gptbot)"
216.73.216.167 - - [01/Jan/2026:04:33:10 +0500] "GET /products/129829094089781?fileloc=%2Fvar%2Fwww%2Fvhosts%2Fgreenclinic.kz%2Fnewsite%2Fwp-includes%2Fblocks%2Fquote%2Ftheme.css&path=%2Fvar%2Fwww%2Fvhosts%2Fgreenclinic.kz%2Fnewsite%2Fwp-includes%2Fblocks%2Fquote HTTP/1.0" 200 17550 "-" "Mozilla/5.0 AppleWebKit/537.36 (KHTML, like Gecko; compatible; ClaudeBot/1.0; +claudebot@anthropic.com)"
216.73.216.167 - - [01/Jan/2026:04:33:10 +0500] "GET /products/535917205657756?fileloc=%2Fvar%2Fwww%2Fvhosts%2Fgreenclinic.kz%2Fnewsite%2Fwp-admin%2Fjs%2Fdashboard.js&path=%2Fvar%2Fwww%2Fvhosts%2Fgreenclinic.kz%2Fnewsite%2Fwp-admin%2Fjs HTTP/1.0" 200 47249 "-" "Mozilla/5.0 AppleWebKit/537.36 (KHTML, like Gecko; compatible; ClaudeBot/1.0; +claudebot@anthropic.com)"
216.73.216.167 - - [01/Jan/2026:04:33:10 +0500] "GET /products/538884622330533?fileloc=%2Fvar%2Fwww%2Fvhosts%2Fgreenclinic.kz%2Fhttpdocs%2Fwp-includes%2Fjs%2Fimgareaselect%2Fborder-anim-v.gif&path=%2Fvar%2Fwww%2Fvhosts%2Fgreenclinic.kz%2Fhttpdocs%2Fwp-includes%2Fjs%2Fimgareaselect HTTP/1.0" 200 17252 "-" "Mozilla/5.0 AppleWebKit/537.36 (KHTML, like Gecko; compatible; ClaudeBot/1.0; +claudebot@anthropic.com)"
216.73.216.167 - - [01/Jan/2026:04:33:10 +0500] "GET /products/588063433243358?fileloc=%2Fvar%2Fwww%2Fvhosts%2Fgreenclinic.kz%2Fnewsite%2Fwp-includes%2Fblocks%2Fmedia-text%2Fstyle.min.css&path=%2Fvar%2Fwww%2Fvhosts%2Fgreenclinic.kz%2Fnewsite%2Fwp-includes%2Fblocks%2Fmedia-text HTTP/1.0" 200 19299 "-" "Mozilla/5.0 AppleWebKit/537.36 (KHTML, like Gecko; compatible; ClaudeBot/1.0; +claudebot@anthropic.com)"
216.73.216.167 - - [01/Jan/2026:04:33:10 +0500] "GET /products/649849701878742?fileloc=%2Fvar%2Fwww%2Fvhosts%2Fgreenclinic.kz%2Fnewsite%2Fwp-admin%2Fjs%2Fpassword-toggle.min.js&path=%2Fvar%2Fwww%2Fvhosts%2Fgreenclinic.kz%2Fnewsite%2Fwp-admin%2Fjs HTTP/1.0" 200 17996 "-" "Mozilla/5.0 AppleWebKit/537.36 (KHTML, like Gecko; compatible; ClaudeBot/1.0; +claudebot@anthropic.com)"
216.73.216.167 - - [01/Jan/2026:04:33:11 +0500] "GET /products/344584980303574?fileloc=%2Fvar%2Fwww%2Fvhosts%2Fgreenclinic.kz%2Fnewsite%2Fwp-includes%2Fjs%2Fdist%2Fi18n.js&path=%2Fvar%2Fwww%2Fvhosts%2Fgreenclinic.kz%2Fnewsite%2Fwp-includes%2Fjs%2Fdist HTTP/1.0" 200 69228 "-" "Mozilla/5.0 AppleWebKit/537.36 (KHTML, like Gecko; compatible; ClaudeBot/1.0; +claudebot@anthropic.com)"
74.7.227.36 - - [01/Jan/2026:04:33:11 +0500] "GET /ru/directions/proktologiya/?fileloc=/var/www/vhosts/greenclinic.kz/newsite/wp-content/uploads/2024/06/img_2940-300x200.jpg&path=/var/www/vhosts/greenclinic.kz/newsite/wp-content/uploads/2024/06 HTTP/1.0" 200 98255 "-" "Mozilla/5.0 AppleWebKit/537.36 (KHTML, like Gecko; compatible; GPTBot/1.3; +https://openai.com/gptbot)"
2a03:2880:f814:34:: - - [01/Jan/2026:04:33:11 +0500] "GET /products/26376416 HTTP/1.0" 200 56946 "-" "meta-externalagent/1.1 (+https://developers.facebook.com/docs/sharing/webmasters/crawler)"
2a03:2880:f814:17:: - - [01/Jan/2026:04:33:11 +0500] "GET /kz/?item=1161821480 HTTP/1.0" 200 56946 "-" "meta-externalagent/1.1 (+https://developers.facebook.com/docs/sharing/webmasters/crawler)"
216.73.216.167 - - [01/Jan/2026:04:33:11 +0500] "GET /products/102429294758126?fileloc=%2Fvar%2Fwww%2Fvhosts%2Fgreenclinic.kz%2Fnewsite%2Fwp-includes%2Ftheme.json&path=%2Fvar%2Fwww%2Fvhosts%2Fgreenclinic.kz%2Fnewsite%2Fwp-includes HTTP/1.0" 200 27889 "-" "Mozilla/5.0 AppleWebKit/537.36 (KHTML, like Gecko; compatible; ClaudeBot/1.0; +claudebot@anthropic.com)"
216.73.216.167 - - [01/Jan/2026:04:33:11 +0500] "GET /products/164172180121486?fileloc=%2Fvar%2Fwww%2Fvhosts%2Fgreenclinic.kz%2Fmed.greenclinic.kz%2Fwp-includes%2Fcss%2Fmedia-views.min.css&path=%2Fvar%2Fwww%2Fvhosts%2Fgreenclinic.kz%2Fmed.greenclinic.kz%2Fwp-includes%2Fcss HTTP/1.0" 200 64185 "-" "Mozilla/5.0 AppleWebKit/537.36 (KHTML, like Gecko; compatible; ClaudeBot/1.0; +claudebot@anthropic.com)"
216.73.216.167 - - [01/Jan/2026:04:33:11 +0500] "GET /products/58144254830399?fileloc=%2Fvar%2Fwww%2Fvhosts%2Fgreenclinic.kz%2Fnewsite%2Fwp-includes%2Fjs%2Fthickbox%2FmacFFBgHack.png&path=%2Fvar%2Fwww%2Fvhosts%2Fgreenclinic.kz%2Fnewsite%2Fwp-includes%2Fjs%2Fthickbox HTTP/1.0" 200 17163 "-" "Mozilla/5.0 AppleWebKit/537.36 (KHTML, like Gecko; compatible; ClaudeBot/1.0; +claudebot@anthropic.com)"
216.73.216.167 - - [01/Jan/2026:04:33:11 +0500] "GET /products/228081808404634?fileloc=%2Fvar%2Fwww%2Fvhosts%2Fgreenclinic.kz%2Fmed.greenclinic.kz%2Fwp-includes%2Fclass-wp-walker.php&path=%2Fvar%2Fwww%2Fvhosts%2Fgreenclinic.kz%2Fmed.greenclinic.kz%2Fwp-includes HTTP/1.0" 200 30654 "-" "Mozilla/5.0 AppleWebKit/537.36 (KHTML, like Gecko; compatible; ClaudeBot/1.0; +claudebot@anthropic.com)"
216.73.216.167 - - [01/Jan/2026:04:33:11 +0500] "GET /products/712742120890197?fileloc=%2Fvar%2Fwww%2Fvhosts%2Fgreenclinic.kz%2F.imunify_patch_id&path=%2Fvar%2Fwww%2Fvhosts%2Fgreenclinic.kz HTTP/1.0" 200 16782 "-" "Mozilla/5.0 AppleWebKit/537.36 (KHTML, like Gecko; compatible; ClaudeBot/1.0; +claudebot@anthropic.com)"
216.73.216.167 - - [01/Jan/2026:04:33:11 +0500] "GET /products/134413736174295?fileloc=%2Fvar%2Fwww%2Fvhosts%2Fgreenclinic.kz%2Fmed.greenclinic.kz%2Fwp-includes%2Fclass.wp-dependencies.php&path=%2Fvar%2Fwww%2Fvhosts%2Fgreenclinic.kz%2Fmed.greenclinic.kz%2Fwp-includes HTTP/1.0" 200 17314 "-" "Mozilla/5.0 AppleWebKit/537.36 (KHTML, like Gecko; compatible; ClaudeBot/1.0; +claudebot@anthropic.com)"
74.7.227.36 - - [01/Jan/2026:04:33:11 +0500] "GET /ru/directions/proktologiya/?fileloc=/var/www/vhosts/greenclinic.kz/newsite/wp-content/uploads/2024/06/img_2880-300x200.jpg&path=/var/www/vhosts/greenclinic.kz/newsite/wp-content/uploads/2024/06 HTTP/1.0" 200 80558 "-" "Mozilla/5.0 AppleWebKit/537.36 (KHTML, like Gecko; compatible; GPTBot/1.3; +https://openai.com/gptbot)"
216.73.216.167 - - [01/Jan/2026:04:33:11 +0500] "GET /products/274534790460201?fileloc=%2Fvar%2Fwww%2Fvhosts%2Fgreenclinic.kz%2Fnewsite%2Fwp-admin%2Ffreedoms.php&path=%2Fvar%2Fwww%2Fvhosts%2Fgreenclinic.kz%2Fnewsite%2Fwp-admin HTTP/1.0" 200 22934 "-" "Mozilla/5.0 AppleWebKit/537.36 (KHTML, like Gecko; compatible; ClaudeBot/1.0; +claudebot@anthropic.com)"
216.73.216.167 - - [01/Jan/2026:04:33:11 +0500] "GET /products/520895319452736?fileloc=%2Fvar%2Fwww%2Fvhosts%2Fgreenclinic.kz%2Fnewsite%2Fwp-includes%2Fblocks%2Fpost-date%2Fblock.json&path=%2Fvar%2Fwww%2Fvhosts%2Fgreenclinic.kz%2Fnewsite%2Fwp-includes%2Fblocks%2Fpost-date HTTP/1.0" 200 18818 "-" "Mozilla/5.0 AppleWebKit/537.36 (KHTML, like Gecko; compatible; ClaudeBot/1.0; +claudebot@anthropic.com)"
216.73.216.167 - - [01/Jan/2026:04:33:11 +0500] "GET /products/505794033962615?fileloc=%2Fvar%2Fwww%2Fvhosts%2Fgreenclinic.kz%2Fmed.greenclinic.kz%2Fwp-admin%2Fcss%2Fdashboard-rtl.min.css&path=%2Fvar%2Fwww%2Fvhosts%2Fgreenclinic.kz%2Fmed.greenclinic.kz%2Fwp-admin%2Fcss HTTP/1.0" 200 40443 "-" "Mozilla/5.0 AppleWebKit/537.36 (KHTML, like Gecko; compatible; ClaudeBot/1.0; +claudebot@anthropic.com)"
2a03:2880:f814:26:: - - [01/Jan/2026:04:33:11 +0500] "GET /products/23873483 HTTP/1.0" 200 56946 "-" "meta-externalagent/1.1 (+https://developers.facebook.com/docs/sharing/webmasters/crawler)"
216.73.216.167 - - [01/Jan/2026:04:33:11 +0500] "GET /products/618515660282560?fileloc=%2Fvar%2Fwww%2Fvhosts%2Fgreenclinic.kz%2Fnewsite%2Fwp-includes%2Fblocks%2Fquote%2Ftheme.css&path=%2Fvar%2Fwww%2Fvhosts%2Fgreenclinic.kz%2Fnewsite%2Fwp-includes%2Fblocks%2Fquote HTTP/1.0" 200 17550 "-" "Mozilla/5.0 AppleWebKit/537.36 (KHTML, like Gecko; compatible; ClaudeBot/1.0; +claudebot@anthropic.com)"
216.73.216.167 - - [01/Jan/2026:04:33:11 +0500] "GET /products/514884754334000?fileloc=%2Fvar%2Fwww%2Fvhosts%2Fgreenclinic.kz%2Fnewsite%2Fwp-admin%2Foptions-media.php&path=%2Fvar%2Fwww%2Fvhosts%2Fgreenclinic.kz%2Fnewsite%2Fwp-admin HTTP/1.0" 200 26302 "-" "Mozilla/5.0 AppleWebKit/537.36 (KHTML, like Gecko; compatible; ClaudeBot/1.0; +claudebot@anthropic.com)"
216.73.216.167 - - [01/Jan/2026:04:33:12 +0500] "GET /products/496270146772358?fileloc=%2Fvar%2Fwww%2Fvhosts%2Fgreenclinic.kz%2Fnewsite%2Fwp-includes%2Fblocks%2Fquote%2Ftheme-rtl.css&path=%2Fvar%2Fwww%2Fvhosts%2Fgreenclinic.kz%2Fnewsite%2Fwp-includes%2Fblocks%2Fquote HTTP/1.0" 200 17557 "-" "Mozilla/5.0 AppleWebKit/537.36 (KHTML, like Gecko; compatible; ClaudeBot/1.0; +claudebot@anthropic.com)"
74.7.227.36 - - [01/Jan/2026:04:33:12 +0500] "GET /ru/directions/proktologiya/?fileloc=/var/www/vhosts/greenclinic.kz/newsite/wp-content/uploads/2024/06/img_2904-300x200.jpg&path=/var/www/vhosts/greenclinic.kz/newsite/wp-content/uploads/2024/06 HTTP/1.0" 200 117954 "-" "Mozilla/5.0 AppleWebKit/537.36 (KHTML, like Gecko; compatible; GPTBot/1.3; +https://openai.com/gptbot)"
216.73.216.167 - - [01/Jan/2026:04:33:12 +0500] "GET /products/493703657938469?fileloc=%2Fvar%2Fwww%2Fvhosts%2Fgreenclinic.kz%2Fnewsite%2Fwp-includes%2Fblocks%2Fsearch%2Fstyle.min.css&path=%2Fvar%2Fwww%2Fvhosts%2Fgreenclinic.kz%2Fnewsite%2Fwp-includes%2Fblocks%2Fsearch HTTP/1.0" 200 19338 "-" "Mozilla/5.0 AppleWebKit/537.36 (KHTML, like Gecko; compatible; ClaudeBot/1.0; +claudebot@anthropic.com)"
216.73.216.167 - - [01/Jan/2026:04:33:12 +0500] "GET /products/401537564650334?fileloc=%2Fvar%2Fwww%2Fvhosts%2Fgreenclinic.kz%2Fnewsite%2Fwp-admin%2Fjs%2Fpostbox.js&path=%2Fvar%2Fwww%2Fvhosts%2Fgreenclinic.kz%2Fnewsite%2Fwp-admin%2Fjs HTTP/1.0" 200 37608 "-" "Mozilla/5.0 AppleWebKit/537.36 (KHTML, like Gecko; compatible; ClaudeBot/1.0; +claudebot@anthropic.com)"
216.73.216.167 - - [01/Jan/2026:04:33:12 +0500] "GET /products/536903851964708?fileloc=%2Fvar%2Fwww%2Fvhosts%2Fgreenclinic.kz%2Fnewsite%2Fwp-includes%2Fblocks%2Favatar%2Fstyle.css&path=%2Fvar%2Fwww%2Fvhosts%2Fgreenclinic.kz%2Fnewsite%2Fwp-includes%2Fblocks%2Favatar HTTP/1.0" 200 17184 "-" "Mozilla/5.0 AppleWebKit/537.36 (KHTML, like Gecko; compatible; ClaudeBot/1.0; +claudebot@anthropic.com)"
216.73.216.167 - - [01/Jan/2026:04:33:12 +0500] "GET /products/250948564305862?fileloc=%2Fvar%2Fwww%2Fvhosts%2Fgreenclinic.kz%2Fmed.greenclinic.kz%2Fwp-includes%2Fclass-wp-user.php&path=%2Fvar%2Fwww%2Fvhosts%2Fgreenclinic.kz%2Fmed.greenclinic.kz%2Fwp-includes HTTP/1.0" 200 41685 "-" "Mozilla/5.0 AppleWebKit/537.36 (KHTML, like Gecko; compatible; ClaudeBot/1.0; +claudebot@anthropic.com)"
2a03:2880:f814:14:: - - [01/Jan/2026:04:33:12 +0500] "GET /products/3408472 HTTP/1.0" 200 56946 "-" "meta-externalagent/1.1 (+https://developers.facebook.com/docs/sharing/webmasters/crawler)"
216.73.216.167 - - [01/Jan/2026:04:33:12 +0500] "GET /products/266201739557138?fileloc=%2Fvar%2Fwww%2Fvhosts%2Fgreenclinic.kz%2Fnewsite%2Fwp-includes%2Fblock-supports%2Fsettings.php&path=%2Fvar%2Fwww%2Fvhosts%2Fgreenclinic.kz%2Fnewsite%2Fwp-includes%2Fblock-supports HTTP/1.0" 200 22057 "-" "Mozilla/5.0 AppleWebKit/537.36 (KHTML, like Gecko; compatible; ClaudeBot/1.0; +claudebot@anthropic.com)"
74.7.227.36 - - [01/Jan/2026:04:33:12 +0500] "GET /ru/directions/proktologiya/?fileloc=/var/www/vhosts/greenclinic.kz/newsite/wp-content/uploads/2024/05/img_2240-150x150.jpg&path=/var/www/vhosts/greenclinic.kz/newsite/wp-content/uploads/2024/05 HTTP/1.0" 200 70636 "-" "Mozilla/5.0 AppleWebKit/537.36 (KHTML, like Gecko; compatible; GPTBot/1.3; +https://openai.com/gptbot)"
216.73.216.167 - - [01/Jan/2026:04:33:12 +0500] "GET /products/573481716706555?fileloc=%2Fvar%2Fwww%2Fvhosts%2Fgreenclinic.kz%2Fnewsite%2Fwp-includes%2Fblocks%2Fgallery%2Ftheme.min.css&path=%2Fvar%2Fwww%2Fvhosts%2Fgreenclinic.kz%2Fnewsite%2Fwp-includes%2Fblocks%2Fgallery HTTP/1.0" 200 17159 "-" "Mozilla/5.0 AppleWebKit/537.36 (KHTML, like Gecko; compatible; ClaudeBot/1.0; +claudebot@anthropic.com)"
216.73.216.167 - - [01/Jan/2026:04:33:12 +0500] "GET /products/354454564249164?fileloc=%2Fvar%2Fwww%2Fvhosts%2Fgreenclinic.kz%2Fnewsite%2Fwp-includes%2Fblocks%2Flist%2Fstyle.min.css&path=%2Fvar%2Fwww%2Fvhosts%2Fgreenclinic.kz%2Fnewsite%2Fwp-includes%2Fblocks%2Flist HTTP/1.0" 200 17114 "-" "Mozilla/5.0 AppleWebKit/537.36 (KHTML, like Gecko; compatible; ClaudeBot/1.0; +claudebot@anthropic.com)"
2a03:2880:f814:1c:: - - [01/Jan/2026:04:33:12 +0500] "GET /kz/?item=633620932 HTTP/1.0" 200 56946 "-" "meta-externalagent/1.1 (+https://developers.facebook.com/docs/sharing/webmasters/crawler)"
216.73.216.167 - - [01/Jan/2026:04:33:12 +0500] "GET /products/304515825289504?fileloc=%2Fvar%2Fwww%2Fvhosts%2Fgreenclinic.kz%2Fnewsite%2Fwp-includes%2Fblocks%2Favatar%2Fstyle.css&path=%2Fvar%2Fwww%2Fvhosts%2Fgreenclinic.kz%2Fnewsite%2Fwp-includes%2Fblocks%2Favatar HTTP/1.0" 200 17184 "-" "Mozilla/5.0 AppleWebKit/537.36 (KHTML, like Gecko; compatible; ClaudeBot/1.0; +claudebot@anthropic.com)"
216.73.216.167 - - [01/Jan/2026:04:33:12 +0500] "GET /products/35979640017147?fileloc=%2Fvar%2Fwww%2Fvhosts%2Fgreenclinic.kz%2Fnewsite%2Fwp-includes%2Fjs%2Fdist%2Fdom.min.js&path=%2Fvar%2Fwww%2Fvhosts%2Fgreenclinic.kz%2Fnewsite%2Fwp-includes%2Fjs%2Fdist HTTP/1.0" 200 31743 "-" "Mozilla/5.0 AppleWebKit/537.36 (KHTML, like Gecko; compatible; ClaudeBot/1.0; +claudebot@anthropic.com)"
216.73.216.167 - - [01/Jan/2026:04:33:12 +0500] "GET /products/24152538335099?fileloc=%2Fvar%2Fwww%2Fvhosts%2Fgreenclinic.kz%2Fmed.greenclinic.kz%2Fwp-includes%2Fjs%2Fwp-pointer.min.js&path=%2Fvar%2Fwww%2Fvhosts%2Fgreenclinic.kz%2Fmed.greenclinic.kz%2Fwp-includes%2Fjs HTTP/1.0" 200 21370 "-" "Mozilla/5.0 AppleWebKit/537.36 (KHTML, like Gecko; compatible; ClaudeBot/1.0; +claudebot@anthropic.com)"
2a03:2880:f814:35:: - - [01/Jan/2026:04:33:13 +0500] "GET /products/19800561 HTTP/1.0" 200 56946 "-" "meta-externalagent/1.1 (+https://developers.facebook.com/docs/sharing/webmasters/crawler)"
216.73.216.167 - - [01/Jan/2026:04:33:13 +0500] "GET /products/211512955512070?fileloc=%2Fvar%2Fwww%2Fvhosts%2Fgreenclinic.kz%2Fnewsite%2Fwp-admin%2Fjs%2Fcomment.js&path=%2Fvar%2Fwww%2Fvhosts%2Fgreenclinic.kz%2Fnewsite%2Fwp-admin%2Fjs HTTP/1.0" 200 20370 "-" "Mozilla/5.0 AppleWebKit/537.36 (KHTML, like Gecko; compatible; ClaudeBot/1.0; +claudebot@anthropic.com)"
74.7.227.36 - - [01/Jan/2026:04:33:13 +0500] "GET /ru/directions/proktologiya/?fileloc=/var/www/vhosts/greenclinic.kz/newsite/wp-content/uploads/2024/05/img_2263-300x200.jpg&path=/var/www/vhosts/greenclinic.kz/newsite/wp-content/uploads/2024/05 HTTP/1.0" 200 73546 "-" "Mozilla/5.0 AppleWebKit/537.36 (KHTML, like Gecko; compatible; GPTBot/1.3; +https://openai.com/gptbot)"
216.73.216.167 - - [01/Jan/2026:04:33:13 +0500] "GET /products/387801484434668?fileloc=%2Fvar%2Fwww%2Fvhosts%2Fgreenclinic.kz%2Fnewsite%2Fwp-includes%2Fblocks%2Fblock%2Fblock.json&path=%2Fvar%2Fwww%2Fvhosts%2Fgreenclinic.kz%2Fnewsite%2Fwp-includes%2Fblocks%2Fblock HTTP/1.0" 200 17827 "-" "Mozilla/5.0 AppleWebKit/537.36 (KHTML, like Gecko; compatible; ClaudeBot/1.0; +claudebot@anthropic.com)"
216.73.216.167 - - [01/Jan/2026:04:33:13 +0500] "GET /ru/prices/urologiya?fileloc=%2Fvar%2Fwww%2Fvhosts%2Fgreenclinic.kz%2Fnewsite%2Fwp-includes%2Fjs%2Fwplink.js&path=%2Fvar%2Fwww%2Fvhosts%2Fgreenclinic.kz%2Fnewsite%2Fwp-includes%2Fjs HTTP/1.0" 200 40248 "-" "Mozilla/5.0 AppleWebKit/537.36 (KHTML, like Gecko; compatible; ClaudeBot/1.0; +claudebot@anthropic.com)"
216.73.216.167 - - [01/Jan/2026:04:33:13 +0500] "GET /products/38680791655688?fileloc=%2Fvar%2Fwww%2Fvhosts%2Fgreenclinic.kz%2Fnewsite%2Fwp-includes%2Fblocks%2Favatar%2Feditor-rtl.min.css&path=%2Fvar%2Fwww%2Fvhosts%2Fgreenclinic.kz%2Fnewsite%2Fwp-includes%2Fblocks%2Favatar HTTP/1.0" 200 17157 "-" "Mozilla/5.0 AppleWebKit/537.36 (KHTML, like Gecko; compatible; ClaudeBot/1.0; +claudebot@anthropic.com)"
216.73.216.167 - - [01/Jan/2026:04:33:13 +0500] "GET /products/653610791637919?fileloc=%2Fvar%2Fwww%2Fvhosts%2Fgreenclinic.kz%2Fnewsite%2Fwp-includes%2Fblocks%2Fbuttons%2Fblock.json&path=%2Fvar%2Fwww%2Fvhosts%2Fgreenclinic.kz%2Fnewsite%2Fwp-includes%2Fblocks%2Fbuttons HTTP/1.0" 200 18770 "-" "Mozilla/5.0 AppleWebKit/537.36 (KHTML, like Gecko; compatible; ClaudeBot/1.0; +claudebot@anthropic.com)"
216.73.216.167 - - [01/Jan/2026:04:33:13 +0500] "GET /kz/doctors/mukatova-irina-yurevna?fileloc=%2Fvar%2Fwww%2Fvhosts%2Fgreenclinic.kz%2Fmed.greenclinic.kz%2Fwp-admin%2Fcss%2Fforms.css&path=%2Fvar%2Fwww%2Fvhosts%2Fgreenclinic.kz%2Fmed.greenclinic.kz%2Fwp-admin%2Fcss HTTP/1.0" 200 55443 "-" "Mozilla/5.0 AppleWebKit/537.36 (KHTML, like Gecko; compatible; ClaudeBot/1.0; +claudebot@anthropic.com)"
216.73.216.167 - - [01/Jan/2026:04:33:13 +0500] "GET /products/653610791637919?fileloc=%2Fvar%2Fwww%2Fvhosts%2Fgreenclinic.kz%2Fnewsite%2Fwp-includes%2Fblocks%2Fquote%2Ftheme.css&path=%2Fvar%2Fwww%2Fvhosts%2Fgreenclinic.kz%2Fnewsite%2Fwp-includes%2Fblocks%2Fquote HTTP/1.0" 200 17550 "-" "Mozilla/5.0 AppleWebKit/537.36 (KHTML, like Gecko; compatible; ClaudeBot/1.0; +claudebot@anthropic.com)"
