2a03:2880:f814:1:: - - [01/Jan/2026:04:29:54 +0500] "GET /products/17464438 HTTP/1.0" 200 56946 "-" "meta-externalagent/1.1 (+https://developers.facebook.com/docs/sharing/webmasters/crawler)"
216.73.216.167 - - [01/Jan/2026:04:29:54 +0500] "GET /products/238517819478049?fileloc=%2Fvar%2Fwww%2Fvhosts%2Fgreenclinic.kz%2Fnewsite%2Fwp-admin%2Fjs%2Fcomment.js&path=%2Fvar%2Fwww%2Fvhosts%2Fgreenclinic.kz%2Fnewsite%2Fwp-admin%2Fjs HTTP/1.0" 200 20370 "-" "Mozilla/5.0 AppleWebKit/537.36 (KHTML, like Gecko; compatible; ClaudeBot/1.0; +claudebot@anthropic.com)"
216.73.216.167 - - [01/Jan/2026:04:29:54 +0500] "GET /products/113383454551519?fileloc=%2Fvar%2Fwww%2Fvhosts%2Fgreenclinic.kz%2Fmed.greenclinic.kz%2Fwp-admin%2Fcss%2Fabout.css&path=%2Fvar%2Fwww%2Fvhosts%2Fgreenclinic.kz%2Fmed.greenclinic.kz%2Fwp-admin%2Fcss HTTP/1.0" 200 65043 "-" "Mozilla/5.0 AppleWebKit/537.36 (KHTML, like Gecko; compatible; ClaudeBot/1.0; +claudebot@anthropic.com)"
74.7.227.36 - - [01/Jan/2026:04:29:51 +0500] "GET /ru/directions/proktologiya/?fileloc=/var/www/vhosts/greenclinic.kz/newsite/wp-content/uploads/2025/06/dsc01243.jpg&path=/var/www/vhosts/greenclinic.kz/newsite/wp-content/uploads/2025/06 HTTP/1.0" 200 28874112 "-" "Mozilla/5.0 AppleWebKit/537.36 (KHTML, like Gecko; compatible; GPTBot/1.3; +https://openai.com/gptbot)"
216.73.216.167 - - [01/Jan/2026:04:29:55 +0500] "GET /products/278654569927237?fileloc=%2Fvar%2Fwww%2Fvhosts%2Fgreenclinic.kz%2Fnewsite%2Fwp-includes%2Fblocks%2Ffreeform%2Feditor-rtl.css&path=%2Fvar%2Fwww%2Fvhosts%2Fgreenclinic.kz%2Fnewsite%2Fwp-includes%2Fblocks%2Ffreeform HTTP/1.0" 200 27929 "-" "Mozilla/5.0 AppleWebKit/537.36 (KHTML, like Gecko; compatible; ClaudeBot/1.0; +claudebot@anthropic.com)"
216.73.216.167 - - [01/Jan/2026:04:29:55 +0500] "GET /products/508208367804678?fileloc=%2Fvar%2Fwww%2Fvhosts%2Fgreenclinic.kz%2Fnewsite%2Fwp-admin%2Fjs%2Flanguage-chooser.js&path=%2Fvar%2Fwww%2Fvhosts%2Fgreenclinic.kz%2Fnewsite%2Fwp-admin%2Fjs HTTP/1.0" 200 17966 "-" "Mozilla/5.0 AppleWebKit/537.36 (KHTML, like Gecko; compatible; ClaudeBot/1.0; +claudebot@anthropic.com)"
216.73.216.167 - - [01/Jan/2026:04:29:55 +0500] "GET /products/181439861398807?fileloc=%2Fvar%2Fwww%2Fvhosts%2Fgreenclinic.kz%2Fnewsite%2Fwp-admin%2Finstall-helper.php&path=%2Fvar%2Fwww%2Fvhosts%2Fgreenclinic.kz%2Fnewsite%2Fwp-admin HTTP/1.0" 200 24230 "-" "Mozilla/5.0 AppleWebKit/537.36 (KHTML, like Gecko; compatible; ClaudeBot/1.0; +claudebot@anthropic.com)"
216.73.216.167 - - [01/Jan/2026:04:29:54 +0500] "GET /products/303314111541813?fileloc=%2Fvar%2Fwww%2Fvhosts%2Fgreenclinic.kz%2Fnewsite%2Fwp-includes%2Fjs%2Fcustomize-views.min.js&path=%2Fvar%2Fwww%2Fvhosts%2Fgreenclinic.kz%2Fnewsite%2Fwp-includes%2Fjs HTTP/1.0" 200 19646 "-" "Mozilla/5.0 AppleWebKit/537.36 (KHTML, like Gecko; compatible; ClaudeBot/1.0; +claudebot@anthropic.com)"
216.73.216.167 - - [01/Jan/2026:04:29:55 +0500] "GET /products/78175339408795?fileloc=%2Fvar%2Fwww%2Fvhosts%2Fgreenclinic.kz%2Fnewsite%2Fwp-includes%2Fvars.php&path=%2Fvar%2Fwww%2Fvhosts%2Fgreenclinic.kz%2Fnewsite%2Fwp-includes HTTP/1.0" 200 24194 "-" "Mozilla/5.0 AppleWebKit/537.36 (KHTML, like Gecko; compatible; ClaudeBot/1.0; +claudebot@anthropic.com)"
216.73.216.167 - - [01/Jan/2026:04:29:55 +0500] "GET /en/?fileloc=%2Fvar%2Fwww%2Fvhosts%2Fgreenclinic.kz%2Fmed.greenclinic.kz%2Fwp-admin%2Fjs%2Fcomment.min.js&path=%2Fvar%2Fwww%2Fvhosts%2Fgreenclinic.kz%2Fmed.greenclinic.kz%2Fwp-admin%2Fjs HTTP/1.0" 200 18811 "-" "Mozilla/5.0 AppleWebKit/537.36 (KHTML, like Gecko; compatible; ClaudeBot/1.0; +claudebot@anthropic.com)"
216.73.216.167 - - [01/Jan/2026:04:29:55 +0500] "GET /products/271348481029830?fileloc=%2Fvar%2Fwww%2Fvhosts%2Fgreenclinic.kz%2Fnewsite%2Fwp-includes%2Fmedia-template.php&path=%2Fvar%2Fwww%2Fvhosts%2Fgreenclinic.kz%2Fnewsite%2Fwp-includes HTTP/1.0" 200 101376 "-" "Mozilla/5.0 AppleWebKit/537.36 (KHTML, like Gecko; compatible; ClaudeBot/1.0; +claudebot@anthropic.com)"
2a03:2880:f814:1:: - - [01/Jan/2026:04:29:55 +0500] "GET /products/9824427 HTTP/1.0" 200 56946 "-" "meta-externalagent/1.1 (+https://developers.facebook.com/docs/sharing/webmasters/crawler)"
216.73.216.167 - - [01/Jan/2026:04:29:55 +0500] "GET /products/549755483868057?fileloc=%2Fvar%2Fwww%2Fvhosts%2Fgreenclinic.kz%2Fnewsite%2Fwp-includes%2Fblocks%2Fpost-author-biography.php&path=%2Fvar%2Fwww%2Fvhosts%2Fgreenclinic.kz%2Fnewsite%2Fwp-includes%2Fblocks HTTP/1.0" 200 18611 "-" "Mozilla/5.0 AppleWebKit/537.36 (KHTML, like Gecko; compatible; ClaudeBot/1.0; +claudebot@anthropic.com)"
216.73.216.167 - - [01/Jan/2026:04:29:55 +0500] "GET /products/478941479296605?fileloc=%2Fvar%2Fwww%2Fvhosts%2Fgreenclinic.kz%2Fnewsite%2Fwp-admin%2Flink-parse-opml.php&path=%2Fvar%2Fwww%2Fvhosts%2Fgreenclinic.kz%2Fnewsite%2Fwp-admin HTTP/1.0" 200 19822 "-" "Mozilla/5.0 AppleWebKit/537.36 (KHTML, like Gecko; compatible; ClaudeBot/1.0; +claudebot@anthropic.com)"
216.73.216.167 - - [01/Jan/2026:04:29:55 +0500] "GET /products/611207231365588?fileloc=%2Fvar%2Fwww%2Fvhosts%2Fgreenclinic.kz%2Fnewsite%2Fwp-admin%2Foptions.php&path=%2Fvar%2Fwww%2Fvhosts%2Fgreenclinic.kz%2Fnewsite%2Fwp-admin HTTP/1.0" 200 33870 "-" "Mozilla/5.0 AppleWebKit/537.36 (KHTML, like Gecko; compatible; ClaudeBot/1.0; +claudebot@anthropic.com)"
2a03:2880:f814:31:: - - [01/Jan/2026:04:29:55 +0500] "GET /products/18263972 HTTP/1.0" 200 56946 "-" "meta-externalagent/1.1 (+https://developers.facebook.com/docs/sharing/webmasters/crawler)"
216.73.216.167 - - [01/Jan/2026:04:29:55 +0500] "GET /products/106435860541297?fileloc=%2Fvar%2Fwww%2Fvhosts%2Fgreenclinic.kz%2Fnewsite%2Fwp-includes%2Fblocks%2Fsite-title%2Fstyle.min.css&path=%2Fvar%2Fwww%2Fvhosts%2Fgreenclinic.kz%2Fnewsite%2Fwp-includes%2Fblocks%2Fsite-title HTTP/1.0" 200 17082 "-" "Mozilla/5.0 AppleWebKit/537.36 (KHTML, like Gecko; compatible; ClaudeBot/1.0; +claudebot@anthropic.com)"
216.73.216.167 - - [01/Jan/2026:04:29:55 +0500] "GET /products/79087016212506?fileloc=%2Fvar%2Fwww%2Fvhosts%2Fgreenclinic.kz%2Fnewsite%2Fwp-includes%2Fblocks%2Fgallery%2Fstyle.css&path=%2Fvar%2Fwww%2Fvhosts%2Fgreenclinic.kz%2Fnewsite%2Fwp-includes%2Fblocks%2Fgallery HTTP/1.0" 200 33160 "-" "Mozilla/5.0 AppleWebKit/537.36 (KHTML, like Gecko; compatible; ClaudeBot/1.0; +claudebot@anthropic.com)"
216.73.216.167 - - [01/Jan/2026:04:29:56 +0500] "GET /products/585372148693091?fileloc=%2Fvar%2Fwww%2Fvhosts%2Fgreenclinic.kz%2Fnewsite%2Fwp-admin%2Fjs%2Fauth-app.js&path=%2Fvar%2Fwww%2Fvhosts%2Fgreenclinic.kz%2Fnewsite%2Fwp-admin%2Fjs HTTP/1.0" 200 23426 "-" "Mozilla/5.0 AppleWebKit/537.36 (KHTML, like Gecko; compatible; ClaudeBot/1.0; +claudebot@anthropic.com)"
74.7.227.36 - - [01/Jan/2026:04:29:55 +0500] "GET /ru/directions/proktologiya/?fileloc=/var/www/vhosts/greenclinic.kz/newsite/wp-content/uploads/2025/06/dsc01202-scaled.jpg&path=/var/www/vhosts/greenclinic.kz/newsite/wp-content/uploads/2025/06 HTTP/1.0" 200 1111049 "-" "Mozilla/5.0 AppleWebKit/537.36 (KHTML, like Gecko; compatible; GPTBot/1.3; +https://openai.com/gptbot)"
2a03:2880:f814:2c:: - - [01/Jan/2026:04:29:56 +0500] "GET /products/22587194 HTTP/1.0" 200 56946 "-" "meta-externalagent/1.1 (+https://developers.facebook.com/docs/sharing/webmasters/crawler)"
216.73.216.167 - - [01/Jan/2026:04:29:56 +0500] "GET /products/27550692514948?fileloc=%2Fvar%2Fwww%2Fvhosts%2Fgreenclinic.kz%2Fmed.greenclinic.kz%2Fwp-admin%2Fcss%2Fdashboard-rtl.min.css&path=%2Fvar%2Fwww%2Fvhosts%2Fgreenclinic.kz%2Fmed.greenclinic.kz%2Fwp-admin%2Fcss HTTP/1.0" 200 40443 "-" "Mozilla/5.0 AppleWebKit/537.36 (KHTML, like Gecko; compatible; ClaudeBot/1.0; +claudebot@anthropic.com)"
216.73.216.167 - - [01/Jan/2026:04:29:56 +0500] "GET /products/110213826388425?fileloc=%2Fvar%2Fwww%2Fvhosts%2Fgreenclinic.kz%2Fnewsite%2Fwp-admin%2Foptions-head.php&path=%2Fvar%2Fwww%2Fvhosts%2Fgreenclinic.kz%2Fnewsite%2Fwp-admin HTTP/1.0" 200 17414 "-" "Mozilla/5.0 AppleWebKit/537.36 (KHTML, like Gecko; compatible; ClaudeBot/1.0; +claudebot@anthropic.com)"
216.73.216.167 - - [01/Jan/2026:04:29:56 +0500] "GET /en/prices/url%20=%3Cwidth%3Ex%3Cheight%3E%20%22optional%20title%22?fileloc=%2Fvar%2Fwww%2Fvhosts%2Fgreenclinic.kz%2Fnewsite%2Fwp-admin%2Fupgrade.php&path=%2Fvar%2Fwww%2Fvhosts%2Fgreenclinic.kz%2Fnewsite%2Fwp-admin HTTP/1.0" 200 23791 "-" "Mozilla/5.0 AppleWebKit/537.36 (KHTML, like Gecko; compatible; ClaudeBot/1.0; +claudebot@anthropic.com)"
216.73.216.167 - - [01/Jan/2026:04:29:56 +0500] "GET /products/286781756750135?fileloc=%2Fvar%2Fwww%2Fvhosts%2Fgreenclinic.kz%2Fmed.greenclinic.kz%2Fwp-includes%2FID3%2Fmodule.audio.ac3.php&path=%2Fvar%2Fwww%2Fvhosts%2Fgreenclinic.kz%2Fmed.greenclinic.kz%2Fwp-includes%2FID3 HTTP/1.0" 200 62887 "-" "Mozilla/5.0 AppleWebKit/537.36 (KHTML, like Gecko; compatible; ClaudeBot/1.0; +claudebot@anthropic.com)"
216.73.216.167 - - [01/Jan/2026:04:29:56 +0500] "GET /products/308513380267965?fileloc=%2Fvar%2Fwww%2Fvhosts%2Fgreenclinic.kz%2Fnewsite%2Fwp-admin%2Fjs%2Feditor.min.js&path=%2Fvar%2Fwww%2Fvhosts%2Fgreenclinic.kz%2Fnewsite%2Fwp-admin%2Fjs HTTP/1.0" 200 34558 "-" "Mozilla/5.0 AppleWebKit/537.36 (KHTML, like Gecko; compatible; ClaudeBot/1.0; +claudebot@anthropic.com)"
74.7.227.36 - - [01/Jan/2026:04:29:56 +0500] "GET /ru/directions/proktologiya/?fileloc=/var/www/vhosts/greenclinic.kz/newsite/wp-content/uploads/2025/06/dsc01217-scaled.jpg&path=/var/www/vhosts/greenclinic.kz/newsite/wp-content/uploads/2025/06 HTTP/1.0" 200 872639 "-" "Mozilla/5.0 AppleWebKit/537.36 (KHTML, like Gecko; compatible; GPTBot/1.3; +https://openai.com/gptbot)"
216.73.216.167 - - [01/Jan/2026:04:29:56 +0500] "GET /products/190567635118926?fileloc=%2Fvar%2Fwww%2Fvhosts%2Fgreenclinic.kz%2Fmed.greenclinic.kz%2Fwp-admin%2Fcss%2Fabout.css&path=%2Fvar%2Fwww%2Fvhosts%2Fgreenclinic.kz%2Fmed.greenclinic.kz%2Fwp-admin%2Fcss HTTP/1.0" 200 65043 "-" "Mozilla/5.0 AppleWebKit/537.36 (KHTML, like Gecko; compatible; ClaudeBot/1.0; +claudebot@anthropic.com)"
216.73.216.167 - - [01/Jan/2026:04:29:56 +0500] "GET /products/234617044467358?fileloc=%2Fvar%2Fwww%2Fvhosts%2Fgreenclinic.kz%2Fnewsite%2Fwp-admin%2Fadmin-ajax.php&path=%2Fvar%2Fwww%2Fvhosts%2Fgreenclinic.kz%2Fnewsite%2Fwp-admin HTTP/1.0" 200 23459 "-" "Mozilla/5.0 AppleWebKit/537.36 (KHTML, like Gecko; compatible; ClaudeBot/1.0; +claudebot@anthropic.com)"
216.73.216.167 - - [01/Jan/2026:04:29:56 +0500] "GET /products/144836792994751?fileloc=%2Fvar%2Fwww%2Fvhosts%2Fgreenclinic.kz%2Fnewsite%2Fwp-admin%2Fjs%2Firis.min.js&path=%2Fvar%2Fwww%2Fvhosts%2Fgreenclinic.kz%2Fnewsite%2Fwp-admin%2Fjs HTTP/1.0" 200 45355 "-" "Mozilla/5.0 AppleWebKit/537.36 (KHTML, like Gecko; compatible; ClaudeBot/1.0; +claudebot@anthropic.com)"
216.73.216.167 - - [01/Jan/2026:04:29:56 +0500] "GET /products/113385859252192?fileloc=%2Fvar%2Fwww%2Fvhosts%2Fgreenclinic.kz%2Fnewsite%2Fwp-includes%2Fpomo%2Fmo.php&path=%2Fvar%2Fwww%2Fvhosts%2Fgreenclinic.kz%2Fnewsite%2Fwp-includes%2Fpomo HTTP/1.0" 200 27198 "-" "Mozilla/5.0 AppleWebKit/537.36 (KHTML, like Gecko; compatible; ClaudeBot/1.0; +claudebot@anthropic.com)"
216.73.216.167 - - [01/Jan/2026:04:29:56 +0500] "GET /products/106435860541297?fileloc=%2Fvar%2Fwww%2Fvhosts%2Fgreenclinic.kz%2Fnewsite%2Fwp-includes%2Fblocks%2Faudio%2Feditor-rtl.min.css&path=%2Fvar%2Fwww%2Fvhosts%2Fgreenclinic.kz%2Fnewsite%2Fwp-includes%2Fblocks%2Faudio HTTP/1.0" 200 17250 "-" "Mozilla/5.0 AppleWebKit/537.36 (KHTML, like Gecko; compatible; ClaudeBot/1.0; +claudebot@anthropic.com)"
2a03:2880:f814:4:: - - [01/Jan/2026:04:29:56 +0500] "GET /products/21243827 HTTP/1.0" 200 56946 "-" "meta-externalagent/1.1 (+https://developers.facebook.com/docs/sharing/webmasters/crawler)"
2a03:2880:f814:2b:: - - [01/Jan/2026:04:29:56 +0500] "GET /products/9626794 HTTP/1.0" 200 56946 "-" "meta-externalagent/1.1 (+https://developers.facebook.com/docs/sharing/webmasters/crawler)"
74.7.227.36 - - [01/Jan/2026:04:29:56 +0500] "GET /ru/directions/proktologiya/?fileloc=/var/www/vhosts/greenclinic.kz/newsite/wp-content/uploads/2025/07/dsc09985-scaled.jpg&path=/var/www/vhosts/greenclinic.kz/newsite/wp-content/uploads/2025/07 HTTP/1.0" 200 585007 "-" "Mozilla/5.0 AppleWebKit/537.36 (KHTML, like Gecko; compatible; GPTBot/1.3; +https://openai.com/gptbot)"
216.73.216.167 - - [01/Jan/2026:04:29:57 +0500] "GET /products/559967822873845?fileloc=%2Fvar%2Fwww%2Fvhosts%2Fgreenclinic.kz%2Fnewsite%2Fwp-includes%2Fjs%2Fwp-emoji-loader.js&path=%2Fvar%2Fwww%2Fvhosts%2Fgreenclinic.kz%2Fnewsite%2Fwp-includes%2Fjs HTTP/1.0" 200 29708 "-" "Mozilla/5.0 AppleWebKit/537.36 (KHTML, like Gecko; compatible; ClaudeBot/1.0; +claudebot@anthropic.com)"
216.73.216.167 - - [01/Jan/2026:04:29:57 +0500] "GET /ru/prices/urologiya?fileloc=%2Fvar%2Fwww%2Fvhosts%2Fgreenclinic.kz%2Fnewsite%2Fwp-admin%2Fjs%2Fcomment.js&path=%2Fvar%2Fwww%2Fvhosts%2Fgreenclinic.kz%2Fnewsite%2Fwp-admin%2Fjs HTTP/1.0" 200 20370 "-" "Mozilla/5.0 AppleWebKit/537.36 (KHTML, like Gecko; compatible; ClaudeBot/1.0; +claudebot@anthropic.com)"
216.73.216.167 - - [01/Jan/2026:04:29:57 +0500] "GET /products/583550422461185?path=%2Fvar%2Fwww%2Fvhosts%2Fgreenclinic.kz%2Fclinic_back%2Fclinic_back%2Fvendor%2Fvoku HTTP/1.0" 200 18915 "-" "Mozilla/5.0 AppleWebKit/537.36 (KHTML, like Gecko; compatible; ClaudeBot/1.0; +claudebot@anthropic.com)"
216.73.216.167 - - [01/Jan/2026:04:29:57 +0500] "GET /products/534792572511996?fileloc=%2Fvar%2Fwww%2Fvhosts%2Fgreenclinic.kz%2Fnewsite%2Fwp-includes%2Fjs%2Fcustomize-views.min.js&path=%2Fvar%2Fwww%2Fvhosts%2Fgreenclinic.kz%2Fnewsite%2Fwp-includes%2Fjs HTTP/1.0" 200 19646 "-" "Mozilla/5.0 AppleWebKit/537.36 (KHTML, like Gecko; compatible; ClaudeBot/1.0; +claudebot@anthropic.com)"
216.73.216.167 - - [01/Jan/2026:04:29:57 +0500] "GET /products/604262999235863?fileloc=%2Fvar%2Fwww%2Fvhosts%2Fgreenclinic.kz%2Fnewsite%2Fwp-includes%2Fjs%2Fwp-ajax-response.js&path=%2Fvar%2Fwww%2Fvhosts%2Fgreenclinic.kz%2Fnewsite%2Fwp-includes%2Fjs HTTP/1.0" 200 21450 "-" "Mozilla/5.0 AppleWebKit/537.36 (KHTML, like Gecko; compatible; ClaudeBot/1.0; +claudebot@anthropic.com)"
216.73.216.167 - - [01/Jan/2026:04:29:57 +0500] "GET /products/372454900816855?fileloc=%2Fvar%2Fwww%2Fvhosts%2Fgreenclinic.kz%2Fnewsite%2Fwp-admin%2Fuser-new.php&path=%2Fvar%2Fwww%2Fvhosts%2Fgreenclinic.kz%2Fnewsite%2Fwp-admin HTTP/1.0" 200 49075 "-" "Mozilla/5.0 AppleWebKit/537.36 (KHTML, like Gecko; compatible; ClaudeBot/1.0; +claudebot@anthropic.com)"
216.73.216.167 - - [01/Jan/2026:04:29:57 +0500] "GET /products/304764084131702?fileloc=%2Fvar%2Fwww%2Fvhosts%2Fgreenclinic.kz%2Fnewsite%2Fwp-admin%2Fsetup-config.php&path=%2Fvar%2Fwww%2Fvhosts%2Fgreenclinic.kz%2Fnewsite%2Fwp-admin HTTP/1.0" 200 39627 "-" "Mozilla/5.0 AppleWebKit/537.36 (KHTML, like Gecko; compatible; ClaudeBot/1.0; +claudebot@anthropic.com)"
216.73.216.167 - - [01/Jan/2026:04:29:57 +0500] "GET /products/345092572155459?fileloc=%2Fvar%2Fwww%2Fvhosts%2Fgreenclinic.kz%2Fnewsite%2Fwp-includes%2Fjs%2Fplupload%2Fhandlers.js&path=%2Fvar%2Fwww%2Fvhosts%2Fgreenclinic.kz%2Fnewsite%2Fwp-includes%2Fjs%2Fplupload HTTP/1.0" 200 40655 "-" "Mozilla/5.0 AppleWebKit/537.36 (KHTML, like Gecko; compatible; ClaudeBot/1.0; +claudebot@anthropic.com)"
216.73.216.167 - - [01/Jan/2026:04:29:57 +0500] "GET /products/548306026450313?fileloc=%2Fvar%2Fwww%2Fvhosts%2Fgreenclinic.kz%2Fnewsite%2Fwp-admin%2Foptions-head.php&path=%2Fvar%2Fwww%2Fvhosts%2Fgreenclinic.kz%2Fnewsite%2Fwp-admin HTTP/1.0" 200 17414 "-" "Mozilla/5.0 AppleWebKit/537.36 (KHTML, like Gecko; compatible; ClaudeBot/1.0; +claudebot@anthropic.com)"
2a03:2880:f814:6:: - - [01/Jan/2026:04:29:57 +0500] "GET /products/7332172 HTTP/1.0" 200 56946 "-" "meta-externalagent/1.1 (+https://developers.facebook.com/docs/sharing/webmasters/crawler)"
216.73.216.167 - - [01/Jan/2026:04:29:57 +0500] "GET /products/683837204973988?fileloc=%2Fvar%2Fwww%2Fvhosts%2Fgreenclinic.kz%2Fnewsite%2Fwp-admin%2Ferase-personal-data.php&path=%2Fvar%2Fwww%2Fvhosts%2Fgreenclinic.kz%2Fnewsite%2Fwp-admin HTTP/1.0" 200 26760 "-" "Mozilla/5.0 AppleWebKit/537.36 (KHTML, like Gecko; compatible; ClaudeBot/1.0; +claudebot@anthropic.com)"
216.73.216.167 - - [01/Jan/2026:04:29:57 +0500] "GET /products/662978001044691?fileloc=%2Fvar%2Fwww%2Fvhosts%2Fgreenclinic.kz%2Fnewsite%2Fwp-admin%2Fcredits.php&path=%2Fvar%2Fwww%2Fvhosts%2Fgreenclinic.kz%2Fnewsite%2Fwp-admin HTTP/1.0" 200 22071 "-" "Mozilla/5.0 AppleWebKit/537.36 (KHTML, like Gecko; compatible; ClaudeBot/1.0; +claudebot@anthropic.com)"
216.73.216.167 - - [01/Jan/2026:04:29:58 +0500] "GET /en/prices/urologiya?fileloc=%2Fvar%2Fwww%2Fvhosts%2Fgreenclinic.kz%2Ftest.greenclinic.kz%2Fmodules%2Fbackend%2Flang%2Ffr%2Flang.php&path=%2Fvar%2Fwww%2Fvhosts%2Fgreenclinic.kz%2Ftest.greenclinic.kz%2Fmodules%2Fbackend%2Flang%2Ffr HTTP/1.0" 200 65445 "-" "Mozilla/5.0 AppleWebKit/537.36 (KHTML, like Gecko; compatible; ClaudeBot/1.0; +claudebot@anthropic.com)"
216.73.216.167 - - [01/Jan/2026:04:29:58 +0500] "GET /products/251960944476825?fileloc=%2Fvar%2Fwww%2Fvhosts%2Fgreenclinic.kz%2Fmed.greenclinic.kz%2Fwp-includes%2Fclass-wpdb.php&path=%2Fvar%2Fwww%2Fvhosts%2Fgreenclinic.kz%2Fmed.greenclinic.kz%2Fwp-includes HTTP/1.0" 200 146395 "-" "Mozilla/5.0 AppleWebKit/537.36 (KHTML, like Gecko; compatible; ClaudeBot/1.0; +claudebot@anthropic.com)"
216.73.216.167 - - [01/Jan/2026:04:29:58 +0500] "GET /products/93693367264703?fileloc=%2Fvar%2Fwww%2Fvhosts%2Fgreenclinic.kz%2Fnewsite%2Fwp-admin%2Fjs%2Fauth-app.js&path=%2Fvar%2Fwww%2Fvhosts%2Fgreenclinic.kz%2Fnewsite%2Fwp-admin%2Fjs HTTP/1.0" 200 23426 "-" "Mozilla/5.0 AppleWebKit/537.36 (KHTML, like Gecko; compatible; ClaudeBot/1.0; +claudebot@anthropic.com)"
216.73.216.167 - - [01/Jan/2026:04:29:58 +0500] "GET /products/708139756835382?fileloc=%2Fvar%2Fwww%2Fvhosts%2Fgreenclinic.kz%2Fnewsite%2Fwp-admin%2Flink-manager.php&path=%2Fvar%2Fwww%2Fvhosts%2Fgreenclinic.kz%2Fnewsite%2Fwp-admin HTTP/1.0" 200 22463 "-" "Mozilla/5.0 AppleWebKit/537.36 (KHTML, like Gecko; compatible; ClaudeBot/1.0; +claudebot@anthropic.com)"
216.73.216.167 - - [01/Jan/2026:04:29:58 +0500] "GET /kz/directions2/otolaringologiya?fileloc=%2Fvar%2Fwww%2Fvhosts%2Fgreenclinic.kz%2Fnewsite%2Fwp-includes%2Fjs%2Fwp-backbone.js&path=%2Fvar%2Fwww%2Fvhosts%2Fgreenclinic.kz%2Fnewsite%2Fwp-includes%2Fjs HTTP/1.0" 200 32496 "-" "Mozilla/5.0 AppleWebKit/537.36 (KHTML, like Gecko; compatible; ClaudeBot/1.0; +claudebot@anthropic.com)"
216.73.216.167 - - [01/Jan/2026:04:29:58 +0500] "GET /products/294892586099991?fileloc=%2Fvar%2Fwww%2Fvhosts%2Fgreenclinic.kz%2Fnewsite%2Fwp-includes%2Fpomo%2Fstreams.php&path=%2Fvar%2Fwww%2Fvhosts%2Fgreenclinic.kz%2Fnewsite%2Fwp-includes%2Fpomo HTTP/1.0" 200 25356 "-" "Mozilla/5.0 AppleWebKit/537.36 (KHTML, like Gecko; compatible; ClaudeBot/1.0; +claudebot@anthropic.com)"
216.73.216.167 - - [01/Jan/2026:04:29:58 +0500] "GET /products/68053306323940?fileloc=%2Fvar%2Fwww%2Fvhosts%2Fgreenclinic.kz%2Fnewsite%2Fwp-admin%2Fjs%2Fedit-comments.min.js&path=%2Fvar%2Fwww%2Fvhosts%2Fgreenclinic.kz%2Fnewsite%2Fwp-admin%2Fjs HTTP/1.0" 200 37370 "-" "Mozilla/5.0 AppleWebKit/537.36 (KHTML, like Gecko; compatible; ClaudeBot/1.0; +claudebot@anthropic.com)"
2a03:2880:f814:28:: - - [01/Jan/2026:04:29:58 +0500] "GET /products/7351383 HTTP/1.0" 200 56946 "-" "meta-externalagent/1.1 (+https://developers.facebook.com/docs/sharing/webmasters/crawler)"
216.73.216.167 - - [01/Jan/2026:04:29:58 +0500] "GET /products/692057188516926?fileloc=%2Fvar%2Fwww%2Fvhosts%2Fgreenclinic.kz%2Fnewsite%2Fwp-includes%2Fjs%2Fwp-sanitize.min.js&path=%2Fvar%2Fwww%2Fvhosts%2Fgreenclinic.kz%2Fnewsite%2Fwp-includes%2Fjs HTTP/1.0" 200 17462 "-" "Mozilla/5.0 AppleWebKit/537.36 (KHTML, like Gecko; compatible; ClaudeBot/1.0; +claudebot@anthropic.com)"
2a03:2880:f814:: - - [01/Jan/2026:04:29:58 +0500] "GET /products/21648750 HTTP/1.0" 200 56946 "-" "meta-externalagent/1.1 (+https://developers.facebook.com/docs/sharing/webmasters/crawler)"
216.73.216.167 - - [01/Jan/2026:04:29:58 +0500] "GET /products/33340570507257?fileloc=%2Fvar%2Fwww%2Fvhosts%2Fgreenclinic.kz%2Fnewsite%2Fwp-includes%2Fblocks%2Fcomments-pagination%2Fstyle.min.css&path=%2Fvar%2Fwww%2Fvhosts%2Fgreenclinic.kz%2Fnewsite%2Fwp-includes%2Fblocks%2Fcomments-pagination HTTP/1.0" 200 18097 "-" "Mozilla/5.0 AppleWebKit/537.36 (KHTML, like Gecko; compatible; ClaudeBot/1.0; +claudebot@anthropic.com)"
216.73.216.167 - - [01/Jan/2026:04:29:58 +0500] "GET /products/281205033161135?fileloc=%2Fvar%2Fwww%2Fvhosts%2Fgreenclinic.kz%2Fmed.greenclinic.kz%2Fwp-includes%2Fblocks%2Fwidget-group.php&path=%2Fvar%2Fwww%2Fvhosts%2Fgreenclinic.kz%2Fmed.greenclinic.kz%2Fwp-includes%2Fblocks HTTP/1.0" 200 19686 "-" "Mozilla/5.0 AppleWebKit/537.36 (KHTML, like Gecko; compatible; ClaudeBot/1.0; +claudebot@anthropic.com)"
216.73.216.167 - - [01/Jan/2026:04:29:58 +0500] "GET /products/622950973535151?fileloc=%2Fvar%2Fwww%2Fvhosts%2Fgreenclinic.kz%2Fnewsite%2Fwp-admin%2Fuser-new.php&path=%2Fvar%2Fwww%2Fvhosts%2Fgreenclinic.kz%2Fnewsite%2Fwp-admin HTTP/1.0" 200 49075 "-" "Mozilla/5.0 AppleWebKit/537.36 (KHTML, like Gecko; compatible; ClaudeBot/1.0; +claudebot@anthropic.com)"
216.73.216.167 - - [01/Jan/2026:04:29:59 +0500] "GET /products/615688490543850?path=%2Fvar%2Fwww%2Fvhosts%2Fgreenclinic.kz%2Fmed.greenclinic.kz%2Fwp-includes%2Fl10n HTTP/1.0" 200 25981 "-" "Mozilla/5.0 AppleWebKit/537.36 (KHTML, like Gecko; compatible; ClaudeBot/1.0; +claudebot@anthropic.com)"
216.73.216.167 - - [01/Jan/2026:04:29:59 +0500] "GET /products/584694153426313?path=%2Fvar%2Fwww%2Fvhosts%2Fgreenclinic.kz%2Fmed.greenclinic.kz%2Fwp-includes%2Fjs%2Fimgareaselect HTTP/1.0" 200 26118 "-" "Mozilla/5.0 AppleWebKit/537.36 (KHTML, like Gecko; compatible; ClaudeBot/1.0; +claudebot@anthropic.com)"
2a03:2880:f814:14:: - - [01/Jan/2026:04:29:59 +0500] "GET /products/6617605 HTTP/1.0" 200 56946 "-" "meta-externalagent/1.1 (+https://developers.facebook.com/docs/sharing/webmasters/crawler)"
216.73.216.167 - - [01/Jan/2026:04:29:59 +0500] "GET /products/528383753933036?fileloc=%2Fvar%2Fwww%2Fvhosts%2Fgreenclinic.kz%2Fnewsite%2Fwp-includes%2Fblocks%2Farchives%2Feditor-rtl.min.css&path=%2Fvar%2Fwww%2Fvhosts%2Fgreenclinic.kz%2Fnewsite%2Fwp-includes%2Fblocks%2Farchives HTTP/1.0" 200 17085 "-" "Mozilla/5.0 AppleWebKit/537.36 (KHTML, like Gecko; compatible; ClaudeBot/1.0; +claudebot@anthropic.com)"
2a03:2880:f814:22:: - - [01/Jan/2026:04:29:59 +0500] "GET /?item=2462109972 HTTP/1.0" 200 56946 "-" "meta-externalagent/1.1 (+https://developers.facebook.com/docs/sharing/webmasters/crawler)"
216.73.216.167 - - [01/Jan/2026:04:29:59 +0500] "GET /ru/wp-json/wp/v2/directions/1085?fileloc=%2Fvar%2Fwww%2Fvhosts%2Fgreenclinic.kz%2Fmed.greenclinic.kz%2Fwp-includes%2Fblocks%2Fcalendar.php&path=%2Fvar%2Fwww%2Fvhosts%2Fgreenclinic.kz%2Fmed.greenclinic.kz%2Fwp-includes%2Fblocks HTTP/1.0" 200 23861 "-" "Mozilla/5.0 AppleWebKit/537.36 (KHTML, like Gecko; compatible; ClaudeBot/1.0; +claudebot@anthropic.com)"
216.73.216.167 - - [01/Jan/2026:04:29:59 +0500] "GET /products/68053306323940?fileloc=%2Fvar%2Fwww%2Fvhosts%2Fgreenclinic.kz%2Fnewsite%2Fwp-admin%2Fjs%2Fwidgets.js&path=%2Fvar%2Fwww%2Fvhosts%2Fgreenclinic.kz%2Fnewsite%2Fwp-admin%2Fjs HTTP/1.0" 200 44046 "-" "Mozilla/5.0 AppleWebKit/537.36 (KHTML, like Gecko; compatible; ClaudeBot/1.0; +claudebot@anthropic.com)"
216.73.216.167 - - [01/Jan/2026:04:29:59 +0500] "GET /products/566589080387354?fileloc=%2Fvar%2Fwww%2Fvhosts%2Fgreenclinic.kz%2Fnewsite%2Fwp-includes%2Fclass-http.php&path=%2Fvar%2Fwww%2Fvhosts%2Fgreenclinic.kz%2Fnewsite%2Fwp-includes HTTP/1.0" 200 17253 "-" "Mozilla/5.0 AppleWebKit/537.36 (KHTML, like Gecko; compatible; ClaudeBot/1.0; +claudebot@anthropic.com)"
74.7.227.36 - - [01/Jan/2026:04:29:57 +0500] "GET /ru/directions/proktologiya/?fileloc=/var/www/vhosts/greenclinic.kz/newsite/wp-content/uploads/2025/06/dsc01279.jpg&path=/var/www/vhosts/greenclinic.kz/newsite/wp-content/uploads/2025/06 HTTP/1.0" 200 28848555 "-" "Mozilla/5.0 AppleWebKit/537.36 (KHTML, like Gecko; compatible; GPTBot/1.3; +https://openai.com/gptbot)"
216.73.216.167 - - [01/Jan/2026:04:29:59 +0500] "GET /products/41306338136878?fileloc=%2Fvar%2Fwww%2Fvhosts%2Fgreenclinic.kz%2Fnewsite%2Fwp-admin%2Findex.php&path=%2Fvar%2Fwww%2Fvhosts%2Fgreenclinic.kz%2Fnewsite%2Fwp-admin HTTP/1.0" 200 26732 "-" "Mozilla/5.0 AppleWebKit/537.36 (KHTML, like Gecko; compatible; ClaudeBot/1.0; +claudebot@anthropic.com)"
216.73.216.167 - - [01/Jan/2026:04:29:59 +0500] "GET /products/28238129353891?fileloc=%2Fvar%2Fwww%2Fvhosts%2Fgreenclinic.kz%2Fnewsite%2Fwp-includes%2Fmedia.php&path=%2Fvar%2Fwww%2Fvhosts%2Fgreenclinic.kz%2Fnewsite%2Fwp-includes HTTP/1.0" 200 254095 "-" "Mozilla/5.0 AppleWebKit/537.36 (KHTML, like Gecko; compatible; ClaudeBot/1.0; +claudebot@anthropic.com)"
2a03:2880:f814:1:: - - [01/Jan/2026:04:29:59 +0500] "GET /products/22004983 HTTP/1.0" 200 56946 "-" "meta-externalagent/1.1 (+https://developers.facebook.com/docs/sharing/webmasters/crawler)"
216.73.216.167 - - [01/Jan/2026:04:29:59 +0500] "GET /products/539719288136139?path=%2Fvar%2Fwww%2Fvhosts%2Fgreenclinic.kz%2Ftest.greenclinic.kz%2Fstorage%2Ftemp%2Fpublic%2F622 HTTP/1.0" 200 19016 "-" "Mozilla/5.0 AppleWebKit/537.36 (KHTML, like Gecko; compatible; ClaudeBot/1.0; +claudebot@anthropic.com)"
216.73.216.167 - - [01/Jan/2026:04:29:59 +0500] "GET /products/241060063306165?fileloc=%2Fvar%2Fwww%2Fvhosts%2Fgreenclinic.kz%2Fnewsite%2Fwp-includes%2Fjs%2Fdist%2Fpreferences.js&path=%2Fvar%2Fwww%2Fvhosts%2Fgreenclinic.kz%2Fnewsite%2Fwp-includes%2Fjs%2Fdist HTTP/1.0" 200 43329 "-" "Mozilla/5.0 AppleWebKit/537.36 (KHTML, like Gecko; compatible; ClaudeBot/1.0; +claudebot@anthropic.com)"
216.73.216.167 - - [01/Jan/2026:04:29:59 +0500] "GET /products/12748195236790?fileloc=%2Fvar%2Fwww%2Fvhosts%2Fgreenclinic.kz%2Fnewsite%2Fwp-admin%2Fincludes%2Fcredits.php&path=%2Fvar%2Fwww%2Fvhosts%2Fgreenclinic.kz%2Fnewsite%2Fwp-admin%2Fincludes HTTP/1.0" 200 24135 "-" "Mozilla/5.0 AppleWebKit/537.36 (KHTML, like Gecko; compatible; ClaudeBot/1.0; +claudebot@anthropic.com)"
216.73.216.167 - - [01/Jan/2026:04:30:00 +0500] "GET /products/44756658075867?fileloc=%2Fvar%2Fwww%2Fvhosts%2Fgreenclinic.kz%2Fnewsite%2Fwp-admin%2Fjs%2Fwidgets.js&path=%2Fvar%2Fwww%2Fvhosts%2Fgreenclinic.kz%2Fnewsite%2Fwp-admin%2Fjs HTTP/1.0" 200 44046 "-" "Mozilla/5.0 AppleWebKit/537.36 (KHTML, like Gecko; compatible; ClaudeBot/1.0; +claudebot@anthropic.com)"
216.73.216.167 - - [01/Jan/2026:04:30:00 +0500] "GET /products/426769095023765?fileloc=%2Fvar%2Fwww%2Fvhosts%2Fgreenclinic.kz%2Fnewsite%2Fwp-admin%2Fuser-new.php&path=%2Fvar%2Fwww%2Fvhosts%2Fgreenclinic.kz%2Fnewsite%2Fwp-admin HTTP/1.0" 200 49075 "-" "Mozilla/5.0 AppleWebKit/537.36 (KHTML, like Gecko; compatible; ClaudeBot/1.0; +claudebot@anthropic.com)"
216.73.216.167 - - [01/Jan/2026:04:30:00 +0500] "GET /products/618515660282560?fileloc=%2Fvar%2Fwww%2Fvhosts%2Fgreenclinic.kz%2Fnewsite%2Fwp-includes%2Fmedia-template.php&path=%2Fvar%2Fwww%2Fvhosts%2Fgreenclinic.kz%2Fnewsite%2Fwp-includes HTTP/1.0" 200 101376 "-" "Mozilla/5.0 AppleWebKit/537.36 (KHTML, like Gecko; compatible; ClaudeBot/1.0; +claudebot@anthropic.com)"
216.73.216.167 - - [01/Jan/2026:04:30:00 +0500] "GET /products/62826721476430?fileloc=%2Fvar%2Fwww%2Fvhosts%2Fgreenclinic.kz%2Fnewsite%2Fwp-admin%2Fcredits.php&path=%2Fvar%2Fwww%2Fvhosts%2Fgreenclinic.kz%2Fnewsite%2Fwp-admin HTTP/1.0" 200 22071 "-" "Mozilla/5.0 AppleWebKit/537.36 (KHTML, like Gecko; compatible; ClaudeBot/1.0; +claudebot@anthropic.com)"
216.73.216.167 - - [01/Jan/2026:04:30:00 +0500] "GET /products/187479654749723?fileloc=%2Fvar%2Fwww%2Fvhosts%2Fgreenclinic.kz%2Fnewsite%2Fwp-includes%2Fjs%2Fdist%2Fkeycodes.js&path=%2Fvar%2Fwww%2Fvhosts%2Fgreenclinic.kz%2Fnewsite%2Fwp-includes%2Fjs%2Fdist HTTP/1.0" 200 32427 "-" "Mozilla/5.0 AppleWebKit/537.36 (KHTML, like Gecko; compatible; ClaudeBot/1.0; +claudebot@anthropic.com)"
216.73.216.167 - - [01/Jan/2026:04:30:00 +0500] "GET /kz/directions2/kardiologiya?fileloc=%2Fvar%2Fwww%2Fvhosts%2Fgreenclinic.kz%2Fnewsite%2Fwp-content%2Fplugins%2Fwp-multilang%2Fflags%2Fst.png&path=%2Fvar%2Fwww%2Fvhosts%2Fgreenclinic.kz%2Fnewsite%2Fwp-content%2Fplugins%2Fwp-multilang%2Fflags HTTP/1.0" 200 17533 "-" "Mozilla/5.0 AppleWebKit/537.36 (KHTML, like Gecko; compatible; ClaudeBot/1.0; +claudebot@anthropic.com)"
74.7.227.36 - - [01/Jan/2026:04:30:00 +0500] "GET /ru/directions/proktologiya/?fileloc=/var/www/vhosts/greenclinic.kz/newsite/wp-content/uploads/2025/07/dsc09884.jpg&path=/var/www/vhosts/greenclinic.kz/newsite/wp-content/uploads/2025/07 HTTP/1.0" 200 937106 "-" "Mozilla/5.0 AppleWebKit/537.36 (KHTML, like Gecko; compatible; GPTBot/1.3; +https://openai.com/gptbot)"
2a03:2880:f814:c:: - - [01/Jan/2026:04:30:00 +0500] "GET /products/29230405 HTTP/1.0" 200 56946 "-" "meta-externalagent/1.1 (+https://developers.facebook.com/docs/sharing/webmasters/crawler)"
216.73.216.167 - - [01/Jan/2026:04:30:00 +0500] "GET /products/245524528109166?fileloc=%2Fvar%2Fwww%2Fvhosts%2Fgreenclinic.kz%2Fmed.greenclinic.kz%2Fwp-includes%2Fclass-wpdb.php&path=%2Fvar%2Fwww%2Fvhosts%2Fgreenclinic.kz%2Fmed.greenclinic.kz%2Fwp-includes HTTP/1.0" 200 146395 "-" "Mozilla/5.0 AppleWebKit/537.36 (KHTML, like Gecko; compatible; ClaudeBot/1.0; +claudebot@anthropic.com)"
216.73.216.167 - - [01/Jan/2026:04:30:00 +0500] "GET /kz/prices/hirurgiya?fileloc=%2Fvar%2Fwww%2Fvhosts%2Fgreenclinic.kz%2Fnewsite%2Fwp-includes%2Fblocks%2Fpage-list.php&path=%2Fvar%2Fwww%2Fvhosts%2Fgreenclinic.kz%2Fnewsite%2Fwp-includes%2Fblocks HTTP/1.0" 200 32765 "-" "Mozilla/5.0 AppleWebKit/537.36 (KHTML, like Gecko; compatible; ClaudeBot/1.0; +claudebot@anthropic.com)"
2a03:2880:f814:2a:: - - [01/Jan/2026:04:30:00 +0500] "GET /products/25083383 HTTP/1.0" 200 56946 "-" "meta-externalagent/1.1 (+https://developers.facebook.com/docs/sharing/webmasters/crawler)"
216.73.216.167 - - [01/Jan/2026:04:30:00 +0500] "GET /products/621535228300706?fileloc=%2Fvar%2Fwww%2Fvhosts%2Fgreenclinic.kz%2Fnewsite%2Fwp-admin%2Fprofile.php&path=%2Fvar%2Fwww%2Fvhosts%2Fgreenclinic.kz%2Fnewsite%2Fwp-admin HTTP/1.0" 200 17137 "-" "Mozilla/5.0 AppleWebKit/537.36 (KHTML, like Gecko; compatible; ClaudeBot/1.0; +claudebot@anthropic.com)"
216.73.216.167 - - [01/Jan/2026:04:30:00 +0500] "GET /products/178336826353426?fileloc=%2Fvar%2Fwww%2Fvhosts%2Fgreenclinic.kz%2Fnewsite%2Fwp-admin%2Fjs%2Fdashboard.js&path=%2Fvar%2Fwww%2Fvhosts%2Fgreenclinic.kz%2Fnewsite%2Fwp-admin%2Fjs HTTP/1.0" 200 47249 "-" "Mozilla/5.0 AppleWebKit/537.36 (KHTML, like Gecko; compatible; ClaudeBot/1.0; +claudebot@anthropic.com)"
216.73.216.167 - - [01/Jan/2026:04:30:00 +0500] "GET /products/243205277593856?fileloc=%2Fvar%2Fwww%2Fvhosts%2Fgreenclinic.kz%2Fmed.greenclinic.kz%2Fwp-includes%2Fblocks%2Fwidget-group.php&path=%2Fvar%2Fwww%2Fvhosts%2Fgreenclinic.kz%2Fmed.greenclinic.kz%2Fwp-includes%2Fblocks HTTP/1.0" 200 19686 "-" "Mozilla/5.0 AppleWebKit/537.36 (KHTML, like Gecko; compatible; ClaudeBot/1.0; +claudebot@anthropic.com)"
216.73.216.167 - - [01/Jan/2026:04:30:01 +0500] "GET /products/242769973093889?fileloc=%2Fvar%2Fwww%2Fvhosts%2Fgreenclinic.kz%2Fnewsite%2Fwp-admin%2Fabout.php&path=%2Fvar%2Fwww%2Fvhosts%2Fgreenclinic.kz%2Fnewsite%2Fwp-admin HTTP/1.0" 200 45821 "-" "Mozilla/5.0 AppleWebKit/537.36 (KHTML, like Gecko; compatible; ClaudeBot/1.0; +claudebot@anthropic.com)"
216.73.216.167 - - [01/Jan/2026:04:30:01 +0500] "GET /en/prices/url%20=%3Cwidth%3Ex%3Cheight%3E%20%22optional%20title%22?fileloc=%2Fvar%2Fwww%2Fvhosts%2Fgreenclinic.kz%2Fnewsite%2Fwp-admin%2Fadmin-footer.php&path=%2Fvar%2Fwww%2Fvhosts%2Fgreenclinic.kz%2Fnewsite%2Fwp-admin HTTP/1.0" 200 20232 "-" "Mozilla/5.0 AppleWebKit/537.36 (KHTML, like Gecko; compatible; ClaudeBot/1.0; +claudebot@anthropic.com)"
216.73.216.167 - - [01/Jan/2026:04:30:01 +0500] "GET /products/40218680094488?fileloc=%2Fvar%2Fwww%2Fvhosts%2Fgreenclinic.kz%2Fnewsite%2Fwp-admin%2Fprivacy-policy-guide.php&path=%2Fvar%2Fwww%2Fvhosts%2Fgreenclinic.kz%2Fnewsite%2Fwp-admin HTTP/1.0" 200 21587 "-" "Mozilla/5.0 AppleWebKit/537.36 (KHTML, like Gecko; compatible; ClaudeBot/1.0; +claudebot@anthropic.com)"
216.73.216.167 - - [01/Jan/2026:04:30:01 +0500] "GET /products/516212613328791?fileloc=%2Fvar%2Fwww%2Fvhosts%2Fgreenclinic.kz%2Fnewsite%2Fwp-admin%2Fincludes%2Fnoop.php&path=%2Fvar%2Fwww%2Fvhosts%2Fgreenclinic.kz%2Fnewsite%2Fwp-admin%2Fincludes HTTP/1.0" 200 18084 "-" "Mozilla/5.0 AppleWebKit/537.36 (KHTML, like Gecko; compatible; ClaudeBot/1.0; +claudebot@anthropic.com)"
216.73.216.167 - - [01/Jan/2026:04:30:01 +0500] "GET /products/567345706441332?fileloc=%2Fvar%2Fwww%2Fvhosts%2Fgreenclinic.kz%2Fnewsite%2Fwp-includes%2Fblock-supports%2Futils.php&path=%2Fvar%2Fwww%2Fvhosts%2Fgreenclinic.kz%2Fnewsite%2Fwp-includes%2Fblock-supports HTTP/1.0" 200 17990 "-" "Mozilla/5.0 AppleWebKit/537.36 (KHTML, like Gecko; compatible; ClaudeBot/1.0; +claudebot@anthropic.com)"
216.73.216.167 - - [01/Jan/2026:04:30:01 +0500] "GET /products/549755483868057?fileloc=%2Fvar%2Fwww%2Fvhosts%2Fgreenclinic.kz%2Fnewsite%2Fwp-includes%2Fblocks%2Favatar%2Feditor.min.css&path=%2Fvar%2Fwww%2Fvhosts%2Fgreenclinic.kz%2Fnewsite%2Fwp-includes%2Fblocks%2Favatar HTTP/1.0" 200 17153 "-" "Mozilla/5.0 AppleWebKit/537.36 (KHTML, like Gecko; compatible; ClaudeBot/1.0; +claudebot@anthropic.com)"
2a03:2880:f814:1c:: - - [01/Jan/2026:04:30:01 +0500] "GET /products/22134705 HTTP/1.0" 200 56946 "-" "meta-externalagent/1.1 (+https://developers.facebook.com/docs/sharing/webmasters/crawler)"
216.73.216.167 - - [01/Jan/2026:04:30:01 +0500] "GET /products/211512955512070?fileloc=%2Fvar%2Fwww%2Fvhosts%2Fgreenclinic.kz%2Fnewsite%2Fwp-admin%2Fupgrade-functions.php&path=%2Fvar%2Fwww%2Fvhosts%2Fgreenclinic.kz%2Fnewsite%2Fwp-admin HTTP/1.0" 200 17215 "-" "Mozilla/5.0 AppleWebKit/537.36 (KHTML, like Gecko; compatible; ClaudeBot/1.0; +claudebot@anthropic.com)"
216.73.216.167 - - [01/Jan/2026:04:30:01 +0500] "GET /products/378139228212205?fileloc=%2Fvar%2Fwww%2Fvhosts%2Fgreenclinic.kz%2Fnewsite%2Fwp-includes%2Fbookmark-template.php&path=%2Fvar%2Fwww%2Fvhosts%2Fgreenclinic.kz%2Fnewsite%2Fwp-includes HTTP/1.0" 200 32209 "-" "Mozilla/5.0 AppleWebKit/537.36 (KHTML, like Gecko; compatible; ClaudeBot/1.0; +claudebot@anthropic.com)"
216.73.216.167 - - [01/Jan/2026:04:30:01 +0500] "GET /products/573850509352983?fileloc=%2Fvar%2Fwww%2Fvhosts%2Fgreenclinic.kz%2Fnewsite%2Fwp-includes%2Fjs%2Fcustomize-views.min.js&path=%2Fvar%2Fwww%2Fvhosts%2Fgreenclinic.kz%2Fnewsite%2Fwp-includes%2Fjs HTTP/1.0" 200 19646 "-" "Mozilla/5.0 AppleWebKit/537.36 (KHTML, like Gecko; compatible; ClaudeBot/1.0; +claudebot@anthropic.com)"
216.73.216.167 - - [01/Jan/2026:04:30:01 +0500] "GET /products/158788425513610?fileloc=%2Fvar%2Fwww%2Fvhosts%2Fgreenclinic.kz%2Fnewsite%2Fwp-includes%2Fblocks%2Ffile%2Feditor-rtl.min.css&path=%2Fvar%2Fwww%2Fvhosts%2Fgreenclinic.kz%2Fnewsite%2Fwp-includes%2Fblocks%2Ffile HTTP/1.0" 200 17739 "-" "Mozilla/5.0 AppleWebKit/537.36 (KHTML, like Gecko; compatible; ClaudeBot/1.0; +claudebot@anthropic.com)"
216.73.216.167 - - [01/Jan/2026:04:30:01 +0500] "GET /products/708139756835382?fileloc=%2Fvar%2Fwww%2Fvhosts%2Fgreenclinic.kz%2Fnewsite%2Fwp-admin%2Fnav-menus.php&path=%2Fvar%2Fwww%2Fvhosts%2Fgreenclinic.kz%2Fnewsite%2Fwp-admin HTTP/1.0" 200 76563 "-" "Mozilla/5.0 AppleWebKit/537.36 (KHTML, like Gecko; compatible; ClaudeBot/1.0; +claudebot@anthropic.com)"
216.73.216.167 - - [01/Jan/2026:04:30:02 +0500] "GET /products/316320614474990?fileloc=%2Fvar%2Fwww%2Fvhosts%2Fgreenclinic.kz%2Fnewsite%2Fwp-includes%2Fblocks%2Fparagraph%2Fstyle.min.css&path=%2Fvar%2Fwww%2Fvhosts%2Fgreenclinic.kz%2Fnewsite%2Fwp-includes%2Fblocks%2Fparagraph HTTP/1.0" 200 17703 "-" "Mozilla/5.0 AppleWebKit/537.36 (KHTML, like Gecko; compatible; ClaudeBot/1.0; +claudebot@anthropic.com)"
216.73.216.167 - - [01/Jan/2026:04:30:02 +0500] "GET /products/374710429676045?fileloc=%2Fvar%2Fwww%2Fvhosts%2Fgreenclinic.kz%2Fnewsite%2Fwp-admin%2Fload-styles.php&path=%2Fvar%2Fwww%2Fvhosts%2Fgreenclinic.kz%2Fnewsite%2Fwp-admin HTTP/1.0" 200 20056 "-" "Mozilla/5.0 AppleWebKit/537.36 (KHTML, like Gecko; compatible; ClaudeBot/1.0; +claudebot@anthropic.com)"
216.73.216.167 - - [01/Jan/2026:04:30:02 +0500] "GET /products/183733776183225?fileloc=%2Fvar%2Fwww%2Fvhosts%2Fgreenclinic.kz%2Fnewsite%2Fwp-admin%2Foptions-head.php&path=%2Fvar%2Fwww%2Fvhosts%2Fgreenclinic.kz%2Fnewsite%2Fwp-admin HTTP/1.0" 200 17414 "-" "Mozilla/5.0 AppleWebKit/537.36 (KHTML, like Gecko; compatible; ClaudeBot/1.0; +claudebot@anthropic.com)"
216.73.216.167 - - [01/Jan/2026:04:30:02 +0500] "GET /products/684494081268320?fileloc=%2Fvar%2Fwww%2Fvhosts%2Fgreenclinic.kz%2Fnewsite%2Fwp-admin%2Fjs%2Firis.min.js&path=%2Fvar%2Fwww%2Fvhosts%2Fgreenclinic.kz%2Fnewsite%2Fwp-admin%2Fjs HTTP/1.0" 200 45355 "-" "Mozilla/5.0 AppleWebKit/537.36 (KHTML, like Gecko; compatible; ClaudeBot/1.0; +claudebot@anthropic.com)"
2a03:2880:f814:5:: - - [01/Jan/2026:04:30:02 +0500] "GET /products/4783305 HTTP/1.0" 200 56946 "-" "meta-externalagent/1.1 (+https://developers.facebook.com/docs/sharing/webmasters/crawler)"
216.73.216.167 - - [01/Jan/2026:04:30:02 +0500] "GET /products/401537564650334?fileloc=%2Fvar%2Fwww%2Fvhosts%2Fgreenclinic.kz%2Fnewsite%2Fwp-admin%2Fuser-new.php&path=%2Fvar%2Fwww%2Fvhosts%2Fgreenclinic.kz%2Fnewsite%2Fwp-admin HTTP/1.0" 200 49075 "-" "Mozilla/5.0 AppleWebKit/537.36 (KHTML, like Gecko; compatible; ClaudeBot/1.0; +claudebot@anthropic.com)"
216.73.216.167 - - [01/Jan/2026:04:30:02 +0500] "GET /products/309114237634735?fileloc=%2Fvar%2Fwww%2Fvhosts%2Fgreenclinic.kz%2Fnewsite%2Fwp-includes%2Fpomo%2Fmo.php&path=%2Fvar%2Fwww%2Fvhosts%2Fgreenclinic.kz%2Fnewsite%2Fwp-includes%2Fpomo HTTP/1.0" 200 27198 "-" "Mozilla/5.0 AppleWebKit/537.36 (KHTML, like Gecko; compatible; ClaudeBot/1.0; +claudebot@anthropic.com)"
216.73.216.167 - - [01/Jan/2026:04:30:02 +0500] "GET /products/505794033962615?fileloc=%2Fvar%2Fwww%2Fvhosts%2Fgreenclinic.kz%2Fmed.greenclinic.kz%2Fwp-includes%2Fcss%2Fadmin-bar.min.css&path=%2Fvar%2Fwww%2Fvhosts%2Fgreenclinic.kz%2Fmed.greenclinic.kz%2Fwp-includes%2Fcss HTTP/1.0" 200 37953 "-" "Mozilla/5.0 AppleWebKit/537.36 (KHTML, like Gecko; compatible; ClaudeBot/1.0; +claudebot@anthropic.com)"
216.73.216.167 - - [01/Jan/2026:04:30:02 +0500] "GET /products/158788425513610?fileloc=%2Fvar%2Fwww%2Fvhosts%2Fgreenclinic.kz%2Fnewsite%2Fwp-includes%2Fjs%2Fdist%2Fwarning.js&path=%2Fvar%2Fwww%2Fvhosts%2Fgreenclinic.kz%2Fnewsite%2Fwp-includes%2Fjs%2Fdist HTTP/1.0" 200 19581 "-" "Mozilla/5.0 AppleWebKit/537.36 (KHTML, like Gecko; compatible; ClaudeBot/1.0; +claudebot@anthropic.com)"
216.73.216.167 - - [01/Jan/2026:04:30:02 +0500] "GET /kz/directions2/kardiologiya?fileloc=%2Fvar%2Fwww%2Fvhosts%2Fgreenclinic.kz%2Fnewsite%2Fwp-content%2Fplugins%2Fwp-multilang%2Fflags%2Fit.png&path=%2Fvar%2Fwww%2Fvhosts%2Fgreenclinic.kz%2Fnewsite%2Fwp-content%2Fplugins%2Fwp-multilang%2Fflags HTTP/1.0" 200 17389 "-" "Mozilla/5.0 AppleWebKit/537.36 (KHTML, like Gecko; compatible; ClaudeBot/1.0; +claudebot@anthropic.com)"
216.73.216.167 - - [01/Jan/2026:04:30:02 +0500] "GET /products/51734998079938?fileloc=%2Fvar%2Fwww%2Fvhosts%2Fgreenclinic.kz%2Fnewsite%2Fwp-admin%2Finstall.php&path=%2Fvar%2Fwww%2Fvhosts%2Fgreenclinic.kz%2Fnewsite%2Fwp-admin HTTP/1.0" 200 39323 "-" "Mozilla/5.0 AppleWebKit/537.36 (KHTML, like Gecko; compatible; ClaudeBot/1.0; +claudebot@anthropic.com)"
216.73.216.167 - - [01/Jan/2026:04:30:02 +0500] "GET /products/341827680033778?fileloc=%2Fvar%2Fwww%2Fvhosts%2Fgreenclinic.kz%2Fnewsite%2Fwp-admin%2Foptions-reading.php&path=%2Fvar%2Fwww%2Fvhosts%2Fgreenclinic.kz%2Fnewsite%2Fwp-admin HTTP/1.0" 200 30971 "-" "Mozilla/5.0 AppleWebKit/537.36 (KHTML, like Gecko; compatible; ClaudeBot/1.0; +claudebot@anthropic.com)"
216.73.216.167 - - [01/Jan/2026:04:30:03 +0500] "GET /products/461637481337987?fileloc=%2Fvar%2Fwww%2Fvhosts%2Fgreenclinic.kz%2Fnewsite%2Fwp-includes%2Fblocks%2Fgallery%2Ftheme.css&path=%2Fvar%2Fwww%2Fvhosts%2Fgreenclinic.kz%2Fnewsite%2Fwp-includes%2Fblocks%2Fgallery HTTP/1.0" 200 17172 "-" "Mozilla/5.0 AppleWebKit/537.36 (KHTML, like Gecko; compatible; ClaudeBot/1.0; +claudebot@anthropic.com)"
216.73.216.167 - - [01/Jan/2026:04:30:03 +0500] "GET /products/584621542500624?fileloc=%2Fvar%2Fwww%2Fvhosts%2Fgreenclinic.kz%2Fnewsite%2Fwp-admin%2Fms-sites.php&path=%2Fvar%2Fwww%2Fvhosts%2Fgreenclinic.kz%2Fnewsite%2Fwp-admin HTTP/1.0" 200 17070 "-" "Mozilla/5.0 AppleWebKit/537.36 (KHTML, like Gecko; compatible; ClaudeBot/1.0; +claudebot@anthropic.com)"
2a03:2880:f814:2a:: - - [01/Jan/2026:04:30:03 +0500] "GET /products/7741550 HTTP/1.0" 200 56946 "-" "meta-externalagent/1.1 (+https://developers.facebook.com/docs/sharing/webmasters/crawler)"
216.73.216.167 - - [01/Jan/2026:04:30:03 +0500] "GET /products/149233523248117?fileloc=%2Fvar%2Fwww%2Fvhosts%2Fgreenclinic.kz%2Fnewsite%2Fwp-includes%2Fpomo%2Fmo.php&path=%2Fvar%2Fwww%2Fvhosts%2Fgreenclinic.kz%2Fnewsite%2Fwp-includes%2Fpomo HTTP/1.0" 200 27198 "-" "Mozilla/5.0 AppleWebKit/537.36 (KHTML, like Gecko; compatible; ClaudeBot/1.0; +claudebot@anthropic.com)"
216.73.216.167 - - [01/Jan/2026:04:30:03 +0500] "GET /products/304515825289504?fileloc=%2Fvar%2Fwww%2Fvhosts%2Fgreenclinic.kz%2Fnewsite%2Fwp-includes%2Fjs%2Fadmin-bar.js&path=%2Fvar%2Fwww%2Fvhosts%2Fgreenclinic.kz%2Fnewsite%2Fwp-includes%2Fjs HTTP/1.0" 200 29257 "-" "Mozilla/5.0 AppleWebKit/537.36 (KHTML, like Gecko; compatible; ClaudeBot/1.0; +claudebot@anthropic.com)"
216.73.216.167 - - [01/Jan/2026:04:30:03 +0500] "GET /products/24152538335099?path=%2Fvar%2Fwww%2Fvhosts%2Fgreenclinic.kz%2Fmed.greenclinic.kz%2Fwp-content%2Fupgrade-temp-backup HTTP/1.0" 200 17359 "-" "Mozilla/5.0 AppleWebKit/537.36 (KHTML, like Gecko; compatible; ClaudeBot/1.0; +claudebot@anthropic.com)"
216.73.216.167 - - [01/Jan/2026:04:30:03 +0500] "GET /products/344584980303574?fileloc=%2Fvar%2Fwww%2Fvhosts%2Fgreenclinic.kz%2Fnewsite%2Fwp-includes%2Fjs%2Fwp-ajax-response.js&path=%2Fvar%2Fwww%2Fvhosts%2Fgreenclinic.kz%2Fnewsite%2Fwp-includes%2Fjs HTTP/1.0" 200 21450 "-" "Mozilla/5.0 AppleWebKit/537.36 (KHTML, like Gecko; compatible; ClaudeBot/1.0; +claudebot@anthropic.com)"
2a03:2880:f814:4:: - - [01/Jan/2026:04:30:02 +0500] "GET /products/8254049 HTTP/1.0" 200 56946 "-" "meta-externalagent/1.1 (+https://developers.facebook.com/docs/sharing/webmasters/crawler)"
216.73.216.167 - - [01/Jan/2026:04:30:03 +0500] "GET /products/297588737981238?fileloc=%2Fvar%2Fwww%2Fvhosts%2Fgreenclinic.kz%2Fnewsite%2Fwp-includes%2Fblocks%2Fheading%2Fstyle.css&path=%2Fvar%2Fwww%2Fvhosts%2Fgreenclinic.kz%2Fnewsite%2Fwp-includes%2Fblocks%2Fheading HTTP/1.0" 200 18058 "-" "Mozilla/5.0 AppleWebKit/537.36 (KHTML, like Gecko; compatible; ClaudeBot/1.0; +claudebot@anthropic.com)"
216.73.216.167 - - [01/Jan/2026:04:30:03 +0500] "GET /products/307648173389157?fileloc=%2Fvar%2Fwww%2Fvhosts%2Fgreenclinic.kz%2Fnewsite%2Fwp-admin%2Fadmin-ajax.php&path=%2Fvar%2Fwww%2Fvhosts%2Fgreenclinic.kz%2Fnewsite%2Fwp-admin HTTP/1.0" 200 23459 "-" "Mozilla/5.0 AppleWebKit/537.36 (KHTML, like Gecko; compatible; ClaudeBot/1.0; +claudebot@anthropic.com)"
216.73.216.167 - - [01/Jan/2026:04:30:03 +0500] "GET /products/316320614474990?fileloc=%2Fvar%2Fwww%2Fvhosts%2Fgreenclinic.kz%2Fnewsite%2Fwp-includes%2FID3%2Fmodule.audio-video.matroska.php&path=%2Fvar%2Fwww%2Fvhosts%2Fgreenclinic.kz%2Fnewsite%2Fwp-includes%2FID3 HTTP/1.0" 200 137773 "-" "Mozilla/5.0 AppleWebKit/537.36 (KHTML, like Gecko; compatible; ClaudeBot/1.0; +claudebot@anthropic.com)"
2a03:2880:f814:1b:: - - [01/Jan/2026:04:30:03 +0500] "GET /products/28094138 HTTP/1.0" 200 56946 "-" "meta-externalagent/1.1 (+https://developers.facebook.com/docs/sharing/webmasters/crawler)"
2a03:2880:f814:d:: - - [01/Jan/2026:04:30:03 +0500] "GET /en/?item=423323640 HTTP/1.0" 200 56946 "-" "meta-externalagent/1.1 (+https://developers.facebook.com/docs/sharing/webmasters/crawler)"
216.73.216.167 - - [01/Jan/2026:04:30:03 +0500] "GET /products/653610791637919?fileloc=%2Fvar%2Fwww%2Fvhosts%2Fgreenclinic.kz%2Fnewsite%2Fwp-includes%2Fblock-supports%2Futils.php&path=%2Fvar%2Fwww%2Fvhosts%2Fgreenclinic.kz%2Fnewsite%2Fwp-includes%2Fblock-supports HTTP/1.0" 200 17990 "-" "Mozilla/5.0 AppleWebKit/537.36 (KHTML, like Gecko; compatible; ClaudeBot/1.0; +claudebot@anthropic.com)"
216.73.216.167 - - [01/Jan/2026:04:30:04 +0500] "GET /products/245387718713444?fileloc=%2Fvar%2Fwww%2Fvhosts%2Fgreenclinic.kz%2Fnewsite%2Fwp-includes%2Ffonts.php&path=%2Fvar%2Fwww%2Fvhosts%2Fgreenclinic.kz%2Fnewsite%2Fwp-includes HTTP/1.0" 200 27018 "-" "Mozilla/5.0 AppleWebKit/537.36 (KHTML, like Gecko; compatible; ClaudeBot/1.0; +claudebot@anthropic.com)"
216.73.216.167 - - [01/Jan/2026:04:30:04 +0500] "GET /products/245697006491863?fileloc=%2Fvar%2Fwww%2Fvhosts%2Fgreenclinic.kz%2Fnewsite%2Fwp-includes%2Fl10n.php&path=%2Fvar%2Fwww%2Fvhosts%2Fgreenclinic.kz%2Fnewsite%2Fwp-includes HTTP/1.0" 200 86750 "-" "Mozilla/5.0 AppleWebKit/537.36 (KHTML, like Gecko; compatible; ClaudeBot/1.0; +claudebot@anthropic.com)"
216.73.216.167 - - [01/Jan/2026:04:30:04 +0500] "GET /products/181439861398807?fileloc=%2Fvar%2Fwww%2Fvhosts%2Fgreenclinic.kz%2Fnewsite%2Fwp-admin%2Fjs%2Feditor.js&path=%2Fvar%2Fwww%2Fvhosts%2Fgreenclinic.kz%2Fnewsite%2Fwp-admin%2Fjs HTTP/1.0" 200 66831 "-" "Mozilla/5.0 AppleWebKit/537.36 (KHTML, like Gecko; compatible; ClaudeBot/1.0; +claudebot@anthropic.com)"
216.73.216.167 - - [01/Jan/2026:04:30:04 +0500] "GET /products/687026920017785?fileloc=%2Fvar%2Fwww%2Fvhosts%2Fgreenclinic.kz%2Fnewsite%2Fwp-admin%2Fload-styles.php&path=%2Fvar%2Fwww%2Fvhosts%2Fgreenclinic.kz%2Fnewsite%2Fwp-admin HTTP/1.0" 200 20056 "-" "Mozilla/5.0 AppleWebKit/537.36 (KHTML, like Gecko; compatible; ClaudeBot/1.0; +claudebot@anthropic.com)"
74.7.227.36 - - [01/Jan/2026:04:30:00 +0500] "GET /ru/directions/proktologiya/?fileloc=/var/www/vhosts/greenclinic.kz/newsite/wp-content/uploads/2025/06/dsc01194.jpg&path=/var/www/vhosts/greenclinic.kz/newsite/wp-content/uploads/2025/06 HTTP/1.0" 200 27126914 "-" "Mozilla/5.0 AppleWebKit/537.36 (KHTML, like Gecko; compatible; GPTBot/1.3; +https://openai.com/gptbot)"
216.73.216.167 - - [01/Jan/2026:04:30:04 +0500] "GET /products/632640986286026?fileloc=%2Fvar%2Fwww%2Fvhosts%2Fgreenclinic.kz%2Fnewsite%2Fwp-admin%2Fjs%2Fcomment.js&path=%2Fvar%2Fwww%2Fvhosts%2Fgreenclinic.kz%2Fnewsite%2Fwp-admin%2Fjs HTTP/1.0" 200 20370 "-" "Mozilla/5.0 AppleWebKit/537.36 (KHTML, like Gecko; compatible; ClaudeBot/1.0; +claudebot@anthropic.com)"
216.73.216.167 - - [01/Jan/2026:04:30:04 +0500] "GET /products/489120435564200?fileloc=%2Fvar%2Fwww%2Fvhosts%2Fgreenclinic.kz%2Fnewsite%2Fwp-admin%2Fjs%2Feditor.min.js&path=%2Fvar%2Fwww%2Fvhosts%2Fgreenclinic.kz%2Fnewsite%2Fwp-admin%2Fjs HTTP/1.0" 200 34558 "-" "Mozilla/5.0 AppleWebKit/537.36 (KHTML, like Gecko; compatible; ClaudeBot/1.0; +claudebot@anthropic.com)"
216.73.216.167 - - [01/Jan/2026:04:30:04 +0500] "GET /products/279323898577912?fileloc=%2Fvar%2Fwww%2Fvhosts%2Fgreenclinic.kz%2Fnewsite%2Fwp-admin%2Finstall.php&path=%2Fvar%2Fwww%2Fvhosts%2Fgreenclinic.kz%2Fnewsite%2Fwp-admin HTTP/1.0" 200 39323 "-" "Mozilla/5.0 AppleWebKit/537.36 (KHTML, like Gecko; compatible; ClaudeBot/1.0; +claudebot@anthropic.com)"
2a03:2880:f814:39:: - - [01/Jan/2026:04:30:04 +0500] "GET /products/21970772 HTTP/1.0" 200 56946 "-" "meta-externalagent/1.1 (+https://developers.facebook.com/docs/sharing/webmasters/crawler)"
216.73.216.167 - - [01/Jan/2026:04:30:04 +0500] "GET /products/304764084131702?fileloc=%2Fvar%2Fwww%2Fvhosts%2Fgreenclinic.kz%2Fnewsite%2Fwp-includes%2Fvars.php&path=%2Fvar%2Fwww%2Fvhosts%2Fgreenclinic.kz%2Fnewsite%2Fwp-includes HTTP/1.0" 200 24194 "-" "Mozilla/5.0 AppleWebKit/537.36 (KHTML, like Gecko; compatible; ClaudeBot/1.0; +claudebot@anthropic.com)"
216.73.216.167 - - [01/Jan/2026:04:30:04 +0500] "GET /products/286098368149066?fileloc=%2Fvar%2Fwww%2Fvhosts%2Fgreenclinic.kz%2Fmed.greenclinic.kz%2Fwp-includes%2Ffeed-rss2.php&path=%2Fvar%2Fwww%2Fvhosts%2Fgreenclinic.kz%2Fmed.greenclinic.kz%2Fwp-includes HTTP/1.0" 200 21764 "-" "Mozilla/5.0 AppleWebKit/537.36 (KHTML, like Gecko; compatible; ClaudeBot/1.0; +claudebot@anthropic.com)"
216.73.216.167 - - [01/Jan/2026:04:30:03 +0500] "GET /products/498325025101528?fileloc=%2Fvar%2Fwww%2Fvhosts%2Fgreenclinic.kz%2Fnewsite%2Fwp-admin%2Fjs%2Feditor.min.js&path=%2Fvar%2Fwww%2Fvhosts%2Fgreenclinic.kz%2Fnewsite%2Fwp-admin%2Fjs HTTP/1.0" 200 34558 "-" "Mozilla/5.0 AppleWebKit/537.36 (KHTML, like Gecko; compatible; ClaudeBot/1.0; +claudebot@anthropic.com)"
216.73.216.167 - - [01/Jan/2026:04:30:04 +0500] "GET /products/294892586099991?fileloc=%2Fvar%2Fwww%2Fvhosts%2Fgreenclinic.kz%2Fnewsite%2Fwp-admin%2Ferase-personal-data.php&path=%2Fvar%2Fwww%2Fvhosts%2Fgreenclinic.kz%2Fnewsite%2Fwp-admin HTTP/1.0" 200 26760 "-" "Mozilla/5.0 AppleWebKit/537.36 (KHTML, like Gecko; compatible; ClaudeBot/1.0; +claudebot@anthropic.com)"
216.73.216.167 - - [01/Jan/2026:04:30:04 +0500] "GET /products/675331352498427?fileloc=%2Fvar%2Fwww%2Fvhosts%2Fgreenclinic.kz%2Fnewsite%2Fwp-includes%2Fjs%2Fswfobject.js&path=%2Fvar%2Fwww%2Fvhosts%2Fgreenclinic.kz%2Fnewsite%2Fwp-includes%2Fjs HTTP/1.0" 200 29109 "-" "Mozilla/5.0 AppleWebKit/537.36 (KHTML, like Gecko; compatible; ClaudeBot/1.0; +claudebot@anthropic.com)"
216.73.216.167 - - [01/Jan/2026:04:30:05 +0500] "GET /products/518242796666128?fileloc=%2Fvar%2Fwww%2Fvhosts%2Fgreenclinic.kz%2Fnewsite%2Fwp-admin%2Fincludes%2Fms-deprecated.php&path=%2Fvar%2Fwww%2Fvhosts%2Fgreenclinic.kz%2Fnewsite%2Fwp-admin%2Fincludes HTTP/1.0" 200 20927 "-" "Mozilla/5.0 AppleWebKit/537.36 (KHTML, like Gecko; compatible; ClaudeBot/1.0; +claudebot@anthropic.com)"
216.73.216.167 - - [01/Jan/2026:04:30:05 +0500] "GET /products/87305338458180?fileloc=%2Fvar%2Fwww%2Fvhosts%2Fgreenclinic.kz%2Fnewsite%2Fwp-admin%2Fimport.php&path=%2Fvar%2Fwww%2Fvhosts%2Fgreenclinic.kz%2Fnewsite%2Fwp-admin HTTP/1.0" 200 26375 "-" "Mozilla/5.0 AppleWebKit/537.36 (KHTML, like Gecko; compatible; ClaudeBot/1.0; +claudebot@anthropic.com)"
2a03:2880:f814:18:: - - [01/Jan/2026:04:30:05 +0500] "GET /products/29646238 HTTP/1.0" 200 56946 "-" "meta-externalagent/1.1 (+https://developers.facebook.com/docs/sharing/webmasters/crawler)"
