216.73.216.167 - - [01/Jan/2026:04:30:49 +0500] "GET /products/559967822873845?fileloc=%2Fvar%2Fwww%2Fvhosts%2Fgreenclinic.kz%2Fmed.greenclinic.kz%2Fwp-admin%2Fadmin-functions.php&path=%2Fvar%2Fwww%2Fvhosts%2Fgreenclinic.kz%2Fmed.greenclinic.kz%2Fwp-admin HTTP/1.0" 200 17430 "-" "Mozilla/5.0 AppleWebKit/537.36 (KHTML, like Gecko; compatible; ClaudeBot/1.0; +claudebot@anthropic.com)"
2a03:2880:f814:3b:: - - [01/Jan/2026:04:30:49 +0500] "GET /products/2257894 HTTP/1.0" 200 56946 "-" "meta-externalagent/1.1 (+https://developers.facebook.com/docs/sharing/webmasters/crawler)"
216.73.216.167 - - [01/Jan/2026:04:30:49 +0500] "GET /products/598791409979588?fileloc=%2Fvar%2Fwww%2Fvhosts%2Fgreenclinic.kz%2Fnewsite%2Fwp-includes%2Fblocks%2Ffreeform%2Feditor-rtl.min.css&path=%2Fvar%2Fwww%2Fvhosts%2Fgreenclinic.kz%2Fnewsite%2Fwp-includes%2Fblocks%2Ffreeform HTTP/1.0" 200 27114 "-" "Mozilla/5.0 AppleWebKit/537.36 (KHTML, like Gecko; compatible; ClaudeBot/1.0; +claudebot@anthropic.com)"
216.73.216.167 - - [01/Jan/2026:04:30:49 +0500] "GET /products/493703657938469?fileloc=%2Fvar%2Fwww%2Fvhosts%2Fgreenclinic.kz%2Fnewsite%2Fwp-includes%2Fjs%2Ftw-sack.js&path=%2Fvar%2Fwww%2Fvhosts%2Fgreenclinic.kz%2Fnewsite%2Fwp-includes%2Fjs HTTP/1.0" 200 22135 "-" "Mozilla/5.0 AppleWebKit/537.36 (KHTML, like Gecko; compatible; ClaudeBot/1.0; +claudebot@anthropic.com)"
216.73.216.167 - - [01/Jan/2026:04:30:49 +0500] "GET /products/618970103587181?fileloc=%2Fvar%2Fwww%2Fvhosts%2Fgreenclinic.kz%2Fnewsite%2Fwp-includes%2Fblocks%2Fsite-logo%2Fstyle.min.css&path=%2Fvar%2Fwww%2Fvhosts%2Fgreenclinic.kz%2Fnewsite%2Fwp-includes%2Fblocks%2Fsite-logo HTTP/1.0" 200 17481 "-" "Mozilla/5.0 AppleWebKit/537.36 (KHTML, like Gecko; compatible; ClaudeBot/1.0; +claudebot@anthropic.com)"
216.73.216.167 - - [01/Jan/2026:04:30:49 +0500] "GET /products/250948564305862?fileloc=%2Fvar%2Fwww%2Fvhosts%2Fgreenclinic.kz%2Fmed.greenclinic.kz%2Fwp-includes%2Ftheme-compat%2Fcomments.php&path=%2Fvar%2Fwww%2Fvhosts%2Fgreenclinic.kz%2Fmed.greenclinic.kz%2Fwp-includes%2Ftheme-compat HTTP/1.0" 200 19688 "-" "Mozilla/5.0 AppleWebKit/537.36 (KHTML, like Gecko; compatible; ClaudeBot/1.0; +claudebot@anthropic.com)"
216.73.216.167 - - [01/Jan/2026:04:30:49 +0500] "GET /products/506315335794122?fileloc=%2Fvar%2Fwww%2Fvhosts%2Fgreenclinic.kz%2Fnewsite%2Fwp-includes%2Fsodium_compat%2Flib%2Fristretto255.php&path=%2Fvar%2Fwww%2Fvhosts%2Fgreenclinic.kz%2Fnewsite%2Fwp-includes%2Fsodium_compat%2Flib HTTP/1.0" 200 24570 "-" "Mozilla/5.0 AppleWebKit/537.36 (KHTML, like Gecko; compatible; ClaudeBot/1.0; +claudebot@anthropic.com)"
216.73.216.167 - - [01/Jan/2026:04:30:49 +0500] "GET /products/191449758855462?fileloc=%2Fvar%2Fwww%2Fvhosts%2Fgreenclinic.kz%2Fnewsite%2Fwp-includes%2Fblocks%2Favatar%2Fstyle.css&path=%2Fvar%2Fwww%2Fvhosts%2Fgreenclinic.kz%2Fnewsite%2Fwp-includes%2Fblocks%2Favatar HTTP/1.0" 200 17184 "-" "Mozilla/5.0 AppleWebKit/537.36 (KHTML, like Gecko; compatible; ClaudeBot/1.0; +claudebot@anthropic.com)"
216.73.216.167 - - [01/Jan/2026:04:30:49 +0500] "GET /products/666253472080758?fileloc=%2Fvar%2Fwww%2Fvhosts%2Fgreenclinic.kz%2Fnewsite%2Fwp-includes%2Fblocks%2Fdetails%2Feditor.css&path=%2Fvar%2Fwww%2Fvhosts%2Fgreenclinic.kz%2Fnewsite%2Fwp-includes%2Fblocks%2Fdetails HTTP/1.0" 200 17083 "-" "Mozilla/5.0 AppleWebKit/537.36 (KHTML, like Gecko; compatible; ClaudeBot/1.0; +claudebot@anthropic.com)"
216.73.216.167 - - [01/Jan/2026:04:30:49 +0500] "GET /products/134413736174295?fileloc=%2Fvar%2Fwww%2Fvhosts%2Fgreenclinic.kz%2Fmed.greenclinic.kz%2Fwp-includes%2FID3%2Fmodule.audio.flac.php&path=%2Fvar%2Fwww%2Fvhosts%2Fgreenclinic.kz%2Fmed.greenclinic.kz%2Fwp-includes%2FID3 HTTP/1.0" 200 41045 "-" "Mozilla/5.0 AppleWebKit/537.36 (KHTML, like Gecko; compatible; ClaudeBot/1.0; +claudebot@anthropic.com)"
74.7.227.36 - - [01/Jan/2026:04:30:47 +0500] "GET /ru/directions/proktologiya/?fileloc=/var/www/vhosts/greenclinic.kz/newsite/wp-content/uploads/2025/06/dsc01294.jpg&path=/var/www/vhosts/greenclinic.kz/newsite/wp-content/uploads/2025/06 HTTP/1.0" 200 24123838 "-" "Mozilla/5.0 AppleWebKit/537.36 (KHTML, like Gecko; compatible; GPTBot/1.3; +https://openai.com/gptbot)"
216.73.216.167 - - [01/Jan/2026:04:30:50 +0500] "GET /products/395417032358894?fileloc=%2Fvar%2Fwww%2Fvhosts%2Fgreenclinic.kz%2Fmed.greenclinic.kz%2Fwp-includes%2Fblocks%2Fnavigation-link.php&path=%2Fvar%2Fwww%2Fvhosts%2Fgreenclinic.kz%2Fmed.greenclinic.kz%2Fwp-includes%2Fblocks HTTP/1.0" 200 33426 "-" "Mozilla/5.0 AppleWebKit/537.36 (KHTML, like Gecko; compatible; ClaudeBot/1.0; +claudebot@anthropic.com)"
2a03:2880:f814:2f:: - - [01/Jan/2026:04:30:50 +0500] "GET /products/20698327 HTTP/1.0" 200 56946 "-" "meta-externalagent/1.1 (+https://developers.facebook.com/docs/sharing/webmasters/crawler)"
216.73.216.167 - - [01/Jan/2026:04:30:50 +0500] "GET /products/27459292500556?fileloc=%2Fvar%2Fwww%2Fvhosts%2Fgreenclinic.kz%2Fnewsite%2Fwp-admin%2Fjs%2Flanguage-chooser.min.js&path=%2Fvar%2Fwww%2Fvhosts%2Fgreenclinic.kz%2Fnewsite%2Fwp-admin%2Fjs HTTP/1.0" 200 17511 "-" "Mozilla/5.0 AppleWebKit/537.36 (KHTML, like Gecko; compatible; ClaudeBot/1.0; +claudebot@anthropic.com)"
216.73.216.167 - - [01/Jan/2026:04:30:50 +0500] "GET /kz/directions2/kardiologiya?fileloc=%2Fvar%2Fwww%2Fvhosts%2Fgreenclinic.kz%2Fhttpdocs%2Fwp-includes%2Fimages%2Fadmin-bar-sprite.png&path=%2Fvar%2Fwww%2Fvhosts%2Fgreenclinic.kz%2Fhttpdocs%2Fwp-includes%2Fimages HTTP/1.0" 200 21512 "-" "Mozilla/5.0 AppleWebKit/537.36 (KHTML, like Gecko; compatible; ClaudeBot/1.0; +claudebot@anthropic.com)"
216.73.216.167 - - [01/Jan/2026:04:30:50 +0500] "GET /products/190567635118926?fileloc=%2Fvar%2Fwww%2Fvhosts%2Fgreenclinic.kz%2Fmed.greenclinic.kz%2Fwp-includes%2Fsodium_compat%2Fnamespaced%2FCompat.php&path=%2Fvar%2Fwww%2Fvhosts%2Fgreenclinic.kz%2Fmed.greenclinic.kz%2Fwp-includes%2Fsodium_compat%2Fnamespaced HTTP/1.0" 200 17225 "-" "Mozilla/5.0 AppleWebKit/537.36 (KHTML, like Gecko; compatible; ClaudeBot/1.0; +claudebot@anthropic.com)"
2a03:2880:f814:19:: - - [01/Jan/2026:04:30:50 +0500] "GET /products/4043449 HTTP/1.0" 200 56946 "-" "meta-externalagent/1.1 (+https://developers.facebook.com/docs/sharing/webmasters/crawler)"
216.73.216.167 - - [01/Jan/2026:04:30:50 +0500] "GET /products/585372148693091?fileloc=%2Fvar%2Fwww%2Fvhosts%2Fgreenclinic.kz%2Fnewsite%2Fwp-admin%2Fjs%2Fupdates.js&path=%2Fvar%2Fwww%2Fvhosts%2Fgreenclinic.kz%2Fnewsite%2Fwp-admin%2Fjs HTTP/1.0" 200 141604 "-" "Mozilla/5.0 AppleWebKit/537.36 (KHTML, like Gecko; compatible; ClaudeBot/1.0; +claudebot@anthropic.com)"
216.73.216.167 - - [01/Jan/2026:04:30:50 +0500] "GET /en/directions/dermatologiya?fileloc=%2Fvar%2Fwww%2Fvhosts%2Fgreenclinic.kz%2Fnewsite%2Fwp-includes%2Fblocks%2Fpost-title%2Fstyle-rtl.css&path=%2Fvar%2Fwww%2Fvhosts%2Fgreenclinic.kz%2Fnewsite%2Fwp-includes%2Fblocks%2Fpost-title HTTP/1.0" 200 17168 "-" "Mozilla/5.0 AppleWebKit/537.36 (KHTML, like Gecko; compatible; ClaudeBot/1.0; +claudebot@anthropic.com)"
216.73.216.167 - - [01/Jan/2026:04:30:50 +0500] "GET /products/68053306323940?fileloc=%2Fvar%2Fwww%2Fvhosts%2Fgreenclinic.kz%2Fnewsite%2Fwp-admin%2Fincludes%2Ftranslation-install.php&path=%2Fvar%2Fwww%2Fvhosts%2Fgreenclinic.kz%2Fnewsite%2Fwp-admin%2Fincludes HTTP/1.0" 200 27158 "-" "Mozilla/5.0 AppleWebKit/537.36 (KHTML, like Gecko; compatible; ClaudeBot/1.0; +claudebot@anthropic.com)"
216.73.216.167 - - [01/Jan/2026:04:30:50 +0500] "GET /products/620692701812432?fileloc=%2Fvar%2Fwww%2Fvhosts%2Fgreenclinic.kz%2Fclinic_front%2Fdist-old%2F.gitignore&path=%2Fvar%2Fwww%2Fvhosts%2Fgreenclinic.kz%2Fclinic_front%2Fdist-old HTTP/1.0" 200 17057 "-" "Mozilla/5.0 AppleWebKit/537.36 (KHTML, like Gecko; compatible; ClaudeBot/1.0; +claudebot@anthropic.com)"
2a03:2880:f814:2e:: - - [01/Jan/2026:04:30:50 +0500] "GET /products/5473638 HTTP/1.0" 200 56946 "-" "meta-externalagent/1.1 (+https://developers.facebook.com/docs/sharing/webmasters/crawler)"
216.73.216.167 - - [01/Jan/2026:04:30:50 +0500] "GET /ru/directions/vertebrologiya?fileloc=%2Fvar%2Fwww%2Fvhosts%2Fgreenclinic.kz%2Fclinic_front%2Fsrc%2Ffonts%2FMontserrat-ExtraBold.svg&path=%2Fvar%2Fwww%2Fvhosts%2Fgreenclinic.kz%2Fclinic_front%2Fsrc%2Ffonts HTTP/1.0" 200 2355109 "-" "Mozilla/5.0 AppleWebKit/537.36 (KHTML, like Gecko; compatible; ClaudeBot/1.0; +claudebot@anthropic.com)"
216.73.216.167 - - [01/Jan/2026:04:30:50 +0500] "GET /products/584694153426313?fileloc=%2Fvar%2Fwww%2Fvhosts%2Fgreenclinic.kz%2Fmed.greenclinic.kz%2Fwp-includes%2Fabilities-api.php&path=%2Fvar%2Fwww%2Fvhosts%2Fgreenclinic.kz%2Fmed.greenclinic.kz%2Fwp-includes HTTP/1.0" 200 43232 "-" "Mozilla/5.0 AppleWebKit/537.36 (KHTML, like Gecko; compatible; ClaudeBot/1.0; +claudebot@anthropic.com)"
216.73.216.167 - - [01/Jan/2026:04:30:50 +0500] "GET /products/684821030752342?fileloc=%2Fvar%2Fwww%2Fvhosts%2Fgreenclinic.kz%2Fnewsite%2Fwp-admin%2Fjs%2Finline-edit-post.js&path=%2Fvar%2Fwww%2Fvhosts%2Fgreenclinic.kz%2Fnewsite%2Fwp-admin%2Fjs HTTP/1.0" 200 40901 "-" "Mozilla/5.0 AppleWebKit/537.36 (KHTML, like Gecko; compatible; ClaudeBot/1.0; +claudebot@anthropic.com)"
216.73.216.167 - - [01/Jan/2026:04:30:50 +0500] "GET /products/446822828676469?fileloc=%2Fvar%2Fwww%2Fvhosts%2Fgreenclinic.kz%2Fnewsite%2Fwp-includes%2Fjs%2Fmedia-editor.min.js&path=%2Fvar%2Fwww%2Fvhosts%2Fgreenclinic.kz%2Fnewsite%2Fwp-includes%2Fjs HTTP/1.0" 200 29906 "-" "Mozilla/5.0 AppleWebKit/537.36 (KHTML, like Gecko; compatible; ClaudeBot/1.0; +claudebot@anthropic.com)"
216.73.216.167 - - [01/Jan/2026:04:30:51 +0500] "GET /products/675331352498427?fileloc=%2Fvar%2Fwww%2Fvhosts%2Fgreenclinic.kz%2Fnewsite%2Fwp-includes%2Fblocks%2Fverse%2Fstyle.min.css&path=%2Fvar%2Fwww%2Fvhosts%2Fgreenclinic.kz%2Fnewsite%2Fwp-includes%2Fblocks%2Fverse HTTP/1.0" 200 17131 "-" "Mozilla/5.0 AppleWebKit/537.36 (KHTML, like Gecko; compatible; ClaudeBot/1.0; +claudebot@anthropic.com)"
216.73.216.167 - - [01/Jan/2026:04:30:51 +0500] "GET /products/179531475735425?fileloc=%2Fvar%2Fwww%2Fvhosts%2Fgreenclinic.kz%2Fnewsite%2Fwp-includes%2Fjs%2Ftw-sack.js&path=%2Fvar%2Fwww%2Fvhosts%2Fgreenclinic.kz%2Fnewsite%2Fwp-includes%2Fjs HTTP/1.0" 200 22135 "-" "Mozilla/5.0 AppleWebKit/537.36 (KHTML, like Gecko; compatible; ClaudeBot/1.0; +claudebot@anthropic.com)"
216.73.216.167 - - [01/Jan/2026:04:30:51 +0500] "GET /products/161871088303826?fileloc=%2Fvar%2Fwww%2Fvhosts%2Fgreenclinic.kz%2Fnewsite%2Fwp-includes%2Fblocks%2Fvideo%2Feditor-rtl.min.css&path=%2Fvar%2Fwww%2Fvhosts%2Fgreenclinic.kz%2Fnewsite%2Fwp-includes%2Fblocks%2Fvideo HTTP/1.0" 200 18891 "-" "Mozilla/5.0 AppleWebKit/537.36 (KHTML, like Gecko; compatible; ClaudeBot/1.0; +claudebot@anthropic.com)"
216.73.216.167 - - [01/Jan/2026:04:30:51 +0500] "GET /products/456250819957456?fileloc=%2Fvar%2Fwww%2Fvhosts%2Fgreenclinic.kz%2Fmed.greenclinic.kz%2Fwp-includes%2Fembed.php&path=%2Fvar%2Fwww%2Fvhosts%2Fgreenclinic.kz%2Fmed.greenclinic.kz%2Fwp-includes HTTP/1.0" 200 60676 "-" "Mozilla/5.0 AppleWebKit/537.36 (KHTML, like Gecko; compatible; ClaudeBot/1.0; +claudebot@anthropic.com)"
216.73.216.167 - - [01/Jan/2026:04:30:51 +0500] "GET /products/113383454551519?fileloc=%2Fvar%2Fwww%2Fvhosts%2Fgreenclinic.kz%2Fmed.greenclinic.kz%2Fwp-includes%2Fsodium_compat%2Fnamespaced%2FCompat.php&path=%2Fvar%2Fwww%2Fvhosts%2Fgreenclinic.kz%2Fmed.greenclinic.kz%2Fwp-includes%2Fsodium_compat%2Fnamespaced HTTP/1.0" 200 17225 "-" "Mozilla/5.0 AppleWebKit/537.36 (KHTML, like Gecko; compatible; ClaudeBot/1.0; +claudebot@anthropic.com)"
216.73.216.167 - - [01/Jan/2026:04:30:51 +0500] "GET /products/309114237634735?fileloc=%2Fvar%2Fwww%2Fvhosts%2Fgreenclinic.kz%2Fnewsite%2Fwp-includes%2Fblocks%2Ffreeform%2Feditor-rtl.min.css&path=%2Fvar%2Fwww%2Fvhosts%2Fgreenclinic.kz%2Fnewsite%2Fwp-includes%2Fblocks%2Ffreeform HTTP/1.0" 200 27114 "-" "Mozilla/5.0 AppleWebKit/537.36 (KHTML, like Gecko; compatible; ClaudeBot/1.0; +claudebot@anthropic.com)"
216.73.216.167 - - [01/Jan/2026:04:30:51 +0500] "GET /products/304515825289504?fileloc=%2Fvar%2Fwww%2Fvhosts%2Fgreenclinic.kz%2Fnewsite%2Fwp-includes%2Fblocks%2Fsearch%2Fstyle.css&path=%2Fvar%2Fwww%2Fvhosts%2Fgreenclinic.kz%2Fnewsite%2Fwp-includes%2Fblocks%2Fsearch HTTP/1.0" 200 19573 "-" "Mozilla/5.0 AppleWebKit/537.36 (KHTML, like Gecko; compatible; ClaudeBot/1.0; +claudebot@anthropic.com)"
216.73.216.167 - - [01/Jan/2026:04:30:51 +0500] "GET /products/548306026450313?fileloc=%2Fvar%2Fwww%2Fvhosts%2Fgreenclinic.kz%2Fnewsite%2Fwp-includes%2Fblocks%2Farchives%2Fstyle-rtl.min.css&path=%2Fvar%2Fwww%2Fvhosts%2Fgreenclinic.kz%2Fnewsite%2Fwp-includes%2Fblocks%2Farchives HTTP/1.0" 200 17132 "-" "Mozilla/5.0 AppleWebKit/537.36 (KHTML, like Gecko; compatible; ClaudeBot/1.0; +claudebot@anthropic.com)"
2a03:2880:f814:23:: - - [01/Jan/2026:04:30:51 +0500] "GET /products/24567216 HTTP/1.0" 200 56946 "-" "meta-externalagent/1.1 (+https://developers.facebook.com/docs/sharing/webmasters/crawler)"
216.73.216.167 - - [01/Jan/2026:04:30:51 +0500] "GET /products/205386854081149?fileloc=%2Fvar%2Fwww%2Fvhosts%2Fgreenclinic.kz%2Fnewsite%2Fwp-includes%2Fblocks%2Fsearch%2Ftheme.min.css&path=%2Fvar%2Fwww%2Fvhosts%2Fgreenclinic.kz%2Fnewsite%2Fwp-includes%2Fblocks%2Fsearch HTTP/1.0" 200 17159 "-" "Mozilla/5.0 AppleWebKit/537.36 (KHTML, like Gecko; compatible; ClaudeBot/1.0; +claudebot@anthropic.com)"
2a03:2880:f814:8:: - - [01/Jan/2026:04:30:51 +0500] "GET /ru/products/15444505 HTTP/1.0" 200 56946 "-" "meta-externalagent/1.1 (+https://developers.facebook.com/docs/sharing/webmasters/crawler)"
216.73.216.167 - - [01/Jan/2026:04:30:51 +0500] "GET /products/533855916217844?fileloc=%2Fvar%2Fwww%2Fvhosts%2Fgreenclinic.kz%2Fnewsite%2Fwp-admin%2Fjs%2Fauth-app.min.js&path=%2Fvar%2Fwww%2Fvhosts%2Fgreenclinic.kz%2Fnewsite%2Fwp-admin%2Fjs HTTP/1.0" 200 19695 "-" "Mozilla/5.0 AppleWebKit/537.36 (KHTML, like Gecko; compatible; ClaudeBot/1.0; +claudebot@anthropic.com)"
216.73.216.167 - - [01/Jan/2026:04:30:52 +0500] "GET /products/395417032358894?fileloc=%2Fvar%2Fwww%2Fvhosts%2Fgreenclinic.kz%2Fmed.greenclinic.kz%2Fwp-content%2Fplugins%2Felementor%2Frun-on-linux.js&path=%2Fvar%2Fwww%2Fvhosts%2Fgreenclinic.kz%2Fmed.greenclinic.kz%2Fwp-content%2Fplugins%2Felementor HTTP/1.0" 200 18448 "-" "Mozilla/5.0 AppleWebKit/537.36 (KHTML, like Gecko; compatible; ClaudeBot/1.0; +claudebot@anthropic.com)"
216.73.216.167 - - [01/Jan/2026:04:30:52 +0500] "GET /products/549755483868057?fileloc=%2Fvar%2Fwww%2Fvhosts%2Fgreenclinic.kz%2Fnewsite%2Fwp-includes%2Fblocks%2Fbuttons%2Fstyle.min.css&path=%2Fvar%2Fwww%2Fvhosts%2Fgreenclinic.kz%2Fnewsite%2Fwp-includes%2Fblocks%2Fbuttons HTTP/1.0" 200 18345 "-" "Mozilla/5.0 AppleWebKit/537.36 (KHTML, like Gecko; compatible; ClaudeBot/1.0; +claudebot@anthropic.com)"
216.73.216.167 - - [01/Jan/2026:04:30:52 +0500] "GET /en/prices/urologiya?fileloc=%2Fvar%2Fwww%2Fvhosts%2Fgreenclinic.kz%2Ftest.greenclinic.kz%2Fvendor%2Fpsy%2Fpsysh%2Fsrc%2FReadline%2FGNUReadline.php&path=%2Fvar%2Fwww%2Fvhosts%2Fgreenclinic.kz%2Ftest.greenclinic.kz%2Fvendor%2Fpsy%2Fpsysh%2Fsrc%2FReadline HTTP/1.0" 200 21499 "-" "Mozilla/5.0 AppleWebKit/537.36 (KHTML, like Gecko; compatible; ClaudeBot/1.0; +claudebot@anthropic.com)"
216.73.216.167 - - [01/Jan/2026:04:30:52 +0500] "GET /en/wp-json/wp/v2/pages/526?fileloc=%2Fvar%2Fwww%2Fvhosts%2Fgreenclinic.kz%2Fnewsite%2Fwp-includes%2Fblock-supports%2Fduotone.php&path=%2Fvar%2Fwww%2Fvhosts%2Fgreenclinic.kz%2Fnewsite%2Fwp-includes%2Fblock-supports HTTP/1.0" 200 19832 "-" "Mozilla/5.0 AppleWebKit/537.36 (KHTML, like Gecko; compatible; ClaudeBot/1.0; +claudebot@anthropic.com)"
216.73.216.167 - - [01/Jan/2026:04:30:52 +0500] "GET /products/266166331239793?fileloc=%2Fvar%2Fwww%2Fvhosts%2Fgreenclinic.kz%2Fnewsite%2Fwp-includes%2Fblocks%2Ffreeform%2Feditor-rtl.min.css&path=%2Fvar%2Fwww%2Fvhosts%2Fgreenclinic.kz%2Fnewsite%2Fwp-includes%2Fblocks%2Ffreeform HTTP/1.0" 200 27114 "-" "Mozilla/5.0 AppleWebKit/537.36 (KHTML, like Gecko; compatible; ClaudeBot/1.0; +claudebot@anthropic.com)"
2a03:2880:f814:31:: - - [01/Jan/2026:04:30:52 +0500] "GET /products/30184016 HTTP/1.0" 200 56946 "-" "meta-externalagent/1.1 (+https://developers.facebook.com/docs/sharing/webmasters/crawler)"
216.73.216.167 - - [01/Jan/2026:04:30:52 +0500] "GET /products/675331352498427?fileloc=%2Fvar%2Fwww%2Fvhosts%2Fgreenclinic.kz%2Fnewsite%2Fwp-includes%2Fpomo%2Fmo.php&path=%2Fvar%2Fwww%2Fvhosts%2Fgreenclinic.kz%2Fnewsite%2Fwp-includes%2Fpomo HTTP/1.0" 200 27198 "-" "Mozilla/5.0 AppleWebKit/537.36 (KHTML, like Gecko; compatible; ClaudeBot/1.0; +claudebot@anthropic.com)"
216.73.216.167 - - [01/Jan/2026:04:30:52 +0500] "GET /products/446854142285535?path=%2Fvar%2Fwww%2Fvhosts%2Fgreenclinic.kz%2Ftest.greenclinic.kz%2Fvendor%2Flinkorb HTTP/1.0" 200 18819 "-" "Mozilla/5.0 AppleWebKit/537.36 (KHTML, like Gecko; compatible; ClaudeBot/1.0; +claudebot@anthropic.com)"
216.73.216.167 - - [01/Jan/2026:04:30:52 +0500] "GET /products/461637481337987?fileloc=%2Fvar%2Fwww%2Fvhosts%2Fgreenclinic.kz%2Fnewsite%2Fwp-includes%2Fblocks%2Fvideo%2Ftheme.min.css&path=%2Fvar%2Fwww%2Fvhosts%2Fgreenclinic.kz%2Fnewsite%2Fwp-includes%2Fblocks%2Fvideo HTTP/1.0" 200 17190 "-" "Mozilla/5.0 AppleWebKit/537.36 (KHTML, like Gecko; compatible; ClaudeBot/1.0; +claudebot@anthropic.com)"
216.73.216.167 - - [01/Jan/2026:04:30:52 +0500] "GET /products/618515660282560?fileloc=%2Fvar%2Fwww%2Fvhosts%2Fgreenclinic.kz%2Fnewsite%2Fwp-includes%2Fblocks%2Fsearch%2Fstyle-rtl.css&path=%2Fvar%2Fwww%2Fvhosts%2Fgreenclinic.kz%2Fnewsite%2Fwp-includes%2Fblocks%2Fsearch HTTP/1.0" 200 19578 "-" "Mozilla/5.0 AppleWebKit/537.36 (KHTML, like Gecko; compatible; ClaudeBot/1.0; +claudebot@anthropic.com)"
216.73.216.167 - - [01/Jan/2026:04:30:52 +0500] "GET /products/113383454551519?fileloc=%2Fvar%2Fwww%2Fvhosts%2Fgreenclinic.kz%2Fmed.greenclinic.kz%2Fwp-includes%2FID3%2Fgetid3.lib.php&path=%2Fvar%2Fwww%2Fvhosts%2Fgreenclinic.kz%2Fmed.greenclinic.kz%2Fwp-includes%2FID3 HTTP/1.0" 200 77392 "-" "Mozilla/5.0 AppleWebKit/537.36 (KHTML, like Gecko; compatible; ClaudeBot/1.0; +claudebot@anthropic.com)"
216.73.216.167 - - [01/Jan/2026:04:30:52 +0500] "GET /products/666253472080758?fileloc=%2Fvar%2Fwww%2Fvhosts%2Fgreenclinic.kz%2Fnewsite%2Fwp-includes%2Fblocks%2Fvideo%2Feditor-rtl.min.css&path=%2Fvar%2Fwww%2Fvhosts%2Fgreenclinic.kz%2Fnewsite%2Fwp-includes%2Fblocks%2Fvideo HTTP/1.0" 200 18891 "-" "Mozilla/5.0 AppleWebKit/537.36 (KHTML, like Gecko; compatible; ClaudeBot/1.0; +claudebot@anthropic.com)"
216.73.216.167 - - [01/Jan/2026:04:30:53 +0500] "GET /products/83963746537564?fileloc=%2Fvar%2Fwww%2Fvhosts%2Fgreenclinic.kz%2Fnewsite%2Fwp-includes%2Fjs%2Fplupload%2Fhandlers.js&path=%2Fvar%2Fwww%2Fvhosts%2Fgreenclinic.kz%2Fnewsite%2Fwp-includes%2Fjs%2Fplupload HTTP/1.0" 200 40655 "-" "Mozilla/5.0 AppleWebKit/537.36 (KHTML, like Gecko; compatible; ClaudeBot/1.0; +claudebot@anthropic.com)"
216.73.216.167 - - [01/Jan/2026:04:30:53 +0500] "GET /products/508588759653718?fileloc=%2Fvar%2Fwww%2Fvhosts%2Fgreenclinic.kz%2Fnewsite%2Fwp-includes%2Fjs%2Ftw-sack.js&path=%2Fvar%2Fwww%2Fvhosts%2Fgreenclinic.kz%2Fnewsite%2Fwp-includes%2Fjs HTTP/1.0" 200 22135 "-" "Mozilla/5.0 AppleWebKit/537.36 (KHTML, like Gecko; compatible; ClaudeBot/1.0; +claudebot@anthropic.com)"
216.73.216.167 - - [01/Jan/2026:04:30:53 +0500] "GET /products/654164365507810?fileloc=%2Fvar%2Fwww%2Fvhosts%2Fgreenclinic.kz%2Fclinic_front%2Fsrc%2Ffont%2FOpenSans-ExtraBold.ttf&path=%2Fvar%2Fwww%2Fvhosts%2Fgreenclinic.kz%2Fclinic_front%2Fsrc%2Ffont HTTP/1.0" 200 159545 "-" "Mozilla/5.0 AppleWebKit/537.36 (KHTML, like Gecko; compatible; ClaudeBot/1.0; +claudebot@anthropic.com)"
216.73.216.167 - - [01/Jan/2026:04:30:53 +0500] "GET /products/662892303930327?fileloc=%2Fvar%2Fwww%2Fvhosts%2Fgreenclinic.kz%2Fmed.greenclinic.kz%2Fwp-admin%2Fuser%2Fadmin.php&path=%2Fvar%2Fwww%2Fvhosts%2Fgreenclinic.kz%2Fmed.greenclinic.kz%2Fwp-admin%2Fuser HTTP/1.0" 200 17877 "-" "Mozilla/5.0 AppleWebKit/537.36 (KHTML, like Gecko; compatible; ClaudeBot/1.0; +claudebot@anthropic.com)"
216.73.216.167 - - [01/Jan/2026:04:30:53 +0500] "GET /ru/directions/vertebrologiya?fileloc=%2Fvar%2Fwww%2Fvhosts%2Fgreenclinic.kz%2Fclinic_front%2Fsrc%2Ffont%2FOpenSans-ExtraBoldItalic.ttf&path=%2Fvar%2Fwww%2Fvhosts%2Fgreenclinic.kz%2Fclinic_front%2Fsrc%2Ffont HTTP/1.0" 200 152010 "-" "Mozilla/5.0 AppleWebKit/537.36 (KHTML, like Gecko; compatible; ClaudeBot/1.0; +claudebot@anthropic.com)"
216.73.216.167 - - [01/Jan/2026:04:30:53 +0500] "GET /products/478941479296605?fileloc=%2Fvar%2Fwww%2Fvhosts%2Fgreenclinic.kz%2Fnewsite%2Fwp-includes%2Fblock-supports%2Futils.php&path=%2Fvar%2Fwww%2Fvhosts%2Fgreenclinic.kz%2Fnewsite%2Fwp-includes%2Fblock-supports HTTP/1.0" 200 17990 "-" "Mozilla/5.0 AppleWebKit/537.36 (KHTML, like Gecko; compatible; ClaudeBot/1.0; +claudebot@anthropic.com)"
2a03:2880:f814:6:: - - [01/Jan/2026:04:30:53 +0500] "GET /kz/?item=146707780 HTTP/1.0" 200 56946 "-" "meta-externalagent/1.1 (+https://developers.facebook.com/docs/sharing/webmasters/crawler)"
216.73.216.167 - - [01/Jan/2026:04:30:53 +0500] "GET /products/26223381804602?fileloc=%2Fvar%2Fwww%2Fvhosts%2Fgreenclinic.kz%2Fnewsite%2Fwp-includes%2Fblocks%2Fcomments-pagination%2Fblock.json&path=%2Fvar%2Fwww%2Fvhosts%2Fgreenclinic.kz%2Fnewsite%2Fwp-includes%2Fblocks%2Fcomments-pagination HTTP/1.0" 200 19177 "-" "Mozilla/5.0 AppleWebKit/537.36 (KHTML, like Gecko; compatible; ClaudeBot/1.0; +claudebot@anthropic.com)"
216.73.216.167 - - [01/Jan/2026:04:30:53 +0500] "GET /products/75245653439045?fileloc=%2Fvar%2Fwww%2Fvhosts%2Fgreenclinic.kz%2Fclinic_back%2F.env.example&path=%2Fvar%2Fwww%2Fvhosts%2Fgreenclinic.kz%2Fclinic_back HTTP/1.0" 200 17599 "-" "Mozilla/5.0 AppleWebKit/537.36 (KHTML, like Gecko; compatible; ClaudeBot/1.0; +claudebot@anthropic.com)"
2a03:2880:f814:37:: - - [01/Jan/2026:04:30:53 +0500] "GET /products/9920905 HTTP/1.0" 200 56946 "-" "meta-externalagent/1.1 (+https://developers.facebook.com/docs/sharing/webmasters/crawler)"
216.73.216.167 - - [01/Jan/2026:04:30:53 +0500] "GET /products/190567635118926?fileloc=%2Fvar%2Fwww%2Fvhosts%2Fgreenclinic.kz%2Fmed.greenclinic.kz%2Fwp-includes%2FID3%2Fgetid3.lib.php&path=%2Fvar%2Fwww%2Fvhosts%2Fgreenclinic.kz%2Fmed.greenclinic.kz%2Fwp-includes%2FID3 HTTP/1.0" 200 77392 "-" "Mozilla/5.0 AppleWebKit/537.36 (KHTML, like Gecko; compatible; ClaudeBot/1.0; +claudebot@anthropic.com)"
74.7.227.36 - - [01/Jan/2026:04:30:51 +0500] "GET /ru/directions/proktologiya/?fileloc=/var/www/vhosts/greenclinic.kz/newsite/wp-content/uploads/2025/06/dsc01266.jpg&path=/var/www/vhosts/greenclinic.kz/newsite/wp-content/uploads/2025/06 HTTP/1.0" 200 25583364 "-" "Mozilla/5.0 AppleWebKit/537.36 (KHTML, like Gecko; compatible; GPTBot/1.3; +https://openai.com/gptbot)"
216.73.216.167 - - [01/Jan/2026:04:30:53 +0500] "GET /products/50961861758789?path=%2Fvar%2Fwww%2Fvhosts%2Fgreenclinic.kz%2Ftest.greenclinic.kz%2Fstorage%2Ftemp%2Fpublic%2F790 HTTP/1.0" 200 19016 "-" "Mozilla/5.0 AppleWebKit/537.36 (KHTML, like Gecko; compatible; ClaudeBot/1.0; +claudebot@anthropic.com)"
216.73.216.167 - - [01/Jan/2026:04:30:53 +0500] "GET /products/92745908192294?fileloc=%2Fvar%2Fwww%2Fvhosts%2Fgreenclinic.kz%2Fnewsite%2Fwp-includes%2Fblocks%2Fmore%2Fblock.json&path=%2Fvar%2Fwww%2Fvhosts%2Fgreenclinic.kz%2Fnewsite%2Fwp-includes%2Fblocks%2Fmore HTTP/1.0" 200 17962 "-" "Mozilla/5.0 AppleWebKit/537.36 (KHTML, like Gecko; compatible; ClaudeBot/1.0; +claudebot@anthropic.com)"
216.73.216.167 - - [01/Jan/2026:04:30:54 +0500] "GET /products/378139228212205?fileloc=%2Fvar%2Fwww%2Fvhosts%2Fgreenclinic.kz%2Fnewsite%2Fwp-includes%2Fjs%2Fdist%2Fblob.min.js&path=%2Fvar%2Fwww%2Fvhosts%2Fgreenclinic.kz%2Fnewsite%2Fwp-includes%2Fjs%2Fdist HTTP/1.0" 200 18285 "-" "Mozilla/5.0 AppleWebKit/537.36 (KHTML, like Gecko; compatible; ClaudeBot/1.0; +claudebot@anthropic.com)"
216.73.216.167 - - [01/Jan/2026:04:30:54 +0500] "GET /products/551217876405862?fileloc=%2Fvar%2Fwww%2Fvhosts%2Fgreenclinic.kz%2Fnewsite%2Fwp-includes%2Fjs%2Fmedia-grid.js&path=%2Fvar%2Fwww%2Fvhosts%2Fgreenclinic.kz%2Fnewsite%2Fwp-includes%2Fjs HTTP/1.0" 200 45921 "-" "Mozilla/5.0 AppleWebKit/537.36 (KHTML, like Gecko; compatible; ClaudeBot/1.0; +claudebot@anthropic.com)"
216.73.216.167 - - [01/Jan/2026:04:30:54 +0500] "GET /products/662892303930327?fileloc=%2Fvar%2Fwww%2Fvhosts%2Fgreenclinic.kz%2Fmed.greenclinic.kz%2Fwp-includes%2FIXR%2Fclass-IXR-clientmulticall.php&path=%2Fvar%2Fwww%2Fvhosts%2Fgreenclinic.kz%2Fmed.greenclinic.kz%2Fwp-includes%2FIXR HTTP/1.0" 200 18317 "-" "Mozilla/5.0 AppleWebKit/537.36 (KHTML, like Gecko; compatible; ClaudeBot/1.0; +claudebot@anthropic.com)"
216.73.216.167 - - [01/Jan/2026:04:30:54 +0500] "GET /products/548306026450313?fileloc=%2Fvar%2Fwww%2Fvhosts%2Fgreenclinic.kz%2Fnewsite%2Fwp-includes%2Fjs%2Fmedia-grid.js&path=%2Fvar%2Fwww%2Fvhosts%2Fgreenclinic.kz%2Fnewsite%2Fwp-includes%2Fjs HTTP/1.0" 200 45921 "-" "Mozilla/5.0 AppleWebKit/537.36 (KHTML, like Gecko; compatible; ClaudeBot/1.0; +claudebot@anthropic.com)"
2a03:2880:f814:1c:: - - [01/Jan/2026:04:30:54 +0500] "GET /products/26473816 HTTP/1.0" 200 56946 "-" "meta-externalagent/1.1 (+https://developers.facebook.com/docs/sharing/webmasters/crawler)"
216.73.216.167 - - [01/Jan/2026:04:30:54 +0500] "GET /products/508588759653718?fileloc=%2Fvar%2Fwww%2Fvhosts%2Fgreenclinic.kz%2Fnewsite%2Fwp-includes%2Fblocks%2Fquote%2Ftheme-rtl.css&path=%2Fvar%2Fwww%2Fvhosts%2Fgreenclinic.kz%2Fnewsite%2Fwp-includes%2Fblocks%2Fquote HTTP/1.0" 200 17557 "-" "Mozilla/5.0 AppleWebKit/537.36 (KHTML, like Gecko; compatible; ClaudeBot/1.0; +claudebot@anthropic.com)"
216.73.216.167 - - [01/Jan/2026:04:30:54 +0500] "GET /products/78175339408795?fileloc=%2Fvar%2Fwww%2Fvhosts%2Fgreenclinic.kz%2Fnewsite%2Fwp-includes%2Fblocks%2Fvideo%2Fstyle.css&path=%2Fvar%2Fwww%2Fvhosts%2Fgreenclinic.kz%2Fnewsite%2Fwp-includes%2Fblocks%2Fvideo HTTP/1.0" 200 17340 "-" "Mozilla/5.0 AppleWebKit/537.36 (KHTML, like Gecko; compatible; ClaudeBot/1.0; +claudebot@anthropic.com)"
2a03:2880:f814:13:: - - [01/Jan/2026:04:30:54 +0500] "GET /products/3154105 HTTP/1.0" 200 56946 "-" "meta-externalagent/1.1 (+https://developers.facebook.com/docs/sharing/webmasters/crawler)"
216.73.216.167 - - [01/Jan/2026:04:30:54 +0500] "GET /products/8683863323759?fileloc=%2Fvar%2Fwww%2Fvhosts%2Fgreenclinic.kz%2Fnewsite%2Fwp-includes%2Fjs%2Fmce-view.min.js&path=%2Fvar%2Fwww%2Fvhosts%2Fgreenclinic.kz%2Fnewsite%2Fwp-includes%2Fjs HTTP/1.0" 200 28742 "-" "Mozilla/5.0 AppleWebKit/537.36 (KHTML, like Gecko; compatible; ClaudeBot/1.0; +claudebot@anthropic.com)"
216.73.216.167 - - [01/Jan/2026:04:30:54 +0500] "GET /products/164172180121486?fileloc=%2Fvar%2Fwww%2Fvhosts%2Fgreenclinic.kz%2Fmed.greenclinic.kz%2Fwp-includes%2Fsodium_compat%2Fnamespaced%2FCompat.php&path=%2Fvar%2Fwww%2Fvhosts%2Fgreenclinic.kz%2Fmed.greenclinic.kz%2Fwp-includes%2Fsodium_compat%2Fnamespaced HTTP/1.0" 200 17225 "-" "Mozilla/5.0 AppleWebKit/537.36 (KHTML, like Gecko; compatible; ClaudeBot/1.0; +claudebot@anthropic.com)"
216.73.216.167 - - [01/Jan/2026:04:30:54 +0500] "GET /products/610658766467068?fileloc=%2Fvar%2Fwww%2Fvhosts%2Fgreenclinic.kz%2Fnewsite%2Fwp-includes%2Fblocks%2Fpost-date%2Fstyle.min.css&path=%2Fvar%2Fwww%2Fvhosts%2Fgreenclinic.kz%2Fnewsite%2Fwp-includes%2Fblocks%2Fpost-date HTTP/1.0" 200 17084 "-" "Mozilla/5.0 AppleWebKit/537.36 (KHTML, like Gecko; compatible; ClaudeBot/1.0; +claudebot@anthropic.com)"
216.73.216.167 - - [01/Jan/2026:04:30:54 +0500] "GET /kz/prices/hirurgiya?fileloc=%2Fvar%2Fwww%2Fvhosts%2Fgreenclinic.kz%2Fnewsite%2Fwp-admin%2Fincludes%2Fbookmark.php&path=%2Fvar%2Fwww%2Fvhosts%2Fgreenclinic.kz%2Fnewsite%2Fwp-admin%2Fincludes HTTP/1.0" 200 30168 "-" "Mozilla/5.0 AppleWebKit/537.36 (KHTML, like Gecko; compatible; ClaudeBot/1.0; +claudebot@anthropic.com)"
216.73.216.167 - - [01/Jan/2026:04:30:54 +0500] "GET /products/566589080387354?fileloc=%2Fvar%2Fwww%2Fvhosts%2Fgreenclinic.kz%2Fnewsite%2Fwp-includes%2Fblocks%2Fverse%2Fstyle.min.css&path=%2Fvar%2Fwww%2Fvhosts%2Fgreenclinic.kz%2Fnewsite%2Fwp-includes%2Fblocks%2Fverse HTTP/1.0" 200 17131 "-" "Mozilla/5.0 AppleWebKit/537.36 (KHTML, like Gecko; compatible; ClaudeBot/1.0; +claudebot@anthropic.com)"
216.73.216.167 - - [01/Jan/2026:04:30:55 +0500] "GET /products/28238129353891?fileloc=%2Fvar%2Fwww%2Fvhosts%2Fgreenclinic.kz%2Fnewsite%2Fwp-includes%2Fblocks%2Fsearch%2Fview.min.asset.php&path=%2Fvar%2Fwww%2Fvhosts%2Fgreenclinic.kz%2Fnewsite%2Fwp-includes%2Fblocks%2Fsearch HTTP/1.0" 200 17161 "-" "Mozilla/5.0 AppleWebKit/537.36 (KHTML, like Gecko; compatible; ClaudeBot/1.0; +claudebot@anthropic.com)"
216.73.216.167 - - [01/Jan/2026:04:30:55 +0500] "GET /products/113385859252192?fileloc=%2Fvar%2Fwww%2Fvhosts%2Fgreenclinic.kz%2Fnewsite%2Fwp-includes%2Fblocks%2Ffreeform%2Feditor-rtl.min.css&path=%2Fvar%2Fwww%2Fvhosts%2Fgreenclinic.kz%2Fnewsite%2Fwp-includes%2Fblocks%2Ffreeform HTTP/1.0" 200 27114 "-" "Mozilla/5.0 AppleWebKit/537.36 (KHTML, like Gecko; compatible; ClaudeBot/1.0; +claudebot@anthropic.com)"
2a03:2880:f814:4:: - - [01/Jan/2026:04:30:55 +0500] "GET /products/11605149 HTTP/1.0" 200 56946 "-" "meta-externalagent/1.1 (+https://developers.facebook.com/docs/sharing/webmasters/crawler)"
216.73.216.167 - - [01/Jan/2026:04:30:55 +0500] "GET /products/622950973535151?fileloc=%2Fvar%2Fwww%2Fvhosts%2Fgreenclinic.kz%2Fnewsite%2Fwp-admin%2Fjs%2Fupdates.js&path=%2Fvar%2Fwww%2Fvhosts%2Fgreenclinic.kz%2Fnewsite%2Fwp-admin%2Fjs HTTP/1.0" 200 141604 "-" "Mozilla/5.0 AppleWebKit/537.36 (KHTML, like Gecko; compatible; ClaudeBot/1.0; +claudebot@anthropic.com)"
216.73.216.167 - - [01/Jan/2026:04:30:55 +0500] "GET /products/354454564249164?fileloc=%2Fvar%2Fwww%2Fvhosts%2Fgreenclinic.kz%2Fnewsite%2Fwp-includes%2FPHPMailer%2FPHPMailer.php&path=%2Fvar%2Fwww%2Fvhosts%2Fgreenclinic.kz%2Fnewsite%2Fwp-includes%2FPHPMailer HTTP/1.0" 200 218447 "-" "Mozilla/5.0 AppleWebKit/537.36 (KHTML, like Gecko; compatible; ClaudeBot/1.0; +claudebot@anthropic.com)"
2a03:2880:f814:1f:: - - [01/Jan/2026:04:30:55 +0500] "GET /products/11093750 HTTP/1.0" 200 56946 "-" "meta-externalagent/1.1 (+https://developers.facebook.com/docs/sharing/webmasters/crawler)"
216.73.216.167 - - [01/Jan/2026:04:30:55 +0500] "GET /products/461395884051732?fileloc=%2Fvar%2Fwww%2Fvhosts%2Fgreenclinic.kz%2Fnewsite%2Fwp-includes%2Fblocks%2Ffreeform%2Feditor-rtl.min.css&path=%2Fvar%2Fwww%2Fvhosts%2Fgreenclinic.kz%2Fnewsite%2Fwp-includes%2Fblocks%2Ffreeform HTTP/1.0" 200 27114 "-" "Mozilla/5.0 AppleWebKit/537.36 (KHTML, like Gecko; compatible; ClaudeBot/1.0; +claudebot@anthropic.com)"
74.7.227.36 - - [01/Jan/2026:04:30:55 +0500] "GET /ru/directions/proktologiya/?fileloc=/var/www/vhosts/greenclinic.kz/newsite/wp-content/uploads/2025/07/dsc09951-scaled.jpg&path=/var/www/vhosts/greenclinic.kz/newsite/wp-content/uploads/2025/07 HTTP/1.0" 200 1300547 "-" "Mozilla/5.0 AppleWebKit/537.36 (KHTML, like Gecko; compatible; GPTBot/1.3; +https://openai.com/gptbot)"
216.73.216.167 - - [01/Jan/2026:04:30:55 +0500] "GET /products/426334392174699?fileloc=%2Fvar%2Fwww%2Fvhosts%2Fgreenclinic.kz%2Fnewsite%2Fwp-includes%2Fblocks%2Fvideo%2Fstyle.min.css&path=%2Fvar%2Fwww%2Fvhosts%2Fgreenclinic.kz%2Fnewsite%2Fwp-includes%2Fblocks%2Fvideo HTTP/1.0" 200 17301 "-" "Mozilla/5.0 AppleWebKit/537.36 (KHTML, like Gecko; compatible; ClaudeBot/1.0; +claudebot@anthropic.com)"
216.73.216.167 - - [01/Jan/2026:04:30:55 +0500] "GET /products/50961861758789?fileloc=%2Fvar%2Fwww%2Fvhosts%2Fgreenclinic.kz%2Fmed.greenclinic.kz%2Fwp-admin%2Fcss%2Fcustomize-nav-menus.css&path=%2Fvar%2Fwww%2Fvhosts%2Fgreenclinic.kz%2Fmed.greenclinic.kz%2Fwp-admin%2Fcss HTTP/1.0" 200 39542 "-" "Mozilla/5.0 AppleWebKit/537.36 (KHTML, like Gecko; compatible; ClaudeBot/1.0; +claudebot@anthropic.com)"
216.73.216.167 - - [01/Jan/2026:04:30:55 +0500] "GET /products/426769095023765?fileloc=%2Fvar%2Fwww%2Fvhosts%2Fgreenclinic.kz%2Fnewsite%2Fwp-admin%2Fjs%2Fupdates.js&path=%2Fvar%2Fwww%2Fvhosts%2Fgreenclinic.kz%2Fnewsite%2Fwp-admin%2Fjs HTTP/1.0" 200 141604 "-" "Mozilla/5.0 AppleWebKit/537.36 (KHTML, like Gecko; compatible; ClaudeBot/1.0; +claudebot@anthropic.com)"
216.73.216.167 - - [01/Jan/2026:04:30:55 +0500] "GET /products/161871088303826?fileloc=%2Fvar%2Fwww%2Fvhosts%2Fgreenclinic.kz%2Fnewsite%2Fwp-includes%2Fblocks%2Fgallery%2Ftheme.min.css&path=%2Fvar%2Fwww%2Fvhosts%2Fgreenclinic.kz%2Fnewsite%2Fwp-includes%2Fblocks%2Fgallery HTTP/1.0" 200 17159 "-" "Mozilla/5.0 AppleWebKit/537.36 (KHTML, like Gecko; compatible; ClaudeBot/1.0; +claudebot@anthropic.com)"
216.73.216.167 - - [01/Jan/2026:04:30:55 +0500] "GET /products/294249270842361?fileloc=%2Fvar%2Fwww%2Fvhosts%2Fgreenclinic.kz%2Fnewsite%2Fwp-includes%2Fblocks%2Fcomments-pagination%2Fblock.json&path=%2Fvar%2Fwww%2Fvhosts%2Fgreenclinic.kz%2Fnewsite%2Fwp-includes%2Fblocks%2Fcomments-pagination HTTP/1.0" 200 19177 "-" "Mozilla/5.0 AppleWebKit/537.36 (KHTML, like Gecko; compatible; ClaudeBot/1.0; +claudebot@anthropic.com)"
216.73.216.167 - - [01/Jan/2026:04:30:55 +0500] "GET /products/585044337963459?fileloc=%2Fvar%2Fwww%2Fvhosts%2Fgreenclinic.kz%2Fnewsite%2Fwp-includes%2Fblocks%2Faudio%2Fstyle-rtl.min.css&path=%2Fvar%2Fwww%2Fvhosts%2Fgreenclinic.kz%2Fnewsite%2Fwp-includes%2Fblocks%2Faudio HTTP/1.0" 200 17182 "-" "Mozilla/5.0 AppleWebKit/537.36 (KHTML, like Gecko; compatible; ClaudeBot/1.0; +claudebot@anthropic.com)"
74.7.227.36 - - [01/Jan/2026:04:30:55 +0500] "GET /ru/directions/proktologiya/?fileloc=/var/www/vhosts/greenclinic.kz/newsite/wp-content/uploads/2025/07/dsc09948-scaled.jpg&path=/var/www/vhosts/greenclinic.kz/newsite/wp-content/uploads/2025/07 HTTP/1.0" 200 1250471 "-" "Mozilla/5.0 AppleWebKit/537.36 (KHTML, like Gecko; compatible; GPTBot/1.3; +https://openai.com/gptbot)"
216.73.216.167 - - [01/Jan/2026:04:30:56 +0500] "GET /products/37627022551784?fileloc=%2Fvar%2Fwww%2Fvhosts%2Fgreenclinic.kz%2Fnewsite%2Fwp-admin%2Fjs%2Fcustomize-nav-menus.js&path=%2Fvar%2Fwww%2Fvhosts%2Fgreenclinic.kz%2Fnewsite%2Fwp-admin%2Fjs HTTP/1.0" 200 133649 "-" "Mozilla/5.0 AppleWebKit/537.36 (KHTML, like Gecko; compatible; ClaudeBot/1.0; +claudebot@anthropic.com)"
216.73.216.167 - - [01/Jan/2026:04:30:56 +0500] "GET /products/40218680094488?fileloc=%2Fvar%2Fwww%2Fvhosts%2Fgreenclinic.kz%2Fnewsite%2Fwp-admin%2Fjs%2Ffarbtastic.js&path=%2Fvar%2Fwww%2Fvhosts%2Fgreenclinic.kz%2Fnewsite%2Fwp-admin%2Fjs HTTP/1.0" 200 25507 "-" "Mozilla/5.0 AppleWebKit/537.36 (KHTML, like Gecko; compatible; ClaudeBot/1.0; +claudebot@anthropic.com)"
216.73.216.167 - - [01/Jan/2026:04:30:56 +0500] "GET /products/99422962297531?fileloc=%2Fvar%2Fwww%2Fvhosts%2Fgreenclinic.kz%2Fnewsite%2Fwp-admin%2Foptions-privacy.php&path=%2Fvar%2Fwww%2Fvhosts%2Fgreenclinic.kz%2Fnewsite%2Fwp-admin HTTP/1.0" 200 29618 "-" "Mozilla/5.0 AppleWebKit/537.36 (KHTML, like Gecko; compatible; ClaudeBot/1.0; +claudebot@anthropic.com)"
216.73.216.167 - - [01/Jan/2026:04:30:56 +0500] "GET /products/6865230740074?fileloc=%2Fvar%2Fwww%2Fvhosts%2Fgreenclinic.kz%2Fnewsite%2Fwp-includes%2Fpomo%2Fpo.php&path=%2Fvar%2Fwww%2Fvhosts%2Fgreenclinic.kz%2Fnewsite%2Fwp-includes%2Fpomo HTTP/1.0" 200 34172 "-" "Mozilla/5.0 AppleWebKit/537.36 (KHTML, like Gecko; compatible; ClaudeBot/1.0; +claudebot@anthropic.com)"
216.73.216.167 - - [01/Jan/2026:04:30:56 +0500] "GET /products/461637481337987?fileloc=%2Fvar%2Fwww%2Fvhosts%2Fgreenclinic.kz%2Fnewsite%2Fwp-includes%2Fjs%2Fdist%2Fblock-library.min.js&path=%2Fvar%2Fwww%2Fvhosts%2Fgreenclinic.kz%2Fnewsite%2Fwp-includes%2Fjs%2Fdist HTTP/1.0" 200 1001738 "-" "Mozilla/5.0 AppleWebKit/537.36 (KHTML, like Gecko; compatible; ClaudeBot/1.0; +claudebot@anthropic.com)"
2a03:2880:f814:34:: - - [01/Jan/2026:04:30:56 +0500] "GET /products/20463494 HTTP/1.0" 200 56946 "-" "meta-externalagent/1.1 (+https://developers.facebook.com/docs/sharing/webmasters/crawler)"
2a03:2880:f814:30:: - - [01/Jan/2026:04:30:56 +0500] "GET /products/29495850 HTTP/1.0" 200 56946 "-" "meta-externalagent/1.1 (+https://developers.facebook.com/docs/sharing/webmasters/crawler)"
216.73.216.167 - - [01/Jan/2026:04:30:56 +0500] "GET /products/304764084131702?fileloc=%2Fvar%2Fwww%2Fvhosts%2Fgreenclinic.kz%2Fnewsite%2Fwp-includes%2Fblocks%2Fgallery%2Ftheme.min.css&path=%2Fvar%2Fwww%2Fvhosts%2Fgreenclinic.kz%2Fnewsite%2Fwp-includes%2Fblocks%2Fgallery HTTP/1.0" 200 17159 "-" "Mozilla/5.0 AppleWebKit/537.36 (KHTML, like Gecko; compatible; ClaudeBot/1.0; +claudebot@anthropic.com)"
74.7.227.36 - - [01/Jan/2026:04:30:56 +0500] "GET /ru/directions/proktologiya/?fileloc=/var/www/vhosts/greenclinic.kz/newsite/wp-content/uploads/2025/06/dsc01285-scaled.jpg&path=/var/www/vhosts/greenclinic.kz/newsite/wp-content/uploads/2025/06 HTTP/1.0" 200 851739 "-" "Mozilla/5.0 AppleWebKit/537.36 (KHTML, like Gecko; compatible; GPTBot/1.3; +https://openai.com/gptbot)"
216.73.216.167 - - [01/Jan/2026:04:30:56 +0500] "GET /products/33340570507257?fileloc=%2Fvar%2Fwww%2Fvhosts%2Fgreenclinic.kz%2Fnewsite%2Fwp-includes%2Fblocks%2Fsite-logo%2Fstyle.css&path=%2Fvar%2Fwww%2Fvhosts%2Fgreenclinic.kz%2Fnewsite%2Fwp-includes%2Fblocks%2Fsite-logo HTTP/1.0" 200 17536 "-" "Mozilla/5.0 AppleWebKit/537.36 (KHTML, like Gecko; compatible; ClaudeBot/1.0; +claudebot@anthropic.com)"
216.73.216.167 - - [01/Jan/2026:04:30:56 +0500] "GET /products/304764084131702?fileloc=%2Fvar%2Fwww%2Fvhosts%2Fgreenclinic.kz%2Fnewsite%2Fwp-includes%2Fblocks%2Fgallery%2Feditor-rtl.min.css&path=%2Fvar%2Fwww%2Fvhosts%2Fgreenclinic.kz%2Fnewsite%2Fwp-includes%2Fblocks%2Fgallery HTTP/1.0" 200 20376 "-" "Mozilla/5.0 AppleWebKit/537.36 (KHTML, like Gecko; compatible; ClaudeBot/1.0; +claudebot@anthropic.com)"
216.73.216.167 - - [01/Jan/2026:04:30:56 +0500] "GET /products/489120435564200?fileloc=%2Fvar%2Fwww%2Fvhosts%2Fgreenclinic.kz%2Fnewsite%2Fwp-admin%2Fjs%2Fdashboard.min.js&path=%2Fvar%2Fwww%2Fvhosts%2Fgreenclinic.kz%2Fnewsite%2Fwp-admin%2Fjs HTTP/1.0" 200 28186 "-" "Mozilla/5.0 AppleWebKit/537.36 (KHTML, like Gecko; compatible; ClaudeBot/1.0; +claudebot@anthropic.com)"
216.73.216.167 - - [01/Jan/2026:04:30:56 +0500] "GET /products/364998650990443?fileloc=%2Fvar%2Fwww%2Fvhosts%2Fgreenclinic.kz%2Fnewsite%2Fwp-includes%2Fblocks%2Fsearch%2Fview.min.asset.php&path=%2Fvar%2Fwww%2Fvhosts%2Fgreenclinic.kz%2Fnewsite%2Fwp-includes%2Fblocks%2Fsearch HTTP/1.0" 200 17161 "-" "Mozilla/5.0 AppleWebKit/537.36 (KHTML, like Gecko; compatible; ClaudeBot/1.0; +claudebot@anthropic.com)"
216.73.216.167 - - [01/Jan/2026:04:30:56 +0500] "GET /products/286781756750135?fileloc=%2Fvar%2Fwww%2Fvhosts%2Fgreenclinic.kz%2Fnewsite%2Fwp-includes%2Fjs%2Fmedia-editor.min.js&path=%2Fvar%2Fwww%2Fvhosts%2Fgreenclinic.kz%2Fnewsite%2Fwp-includes%2Fjs HTTP/1.0" 200 29906 "-" "Mozilla/5.0 AppleWebKit/537.36 (KHTML, like Gecko; compatible; ClaudeBot/1.0; +claudebot@anthropic.com)"
216.73.216.167 - - [01/Jan/2026:04:30:57 +0500] "GET /products/394550990883982?fileloc=%2Fvar%2Fwww%2Fvhosts%2Fgreenclinic.kz%2Fnewsite%2Fwp-admin%2Fjs%2Fcustomize-nav-menus.js&path=%2Fvar%2Fwww%2Fvhosts%2Fgreenclinic.kz%2Fnewsite%2Fwp-admin%2Fjs HTTP/1.0" 200 133649 "-" "Mozilla/5.0 AppleWebKit/537.36 (KHTML, like Gecko; compatible; ClaudeBot/1.0; +claudebot@anthropic.com)"
216.73.216.167 - - [01/Jan/2026:04:30:57 +0500] "GET /products/387801484434668?fileloc=%2Fvar%2Fwww%2Fvhosts%2Fgreenclinic.kz%2Fnewsite%2Fwp-includes%2Fblocks%2Fmore%2Fblock.json&path=%2Fvar%2Fwww%2Fvhosts%2Fgreenclinic.kz%2Fnewsite%2Fwp-includes%2Fblocks%2Fmore HTTP/1.0" 200 17962 "-" "Mozilla/5.0 AppleWebKit/537.36 (KHTML, like Gecko; compatible; ClaudeBot/1.0; +claudebot@anthropic.com)"
216.73.216.167 - - [01/Jan/2026:04:30:57 +0500] "GET /products/238517819478049?fileloc=%2Fvar%2Fwww%2Fvhosts%2Fgreenclinic.kz%2Fnewsite%2Fwp-admin%2Fjs%2Fcomment.min.js&path=%2Fvar%2Fwww%2Fvhosts%2Fgreenclinic.kz%2Fnewsite%2Fwp-admin%2Fjs HTTP/1.0" 200 18756 "-" "Mozilla/5.0 AppleWebKit/537.36 (KHTML, like Gecko; compatible; ClaudeBot/1.0; +claudebot@anthropic.com)"
216.73.216.167 - - [01/Jan/2026:04:30:57 +0500] "GET /products/250948564305862?fileloc=%2Fvar%2Fwww%2Fvhosts%2Fgreenclinic.kz%2Fmed.greenclinic.kz%2Fwp-includes%2Fclass-wp-post.php&path=%2Fvar%2Fwww%2Fvhosts%2Fgreenclinic.kz%2Fmed.greenclinic.kz%2Fwp-includes HTTP/1.0" 200 24020 "-" "Mozilla/5.0 AppleWebKit/537.36 (KHTML, like Gecko; compatible; ClaudeBot/1.0; +claudebot@anthropic.com)"
2a03:2880:f814:2f:: - - [01/Jan/2026:04:30:57 +0500] "GET /products/20656638 HTTP/1.0" 200 56946 "-" "meta-externalagent/1.1 (+https://developers.facebook.com/docs/sharing/webmasters/crawler)"
216.73.216.167 - - [01/Jan/2026:04:30:57 +0500] "GET /products/90162383726950?fileloc=%2Fvar%2Fwww%2Fvhosts%2Fgreenclinic.kz%2Fnewsite%2Fwp-includes%2Fblocks%2Fpost-date%2Fstyle.min.css&path=%2Fvar%2Fwww%2Fvhosts%2Fgreenclinic.kz%2Fnewsite%2Fwp-includes%2Fblocks%2Fpost-date HTTP/1.0" 200 17084 "-" "Mozilla/5.0 AppleWebKit/537.36 (KHTML, like Gecko; compatible; ClaudeBot/1.0; +claudebot@anthropic.com)"
216.73.216.167 - - [01/Jan/2026:04:30:57 +0500] "GET /products/654164365507810?fileloc=%2Fvar%2Fwww%2Fvhosts%2Fgreenclinic.kz%2Flogs%2Ferror_log&path=%2Fvar%2Fwww%2Fvhosts%2Fgreenclinic.kz%2Flogs HTTP/1.0" 200 17386 "-" "Mozilla/5.0 AppleWebKit/537.36 (KHTML, like Gecko; compatible; ClaudeBot/1.0; +claudebot@anthropic.com)"
216.73.216.167 - - [01/Jan/2026:04:30:57 +0500] "GET /products/393159266948355?fileloc=%2Fvar%2Fwww%2Fvhosts%2Fgreenclinic.kz%2Fnewsite%2Fwp-admin%2Fjs%2Fauth-app.min.js&path=%2Fvar%2Fwww%2Fvhosts%2Fgreenclinic.kz%2Fnewsite%2Fwp-admin%2Fjs HTTP/1.0" 200 19695 "-" "Mozilla/5.0 AppleWebKit/537.36 (KHTML, like Gecko; compatible; ClaudeBot/1.0; +claudebot@anthropic.com)"
216.73.216.167 - - [01/Jan/2026:04:30:57 +0500] "GET /products/671096899653398?fileloc=%2Fvar%2Fwww%2Fvhosts%2Fgreenclinic.kz%2Fnewsite%2Fwp-includes%2Fblocks%2Fdetails%2Feditor.min.css&path=%2Fvar%2Fwww%2Fvhosts%2Fgreenclinic.kz%2Fnewsite%2Fwp-includes%2Fblocks%2Fdetails HTTP/1.0" 200 17082 "-" "Mozilla/5.0 AppleWebKit/537.36 (KHTML, like Gecko; compatible; ClaudeBot/1.0; +claudebot@anthropic.com)"
216.73.216.167 - - [01/Jan/2026:04:30:57 +0500] "GET /products/161871088303826?fileloc=%2Fvar%2Fwww%2Fvhosts%2Fgreenclinic.kz%2Fnewsite%2Fwp-includes%2Fjs%2Fdist%2Fpreferences-persistence.min.js&path=%2Fvar%2Fwww%2Fvhosts%2Fgreenclinic.kz%2Fnewsite%2Fwp-includes%2Fjs%2Fdist HTTP/1.0" 200 23502 "-" "Mozilla/5.0 AppleWebKit/537.36 (KHTML, like Gecko; compatible; ClaudeBot/1.0; +claudebot@anthropic.com)"
2a03:2880:f814:2c:: - - [01/Jan/2026:04:30:57 +0500] "GET /products/24044427 HTTP/1.0" 200 56946 "-" "meta-externalagent/1.1 (+https://developers.facebook.com/docs/sharing/webmasters/crawler)"
216.73.216.167 - - [01/Jan/2026:04:30:57 +0500] "GET /en/prices/urologiya?fileloc=%2Fvar%2Fwww%2Fvhosts%2Fgreenclinic.kz%2Fmed.greenclinic.kz%2Fwp-includes%2Fembed.php&path=%2Fvar%2Fwww%2Fvhosts%2Fgreenclinic.kz%2Fmed.greenclinic.kz%2Fwp-includes HTTP/1.0" 200 60676 "-" "Mozilla/5.0 AppleWebKit/537.36 (KHTML, like Gecko; compatible; ClaudeBot/1.0; +claudebot@anthropic.com)"
216.73.216.167 - - [01/Jan/2026:04:30:57 +0500] "GET /products/129829094089781?fileloc=%2Fvar%2Fwww%2Fvhosts%2Fgreenclinic.kz%2Fnewsite%2Fwp-includes%2Fblocks%2Fpost-date%2Fstyle.min.css&path=%2Fvar%2Fwww%2Fvhosts%2Fgreenclinic.kz%2Fnewsite%2Fwp-includes%2Fblocks%2Fpost-date HTTP/1.0" 200 17084 "-" "Mozilla/5.0 AppleWebKit/537.36 (KHTML, like Gecko; compatible; ClaudeBot/1.0; +claudebot@anthropic.com)"
216.73.216.167 - - [01/Jan/2026:04:30:58 +0500] "GET /products/58144254830399?fileloc=%2Fvar%2Fwww%2Fvhosts%2Fgreenclinic.kz%2Fnewsite%2Fwp-includes%2Fblocks%2Fsearch%2Feditor-rtl.min.css&path=%2Fvar%2Fwww%2Fvhosts%2Fgreenclinic.kz%2Fnewsite%2Fwp-includes%2Fblocks%2Fsearch HTTP/1.0" 200 17336 "-" "Mozilla/5.0 AppleWebKit/537.36 (KHTML, like Gecko; compatible; ClaudeBot/1.0; +claudebot@anthropic.com)"
216.73.216.167 - - [01/Jan/2026:04:30:58 +0500] "GET /products/77108073210510?path=%2Fvar%2Fwww%2Fvhosts%2Fgreenclinic.kz%2Fzakup.greenclinic.kz HTTP/1.0" 200 21907 "-" "Mozilla/5.0 AppleWebKit/537.36 (KHTML, like Gecko; compatible; ClaudeBot/1.0; +claudebot@anthropic.com)"
216.73.216.167 - - [01/Jan/2026:04:30:58 +0500] "GET /products/50961861758789?fileloc=%2Fvar%2Fwww%2Fvhosts%2Fgreenclinic.kz%2Flogs%2Faccess_log.processed.2.gz&path=%2Fvar%2Fwww%2Fvhosts%2Fgreenclinic.kz%2Flogs HTTP/1.0" 200 901601 "-" "Mozilla/5.0 AppleWebKit/537.36 (KHTML, like Gecko; compatible; ClaudeBot/1.0; +claudebot@anthropic.com)"
2a03:2880:f814:8:: - - [01/Jan/2026:04:30:58 +0500] "GET /products/14106616 HTTP/1.0" 200 56946 "-" "meta-externalagent/1.1 (+https://developers.facebook.com/docs/sharing/webmasters/crawler)"
216.73.216.167 - - [01/Jan/2026:04:30:58 +0500] "GET /products/297588737981238?fileloc=%2Fvar%2Fwww%2Fvhosts%2Fgreenclinic.kz%2Fnewsite%2Fwp-includes%2Fblocks%2Fsearch%2Ftheme.css&path=%2Fvar%2Fwww%2Fvhosts%2Fgreenclinic.kz%2Fnewsite%2Fwp-includes%2Fblocks%2Fsearch HTTP/1.0" 200 17170 "-" "Mozilla/5.0 AppleWebKit/537.36 (KHTML, like Gecko; compatible; ClaudeBot/1.0; +claudebot@anthropic.com)"
2a03:2880:f814:34:: - - [01/Jan/2026:04:30:58 +0500] "GET /products/12773827 HTTP/1.0" 200 56946 "-" "meta-externalagent/1.1 (+https://developers.facebook.com/docs/sharing/webmasters/crawler)"
216.73.216.167 - - [01/Jan/2026:04:30:58 +0500] "GET /products/415900067013422?fileloc=%2Fvar%2Fwww%2Fvhosts%2Fgreenclinic.kz%2Fnewsite%2Fwp-admin%2Fjs%2Fdashboard.js&path=%2Fvar%2Fwww%2Fvhosts%2Fgreenclinic.kz%2Fnewsite%2Fwp-admin%2Fjs HTTP/1.0" 200 47249 "-" "Mozilla/5.0 AppleWebKit/537.36 (KHTML, like Gecko; compatible; ClaudeBot/1.0; +claudebot@anthropic.com)"
216.73.216.167 - - [01/Jan/2026:04:30:58 +0500] "GET /products/164172180121486?fileloc=%2Fvar%2Fwww%2Fvhosts%2Fgreenclinic.kz%2Fmed.greenclinic.kz%2Fwp-includes%2Ffeed-atom-comments.php&path=%2Fvar%2Fwww%2Fvhosts%2Fgreenclinic.kz%2Fmed.greenclinic.kz%2Fwp-includes HTTP/1.0" 200 23899 "-" "Mozilla/5.0 AppleWebKit/537.36 (KHTML, like Gecko; compatible; ClaudeBot/1.0; +claudebot@anthropic.com)"
216.73.216.167 - - [01/Jan/2026:04:30:58 +0500] "GET /products/187479654749723?fileloc=%2Fvar%2Fwww%2Fvhosts%2Fgreenclinic.kz%2Fnewsite%2Fwp-includes%2Fblocks%2Fparagraph%2Fstyle-rtl.css&path=%2Fvar%2Fwww%2Fvhosts%2Fgreenclinic.kz%2Fnewsite%2Fwp-includes%2Fblocks%2Fparagraph HTTP/1.0" 200 17794 "-" "Mozilla/5.0 AppleWebKit/537.36 (KHTML, like Gecko; compatible; ClaudeBot/1.0; +claudebot@anthropic.com)"
216.73.216.167 - - [01/Jan/2026:04:30:58 +0500] "GET /products/559967822873845?fileloc=%2Fvar%2Fwww%2Fvhosts%2Fgreenclinic.kz%2Fnewsite%2Fwp-includes%2Fblocks%2Fpost-title%2Fblock.json&path=%2Fvar%2Fwww%2Fvhosts%2Fgreenclinic.kz%2Fnewsite%2Fwp-includes%2Fblocks%2Fpost-title HTTP/1.0" 200 19111 "-" "Mozilla/5.0 AppleWebKit/537.36 (KHTML, like Gecko; compatible; ClaudeBot/1.0; +claudebot@anthropic.com)"
216.73.216.167 - - [01/Jan/2026:04:30:58 +0500] "GET /products/662892303930327?fileloc=%2Fvar%2Fwww%2Fvhosts%2Fgreenclinic.kz%2Fmed.greenclinic.kz%2Fwp-includes%2Fblocks%2Fcomment-content.php&path=%2Fvar%2Fwww%2Fvhosts%2Fgreenclinic.kz%2Fmed.greenclinic.kz%2Fwp-includes%2Fblocks HTTP/1.0" 200 19851 "-" "Mozilla/5.0 AppleWebKit/537.36 (KHTML, like Gecko; compatible; ClaudeBot/1.0; +claudebot@anthropic.com)"
216.73.216.167 - - [01/Jan/2026:04:30:58 +0500] "GET /products/178336826353426?fileloc=%2Fvar%2Fwww%2Fvhosts%2Fgreenclinic.kz%2Fnewsite%2Fwp-admin%2Fjs%2Finline-edit-post.js&path=%2Fvar%2Fwww%2Fvhosts%2Fgreenclinic.kz%2Fnewsite%2Fwp-admin%2Fjs HTTP/1.0" 200 40901 "-" "Mozilla/5.0 AppleWebKit/537.36 (KHTML, like Gecko; compatible; ClaudeBot/1.0; +claudebot@anthropic.com)"
74.7.227.36 - - [01/Jan/2026:04:30:57 +0500] "GET /ru/directions/proktologiya/?fileloc=/var/www/vhosts/greenclinic.kz/newsite/wp-content/uploads/2025/06/dsc01306.jpg&path=/var/www/vhosts/greenclinic.kz/newsite/wp-content/uploads/2025/06 HTTP/1.0" 200 24443173 "-" "Mozilla/5.0 AppleWebKit/537.36 (KHTML, like Gecko; compatible; GPTBot/1.3; +https://openai.com/gptbot)"
216.73.216.167 - - [01/Jan/2026:04:30:58 +0500] "GET /products/624486297064680?fileloc=%2Fvar%2Fwww%2Fvhosts%2Fgreenclinic.kz%2Fnewsite%2Fwp-includes%2Fblocks%2Fgallery%2Fstyle.min.css&path=%2Fvar%2Fwww%2Fvhosts%2Fgreenclinic.kz%2Fnewsite%2Fwp-includes%2Fblocks%2Fgallery HTTP/1.0" 200 32453 "-" "Mozilla/5.0 AppleWebKit/537.36 (KHTML, like Gecko; compatible; ClaudeBot/1.0; +claudebot@anthropic.com)"
216.73.216.167 - - [01/Jan/2026:04:30:59 +0500] "GET /products/191449758855462?fileloc=%2Fvar%2Fwww%2Fvhosts%2Fgreenclinic.kz%2Fnewsite%2Fwp-includes%2Fblocks%2Fsite-title%2Fblock.json&path=%2Fvar%2Fwww%2Fvhosts%2Fgreenclinic.kz%2Fnewsite%2Fwp-includes%2Fblocks%2Fsite-title HTTP/1.0" 200 19221 "-" "Mozilla/5.0 AppleWebKit/537.36 (KHTML, like Gecko; compatible; ClaudeBot/1.0; +claudebot@anthropic.com)"
216.73.216.167 - - [01/Jan/2026:04:30:59 +0500] "GET /products/585044337963459?fileloc=%2Fvar%2Fwww%2Fvhosts%2Fgreenclinic.kz%2Fnewsite%2Fwp-includes%2Fjs%2Fmasonry.min.js&path=%2Fvar%2Fwww%2Fvhosts%2Fgreenclinic.kz%2Fnewsite%2Fwp-includes%2Fjs HTTP/1.0" 200 44464 "-" "Mozilla/5.0 AppleWebKit/537.36 (KHTML, like Gecko; compatible; ClaudeBot/1.0; +claudebot@anthropic.com)"
2a03:2880:f814:21:: - - [01/Jan/2026:04:30:59 +0500] "GET /products/17275083 HTTP/1.0" 200 56946 "-" "meta-externalagent/1.1 (+https://developers.facebook.com/docs/sharing/webmasters/crawler)"
216.73.216.167 - - [01/Jan/2026:04:30:59 +0500] "GET /products/191449758855462?fileloc=%2Fvar%2Fwww%2Fvhosts%2Fgreenclinic.kz%2Fnewsite%2Fwp-includes%2Fjs%2Fwp-emoji-loader.min.js&path=%2Fvar%2Fwww%2Fvhosts%2Fgreenclinic.kz%2Fnewsite%2Fwp-includes%2Fjs HTTP/1.0" 200 20363 "-" "Mozilla/5.0 AppleWebKit/537.36 (KHTML, like Gecko; compatible; ClaudeBot/1.0; +claudebot@anthropic.com)"
216.73.216.167 - - [01/Jan/2026:04:30:59 +0500] "GET /products/520196898623128?fileloc=%2Fvar%2Fwww%2Fvhosts%2Fgreenclinic.kz%2Fnewsite%2Fwp-content%2Fuploads%2F2024%2F04%2F.htaccess&path=%2Fvar%2Fwww%2Fvhosts%2Fgreenclinic.kz%2Fnewsite%2Fwp-content%2Fuploads%2F2024%2F04 HTTP/1.0" 200 17263 "-" "Mozilla/5.0 AppleWebKit/537.36 (KHTML, like Gecko; compatible; ClaudeBot/1.0; +claudebot@anthropic.com)"
