216.73.216.167 - - [01/Jan/2026:04:33:23 +0500] "GET /ru/prices/ortopediya-detskaya?fileloc=%2Fvar%2Fwww%2Fvhosts%2Fgreenclinic.kz%2Fnewsite%2Fwp-content%2Fplugins%2Fwp-multilang%2Freadme.txt&path=%2Fvar%2Fwww%2Fvhosts%2Fgreenclinic.kz%2Fnewsite%2Fwp-content%2Fplugins%2Fwp-multilang HTTP/1.0" 200 29068 "-" "Mozilla/5.0 AppleWebKit/537.36 (KHTML, like Gecko; compatible; ClaudeBot/1.0; +claudebot@anthropic.com)"
74.7.227.36 - - [01/Jan/2026:04:33:23 +0500] "GET /ru/directions/proktologiya/?fileloc=/var/www/vhosts/greenclinic.kz/newsite/wp-content/uploads/2025/06/dariger-150x150.jpg&path=/var/www/vhosts/greenclinic.kz/newsite/wp-content/uploads/2025/06 HTTP/1.0" 200 26333 "-" "Mozilla/5.0 AppleWebKit/537.36 (KHTML, like Gecko; compatible; GPTBot/1.3; +https://openai.com/gptbot)"
216.73.216.167 - - [01/Jan/2026:04:33:23 +0500] "GET /products/58144254830399?fileloc=%2Fvar%2Fwww%2Fvhosts%2Fgreenclinic.kz%2Fnewsite%2Fwp-includes%2Fblocks%2Fpost-title%2Fblock.json&path=%2Fvar%2Fwww%2Fvhosts%2Fgreenclinic.kz%2Fnewsite%2Fwp-includes%2Fblocks%2Fpost-title HTTP/1.0" 200 19111 "-" "Mozilla/5.0 AppleWebKit/537.36 (KHTML, like Gecko; compatible; ClaudeBot/1.0; +claudebot@anthropic.com)"
216.73.216.167 - - [01/Jan/2026:04:33:23 +0500] "GET /products/184958261661627?fileloc=%2Fvar%2Fwww%2Fvhosts%2Fgreenclinic.kz%2Fnewsite%2Fwp-admin%2Fjs%2Fedit-comments.min.js&path=%2Fvar%2Fwww%2Fvhosts%2Fgreenclinic.kz%2Fnewsite%2Fwp-admin%2Fjs HTTP/1.0" 200 37370 "-" "Mozilla/5.0 AppleWebKit/537.36 (KHTML, like Gecko; compatible; ClaudeBot/1.0; +claudebot@anthropic.com)"
216.73.216.167 - - [01/Jan/2026:04:33:23 +0500] "GET /products/624281035302655?fileloc=%2Fvar%2Fwww%2Fvhosts%2Fgreenclinic.kz%2Fnewsite%2Fwp-includes%2Fjs%2Fmedia-models.js&path=%2Fvar%2Fwww%2Fvhosts%2Fgreenclinic.kz%2Fnewsite%2Fwp-includes%2Fjs HTTP/1.0" 200 63266 "-" "Mozilla/5.0 AppleWebKit/537.36 (KHTML, like Gecko; compatible; ClaudeBot/1.0; +claudebot@anthropic.com)"
216.73.216.167 - - [01/Jan/2026:04:33:23 +0500] "GET /products/554307604627846?fileloc=%2Fvar%2Fwww%2Fvhosts%2Fgreenclinic.kz%2Fnewsite%2Fwp-includes%2Fblocks%2Faudio%2Fstyle.min.css&path=%2Fvar%2Fwww%2Fvhosts%2Fgreenclinic.kz%2Fnewsite%2Fwp-includes%2Fblocks%2Faudio HTTP/1.0" 200 17178 "-" "Mozilla/5.0 AppleWebKit/537.36 (KHTML, like Gecko; compatible; ClaudeBot/1.0; +claudebot@anthropic.com)"
40.77.167.1 - - [01/Jan/2026:04:33:23 +0500] "GET /?item=1342308344 HTTP/1.0" 200 56946 "-" "Mozilla/5.0 AppleWebKit/537.36 (KHTML, like Gecko; compatible; bingbot/2.0; +http://www.bing.com/bingbot.htm) Chrome/116.0.1938.76 Safari/537.36"
216.73.216.167 - - [01/Jan/2026:04:33:23 +0500] "GET /products/671096899653398?fileloc=%2Fvar%2Fwww%2Fvhosts%2Fgreenclinic.kz%2Fnewsite%2Fwp-includes%2Fjs%2Fautosave.js&path=%2Fvar%2Fwww%2Fvhosts%2Fgreenclinic.kz%2Fnewsite%2Fwp-includes%2Fjs HTTP/1.0" 200 41252 "-" "Mozilla/5.0 AppleWebKit/537.36 (KHTML, like Gecko; compatible; ClaudeBot/1.0; +claudebot@anthropic.com)"
216.73.216.167 - - [01/Jan/2026:04:33:23 +0500] "GET /kz/hospital/pamyatki-paczientam?fileloc=%2Fvar%2Fwww%2Fvhosts%2Fgreenclinic.kz%2Fnewsite%2Fwp-includes%2Fload.php&path=%2Fvar%2Fwww%2Fvhosts%2Fgreenclinic.kz%2Fnewsite%2Fwp-includes HTTP/1.0" 200 77496 "-" "Mozilla/5.0 AppleWebKit/537.36 (KHTML, like Gecko; compatible; ClaudeBot/1.0; +claudebot@anthropic.com)"
2a03:2880:f814:2c:: - - [01/Jan/2026:04:33:23 +0500] "GET /en/?item=1478435768 HTTP/1.0" 200 56946 "-" "meta-externalagent/1.1 (+https://developers.facebook.com/docs/sharing/webmasters/crawler)"
74.7.227.36 - - [01/Jan/2026:04:33:23 +0500] "GET /ru/directions/proktologiya/?fileloc=/var/www/vhosts/greenclinic.kz/newsite/wp-content/uploads/2024/03/flag-300x300.jpg&path=/var/www/vhosts/greenclinic.kz/newsite/wp-content/uploads/2024/03 HTTP/1.0" 200 32708 "-" "Mozilla/5.0 AppleWebKit/537.36 (KHTML, like Gecko; compatible; GPTBot/1.3; +https://openai.com/gptbot)"
216.73.216.167 - - [01/Jan/2026:04:33:23 +0500] "GET /products/274572228674322?fileloc=%2Fvar%2Fwww%2Fvhosts%2Fgreenclinic.kz%2Fnewsite%2Fwp-includes%2Fblocks%2Fsearch%2Ftheme-rtl.min.css&path=%2Fvar%2Fwww%2Fvhosts%2Fgreenclinic.kz%2Fnewsite%2Fwp-includes%2Fblocks%2Fsearch HTTP/1.0" 200 17163 "-" "Mozilla/5.0 AppleWebKit/537.36 (KHTML, like Gecko; compatible; ClaudeBot/1.0; +claudebot@anthropic.com)"
2a03:2880:f814:5:: - - [01/Jan/2026:04:33:23 +0500] "GET /products/26229050 HTTP/1.0" 200 56946 "-" "meta-externalagent/1.1 (+https://developers.facebook.com/docs/sharing/webmasters/crawler)"
216.73.216.167 - - [01/Jan/2026:04:33:23 +0500] "GET /products/369890655660545?fileloc=%2Fvar%2Fwww%2Fvhosts%2Fgreenclinic.kz%2Fclinic_back%2Froutes%2Fconsole.php&path=%2Fvar%2Fwww%2Fvhosts%2Fgreenclinic.kz%2Fclinic_back%2Froutes HTTP/1.0" 200 17467 "-" "Mozilla/5.0 AppleWebKit/537.36 (KHTML, like Gecko; compatible; ClaudeBot/1.0; +claudebot@anthropic.com)"
2a03:2880:f814:4:: - - [01/Jan/2026:04:33:23 +0500] "GET /kz/?item=551877364 HTTP/1.0" 200 56946 "-" "meta-externalagent/1.1 (+https://developers.facebook.com/docs/sharing/webmasters/crawler)"
216.73.216.167 - - [01/Jan/2026:04:33:23 +0500] "GET /products/325569865954490?fileloc=%2Fvar%2Fwww%2Fvhosts%2Fgreenclinic.kz%2Fnewsite%2Fwp-admin%2Fjs%2Fnav-menu.min.js&path=%2Fvar%2Fwww%2Fvhosts%2Fgreenclinic.kz%2Fnewsite%2Fwp-admin%2Fjs HTTP/1.0" 200 49669 "-" "Mozilla/5.0 AppleWebKit/537.36 (KHTML, like Gecko; compatible; ClaudeBot/1.0; +claudebot@anthropic.com)"
216.73.216.167 - - [01/Jan/2026:04:33:23 +0500] "GET /products/710441125625455?fileloc=%2Fvar%2Fwww%2Fvhosts%2Fgreenclinic.kz%2Fnewsite%2Fwp-includes%2Fblocks%2Fquote%2Ftheme.css&path=%2Fvar%2Fwww%2Fvhosts%2Fgreenclinic.kz%2Fnewsite%2Fwp-includes%2Fblocks%2Fquote HTTP/1.0" 200 17550 "-" "Mozilla/5.0 AppleWebKit/537.36 (KHTML, like Gecko; compatible; ClaudeBot/1.0; +claudebot@anthropic.com)"
216.73.216.167 - - [01/Jan/2026:04:33:24 +0500] "GET /products/520196898623128?fileloc=%2Fvar%2Fwww%2Fvhosts%2Fgreenclinic.kz%2Fmed.greenclinic.kz%2Fwp-admin%2Fuser-edit.php&path=%2Fvar%2Fwww%2Fvhosts%2Fgreenclinic.kz%2Fmed.greenclinic.kz%2Fwp-admin HTTP/1.0" 200 69544 "-" "Mozilla/5.0 AppleWebKit/537.36 (KHTML, like Gecko; compatible; ClaudeBot/1.0; +claudebot@anthropic.com)"
216.73.216.167 - - [01/Jan/2026:04:33:24 +0500] "GET /products/249793900531239?fileloc=%2Fvar%2Fwww%2Fvhosts%2Fgreenclinic.kz%2Fnewsite%2Fwp-includes%2Fblocks%2Fblock%2Fblock.json&path=%2Fvar%2Fwww%2Fvhosts%2Fgreenclinic.kz%2Fnewsite%2Fwp-includes%2Fblocks%2Fblock HTTP/1.0" 200 17827 "-" "Mozilla/5.0 AppleWebKit/537.36 (KHTML, like Gecko; compatible; ClaudeBot/1.0; +claudebot@anthropic.com)"
74.7.227.36 - - [01/Jan/2026:04:33:24 +0500] "GET /ru/directions/proktologiya/?fileloc=/var/www/vhosts/greenclinic.kz/newsite/wp-content/uploads/2024/01/joxi-768x401.jpg&path=/var/www/vhosts/greenclinic.kz/newsite/wp-content/uploads/2024/01 HTTP/1.0" 200 76914 "-" "Mozilla/5.0 AppleWebKit/537.36 (KHTML, like Gecko; compatible; GPTBot/1.3; +https://openai.com/gptbot)"
216.73.216.167 - - [01/Jan/2026:04:33:24 +0500] "GET /products/250948564305862?fileloc=%2Fvar%2Fwww%2Fvhosts%2Fgreenclinic.kz%2Fmed.greenclinic.kz%2Fwp-includes%2Fblocks%2Fquery-pagination-next.php&path=%2Fvar%2Fwww%2Fvhosts%2Fgreenclinic.kz%2Fmed.greenclinic.kz%2Fwp-includes%2Fblocks HTTP/1.0" 200 21401 "-" "Mozilla/5.0 AppleWebKit/537.36 (KHTML, like Gecko; compatible; ClaudeBot/1.0; +claudebot@anthropic.com)"
2a03:2880:f814:4:: - - [01/Jan/2026:04:33:24 +0500] "GET /products/29599416 HTTP/1.0" 200 56946 "-" "meta-externalagent/1.1 (+https://developers.facebook.com/docs/sharing/webmasters/crawler)"
216.73.216.167 - - [01/Jan/2026:04:33:24 +0500] "GET /products/341827680033778?fileloc=%2Fvar%2Fwww%2Fvhosts%2Fgreenclinic.kz%2Fnewsite%2Fwp-admin%2Fjs%2Fprivacy-tools.js&path=%2Fvar%2Fwww%2Fvhosts%2Fgreenclinic.kz%2Fnewsite%2Fwp-admin%2Fjs HTTP/1.0" 200 29153 "-" "Mozilla/5.0 AppleWebKit/537.36 (KHTML, like Gecko; compatible; ClaudeBot/1.0; +claudebot@anthropic.com)"
216.73.216.167 - - [01/Jan/2026:04:33:24 +0500] "GET /products/228081808404634?fileloc=%2Fvar%2Fwww%2Fvhosts%2Fgreenclinic.kz%2Fmed.greenclinic.kz%2Fwp-includes%2Fclass.wp-styles.php&path=%2Fvar%2Fwww%2Fvhosts%2Fgreenclinic.kz%2Fmed.greenclinic.kz%2Fwp-includes HTTP/1.0" 200 17273 "-" "Mozilla/5.0 AppleWebKit/537.36 (KHTML, like Gecko; compatible; ClaudeBot/1.0; +claudebot@anthropic.com)"
216.73.216.167 - - [01/Jan/2026:04:33:24 +0500] "GET /products/242769973093889?fileloc=%2Fvar%2Fwww%2Fvhosts%2Fgreenclinic.kz%2Fmed.greenclinic.kz%2Fwp-includes%2Fms-network.php&path=%2Fvar%2Fwww%2Fvhosts%2Fgreenclinic.kz%2Fmed.greenclinic.kz%2Fwp-includes HTTP/1.0" 200 20847 "-" "Mozilla/5.0 AppleWebKit/537.36 (KHTML, like Gecko; compatible; ClaudeBot/1.0; +claudebot@anthropic.com)"
216.73.216.167 - - [01/Jan/2026:04:33:24 +0500] "GET /en/?fileloc=%2Fvar%2Fwww%2Fvhosts%2Fgreenclinic.kz%2Fnewsite%2Fwp-content%2Fuploads%2F2024%2F01%2Ffacebook.svg&path=%2Fvar%2Fwww%2Fvhosts%2Fgreenclinic.kz%2Fnewsite%2Fwp-content%2Fuploads%2F2024%2F01 HTTP/1.0" 200 18221 "-" "Mozilla/5.0 AppleWebKit/537.36 (KHTML, like Gecko; compatible; ClaudeBot/1.0; +claudebot@anthropic.com)"
216.73.216.167 - - [01/Jan/2026:04:33:24 +0500] "GET /ru/prices/urologiya?fileloc=%2Fvar%2Fwww%2Fvhosts%2Fgreenclinic.kz%2Fmed.greenclinic.kz%2Fwp-includes%2Fjs%2Fwp-embed.js&path=%2Fvar%2Fwww%2Fvhosts%2Fgreenclinic.kz%2Fmed.greenclinic.kz%2Fwp-includes%2Fjs HTTP/1.0" 200 20472 "-" "Mozilla/5.0 AppleWebKit/537.36 (KHTML, like Gecko; compatible; ClaudeBot/1.0; +claudebot@anthropic.com)"
74.7.227.36 - - [01/Jan/2026:04:33:24 +0500] "GET /ru/directions/proktologiya/?fileloc=/var/www/vhosts/greenclinic.kz/newsite/wp-content/uploads/2025/05/images-150x150.jpg&path=/var/www/vhosts/greenclinic.kz/newsite/wp-content/uploads/2025/05 HTTP/1.0" 200 38482 "-" "Mozilla/5.0 AppleWebKit/537.36 (KHTML, like Gecko; compatible; GPTBot/1.3; +https://openai.com/gptbot)"
216.73.216.167 - - [01/Jan/2026:04:33:24 +0500] "GET /products/79087016212506?fileloc=%2Fvar%2Fwww%2Fvhosts%2Fgreenclinic.kz%2Fnewsite%2Fwp-includes%2Fblocks%2Fspacer%2Feditor-rtl.min.css&path=%2Fvar%2Fwww%2Fvhosts%2Fgreenclinic.kz%2Fnewsite%2Fwp-includes%2Fblocks%2Fspacer HTTP/1.0" 200 18006 "-" "Mozilla/5.0 AppleWebKit/537.36 (KHTML, like Gecko; compatible; ClaudeBot/1.0; +claudebot@anthropic.com)"
216.73.216.167 - - [01/Jan/2026:04:33:24 +0500] "GET /products/443239253773522?fileloc=%2Fvar%2Fwww%2Fvhosts%2Fgreenclinic.kz%2Fnewsite%2Fwp-includes%2Fblocks%2Favatar%2Fstyle.css&path=%2Fvar%2Fwww%2Fvhosts%2Fgreenclinic.kz%2Fnewsite%2Fwp-includes%2Fblocks%2Favatar HTTP/1.0" 200 17184 "-" "Mozilla/5.0 AppleWebKit/537.36 (KHTML, like Gecko; compatible; ClaudeBot/1.0; +claudebot@anthropic.com)"
216.73.216.167 - - [01/Jan/2026:04:33:24 +0500] "GET /products/675877617614394?fileloc=%2Fvar%2Fwww%2Fvhosts%2Fgreenclinic.kz%2Fmed.greenclinic.kz%2Fwp-includes%2Fblocks%2Fcomment-content.php&path=%2Fvar%2Fwww%2Fvhosts%2Fgreenclinic.kz%2Fmed.greenclinic.kz%2Fwp-includes%2Fblocks HTTP/1.0" 200 19851 "-" "Mozilla/5.0 AppleWebKit/537.36 (KHTML, like Gecko; compatible; ClaudeBot/1.0; +claudebot@anthropic.com)"
216.73.216.167 - - [01/Jan/2026:04:33:25 +0500] "GET /products/8683863323759?fileloc=%2Fvar%2Fwww%2Fvhosts%2Fgreenclinic.kz%2Fnewsite%2Fwp-includes%2Fblocks%2Fspacer%2Fstyle.css&path=%2Fvar%2Fwww%2Fvhosts%2Fgreenclinic.kz%2Fnewsite%2Fwp-includes%2Fblocks%2Fspacer HTTP/1.0" 200 17062 "-" "Mozilla/5.0 AppleWebKit/537.36 (KHTML, like Gecko; compatible; ClaudeBot/1.0; +claudebot@anthropic.com)"
2a03:2880:f814:6:: - - [01/Jan/2026:04:33:25 +0500] "GET /kz/?item=1171409880 HTTP/1.0" 200 56946 "-" "meta-externalagent/1.1 (+https://developers.facebook.com/docs/sharing/webmasters/crawler)"
216.73.216.167 - - [01/Jan/2026:04:33:25 +0500] "GET /products/242769973093889?fileloc=%2Fvar%2Fwww%2Fvhosts%2Fgreenclinic.kz%2Fmed.greenclinic.kz%2Fwp-includes%2Fclass-wp-styles.php&path=%2Fvar%2Fwww%2Fvhosts%2Fgreenclinic.kz%2Fmed.greenclinic.kz%2Fwp-includes HTTP/1.0" 200 30371 "-" "Mozilla/5.0 AppleWebKit/537.36 (KHTML, like Gecko; compatible; ClaudeBot/1.0; +claudebot@anthropic.com)"
216.73.216.167 - - [01/Jan/2026:04:33:25 +0500] "GET /products/304764084131702?fileloc=%2Fvar%2Fwww%2Fvhosts%2Fgreenclinic.kz%2Fnewsite%2Fwp-includes%2Fblocks%2Fsearch%2Fstyle.css&path=%2Fvar%2Fwww%2Fvhosts%2Fgreenclinic.kz%2Fnewsite%2Fwp-includes%2Fblocks%2Fsearch HTTP/1.0" 200 19573 "-" "Mozilla/5.0 AppleWebKit/537.36 (KHTML, like Gecko; compatible; ClaudeBot/1.0; +claudebot@anthropic.com)"
74.7.227.36 - - [01/Jan/2026:04:33:25 +0500] "GET /ru/directions/proktologiya/?fileloc=/var/www/vhosts/greenclinic.kz/newsite/wp-content/uploads/2025/06/dariger-300x199.jpg&path=/var/www/vhosts/greenclinic.kz/newsite/wp-content/uploads/2025/06 HTTP/1.0" 200 36972 "-" "Mozilla/5.0 AppleWebKit/537.36 (KHTML, like Gecko; compatible; GPTBot/1.3; +https://openai.com/gptbot)"
216.73.216.167 - - [01/Jan/2026:04:33:25 +0500] "GET /products/309114237634735?fileloc=%2Fvar%2Fwww%2Fvhosts%2Fgreenclinic.kz%2Fnewsite%2Fwp-includes%2Fblocks%2Fpost-title%2Fblock.json&path=%2Fvar%2Fwww%2Fvhosts%2Fgreenclinic.kz%2Fnewsite%2Fwp-includes%2Fblocks%2Fpost-title HTTP/1.0" 200 19111 "-" "Mozilla/5.0 AppleWebKit/537.36 (KHTML, like Gecko; compatible; ClaudeBot/1.0; +claudebot@anthropic.com)"
216.73.216.167 - - [01/Jan/2026:04:33:25 +0500] "GET /products/27550692514948?fileloc=%2Fvar%2Fwww%2Fvhosts%2Fgreenclinic.kz%2Fmed.greenclinic.kz%2Fwp-admin%2Fadmin-functions.php&path=%2Fvar%2Fwww%2Fvhosts%2Fgreenclinic.kz%2Fmed.greenclinic.kz%2Fwp-admin HTTP/1.0" 200 17430 "-" "Mozilla/5.0 AppleWebKit/537.36 (KHTML, like Gecko; compatible; ClaudeBot/1.0; +claudebot@anthropic.com)"
216.73.216.167 - - [01/Jan/2026:04:33:25 +0500] "GET /en/directions/dermatologiya?fileloc=%2Fvar%2Fwww%2Fvhosts%2Fgreenclinic.kz%2Fnewsite%2Fwp-admin%2Fload-styles.php&path=%2Fvar%2Fwww%2Fvhosts%2Fgreenclinic.kz%2Fnewsite%2Fwp-admin HTTP/1.0" 200 20056 "-" "Mozilla/5.0 AppleWebKit/537.36 (KHTML, like Gecko; compatible; ClaudeBot/1.0; +claudebot@anthropic.com)"
216.73.216.167 - - [01/Jan/2026:04:33:25 +0500] "GET /products/395417032358894?fileloc=%2Fvar%2Fwww%2Fvhosts%2Fgreenclinic.kz%2Fmed.greenclinic.kz%2Fwp-admin%2Fcss%2Frevisions.min.css&path=%2Fvar%2Fwww%2Fvhosts%2Fgreenclinic.kz%2Fmed.greenclinic.kz%2Fwp-admin%2Fcss HTTP/1.0" 200 25858 "-" "Mozilla/5.0 AppleWebKit/537.36 (KHTML, like Gecko; compatible; ClaudeBot/1.0; +claudebot@anthropic.com)"
216.73.216.167 - - [01/Jan/2026:04:33:25 +0500] "GET /en/prices/urologiya?fileloc=%2Fvar%2Fwww%2Fvhosts%2Fgreenclinic.kz%2Fnewsite%2Fwp-includes%2Fjs%2Fdist%2Fwordcount.js&path=%2Fvar%2Fwww%2Fvhosts%2Fgreenclinic.kz%2Fnewsite%2Fwp-includes%2Fjs%2Fdist HTTP/1.0" 200 32765 "-" "Mozilla/5.0 AppleWebKit/537.36 (KHTML, like Gecko; compatible; ClaudeBot/1.0; +claudebot@anthropic.com)"
74.7.227.36 - - [01/Jan/2026:04:33:25 +0500] "GET /ru/directions/proktologiya/?fileloc=/var/www/vhosts/greenclinic.kz/newsite/wp-content/uploads/2024/01/joxi-150x150.jpg&path=/var/www/vhosts/greenclinic.kz/newsite/wp-content/uploads/2024/01 HTTP/1.0" 200 26510 "-" "Mozilla/5.0 AppleWebKit/537.36 (KHTML, like Gecko; compatible; GPTBot/1.3; +https://openai.com/gptbot)"
216.73.216.167 - - [01/Jan/2026:04:33:25 +0500] "GET /products/218042997938823?fileloc=%2Fvar%2Fwww%2Fvhosts%2Fgreenclinic.kz%2Fnewsite%2Fwp-includes%2Fblocks%2Fbuttons%2Fstyle-rtl.min.css&path=%2Fvar%2Fwww%2Fvhosts%2Fgreenclinic.kz%2Fnewsite%2Fwp-includes%2Fblocks%2Fbuttons HTTP/1.0" 200 18349 "-" "Mozilla/5.0 AppleWebKit/537.36 (KHTML, like Gecko; compatible; ClaudeBot/1.0; +claudebot@anthropic.com)"
216.73.216.167 - - [01/Jan/2026:04:33:25 +0500] "GET /products/280242097556253?fileloc=%2Fvar%2Fwww%2Fvhosts%2Fgreenclinic.kz%2Fnewsite%2Fwp-includes%2Fblocks%2Fdetails%2Feditor-rtl.css&path=%2Fvar%2Fwww%2Fvhosts%2Fgreenclinic.kz%2Fnewsite%2Fwp-includes%2Fblocks%2Fdetails HTTP/1.0" 200 17087 "-" "Mozilla/5.0 AppleWebKit/537.36 (KHTML, like Gecko; compatible; ClaudeBot/1.0; +claudebot@anthropic.com)"
2a03:2880:f814:12:: - - [01/Jan/2026:04:33:25 +0500] "GET /products/9249561 HTTP/1.0" 200 56946 "-" "meta-externalagent/1.1 (+https://developers.facebook.com/docs/sharing/webmasters/crawler)"
216.73.216.167 - - [01/Jan/2026:04:33:26 +0500] "GET /products/476852223610130?fileloc=%2Fvar%2Fwww%2Fvhosts%2Fgreenclinic.kz%2Fnewsite%2Fwp-includes%2Fblocks%2Fbuttons%2Fblock.json&path=%2Fvar%2Fwww%2Fvhosts%2Fgreenclinic.kz%2Fnewsite%2Fwp-includes%2Fblocks%2Fbuttons HTTP/1.0" 200 18770 "-" "Mozilla/5.0 AppleWebKit/537.36 (KHTML, like Gecko; compatible; ClaudeBot/1.0; +claudebot@anthropic.com)"
216.73.216.167 - - [01/Jan/2026:04:33:26 +0500] "GET /products/679244480308573?fileloc=%2Fvar%2Fwww%2Fvhosts%2Fgreenclinic.kz%2Fnewsite%2Fwp-content%2Fuploads%2Fwpallimport%2F.htaccess&path=%2Fvar%2Fwww%2Fvhosts%2Fgreenclinic.kz%2Fnewsite%2Fwp-content%2Fuploads%2Fwpallimport HTTP/1.0" 200 17192 "-" "Mozilla/5.0 AppleWebKit/537.36 (KHTML, like Gecko; compatible; ClaudeBot/1.0; +claudebot@anthropic.com)"
2a03:2880:f814:26:: - - [01/Jan/2026:04:33:26 +0500] "GET /products/6938583 HTTP/1.0" 200 56946 "-" "meta-externalagent/1.1 (+https://developers.facebook.com/docs/sharing/webmasters/crawler)"
216.73.216.167 - - [01/Jan/2026:04:33:26 +0500] "GET /products/280242097556253?fileloc=%2Fvar%2Fwww%2Fvhosts%2Fgreenclinic.kz%2Fnewsite%2Fwp-includes%2Fblocks%2Fsocial-link%2Feditor.css&path=%2Fvar%2Fwww%2Fvhosts%2Fgreenclinic.kz%2Fnewsite%2Fwp-includes%2Fblocks%2Fsocial-link HTTP/1.0" 200 17461 "-" "Mozilla/5.0 AppleWebKit/537.36 (KHTML, like Gecko; compatible; ClaudeBot/1.0; +claudebot@anthropic.com)"
216.73.216.167 - - [01/Jan/2026:04:33:26 +0500] "GET /en/prices/urologiya?fileloc=%2Fvar%2Fwww%2Fvhosts%2Fgreenclinic.kz%2Fnewsite%2Fwp-includes%2Fjs%2Fplupload%2Fmoxie.js&path=%2Fvar%2Fwww%2Fvhosts%2Fgreenclinic.kz%2Fnewsite%2Fwp-includes%2Fjs%2Fplupload HTTP/1.0" 200 290364 "-" "Mozilla/5.0 AppleWebKit/537.36 (KHTML, like Gecko; compatible; ClaudeBot/1.0; +claudebot@anthropic.com)"
74.7.227.36 - - [01/Jan/2026:04:33:26 +0500] "GET /ru/directions/proktologiya/?fileloc=/var/www/vhosts/greenclinic.kz/newsite/wp-content/uploads/2024/03/flag-150x150.jpg&path=/var/www/vhosts/greenclinic.kz/newsite/wp-content/uploads/2024/03 HTTP/1.0" 200 23583 "-" "Mozilla/5.0 AppleWebKit/537.36 (KHTML, like Gecko; compatible; GPTBot/1.3; +https://openai.com/gptbot)"
216.73.216.167 - - [01/Jan/2026:04:33:26 +0500] "GET /products/685295465594388?fileloc=%2Fvar%2Fwww%2Fvhosts%2Fgreenclinic.kz%2Fnewsite%2Fwp-includes%2Fjs%2Fmedia-models.js&path=%2Fvar%2Fwww%2Fvhosts%2Fgreenclinic.kz%2Fnewsite%2Fwp-includes%2Fjs HTTP/1.0" 200 63266 "-" "Mozilla/5.0 AppleWebKit/537.36 (KHTML, like Gecko; compatible; ClaudeBot/1.0; +claudebot@anthropic.com)"
216.73.216.167 - - [01/Jan/2026:04:33:26 +0500] "GET /products/442401191154019?fileloc=%2Fvar%2Fwww%2Fvhosts%2Fgreenclinic.kz%2Fnewsite%2Fwp-includes%2Fblocks%2Fsearch%2Ftheme-rtl.min.css&path=%2Fvar%2Fwww%2Fvhosts%2Fgreenclinic.kz%2Fnewsite%2Fwp-includes%2Fblocks%2Fsearch HTTP/1.0" 200 17163 "-" "Mozilla/5.0 AppleWebKit/537.36 (KHTML, like Gecko; compatible; ClaudeBot/1.0; +claudebot@anthropic.com)"
216.73.216.167 - - [01/Jan/2026:04:33:26 +0500] "GET /products/134413736174295?fileloc=%2Fvar%2Fwww%2Fvhosts%2Fgreenclinic.kz%2Fmed.greenclinic.kz%2Fwp-includes%2Fjs%2Fmediaelement%2Fwp-mediaelement.js&path=%2Fvar%2Fwww%2Fvhosts%2Fgreenclinic.kz%2Fmed.greenclinic.kz%2Fwp-includes%2Fjs%2Fmediaelement HTTP/1.0" 200 20131 "-" "Mozilla/5.0 AppleWebKit/537.36 (KHTML, like Gecko; compatible; ClaudeBot/1.0; +claudebot@anthropic.com)"
2a03:2880:f814:22:: - - [01/Jan/2026:04:33:26 +0500] "GET /products/2589838 HTTP/1.0" 200 56946 "-" "meta-externalagent/1.1 (+https://developers.facebook.com/docs/sharing/webmasters/crawler)"
216.73.216.167 - - [01/Jan/2026:04:33:26 +0500] "GET /products/586280314899386?fileloc=%2Fvar%2Fwww%2Fvhosts%2Fgreenclinic.kz%2Fnewsite%2Fwp-includes%2Fjs%2Fdist%2Fkeyboard-shortcuts.js&path=%2Fvar%2Fwww%2Fvhosts%2Fgreenclinic.kz%2Fnewsite%2Fwp-includes%2Fjs%2Fdist HTTP/1.0" 200 51054 "-" "Mozilla/5.0 AppleWebKit/537.36 (KHTML, like Gecko; compatible; ClaudeBot/1.0; +claudebot@anthropic.com)"
216.73.216.167 - - [01/Jan/2026:04:33:26 +0500] "GET /products/461395884051732?fileloc=%2Fvar%2Fwww%2Fvhosts%2Fgreenclinic.kz%2Fnewsite%2Fwp-includes%2Fblocks%2Fpost-title%2Fblock.json&path=%2Fvar%2Fwww%2Fvhosts%2Fgreenclinic.kz%2Fnewsite%2Fwp-includes%2Fblocks%2Fpost-title HTTP/1.0" 200 19111 "-" "Mozilla/5.0 AppleWebKit/537.36 (KHTML, like Gecko; compatible; ClaudeBot/1.0; +claudebot@anthropic.com)"
216.73.216.167 - - [01/Jan/2026:04:33:26 +0500] "GET /products/618515660282560?fileloc=%2Fvar%2Fwww%2Fvhosts%2Fgreenclinic.kz%2Fnewsite%2Fwp-includes%2Fblocks%2Fmedia-text%2Fstyle.min.css&path=%2Fvar%2Fwww%2Fvhosts%2Fgreenclinic.kz%2Fnewsite%2Fwp-includes%2Fblocks%2Fmedia-text HTTP/1.0" 200 19299 "-" "Mozilla/5.0 AppleWebKit/537.36 (KHTML, like Gecko; compatible; ClaudeBot/1.0; +claudebot@anthropic.com)"
74.7.227.36 - - [01/Jan/2026:04:33:26 +0500] "GET /en/prices/priem-otoloringologa?path=/var/www/vhosts/greenclinic.kz/newsite/wp-content/maintenance HTTP/1.0" 200 18767 "-" "Mozilla/5.0 AppleWebKit/537.36 (KHTML, like Gecko; compatible; GPTBot/1.3; +https://openai.com/gptbot)"
216.73.216.167 - - [01/Jan/2026:04:33:26 +0500] "GET /products/598791409979588?fileloc=%2Fvar%2Fwww%2Fvhosts%2Fgreenclinic.kz%2Fnewsite%2Fwp-includes%2Fblocks%2Fpost-title%2Fblock.json&path=%2Fvar%2Fwww%2Fvhosts%2Fgreenclinic.kz%2Fnewsite%2Fwp-includes%2Fblocks%2Fpost-title HTTP/1.0" 200 19111 "-" "Mozilla/5.0 AppleWebKit/537.36 (KHTML, like Gecko; compatible; ClaudeBot/1.0; +claudebot@anthropic.com)"
216.73.216.167 - - [01/Jan/2026:04:33:27 +0500] "GET /products/163544863757834?fileloc=%2Fvar%2Fwww%2Fvhosts%2Fgreenclinic.kz%2Fnewsite%2Fwp-includes%2Fblocks%2Fsearch%2Feditor-rtl.min.css&path=%2Fvar%2Fwww%2Fvhosts%2Fgreenclinic.kz%2Fnewsite%2Fwp-includes%2Fblocks%2Fsearch HTTP/1.0" 200 17336 "-" "Mozilla/5.0 AppleWebKit/537.36 (KHTML, like Gecko; compatible; ClaudeBot/1.0; +claudebot@anthropic.com)"
216.73.216.167 - - [01/Jan/2026:04:33:27 +0500] "GET /products/585372148693091?fileloc=%2Fvar%2Fwww%2Fvhosts%2Fgreenclinic.kz%2Fnewsite%2Fwp-admin%2Fjs%2Fpostbox.js&path=%2Fvar%2Fwww%2Fvhosts%2Fgreenclinic.kz%2Fnewsite%2Fwp-admin%2Fjs HTTP/1.0" 200 37608 "-" "Mozilla/5.0 AppleWebKit/537.36 (KHTML, like Gecko; compatible; ClaudeBot/1.0; +claudebot@anthropic.com)"
216.73.216.167 - - [01/Jan/2026:04:33:27 +0500] "GET /products/446854142285535?fileloc=%2Fvar%2Fwww%2Fvhosts%2Fgreenclinic.kz%2Fmed.greenclinic.kz%2Fwp-includes%2Fclass-wp-roles.php&path=%2Fvar%2Fwww%2Fvhosts%2Fgreenclinic.kz%2Fmed.greenclinic.kz%2Fwp-includes HTTP/1.0" 200 26924 "-" "Mozilla/5.0 AppleWebKit/537.36 (KHTML, like Gecko; compatible; ClaudeBot/1.0; +claudebot@anthropic.com)"
216.73.216.167 - - [01/Jan/2026:04:33:27 +0500] "GET /products/457054611542230?fileloc=%2Fvar%2Fwww%2Fvhosts%2Fgreenclinic.kz%2Fnewsite%2Fwp-includes%2Fblocks%2Fsite-logo%2Fstyle.css&path=%2Fvar%2Fwww%2Fvhosts%2Fgreenclinic.kz%2Fnewsite%2Fwp-includes%2Fblocks%2Fsite-logo HTTP/1.0" 200 17536 "-" "Mozilla/5.0 AppleWebKit/537.36 (KHTML, like Gecko; compatible; ClaudeBot/1.0; +claudebot@anthropic.com)"
74.7.227.36 - - [01/Jan/2026:04:33:27 +0500] "GET /en/prices/priem-otoloringologa?path=/var/www/vhosts/greenclinic.kz/newsite/wp-content/upgrade-temp-backup HTTP/1.0" 200 17315 "-" "Mozilla/5.0 AppleWebKit/537.36 (KHTML, like Gecko; compatible; GPTBot/1.3; +https://openai.com/gptbot)"
216.73.216.167 - - [01/Jan/2026:04:33:27 +0500] "GET /products/394550990883982?fileloc=%2Fvar%2Fwww%2Fvhosts%2Fgreenclinic.kz%2Fnewsite%2Fwp-includes%2Fjs%2Fmedia-grid.min.js&path=%2Fvar%2Fwww%2Fvhosts%2Fgreenclinic.kz%2Fnewsite%2Fwp-includes%2Fjs HTTP/1.0" 200 32445 "-" "Mozilla/5.0 AppleWebKit/537.36 (KHTML, like Gecko; compatible; ClaudeBot/1.0; +claudebot@anthropic.com)"
2a03:2880:f814:6:: - - [01/Jan/2026:04:33:27 +0500] "GET /products/8402483 HTTP/1.0" 200 56946 "-" "meta-externalagent/1.1 (+https://developers.facebook.com/docs/sharing/webmasters/crawler)"
216.73.216.167 - - [01/Jan/2026:04:33:27 +0500] "GET /en/prices/urologiya?fileloc=%2Fvar%2Fwww%2Fvhosts%2Fgreenclinic.kz%2Fnewsite%2Fwp-includes%2Fjs%2Fthickbox%2FmacFFBgHack.png&path=%2Fvar%2Fwww%2Fvhosts%2Fgreenclinic.kz%2Fnewsite%2Fwp-includes%2Fjs%2Fthickbox HTTP/1.0" 200 17163 "-" "Mozilla/5.0 AppleWebKit/537.36 (KHTML, like Gecko; compatible; ClaudeBot/1.0; +claudebot@anthropic.com)"
216.73.216.167 - - [01/Jan/2026:04:33:27 +0500] "GET /products/456250819957456?fileloc=%2Fvar%2Fwww%2Fvhosts%2Fgreenclinic.kz%2Fmed.greenclinic.kz%2Fwp-admin%2Fnetwork%2Ftheme-install.php&path=%2Fvar%2Fwww%2Fvhosts%2Fgreenclinic.kz%2Fmed.greenclinic.kz%2Fwp-admin%2Fnetwork HTTP/1.0" 200 17429 "-" "Mozilla/5.0 AppleWebKit/537.36 (KHTML, like Gecko; compatible; ClaudeBot/1.0; +claudebot@anthropic.com)"
216.73.216.167 - - [01/Jan/2026:04:33:27 +0500] "GET /products/245697006491863?fileloc=%2Fvar%2Fwww%2Fvhosts%2Fgreenclinic.kz%2Fnewsite%2Fwp-includes%2Fblocks%2Flist%2Fstyle.min.css&path=%2Fvar%2Fwww%2Fvhosts%2Fgreenclinic.kz%2Fnewsite%2Fwp-includes%2Fblocks%2Flist HTTP/1.0" 200 17114 "-" "Mozilla/5.0 AppleWebKit/537.36 (KHTML, like Gecko; compatible; ClaudeBot/1.0; +claudebot@anthropic.com)"
40.77.167.156 - - [01/Jan/2026:04:33:27 +0500] "GET /?item=375679872 HTTP/1.0" 200 56946 "-" "Mozilla/5.0 AppleWebKit/537.36 (KHTML, like Gecko; compatible; bingbot/2.0; +http://www.bing.com/bingbot.htm) Chrome/116.0.1938.76 Safari/537.36"
216.73.216.167 - - [01/Jan/2026:04:33:27 +0500] "GET /products/473320911349456?fileloc=%2Fvar%2Fwww%2Fvhosts%2Fgreenclinic.kz%2Fnewsite%2Fwp-includes%2Fblocks%2Fsite-logo%2Fstyle.css&path=%2Fvar%2Fwww%2Fvhosts%2Fgreenclinic.kz%2Fnewsite%2Fwp-includes%2Fblocks%2Fsite-logo HTTP/1.0" 200 17536 "-" "Mozilla/5.0 AppleWebKit/537.36 (KHTML, like Gecko; compatible; ClaudeBot/1.0; +claudebot@anthropic.com)"
216.73.216.167 - - [01/Jan/2026:04:33:27 +0500] "GET /products/327779902254179?fileloc=%2Fvar%2Fwww%2Fvhosts%2Fgreenclinic.kz%2Fnewsite%2Fwp-includes%2Fjs%2Fmedia-models.js&path=%2Fvar%2Fwww%2Fvhosts%2Fgreenclinic.kz%2Fnewsite%2Fwp-includes%2Fjs HTTP/1.0" 200 63266 "-" "Mozilla/5.0 AppleWebKit/537.36 (KHTML, like Gecko; compatible; ClaudeBot/1.0; +claudebot@anthropic.com)"
74.7.227.36 - - [01/Jan/2026:04:33:27 +0500] "GET /en/prices/priem-otoloringologa?fileloc=/var/www/vhosts/greenclinic.kz/newsite/wp-includes/fonts/class-wp-font-library.php&path=/var/www/vhosts/greenclinic.kz/newsite/wp-includes/fonts HTTP/1.0" 200 20575 "-" "Mozilla/5.0 AppleWebKit/537.36 (KHTML, like Gecko; compatible; GPTBot/1.3; +https://openai.com/gptbot)"
216.73.216.167 - - [01/Jan/2026:04:33:27 +0500] "GET /products/457054611542230?fileloc=%2Fvar%2Fwww%2Fvhosts%2Fgreenclinic.kz%2Fnewsite%2Fwp-includes%2Fjs%2Fmedia-models.js&path=%2Fvar%2Fwww%2Fvhosts%2Fgreenclinic.kz%2Fnewsite%2Fwp-includes%2Fjs HTTP/1.0" 200 63266 "-" "Mozilla/5.0 AppleWebKit/537.36 (KHTML, like Gecko; compatible; ClaudeBot/1.0; +claudebot@anthropic.com)"
216.73.216.167 - - [01/Jan/2026:04:33:28 +0500] "GET /products/245524528109166?fileloc=%2Fvar%2Fwww%2Fvhosts%2Fgreenclinic.kz%2Fclinic_front%2F.gitignore&path=%2Fvar%2Fwww%2Fvhosts%2Fgreenclinic.kz%2Fclinic_front HTTP/1.0" 200 16966 "-" "Mozilla/5.0 AppleWebKit/537.36 (KHTML, like Gecko; compatible; ClaudeBot/1.0; +claudebot@anthropic.com)"
216.73.216.167 - - [01/Jan/2026:04:33:28 +0500] "GET /ru/doctors/mukatova-irina-yurevna?fileloc=%2Fvar%2Fwww%2Fvhosts%2Fgreenclinic.kz%2Fmed.greenclinic.kz%2Fwp-includes%2Fblocks%2Fmath%2Fstyle.css&path=%2Fvar%2Fwww%2Fvhosts%2Fgreenclinic.kz%2Fmed.greenclinic.kz%2Fwp-includes%2Fblocks%2Fmath HTTP/1.0" 200 17146 "-" "Mozilla/5.0 AppleWebKit/537.36 (KHTML, like Gecko; compatible; ClaudeBot/1.0; +claudebot@anthropic.com)"
216.73.216.167 - - [01/Jan/2026:04:33:28 +0500] "GET /products/119239043975929?fileloc=%2Fvar%2Fwww%2Fvhosts%2Fgreenclinic.kz%2Fnewsite%2Fwp-admin%2Fjs%2Fdashboard.js&path=%2Fvar%2Fwww%2Fvhosts%2Fgreenclinic.kz%2Fnewsite%2Fwp-admin%2Fjs HTTP/1.0" 200 47249 "-" "Mozilla/5.0 AppleWebKit/537.36 (KHTML, like Gecko; compatible; ClaudeBot/1.0; +claudebot@anthropic.com)"
2a03:2880:f814:f:: - - [01/Jan/2026:04:33:28 +0500] "GET /products/9076527 HTTP/1.0" 200 56946 "-" "meta-externalagent/1.1 (+https://developers.facebook.com/docs/sharing/webmasters/crawler)"
2a03:2880:f814:21:: - - [01/Jan/2026:04:33:28 +0500] "GET /products/24390372 HTTP/1.0" 200 56946 "-" "meta-externalagent/1.1 (+https://developers.facebook.com/docs/sharing/webmasters/crawler)"
216.73.216.167 - - [01/Jan/2026:04:33:28 +0500] "GET /en/prices/urologiya?fileloc=%2Fvar%2Fwww%2Fvhosts%2Fgreenclinic.kz%2Fnewsite%2Fwp-includes%2Fjs%2Fwp-emoji-loader.min.js&path=%2Fvar%2Fwww%2Fvhosts%2Fgreenclinic.kz%2Fnewsite%2Fwp-includes%2Fjs HTTP/1.0" 200 20363 "-" "Mozilla/5.0 AppleWebKit/537.36 (KHTML, like Gecko; compatible; ClaudeBot/1.0; +claudebot@anthropic.com)"
74.7.227.36 - - [01/Jan/2026:04:33:28 +0500] "GET /en/prices/priem-otoloringologa?fileloc=/var/www/vhosts/greenclinic.kz/newsite/wp-includes/fonts/class-wp-font-face-resolver.php&path=/var/www/vhosts/greenclinic.kz/newsite/wp-includes/fonts HTTP/1.0" 200 22165 "-" "Mozilla/5.0 AppleWebKit/537.36 (KHTML, like Gecko; compatible; GPTBot/1.3; +https://openai.com/gptbot)"
216.73.216.167 - - [01/Jan/2026:04:33:28 +0500] "GET /products/82447835310571?fileloc=%2Fvar%2Fwww%2Fvhosts%2Fgreenclinic.kz%2Fnewsite%2Fwp-admin%2Fjs%2Fpassword-toggle.min.js&path=%2Fvar%2Fwww%2Fvhosts%2Fgreenclinic.kz%2Fnewsite%2Fwp-admin%2Fjs HTTP/1.0" 200 17996 "-" "Mozilla/5.0 AppleWebKit/537.36 (KHTML, like Gecko; compatible; ClaudeBot/1.0; +claudebot@anthropic.com)"
216.73.216.167 - - [01/Jan/2026:04:33:28 +0500] "GET /products/529527583481672?fileloc=%2Fvar%2Fwww%2Fvhosts%2Fgreenclinic.kz%2Fnewsite%2Fwp-includes%2Fjs%2Fmasonry.min.js&path=%2Fvar%2Fwww%2Fvhosts%2Fgreenclinic.kz%2Fnewsite%2Fwp-includes%2Fjs HTTP/1.0" 200 44464 "-" "Mozilla/5.0 AppleWebKit/537.36 (KHTML, like Gecko; compatible; ClaudeBot/1.0; +claudebot@anthropic.com)"
2a03:2880:f814:6:: - - [01/Jan/2026:04:33:28 +0500] "GET /kz/?item=1351176836 HTTP/1.0" 200 56946 "-" "meta-externalagent/1.1 (+https://developers.facebook.com/docs/sharing/webmasters/crawler)"
216.73.216.167 - - [01/Jan/2026:04:33:28 +0500] "GET /products/508588759653718?fileloc=%2Fvar%2Fwww%2Fvhosts%2Fgreenclinic.kz%2Fnewsite%2Fwp-includes%2Fblocks%2Fpost-date%2Fblock.json&path=%2Fvar%2Fwww%2Fvhosts%2Fgreenclinic.kz%2Fnewsite%2Fwp-includes%2Fblocks%2Fpost-date HTTP/1.0" 200 18818 "-" "Mozilla/5.0 AppleWebKit/537.36 (KHTML, like Gecko; compatible; ClaudeBot/1.0; +claudebot@anthropic.com)"
52.167.144.199 - - [01/Jan/2026:04:33:28 +0500] "GET /?item=1851129712 HTTP/1.0" 200 56946 "-" "Mozilla/5.0 AppleWebKit/537.36 (KHTML, like Gecko; compatible; bingbot/2.0; +http://www.bing.com/bingbot.htm) Chrome/116.0.1938.76 Safari/537.36"
216.73.216.167 - - [01/Jan/2026:04:33:28 +0500] "GET /products/520196898623128?fileloc=%2Fvar%2Fwww%2Fvhosts%2Fgreenclinic.kz%2Fmed.greenclinic.kz%2Fwp-admin%2Fwidgets.php&path=%2Fvar%2Fwww%2Fvhosts%2Fgreenclinic.kz%2Fmed.greenclinic.kz%2Fwp-admin HTTP/1.0" 200 18186 "-" "Mozilla/5.0 AppleWebKit/537.36 (KHTML, like Gecko; compatible; ClaudeBot/1.0; +claudebot@anthropic.com)"
216.73.216.167 - - [01/Jan/2026:04:33:28 +0500] "GET /products/429925268686562?fileloc=%2Fvar%2Fwww%2Fvhosts%2Fgreenclinic.kz%2Fnewsite%2Fwp-admin%2Fjs%2Fimage-edit.min.js&path=%2Fvar%2Fwww%2Fvhosts%2Fgreenclinic.kz%2Fnewsite%2Fwp-admin%2Fjs HTTP/1.0" 200 35758 "-" "Mozilla/5.0 AppleWebKit/537.36 (KHTML, like Gecko; compatible; ClaudeBot/1.0; +claudebot@anthropic.com)"
216.73.216.167 - - [01/Jan/2026:04:33:28 +0500] "GET /products/228081808404634?fileloc=%2Fvar%2Fwww%2Fvhosts%2Fgreenclinic.kz%2Fmed.greenclinic.kz%2Fwp-includes%2Fclass-phpass.php&path=%2Fvar%2Fwww%2Fvhosts%2Fgreenclinic.kz%2Fmed.greenclinic.kz%2Fwp-includes HTTP/1.0" 200 24212 "-" "Mozilla/5.0 AppleWebKit/537.36 (KHTML, like Gecko; compatible; ClaudeBot/1.0; +claudebot@anthropic.com)"
74.7.227.36 - - [01/Jan/2026:04:33:28 +0500] "GET /en/prices/priem-otoloringologa?fileloc=/var/www/vhosts/greenclinic.kz/newsite/wp-includes/fonts/class-wp-font-collection.php&path=/var/www/vhosts/greenclinic.kz/newsite/wp-includes/fonts HTTP/1.0" 200 26990 "-" "Mozilla/5.0 AppleWebKit/537.36 (KHTML, like Gecko; compatible; GPTBot/1.3; +https://openai.com/gptbot)"
216.73.216.167 - - [01/Jan/2026:04:33:28 +0500] "GET /kz/hospital/pamyatki-paczientam?fileloc=%2Fvar%2Fwww%2Fvhosts%2Fgreenclinic.kz%2Fnewsite%2Fwp-includes%2Fblocks%2Fcomment-template%2Fstyle.min.css&path=%2Fvar%2Fwww%2Fvhosts%2Fgreenclinic.kz%2Fnewsite%2Fwp-includes%2Fblocks%2Fcomment-template HTTP/1.0" 200 17518 "-" "Mozilla/5.0 AppleWebKit/537.36 (KHTML, like Gecko; compatible; ClaudeBot/1.0; +claudebot@anthropic.com)"
216.73.216.167 - - [01/Jan/2026:04:33:29 +0500] "GET /products/622950973535151?fileloc=%2Fvar%2Fwww%2Fvhosts%2Fgreenclinic.kz%2Fnewsite%2Fwp-admin%2Fjs%2Fpostbox.js&path=%2Fvar%2Fwww%2Fvhosts%2Fgreenclinic.kz%2Fnewsite%2Fwp-admin%2Fjs HTTP/1.0" 200 37608 "-" "Mozilla/5.0 AppleWebKit/537.36 (KHTML, like Gecko; compatible; ClaudeBot/1.0; +claudebot@anthropic.com)"
216.73.216.167 - - [01/Jan/2026:04:33:29 +0500] "GET /en/wp-json/wp/v2/services/85?fileloc=%2Fvar%2Fwww%2Fvhosts%2Fgreenclinic.kz%2Fnewsite%2Fwp-admin%2Fnetwork%2Ffhx.txt&path=%2Fvar%2Fwww%2Fvhosts%2Fgreenclinic.kz%2Fnewsite%2Fwp-admin%2Fnetwork HTTP/1.0" 200 16920 "-" "Mozilla/5.0 AppleWebKit/537.36 (KHTML, like Gecko; compatible; ClaudeBot/1.0; +claudebot@anthropic.com)"
216.73.216.167 - - [01/Jan/2026:04:33:29 +0500] "GET /products/398989867306231?fileloc=%2Fvar%2Fwww%2Fvhosts%2Fgreenclinic.kz%2Fnewsite%2Fwp-includes%2Fjs%2Fwp-emoji-loader.min.js&path=%2Fvar%2Fwww%2Fvhosts%2Fgreenclinic.kz%2Fnewsite%2Fwp-includes%2Fjs HTTP/1.0" 200 20363 "-" "Mozilla/5.0 AppleWebKit/537.36 (KHTML, like Gecko; compatible; ClaudeBot/1.0; +claudebot@anthropic.com)"
216.73.216.167 - - [01/Jan/2026:04:33:29 +0500] "GET /kz/directions2/obshhaya-hirurgiya?fileloc=%2Fvar%2Fwww%2Fvhosts%2Fgreenclinic.kz%2Fnewsite%2Fwp-admin%2Fadmin-header.php&path=%2Fvar%2Fwww%2Fvhosts%2Fgreenclinic.kz%2Fnewsite%2Fwp-admin HTTP/1.0" 200 27197 "-" "Mozilla/5.0 AppleWebKit/537.36 (KHTML, like Gecko; compatible; ClaudeBot/1.0; +claudebot@anthropic.com)"
216.73.216.167 - - [01/Jan/2026:04:33:29 +0500] "GET /products/398206891292698?fileloc=%2Fvar%2Fwww%2Fvhosts%2Fgreenclinic.kz%2Fnewsite%2Fwp-includes%2Fjs%2Fmedia-models.js&path=%2Fvar%2Fwww%2Fvhosts%2Fgreenclinic.kz%2Fnewsite%2Fwp-includes%2Fjs HTTP/1.0" 200 63266 "-" "Mozilla/5.0 AppleWebKit/537.36 (KHTML, like Gecko; compatible; ClaudeBot/1.0; +claudebot@anthropic.com)"
2a03:2880:f814:25:: - - [01/Jan/2026:04:33:29 +0500] "GET /products/30500972 HTTP/1.0" 200 56946 "-" "meta-externalagent/1.1 (+https://developers.facebook.com/docs/sharing/webmasters/crawler)"
74.7.227.36 - - [01/Jan/2026:04:33:29 +0500] "GET /en/prices/priem-otoloringologa?path=/var/www/vhosts/greenclinic.kz/newsite/wp-content/plugins HTTP/1.0" 200 48811 "-" "Mozilla/5.0 AppleWebKit/537.36 (KHTML, like Gecko; compatible; GPTBot/1.3; +https://openai.com/gptbot)"
216.73.216.167 - - [01/Jan/2026:04:33:29 +0500] "GET /products/93693367264703?fileloc=%2Fvar%2Fwww%2Fvhosts%2Fgreenclinic.kz%2Fnewsite%2Fwp-admin%2Fjs%2Fpostbox.js&path=%2Fvar%2Fwww%2Fvhosts%2Fgreenclinic.kz%2Fnewsite%2Fwp-admin%2Fjs HTTP/1.0" 200 37608 "-" "Mozilla/5.0 AppleWebKit/537.36 (KHTML, like Gecko; compatible; ClaudeBot/1.0; +claudebot@anthropic.com)"
216.73.216.167 - - [01/Jan/2026:04:33:29 +0500] "GET /products/134413736174295?fileloc=%2Fvar%2Fwww%2Fvhosts%2Fgreenclinic.kz%2Fmed.greenclinic.kz%2Fwp-includes%2Fshortcodes.php&path=%2Fvar%2Fwww%2Fvhosts%2Fgreenclinic.kz%2Fmed.greenclinic.kz%2Fwp-includes HTTP/1.0" 200 42650 "-" "Mozilla/5.0 AppleWebKit/537.36 (KHTML, like Gecko; compatible; ClaudeBot/1.0; +claudebot@anthropic.com)"
216.73.216.167 - - [01/Jan/2026:04:33:29 +0500] "GET /products/692057188516926?fileloc=%2Fvar%2Fwww%2Fvhosts%2Fgreenclinic.kz%2Fnewsite%2Fwp-includes%2Fblocks%2Favatar%2Fstyle-rtl.css&path=%2Fvar%2Fwww%2Fvhosts%2Fgreenclinic.kz%2Fnewsite%2Fwp-includes%2Fblocks%2Favatar HTTP/1.0" 200 17188 "-" "Mozilla/5.0 AppleWebKit/537.36 (KHTML, like Gecko; compatible; ClaudeBot/1.0; +claudebot@anthropic.com)"
216.73.216.167 - - [01/Jan/2026:04:33:29 +0500] "GET /ru/prices/urologiya?fileloc=%2Fvar%2Fwww%2Fvhosts%2Fgreenclinic.kz%2Fnewsite%2Fwp-includes%2Fblocks%2Farchives%2Fblock.json&path=%2Fvar%2Fwww%2Fvhosts%2Fgreenclinic.kz%2Fnewsite%2Fwp-includes%2Fblocks%2Farchives HTTP/1.0" 200 18759 "-" "Mozilla/5.0 AppleWebKit/537.36 (KHTML, like Gecko; compatible; ClaudeBot/1.0; +claudebot@anthropic.com)"
216.73.216.167 - - [01/Jan/2026:04:33:29 +0500] "GET /products/398989867306231?fileloc=%2Fvar%2Fwww%2Fvhosts%2Fgreenclinic.kz%2Fnewsite%2Fwp-includes%2Fblocks%2Favatar%2Feditor-rtl.min.css&path=%2Fvar%2Fwww%2Fvhosts%2Fgreenclinic.kz%2Fnewsite%2Fwp-includes%2Fblocks%2Favatar HTTP/1.0" 200 17157 "-" "Mozilla/5.0 AppleWebKit/537.36 (KHTML, like Gecko; compatible; ClaudeBot/1.0; +claudebot@anthropic.com)"
216.73.216.167 - - [01/Jan/2026:04:33:29 +0500] "GET /products/304764084131702?fileloc=%2Fvar%2Fwww%2Fvhosts%2Fgreenclinic.kz%2Fnewsite%2Fwp-includes%2Fblocks%2Fvideo%2Fstyle-rtl.css&path=%2Fvar%2Fwww%2Fvhosts%2Fgreenclinic.kz%2Fnewsite%2Fwp-includes%2Fblocks%2Fvideo HTTP/1.0" 200 17344 "-" "Mozilla/5.0 AppleWebKit/537.36 (KHTML, like Gecko; compatible; ClaudeBot/1.0; +claudebot@anthropic.com)"
74.7.227.36 - - [01/Jan/2026:04:33:29 +0500] "GET /en/prices/priem-otoloringologa?path=/var/www/vhosts/greenclinic.kz/newsite/wp-content/themes HTTP/1.0" 200 18766 "-" "Mozilla/5.0 AppleWebKit/537.36 (KHTML, like Gecko; compatible; GPTBot/1.3; +https://openai.com/gptbot)"
2a03:2880:f814:2d:: - - [01/Jan/2026:04:33:29 +0500] "GET /products/3890838 HTTP/1.0" 200 56946 "-" "meta-externalagent/1.1 (+https://developers.facebook.com/docs/sharing/webmasters/crawler)"
2a03:2880:f814:6:: - - [01/Jan/2026:04:33:30 +0500] "GET /products/9720649 HTTP/1.0" 200 56946 "-" "meta-externalagent/1.1 (+https://developers.facebook.com/docs/sharing/webmasters/crawler)"
216.73.216.167 - - [01/Jan/2026:04:33:30 +0500] "GET /products/442401191154019?fileloc=%2Fvar%2Fwww%2Fvhosts%2Fgreenclinic.kz%2Fnewsite%2Fwp-includes%2Fblocks%2Fquote%2Ftheme.css&path=%2Fvar%2Fwww%2Fvhosts%2Fgreenclinic.kz%2Fnewsite%2Fwp-includes%2Fblocks%2Fquote HTTP/1.0" 200 17550 "-" "Mozilla/5.0 AppleWebKit/537.36 (KHTML, like Gecko; compatible; ClaudeBot/1.0; +claudebot@anthropic.com)"
216.73.216.167 - - [01/Jan/2026:04:33:30 +0500] "GET /products/398989867306231?fileloc=%2Fvar%2Fwww%2Fvhosts%2Fgreenclinic.kz%2Fnewsite%2Fwp-includes%2Fjs%2Fplupload%2Fmoxie.js&path=%2Fvar%2Fwww%2Fvhosts%2Fgreenclinic.kz%2Fnewsite%2Fwp-includes%2Fjs%2Fplupload HTTP/1.0" 200 290386 "-" "Mozilla/5.0 AppleWebKit/537.36 (KHTML, like Gecko; compatible; ClaudeBot/1.0; +claudebot@anthropic.com)"
216.73.216.167 - - [01/Jan/2026:04:33:30 +0500] "GET /products/96183928507813?fileloc=%2Fvar%2Fwww%2Fvhosts%2Fgreenclinic.kz%2Fnewsite%2Fwp-includes%2Fblocks%2Fquote%2Ftheme.css&path=%2Fvar%2Fwww%2Fvhosts%2Fgreenclinic.kz%2Fnewsite%2Fwp-includes%2Fblocks%2Fquote HTTP/1.0" 200 17550 "-" "Mozilla/5.0 AppleWebKit/537.36 (KHTML, like Gecko; compatible; ClaudeBot/1.0; +claudebot@anthropic.com)"
216.73.216.167 - - [01/Jan/2026:04:33:30 +0500] "GET /products/251960944476825?fileloc=%2Fvar%2Fwww%2Fvhosts%2Fgreenclinic.kz%2Fmed.greenclinic.kz%2Fwp-includes%2Fblocks%2Fpost-comments-count.php&path=%2Fvar%2Fwww%2Fvhosts%2Fgreenclinic.kz%2Fmed.greenclinic.kz%2Fwp-includes%2Fblocks HTTP/1.0" 200 18441 "-" "Mozilla/5.0 AppleWebKit/537.36 (KHTML, like Gecko; compatible; ClaudeBot/1.0; +claudebot@anthropic.com)"
216.73.216.167 - - [01/Jan/2026:04:33:30 +0500] "GET /products/24152538335099?fileloc=%2Fvar%2Fwww%2Fvhosts%2Fgreenclinic.kz%2Fmed.greenclinic.kz%2Fwp-includes%2Fclass.wp-dependencies.php&path=%2Fvar%2Fwww%2Fvhosts%2Fgreenclinic.kz%2Fmed.greenclinic.kz%2Fwp-includes HTTP/1.0" 200 17314 "-" "Mozilla/5.0 AppleWebKit/537.36 (KHTML, like Gecko; compatible; ClaudeBot/1.0; +claudebot@anthropic.com)"
216.73.216.167 - - [01/Jan/2026:04:33:30 +0500] "GET /products/559967822873845?fileloc=%2Fvar%2Fwww%2Fvhosts%2Fgreenclinic.kz%2Fnewsite%2Fwp-includes%2Fblocks%2Faudio%2Fstyle-rtl.min.css&path=%2Fvar%2Fwww%2Fvhosts%2Fgreenclinic.kz%2Fnewsite%2Fwp-includes%2Fblocks%2Faudio HTTP/1.0" 200 17182 "-" "Mozilla/5.0 AppleWebKit/537.36 (KHTML, like Gecko; compatible; ClaudeBot/1.0; +claudebot@anthropic.com)"
74.7.227.36 - - [01/Jan/2026:04:33:30 +0500] "GET /ru/directions/proktologiya/?fileloc=/var/www/vhosts/greenclinic.kz/newsite/wp-content/uploads/2025/06/dariger-768x508.jpg&path=/var/www/vhosts/greenclinic.kz/newsite/wp-content/uploads/2025/06 HTTP/1.0" 200 95795 "-" "Mozilla/5.0 AppleWebKit/537.36 (KHTML, like Gecko; compatible; GPTBot/1.3; +https://openai.com/gptbot)"
216.73.216.167 - - [01/Jan/2026:04:33:30 +0500] "GET /products/266166331239793?fileloc=%2Fvar%2Fwww%2Fvhosts%2Fgreenclinic.kz%2Fnewsite%2Fwp-includes%2Fblocks%2Fpost-title%2Fblock.json&path=%2Fvar%2Fwww%2Fvhosts%2Fgreenclinic.kz%2Fnewsite%2Fwp-includes%2Fblocks%2Fpost-title HTTP/1.0" 200 19111 "-" "Mozilla/5.0 AppleWebKit/537.36 (KHTML, like Gecko; compatible; ClaudeBot/1.0; +claudebot@anthropic.com)"
2a03:2880:f814:14:: - - [01/Jan/2026:04:33:30 +0500] "GET /products/858650 HTTP/1.0" 200 56946 "-" "meta-externalagent/1.1 (+https://developers.facebook.com/docs/sharing/webmasters/crawler)"
216.73.216.167 - - [01/Jan/2026:04:33:30 +0500] "GET /products/618970103587181?fileloc=%2Fvar%2Fwww%2Fvhosts%2Fgreenclinic.kz%2Fnewsite%2Fwp-includes%2Fjs%2Fmedia-grid.min.js&path=%2Fvar%2Fwww%2Fvhosts%2Fgreenclinic.kz%2Fnewsite%2Fwp-includes%2Fjs HTTP/1.0" 200 32445 "-" "Mozilla/5.0 AppleWebKit/537.36 (KHTML, like Gecko; compatible; ClaudeBot/1.0; +claudebot@anthropic.com)"
216.73.216.167 - - [01/Jan/2026:04:33:30 +0500] "GET /products/508588759653718?fileloc=%2Fvar%2Fwww%2Fvhosts%2Fgreenclinic.kz%2Fnewsite%2Fwp-includes%2Fjs%2Fdist%2Fundo-manager.min.js&path=%2Fvar%2Fwww%2Fvhosts%2Fgreenclinic.kz%2Fnewsite%2Fwp-includes%2Fjs%2Fdist HTTP/1.0" 200 18915 "-" "Mozilla/5.0 AppleWebKit/537.36 (KHTML, like Gecko; compatible; ClaudeBot/1.0; +claudebot@anthropic.com)"
2a03:2880:f814:31:: - - [01/Jan/2026:04:33:30 +0500] "GET /products/15071305 HTTP/1.0" 200 56946 "-" "meta-externalagent/1.1 (+https://developers.facebook.com/docs/sharing/webmasters/crawler)"
216.73.216.167 - - [01/Jan/2026:04:33:30 +0500] "GET /products/684821030752342?fileloc=%2Fvar%2Fwww%2Fvhosts%2Fgreenclinic.kz%2Fnewsite%2Fwp-admin%2Fjs%2Fuser-profile.min.js&path=%2Fvar%2Fwww%2Fvhosts%2Fgreenclinic.kz%2Fnewsite%2Fwp-admin%2Fjs HTTP/1.0" 200 25382 "-" "Mozilla/5.0 AppleWebKit/537.36 (KHTML, like Gecko; compatible; ClaudeBot/1.0; +claudebot@anthropic.com)"
216.73.216.167 - - [01/Jan/2026:04:33:30 +0500] "GET /kz/directions2/kardiologiya?fileloc=%2Fvar%2Fwww%2Fvhosts%2Fgreenclinic.kz%2Fnewsite%2Fwp-content%2Fplugins%2Fwp-multilang%2Fflags%2Fuy.png&path=%2Fvar%2Fwww%2Fvhosts%2Fgreenclinic.kz%2Fnewsite%2Fwp-content%2Fplugins%2Fwp-multilang%2Fflags HTTP/1.0" 200 17663 "-" "Mozilla/5.0 AppleWebKit/537.36 (KHTML, like Gecko; compatible; ClaudeBot/1.0; +claudebot@anthropic.com)"
74.7.227.36 - - [01/Jan/2026:04:33:31 +0500] "GET /ru/directions/proktologiya/?fileloc=/var/www/vhosts/greenclinic.kz/newsite/wp-content/uploads/2024/01/spisok-perechesleniy.jpg&path=/var/www/vhosts/greenclinic.kz/newsite/wp-content/uploads/2024/01 HTTP/1.0" 200 574179 "-" "Mozilla/5.0 AppleWebKit/537.36 (KHTML, like Gecko; compatible; GPTBot/1.3; +https://openai.com/gptbot)"
216.73.216.167 - - [01/Jan/2026:04:33:31 +0500] "GET /products/395417032358894?fileloc=%2Fvar%2Fwww%2Fvhosts%2Fgreenclinic.kz%2Fmed.greenclinic.kz%2Fwp-admin%2Fcss%2Fmedia.css&path=%2Fvar%2Fwww%2Fvhosts%2Fgreenclinic.kz%2Fmed.greenclinic.kz%2Fwp-admin%2Fcss HTTP/1.0" 200 44377 "-" "Mozilla/5.0 AppleWebKit/537.36 (KHTML, like Gecko; compatible; ClaudeBot/1.0; +claudebot@anthropic.com)"
216.73.216.167 - - [01/Jan/2026:04:33:31 +0500] "GET /products/588258722990376?fileloc=%2Fvar%2Fwww%2Fvhosts%2Fgreenclinic.kz%2Fnewsite%2Fwp-includes%2Fblocks%2Fquote%2Ftheme.css&path=%2Fvar%2Fwww%2Fvhosts%2Fgreenclinic.kz%2Fnewsite%2Fwp-includes%2Fblocks%2Fquote HTTP/1.0" 200 17550 "-" "Mozilla/5.0 AppleWebKit/537.36 (KHTML, like Gecko; compatible; ClaudeBot/1.0; +claudebot@anthropic.com)"
216.73.216.167 - - [01/Jan/2026:04:33:31 +0500] "GET /products/214478383623670?fileloc=%2Fvar%2Fwww%2Fvhosts%2Fgreenclinic.kz%2Fnewsite%2Fwp-includes%2Fjs%2Fzxcvbn-async.js&path=%2Fvar%2Fwww%2Fvhosts%2Fgreenclinic.kz%2Fnewsite%2Fwp-includes%2Fjs HTTP/1.0" 200 17800 "-" "Mozilla/5.0 AppleWebKit/537.36 (KHTML, like Gecko; compatible; ClaudeBot/1.0; +claudebot@anthropic.com)"
216.73.216.167 - - [01/Jan/2026:04:33:31 +0500] "GET /products/393159266948355?fileloc=%2Fvar%2Fwww%2Fvhosts%2Fgreenclinic.kz%2Fnewsite%2Fwp-admin%2Fjs%2Fuser-suggest.js&path=%2Fvar%2Fwww%2Fvhosts%2Fgreenclinic.kz%2Fnewsite%2Fwp-admin%2Fjs HTTP/1.0" 200 19453 "-" "Mozilla/5.0 AppleWebKit/537.36 (KHTML, like Gecko; compatible; ClaudeBot/1.0; +claudebot@anthropic.com)"
216.73.216.167 - - [01/Jan/2026:04:33:31 +0500] "GET /products/245524528109166?fileloc=%2Fvar%2Fwww%2Fvhosts%2Fgreenclinic.kz%2Fnewsite%2Fwp-includes%2Fjs%2Fmasonry.min.js&path=%2Fvar%2Fwww%2Fvhosts%2Fgreenclinic.kz%2Fnewsite%2Fwp-includes%2Fjs HTTP/1.0" 200 44464 "-" "Mozilla/5.0 AppleWebKit/537.36 (KHTML, like Gecko; compatible; ClaudeBot/1.0; +claudebot@anthropic.com)"
216.73.216.167 - - [01/Jan/2026:04:33:31 +0500] "GET /products/548306026450313?fileloc=%2Fvar%2Fwww%2Fvhosts%2Fgreenclinic.kz%2Fnewsite%2Fwp-includes%2Fjs%2Funderscore.min.js&path=%2Fvar%2Fwww%2Fvhosts%2Fgreenclinic.kz%2Fnewsite%2Fwp-includes%2Fjs HTTP/1.0" 200 38579 "-" "Mozilla/5.0 AppleWebKit/537.36 (KHTML, like Gecko; compatible; ClaudeBot/1.0; +claudebot@anthropic.com)"
74.7.227.36 - - [01/Jan/2026:04:33:31 +0500] "GET /ru/directions/proktologiya/?fileloc=/var/www/vhosts/greenclinic.kz/newsite/wp-content/uploads/2024/10/dlya_predpriyatij_prezentacziya_russ-pdf.jpg&path=/var/www/vhosts/greenclinic.kz/newsite/wp-content/uploads/2024/10 HTTP/1.0" 200 158343 "-" "Mozilla/5.0 AppleWebKit/537.36 (KHTML, like Gecko; compatible; GPTBot/1.3; +https://openai.com/gptbot)"
216.73.216.167 - - [01/Jan/2026:04:33:31 +0500] "GET /products/96183928507813?fileloc=%2Fvar%2Fwww%2Fvhosts%2Fgreenclinic.kz%2Fnewsite%2Fwp-includes%2Fjs%2Fmedia-models.js&path=%2Fvar%2Fwww%2Fvhosts%2Fgreenclinic.kz%2Fnewsite%2Fwp-includes%2Fjs HTTP/1.0" 200 63266 "-" "Mozilla/5.0 AppleWebKit/537.36 (KHTML, like Gecko; compatible; ClaudeBot/1.0; +claudebot@anthropic.com)"
216.73.216.167 - - [01/Jan/2026:04:33:31 +0500] "GET /products/394550990883982?fileloc=%2Fvar%2Fwww%2Fvhosts%2Fgreenclinic.kz%2Fnewsite%2Fwp-includes%2Fblocks%2Fquote%2Fstyle-rtl.css&path=%2Fvar%2Fwww%2Fvhosts%2Fgreenclinic.kz%2Fnewsite%2Fwp-includes%2Fblocks%2Fquote HTTP/1.0" 200 17775 "-" "Mozilla/5.0 AppleWebKit/537.36 (KHTML, like Gecko; compatible; ClaudeBot/1.0; +claudebot@anthropic.com)"
216.73.216.167 - - [01/Jan/2026:04:33:31 +0500] "GET /products/446854142285535?fileloc=%2Fvar%2Fwww%2Fvhosts%2Fgreenclinic.kz%2Fmed.greenclinic.kz%2Fwp-includes%2Fjs%2Fwp-auth-check.js&path=%2Fvar%2Fwww%2Fvhosts%2Fgreenclinic.kz%2Fmed.greenclinic.kz%2Fwp-includes%2Fjs HTTP/1.0" 200 21738 "-" "Mozilla/5.0 AppleWebKit/537.36 (KHTML, like Gecko; compatible; ClaudeBot/1.0; +claudebot@anthropic.com)"
2a03:2880:f814:c:: - - [01/Jan/2026:04:33:31 +0500] "GET /products/28055950 HTTP/1.0" 200 56946 "-" "meta-externalagent/1.1 (+https://developers.facebook.com/docs/sharing/webmasters/crawler)"
216.73.216.167 - - [01/Jan/2026:04:33:31 +0500] "GET /products/592218389765527?fileloc=%2Fvar%2Fwww%2Fvhosts%2Fgreenclinic.kz%2Fnewsite%2Fwp-admin%2Fjs%2Fapplication-passwords.js&path=%2Fvar%2Fwww%2Fvhosts%2Fgreenclinic.kz%2Fnewsite%2Fwp-admin%2Fjs HTTP/1.0" 200 24193 "-" "Mozilla/5.0 AppleWebKit/537.36 (KHTML, like Gecko; compatible; ClaudeBot/1.0; +claudebot@anthropic.com)"
216.73.216.167 - - [01/Jan/2026:04:33:31 +0500] "GET /products/68053306323940?fileloc=%2Fvar%2Fwww%2Fvhosts%2Fgreenclinic.kz%2Fnewsite%2Fwp-admin%2Fjs%2Fdashboard.min.js&path=%2Fvar%2Fwww%2Fvhosts%2Fgreenclinic.kz%2Fnewsite%2Fwp-admin%2Fjs HTTP/1.0" 200 28186 "-" "Mozilla/5.0 AppleWebKit/537.36 (KHTML, like Gecko; compatible; ClaudeBot/1.0; +claudebot@anthropic.com)"
74.7.227.36 - - [01/Jan/2026:04:33:32 +0500] "GET /ru/directions/proktologiya/?fileloc=/var/www/vhosts/greenclinic.kz/newsite/wp-content/uploads/2024/02/ulanbek-zhanbyrbekuly.jpg&path=/var/www/vhosts/greenclinic.kz/newsite/wp-content/uploads/2024/02 HTTP/1.0" 200 107724 "-" "Mozilla/5.0 AppleWebKit/537.36 (KHTML, like Gecko; compatible; GPTBot/1.3; +https://openai.com/gptbot)"
216.73.216.167 - - [01/Jan/2026:04:33:32 +0500] "GET /en/wp-json/wp/v2/pages/526?fileloc=%2Fvar%2Fwww%2Fvhosts%2Fgreenclinic.kz%2Fmed.greenclinic.kz%2Fwp-admin%2Fms-sites.php&path=%2Fvar%2Fwww%2Fvhosts%2Fgreenclinic.kz%2Fmed.greenclinic.kz%2Fwp-admin HTTP/1.0" 200 17114 "-" "Mozilla/5.0 AppleWebKit/537.36 (KHTML, like Gecko; compatible; ClaudeBot/1.0; +claudebot@anthropic.com)"
216.73.216.167 - - [01/Jan/2026:04:33:32 +0500] "GET /products/534320685056265?fileloc=%2Fvar%2Fwww%2Fvhosts%2Fgreenclinic.kz%2Fnewsite%2Fwp-includes%2Fjs%2Fdist%2Fi18n.js&path=%2Fvar%2Fwww%2Fvhosts%2Fgreenclinic.kz%2Fnewsite%2Fwp-includes%2Fjs%2Fdist HTTP/1.0" 200 69228 "-" "Mozilla/5.0 AppleWebKit/537.36 (KHTML, like Gecko; compatible; ClaudeBot/1.0; +claudebot@anthropic.com)"
2a03:2880:f814:2b:: - - [01/Jan/2026:04:33:32 +0500] "GET /kz/?item=1853707756 HTTP/1.0" 200 56946 "-" "meta-externalagent/1.1 (+https://developers.facebook.com/docs/sharing/webmasters/crawler)"
