216.73.216.167 - - [01/Jan/2026:04:30:28 +0500] "GET /products/245387718713444?fileloc=%2Fvar%2Fwww%2Fvhosts%2Fgreenclinic.kz%2Fnewsite%2Fwp-includes%2Ftaxonomy.php&path=%2Fvar%2Fwww%2Fvhosts%2Fgreenclinic.kz%2Fnewsite%2Fwp-includes HTTP/1.0" 200 205938 "-" "Mozilla/5.0 AppleWebKit/537.36 (KHTML, like Gecko; compatible; ClaudeBot/1.0; +claudebot@anthropic.com)"
216.73.216.167 - - [01/Jan/2026:04:30:28 +0500] "GET /products/295500872060504?path=%2Fvar%2Fwww%2Fvhosts%2Fgreenclinic.kz%2Fnewsite%2Fwp-content%2Fthemes%2Fgreen-clinic%2Fblocks HTTP/1.0" 200 87647 "-" "Mozilla/5.0 AppleWebKit/537.36 (KHTML, like Gecko; compatible; ClaudeBot/1.0; +claudebot@anthropic.com)"
216.73.216.167 - - [01/Jan/2026:04:30:28 +0500] "GET /products/113383454551519?fileloc=%2Fvar%2Fwww%2Fvhosts%2Fgreenclinic.kz%2Fmed.greenclinic.kz%2Fwp-admin%2Fadmin-functions.php&path=%2Fvar%2Fwww%2Fvhosts%2Fgreenclinic.kz%2Fmed.greenclinic.kz%2Fwp-admin HTTP/1.0" 200 17430 "-" "Mozilla/5.0 AppleWebKit/537.36 (KHTML, like Gecko; compatible; ClaudeBot/1.0; +claudebot@anthropic.com)"
216.73.216.167 - - [01/Jan/2026:04:30:28 +0500] "GET /products/586780712604626?fileloc=%2Fvar%2Fwww%2Fvhosts%2Fgreenclinic.kz%2Fnewsite%2Fwp-includes%2Ftheme.json&path=%2Fvar%2Fwww%2Fvhosts%2Fgreenclinic.kz%2Fnewsite%2Fwp-includes HTTP/1.0" 200 27889 "-" "Mozilla/5.0 AppleWebKit/537.36 (KHTML, like Gecko; compatible; ClaudeBot/1.0; +claudebot@anthropic.com)"
2a03:2880:f814:21:: - - [01/Jan/2026:04:30:28 +0500] "GET /products/27056750 HTTP/1.0" 200 56946 "-" "meta-externalagent/1.1 (+https://developers.facebook.com/docs/sharing/webmasters/crawler)"
216.73.216.167 - - [01/Jan/2026:04:30:28 +0500] "GET /kz/directions2/obshhaya-hirurgiya?fileloc=%2Fvar%2Fwww%2Fvhosts%2Fgreenclinic.kz%2Fnewsite%2Fwp-includes%2Fclass-wp-hook.php&path=%2Fvar%2Fwww%2Fvhosts%2Fgreenclinic.kz%2Fnewsite%2Fwp-includes HTTP/1.0" 200 33461 "-" "Mozilla/5.0 AppleWebKit/537.36 (KHTML, like Gecko; compatible; ClaudeBot/1.0; +claudebot@anthropic.com)"
216.73.216.167 - - [01/Jan/2026:04:30:28 +0500] "GET /products/281534809055805?fileloc=%2Fvar%2Fwww%2Fvhosts%2Fgreenclinic.kz%2Fnewsite%2Fwp-includes%2Fblocks%2Ffreeform%2Feditor-rtl.min.css&path=%2Fvar%2Fwww%2Fvhosts%2Fgreenclinic.kz%2Fnewsite%2Fwp-includes%2Fblocks%2Ffreeform HTTP/1.0" 200 27114 "-" "Mozilla/5.0 AppleWebKit/537.36 (KHTML, like Gecko; compatible; ClaudeBot/1.0; +claudebot@anthropic.com)"
74.7.227.36 - - [01/Jan/2026:04:30:26 +0500] "GET /ru/directions/proktologiya/?fileloc=/var/www/vhosts/greenclinic.kz/newsite/wp-content/uploads/2025/06/dsc01185.jpg&path=/var/www/vhosts/greenclinic.kz/newsite/wp-content/uploads/2025/06 HTTP/1.0" 200 26881527 "-" "Mozilla/5.0 AppleWebKit/537.36 (KHTML, like Gecko; compatible; GPTBot/1.3; +https://openai.com/gptbot)"
216.73.216.167 - - [01/Jan/2026:04:30:28 +0500] "GET /products/529527583481672?fileloc=%2Fvar%2Fwww%2Fvhosts%2Fgreenclinic.kz%2Fnewsite%2Fwp-includes%2Fblocks%2Fpost-title%2Fblock.json&path=%2Fvar%2Fwww%2Fvhosts%2Fgreenclinic.kz%2Fnewsite%2Fwp-includes%2Fblocks%2Fpost-title HTTP/1.0" 200 19111 "-" "Mozilla/5.0 AppleWebKit/537.36 (KHTML, like Gecko; compatible; ClaudeBot/1.0; +claudebot@anthropic.com)"
216.73.216.167 - - [01/Jan/2026:04:30:28 +0500] "GET /products/222824511357579?fileloc=%2Fvar%2Fwww%2Fvhosts%2Fgreenclinic.kz%2Fnewsite%2Fwp-includes%2Fblocks%2Favatar%2Fstyle.css&path=%2Fvar%2Fwww%2Fvhosts%2Fgreenclinic.kz%2Fnewsite%2Fwp-includes%2Fblocks%2Favatar HTTP/1.0" 200 17184 "-" "Mozilla/5.0 AppleWebKit/537.36 (KHTML, like Gecko; compatible; ClaudeBot/1.0; +claudebot@anthropic.com)"
216.73.216.167 - - [01/Jan/2026:04:30:28 +0500] "GET /products/120909189353811?fileloc=%2Fvar%2Fwww%2Fvhosts%2Fgreenclinic.kz%2Fnewsite%2Fwp-includes%2Fblocks%2Fvideo%2Fstyle.min.css&path=%2Fvar%2Fwww%2Fvhosts%2Fgreenclinic.kz%2Fnewsite%2Fwp-includes%2Fblocks%2Fvideo HTTP/1.0" 200 17301 "-" "Mozilla/5.0 AppleWebKit/537.36 (KHTML, like Gecko; compatible; ClaudeBot/1.0; +claudebot@anthropic.com)"
216.73.216.167 - - [01/Jan/2026:04:30:28 +0500] "GET /products/464099984269785?fileloc=%2Fvar%2Fwww%2Fvhosts%2Fgreenclinic.kz%2Fnewsite%2Fwp-includes%2Fjs%2Fwp-emoji-loader.min.js&path=%2Fvar%2Fwww%2Fvhosts%2Fgreenclinic.kz%2Fnewsite%2Fwp-includes%2Fjs HTTP/1.0" 200 20363 "-" "Mozilla/5.0 AppleWebKit/537.36 (KHTML, like Gecko; compatible; ClaudeBot/1.0; +claudebot@anthropic.com)"
216.73.216.167 - - [01/Jan/2026:04:30:29 +0500] "GET /products/473320911349456?fileloc=%2Fvar%2Fwww%2Fvhosts%2Fgreenclinic.kz%2Fnewsite%2Fwp-includes%2Fblocks%2Fsearch%2Ftheme.min.css&path=%2Fvar%2Fwww%2Fvhosts%2Fgreenclinic.kz%2Fnewsite%2Fwp-includes%2Fblocks%2Fsearch HTTP/1.0" 200 17159 "-" "Mozilla/5.0 AppleWebKit/537.36 (KHTML, like Gecko; compatible; ClaudeBot/1.0; +claudebot@anthropic.com)"
2a03:2880:f814:2c:: - - [01/Jan/2026:04:30:29 +0500] "GET /products/11253061 HTTP/1.0" 200 56946 "-" "meta-externalagent/1.1 (+https://developers.facebook.com/docs/sharing/webmasters/crawler)"
216.73.216.167 - - [01/Jan/2026:04:30:29 +0500] "GET /products/91660903772042?fileloc=%2Fvar%2Fwww%2Fvhosts%2Fgreenclinic.kz%2Fnewsite%2Fwp-admin%2Fupgrade.php&path=%2Fvar%2Fwww%2Fvhosts%2Fgreenclinic.kz%2Fnewsite%2Fwp-admin HTTP/1.0" 200 23791 "-" "Mozilla/5.0 AppleWebKit/537.36 (KHTML, like Gecko; compatible; ClaudeBot/1.0; +claudebot@anthropic.com)"
216.73.216.167 - - [01/Jan/2026:04:30:29 +0500] "GET /products/520196898623128?fileloc=%2Fvar%2Fwww%2Fvhosts%2Fgreenclinic.kz%2Fclinic_front%2Fdist-old%2Fbabel.config.js&path=%2Fvar%2Fwww%2Fvhosts%2Fgreenclinic.kz%2Fclinic_front%2Fdist-old HTTP/1.0" 200 16938 "-" "Mozilla/5.0 AppleWebKit/537.36 (KHTML, like Gecko; compatible; ClaudeBot/1.0; +claudebot@anthropic.com)"
216.73.216.167 - - [01/Jan/2026:04:30:29 +0500] "GET /products/306470174753787?fileloc=%2Fvar%2Fwww%2Fvhosts%2Fgreenclinic.kz%2Fnewsite%2Fwp-admin%2Fjs%2Fuser-suggest.js&path=%2Fvar%2Fwww%2Fvhosts%2Fgreenclinic.kz%2Fnewsite%2Fwp-admin%2Fjs HTTP/1.0" 200 19453 "-" "Mozilla/5.0 AppleWebKit/537.36 (KHTML, like Gecko; compatible; ClaudeBot/1.0; +claudebot@anthropic.com)"
216.73.216.167 - - [01/Jan/2026:04:30:29 +0500] "GET /products/190567635118926?fileloc=%2Fvar%2Fwww%2Fvhosts%2Fgreenclinic.kz%2Fmed.greenclinic.kz%2Fwp-admin%2Fadmin-functions.php&path=%2Fvar%2Fwww%2Fvhosts%2Fgreenclinic.kz%2Fmed.greenclinic.kz%2Fwp-admin HTTP/1.0" 200 17430 "-" "Mozilla/5.0 AppleWebKit/537.36 (KHTML, like Gecko; compatible; ClaudeBot/1.0; +claudebot@anthropic.com)"
216.73.216.167 - - [01/Jan/2026:04:30:29 +0500] "GET /products/353931782171503?fileloc=%2Fvar%2Fwww%2Fvhosts%2Fgreenclinic.kz%2Fmed.greenclinic.kz%2Fwp-includes%2Fsodium_compat%2Fnamespaced%2FCompat.php&path=%2Fvar%2Fwww%2Fvhosts%2Fgreenclinic.kz%2Fmed.greenclinic.kz%2Fwp-includes%2Fsodium_compat%2Fnamespaced HTTP/1.0" 200 17225 "-" "Mozilla/5.0 AppleWebKit/537.36 (KHTML, like Gecko; compatible; ClaudeBot/1.0; +claudebot@anthropic.com)"
216.73.216.167 - - [01/Jan/2026:04:30:29 +0500] "GET /products/353931782171503?fileloc=%2Fvar%2Fwww%2Fvhosts%2Fgreenclinic.kz%2Fmed.greenclinic.kz%2Fwp-includes%2FID3%2Fgetid3.lib.php&path=%2Fvar%2Fwww%2Fvhosts%2Fgreenclinic.kz%2Fmed.greenclinic.kz%2Fwp-includes%2FID3 HTTP/1.0" 200 77392 "-" "Mozilla/5.0 AppleWebKit/537.36 (KHTML, like Gecko; compatible; ClaudeBot/1.0; +claudebot@anthropic.com)"
216.73.216.167 - - [01/Jan/2026:04:30:29 +0500] "GET /products/88441199971132?fileloc=%2Fvar%2Fwww%2Fvhosts%2Fgreenclinic.kz%2Fmed.greenclinic.kz%2Fwp-includes%2Ffunctions.php&path=%2Fvar%2Fwww%2Fvhosts%2Fgreenclinic.kz%2Fmed.greenclinic.kz%2Fwp-includes HTTP/1.0" 200 334567 "-" "Mozilla/5.0 AppleWebKit/537.36 (KHTML, like Gecko; compatible; ClaudeBot/1.0; +claudebot@anthropic.com)"
216.73.216.167 - - [01/Jan/2026:04:30:29 +0500] "GET /products/266201739557138?fileloc=%2Fvar%2Fwww%2Fvhosts%2Fgreenclinic.kz%2Fnewsite%2Fwp-includes%2Fjs%2Fmedia-models.min.js&path=%2Fvar%2Fwww%2Fvhosts%2Fgreenclinic.kz%2Fnewsite%2Fwp-includes%2Fjs HTTP/1.0" 200 32667 "-" "Mozilla/5.0 AppleWebKit/537.36 (KHTML, like Gecko; compatible; ClaudeBot/1.0; +claudebot@anthropic.com)"
216.73.216.167 - - [01/Jan/2026:04:30:29 +0500] "GET /products/242769973093889?fileloc=%2Fvar%2Fwww%2Fvhosts%2Fgreenclinic.kz%2Fnewsite%2Fwp-includes%2Fjs%2Fmasonry.min.js&path=%2Fvar%2Fwww%2Fvhosts%2Fgreenclinic.kz%2Fnewsite%2Fwp-includes%2Fjs HTTP/1.0" 200 44464 "-" "Mozilla/5.0 AppleWebKit/537.36 (KHTML, like Gecko; compatible; ClaudeBot/1.0; +claudebot@anthropic.com)"
216.73.216.167 - - [01/Jan/2026:04:30:29 +0500] "GET /products/6865230740074?fileloc=%2Fvar%2Fwww%2Fvhosts%2Fgreenclinic.kz%2Fnewsite%2Fwp-includes%2Fblocks%2Fsite-logo%2Fstyle.min.css&path=%2Fvar%2Fwww%2Fvhosts%2Fgreenclinic.kz%2Fnewsite%2Fwp-includes%2Fblocks%2Fsite-logo HTTP/1.0" 200 17481 "-" "Mozilla/5.0 AppleWebKit/537.36 (KHTML, like Gecko; compatible; ClaudeBot/1.0; +claudebot@anthropic.com)"
216.73.216.167 - - [01/Jan/2026:04:30:30 +0500] "GET /products/715200687622647?path=%2Fvar%2Fwww%2Fvhosts%2Fgreenclinic.kz%2Fnewsite%2Fwp-content%2Fthemes%2Fgreen-clinic%2Fblocks HTTP/1.0" 200 87647 "-" "Mozilla/5.0 AppleWebKit/537.36 (KHTML, like Gecko; compatible; ClaudeBot/1.0; +claudebot@anthropic.com)"
216.73.216.167 - - [01/Jan/2026:04:30:30 +0500] "GET /products/624281035302655?fileloc=%2Fvar%2Fwww%2Fvhosts%2Fgreenclinic.kz%2Fnewsite%2Fwp-includes%2Fblocks%2Fmore%2Fblock.json&path=%2Fvar%2Fwww%2Fvhosts%2Fgreenclinic.kz%2Fnewsite%2Fwp-includes%2Fblocks%2Fmore HTTP/1.0" 200 17962 "-" "Mozilla/5.0 AppleWebKit/537.36 (KHTML, like Gecko; compatible; ClaudeBot/1.0; +claudebot@anthropic.com)"
216.73.216.167 - - [01/Jan/2026:04:30:30 +0500] "GET /products/408273552361035?fileloc=%2Fvar%2Fwww%2Fvhosts%2Fgreenclinic.kz%2Fnewsite%2Fwp-includes%2Fblocks%2Fquote%2Ftheme.min.css&path=%2Fvar%2Fwww%2Fvhosts%2Fgreenclinic.kz%2Fnewsite%2Fwp-includes%2Fblocks%2Fquote HTTP/1.0" 200 17498 "-" "Mozilla/5.0 AppleWebKit/537.36 (KHTML, like Gecko; compatible; ClaudeBot/1.0; +claudebot@anthropic.com)"
2a03:2880:f814:2:: - - [01/Jan/2026:04:30:30 +0500] "GET /products/5194249 HTTP/1.0" 200 56946 "-" "meta-externalagent/1.1 (+https://developers.facebook.com/docs/sharing/webmasters/crawler)"
216.73.216.167 - - [01/Jan/2026:04:30:30 +0500] "GET /products/284322172750834?fileloc=%2Fvar%2Fwww%2Fvhosts%2Fgreenclinic.kz%2Fmed.greenclinic.kz%2Fwp-includes%2Ftemplate-loader.php&path=%2Fvar%2Fwww%2Fvhosts%2Fgreenclinic.kz%2Fmed.greenclinic.kz%2Fwp-includes HTTP/1.0" 200 21429 "-" "Mozilla/5.0 AppleWebKit/537.36 (KHTML, like Gecko; compatible; ClaudeBot/1.0; +claudebot@anthropic.com)"
216.73.216.167 - - [01/Jan/2026:04:30:30 +0500] "GET /products/573850509352983?fileloc=%2Fvar%2Fwww%2Fvhosts%2Fgreenclinic.kz%2Fnewsite%2Fwp-includes%2Fblocks%2Fsearch%2Fstyle-rtl.css&path=%2Fvar%2Fwww%2Fvhosts%2Fgreenclinic.kz%2Fnewsite%2Fwp-includes%2Fblocks%2Fsearch HTTP/1.0" 200 19578 "-" "Mozilla/5.0 AppleWebKit/537.36 (KHTML, like Gecko; compatible; ClaudeBot/1.0; +claudebot@anthropic.com)"
216.73.216.167 - - [01/Jan/2026:04:30:30 +0500] "GET /products/387801484434668?fileloc=%2Fvar%2Fwww%2Fvhosts%2Fgreenclinic.kz%2Fnewsite%2Fwp-includes%2Fjs%2Fwp-emoji-loader.min.js&path=%2Fvar%2Fwww%2Fvhosts%2Fgreenclinic.kz%2Fnewsite%2Fwp-includes%2Fjs HTTP/1.0" 200 20363 "-" "Mozilla/5.0 AppleWebKit/537.36 (KHTML, like Gecko; compatible; ClaudeBot/1.0; +claudebot@anthropic.com)"
74.7.227.36 - - [01/Jan/2026:04:30:30 +0500] "GET /ru/directions/proktologiya/?fileloc=/var/www/vhosts/greenclinic.kz/newsite/wp-content/uploads/2025/06/dsc01302-scaled.jpg&path=/var/www/vhosts/greenclinic.kz/newsite/wp-content/uploads/2025/06 HTTP/1.0" 200 1114083 "-" "Mozilla/5.0 AppleWebKit/537.36 (KHTML, like Gecko; compatible; GPTBot/1.3; +https://openai.com/gptbot)"
2a03:2880:f814:36:: - - [01/Jan/2026:04:30:30 +0500] "GET /products/9798649 HTTP/1.0" 200 56946 "-" "meta-externalagent/1.1 (+https://developers.facebook.com/docs/sharing/webmasters/crawler)"
2a03:2880:f814:31:: - - [01/Jan/2026:04:30:30 +0500] "GET /products/5810383 HTTP/1.0" 200 56946 "-" "meta-externalagent/1.1 (+https://developers.facebook.com/docs/sharing/webmasters/crawler)"
216.73.216.167 - - [01/Jan/2026:04:30:30 +0500] "GET /products/136523343142560?fileloc=%2Fvar%2Fwww%2Fvhosts%2Fgreenclinic.kz%2Fnewsite%2Fwp-includes%2Fjs%2Fwp-emoji-loader.min.js&path=%2Fvar%2Fwww%2Fvhosts%2Fgreenclinic.kz%2Fnewsite%2Fwp-includes%2Fjs HTTP/1.0" 200 20363 "-" "Mozilla/5.0 AppleWebKit/537.36 (KHTML, like Gecko; compatible; ClaudeBot/1.0; +claudebot@anthropic.com)"
216.73.216.167 - - [01/Jan/2026:04:30:30 +0500] "GET /products/606843138799767?fileloc=%2Fvar%2Fwww%2Fvhosts%2Fgreenclinic.kz%2Fnewsite%2Fwp-admin%2Fjs%2Fdashboard.min.js&path=%2Fvar%2Fwww%2Fvhosts%2Fgreenclinic.kz%2Fnewsite%2Fwp-admin%2Fjs HTTP/1.0" 200 28186 "-" "Mozilla/5.0 AppleWebKit/537.36 (KHTML, like Gecko; compatible; ClaudeBot/1.0; +claudebot@anthropic.com)"
216.73.216.167 - - [01/Jan/2026:04:30:30 +0500] "GET /products/662892303930327?fileloc=%2Fvar%2Fwww%2Fvhosts%2Fgreenclinic.kz%2Fmed.greenclinic.kz%2Fwp-admin%2Fnetwork%2Fsetup.php&path=%2Fvar%2Fwww%2Fvhosts%2Fgreenclinic.kz%2Fmed.greenclinic.kz%2Fwp-admin%2Fnetwork HTTP/1.0" 200 17246 "-" "Mozilla/5.0 AppleWebKit/537.36 (KHTML, like Gecko; compatible; ClaudeBot/1.0; +claudebot@anthropic.com)"
216.73.216.167 - - [01/Jan/2026:04:30:30 +0500] "GET /products/374983720938009?fileloc=%2Fvar%2Fwww%2Fvhosts%2Fgreenclinic.kz%2Fnewsite%2Fwp-includes%2Fblocks%2Favatar%2Fstyle.css&path=%2Fvar%2Fwww%2Fvhosts%2Fgreenclinic.kz%2Fnewsite%2Fwp-includes%2Fblocks%2Favatar HTTP/1.0" 200 17184 "-" "Mozilla/5.0 AppleWebKit/537.36 (KHTML, like Gecko; compatible; ClaudeBot/1.0; +claudebot@anthropic.com)"
216.73.216.167 - - [01/Jan/2026:04:30:30 +0500] "GET /products/71991314351776?fileloc=%2Fvar%2Fwww%2Fvhosts%2Fgreenclinic.kz%2Fclinic_front%2Fpublic%2Findex-old.html&path=%2Fvar%2Fwww%2Fvhosts%2Fgreenclinic.kz%2Fclinic_front%2Fpublic HTTP/1.0" 200 19241 "-" "Mozilla/5.0 AppleWebKit/537.36 (KHTML, like Gecko; compatible; ClaudeBot/1.0; +claudebot@anthropic.com)"
216.73.216.167 - - [01/Jan/2026:04:30:31 +0500] "GET /products/395417032358894?fileloc=%2Fvar%2Fwww%2Fvhosts%2Fgreenclinic.kz%2Fmed.greenclinic.kz%2Fwp-admin%2Fcss%2Fdeprecated-media.css&path=%2Fvar%2Fwww%2Fvhosts%2Fgreenclinic.kz%2Fmed.greenclinic.kz%2Fwp-admin%2Fcss HTTP/1.0" 200 23652 "-" "Mozilla/5.0 AppleWebKit/537.36 (KHTML, like Gecko; compatible; ClaudeBot/1.0; +claudebot@anthropic.com)"
216.73.216.167 - - [01/Jan/2026:04:30:31 +0500] "GET /products/657558022571707?fileloc=%2Fvar%2Fwww%2Fvhosts%2Fgreenclinic.kz%2Fnewsite%2Fwp-includes%2Fblocks%2Farchives%2Fstyle-rtl.min.css&path=%2Fvar%2Fwww%2Fvhosts%2Fgreenclinic.kz%2Fnewsite%2Fwp-includes%2Fblocks%2Farchives HTTP/1.0" 200 17132 "-" "Mozilla/5.0 AppleWebKit/537.36 (KHTML, like Gecko; compatible; ClaudeBot/1.0; +claudebot@anthropic.com)"
2a03:2880:f814:3b:: - - [01/Jan/2026:04:30:31 +0500] "GET /products/29038016 HTTP/1.0" 200 56946 "-" "meta-externalagent/1.1 (+https://developers.facebook.com/docs/sharing/webmasters/crawler)"
216.73.216.167 - - [01/Jan/2026:04:30:31 +0500] "GET /products/393159266948355?fileloc=%2Fvar%2Fwww%2Fvhosts%2Fgreenclinic.kz%2Fnewsite%2Fwp-admin%2Fjs%2Fupdates.js&path=%2Fvar%2Fwww%2Fvhosts%2Fgreenclinic.kz%2Fnewsite%2Fwp-admin%2Fjs HTTP/1.0" 200 141604 "-" "Mozilla/5.0 AppleWebKit/537.36 (KHTML, like Gecko; compatible; ClaudeBot/1.0; +claudebot@anthropic.com)"
216.73.216.167 - - [01/Jan/2026:04:30:31 +0500] "GET /products/415900067013422?fileloc=%2Fvar%2Fwww%2Fvhosts%2Fgreenclinic.kz%2Fmed.greenclinic.kz%2Fwp-admin%2Fnetwork%2Fsite-settings.php&path=%2Fvar%2Fwww%2Fvhosts%2Fgreenclinic.kz%2Fmed.greenclinic.kz%2Fwp-admin%2Fnetwork HTTP/1.0" 200 24032 "-" "Mozilla/5.0 AppleWebKit/537.36 (KHTML, like Gecko; compatible; ClaudeBot/1.0; +claudebot@anthropic.com)"
2a03:2880:f814:16:: - - [01/Jan/2026:04:30:31 +0500] "GET /products/24515138 HTTP/1.0" 200 56946 "-" "meta-externalagent/1.1 (+https://developers.facebook.com/docs/sharing/webmasters/crawler)"
216.73.216.167 - - [01/Jan/2026:04:30:31 +0500] "GET /products/415900067013422?fileloc=%2Fvar%2Fwww%2Fvhosts%2Fgreenclinic.kz%2Fnewsite%2Fwp-includes%2Fblocks%2Ffreeform%2Feditor-rtl.min.css&path=%2Fvar%2Fwww%2Fvhosts%2Fgreenclinic.kz%2Fnewsite%2Fwp-includes%2Fblocks%2Ffreeform HTTP/1.0" 200 27114 "-" "Mozilla/5.0 AppleWebKit/537.36 (KHTML, like Gecko; compatible; ClaudeBot/1.0; +claudebot@anthropic.com)"
216.73.216.167 - - [01/Jan/2026:04:30:31 +0500] "GET /products/url%20=%3Cwidth%3Ex%3Cheight%3E%20%22optional%20title%22?fileloc=%2Fvar%2Fwww%2Fvhosts%2Fgreenclinic.kz%2Fnewsite%2Fwp-includes%2Ftheme-i18n.json&path=%2Fvar%2Fwww%2Fvhosts%2Fgreenclinic.kz%2Fnewsite%2Fwp-includes HTTP/1.0" 200 18495 "-" "Mozilla/5.0 AppleWebKit/537.36 (KHTML, like Gecko; compatible; ClaudeBot/1.0; +claudebot@anthropic.com)"
216.73.216.167 - - [01/Jan/2026:04:30:31 +0500] "GET /products/71991314351776?fileloc=%2Fvar%2Fwww%2Fvhosts%2Fgreenclinic.kz%2Fmed.greenclinic.kz%2Fwp-includes%2Fjs%2Fwp-embed.js&path=%2Fvar%2Fwww%2Fvhosts%2Fgreenclinic.kz%2Fmed.greenclinic.kz%2Fwp-includes%2Fjs HTTP/1.0" 200 20472 "-" "Mozilla/5.0 AppleWebKit/537.36 (KHTML, like Gecko; compatible; ClaudeBot/1.0; +claudebot@anthropic.com)"
216.73.216.167 - - [01/Jan/2026:04:30:31 +0500] "GET /products/506315335794122?fileloc=%2Fvar%2Fwww%2Fvhosts%2Fgreenclinic.kz%2Fnewsite%2Fwp-includes%2Fjs%2Fmediaelement%2Fmejs-controls.svg&path=%2Fvar%2Fwww%2Fvhosts%2Fgreenclinic.kz%2Fnewsite%2Fwp-includes%2Fjs%2Fmediaelement HTTP/1.0" 200 22611 "-" "Mozilla/5.0 AppleWebKit/537.36 (KHTML, like Gecko; compatible; ClaudeBot/1.0; +claudebot@anthropic.com)"
216.73.216.167 - - [01/Jan/2026:04:30:31 +0500] "GET /products/585044337963459?fileloc=%2Fvar%2Fwww%2Fvhosts%2Fgreenclinic.kz%2Fnewsite%2Fwp-includes%2Fblocks%2Fgallery%2Fstyle.min.css&path=%2Fvar%2Fwww%2Fvhosts%2Fgreenclinic.kz%2Fnewsite%2Fwp-includes%2Fblocks%2Fgallery HTTP/1.0" 200 32453 "-" "Mozilla/5.0 AppleWebKit/537.36 (KHTML, like Gecko; compatible; ClaudeBot/1.0; +claudebot@anthropic.com)"
216.73.216.167 - - [01/Jan/2026:04:30:31 +0500] "GET /products/620692701812432?fileloc=%2Fvar%2Fwww%2Fvhosts%2Fgreenclinic.kz%2Fclinic_front%2Fdist-old%2Fpublic%2Findex.html&path=%2Fvar%2Fwww%2Fvhosts%2Fgreenclinic.kz%2Fclinic_front%2Fdist-old%2Fpublic HTTP/1.0" 200 20025 "-" "Mozilla/5.0 AppleWebKit/537.36 (KHTML, like Gecko; compatible; ClaudeBot/1.0; +claudebot@anthropic.com)"
216.73.216.167 - - [01/Jan/2026:04:30:32 +0500] "GET /products/378139228212205?fileloc=%2Fvar%2Fwww%2Fvhosts%2Fgreenclinic.kz%2Fnewsite%2Fwp-includes%2Fblocks%2Fgallery%2Ftheme.min.css&path=%2Fvar%2Fwww%2Fvhosts%2Fgreenclinic.kz%2Fnewsite%2Fwp-includes%2Fblocks%2Fgallery HTTP/1.0" 200 17159 "-" "Mozilla/5.0 AppleWebKit/537.36 (KHTML, like Gecko; compatible; ClaudeBot/1.0; +claudebot@anthropic.com)"
216.73.216.167 - - [01/Jan/2026:04:30:32 +0500] "GET /products/528383753933036?fileloc=%2Fvar%2Fwww%2Fvhosts%2Fgreenclinic.kz%2Fnewsite%2Fwp-includes%2Fblocks%2Faudio%2Fstyle-rtl.min.css&path=%2Fvar%2Fwww%2Fvhosts%2Fgreenclinic.kz%2Fnewsite%2Fwp-includes%2Fblocks%2Faudio HTTP/1.0" 200 17182 "-" "Mozilla/5.0 AppleWebKit/537.36 (KHTML, like Gecko; compatible; ClaudeBot/1.0; +claudebot@anthropic.com)"
216.73.216.167 - - [01/Jan/2026:04:30:32 +0500] "GET /products/624281035302655?fileloc=%2Fvar%2Fwww%2Fvhosts%2Fgreenclinic.kz%2Fnewsite%2Fwp-includes%2Fjs%2Fdist%2Fvendor%2Fwp-polyfill-url.js&path=%2Fvar%2Fwww%2Fvhosts%2Fgreenclinic.kz%2Fnewsite%2Fwp-includes%2Fjs%2Fdist%2Fvendor HTTP/1.0" 200 138681 "-" "Mozilla/5.0 AppleWebKit/537.36 (KHTML, like Gecko; compatible; ClaudeBot/1.0; +claudebot@anthropic.com)"
216.73.216.167 - - [01/Jan/2026:04:30:32 +0500] "GET /products/277271969846442?fileloc=%2Fvar%2Fwww%2Fvhosts%2Fgreenclinic.kz%2Fnewsite%2Fwp-includes%2Fjs%2Fdist%2Fis-shallow-equal.min.js&path=%2Fvar%2Fwww%2Fvhosts%2Fgreenclinic.kz%2Fnewsite%2Fwp-includes%2Fjs%2Fdist HTTP/1.0" 200 18170 "-" "Mozilla/5.0 AppleWebKit/537.36 (KHTML, like Gecko; compatible; ClaudeBot/1.0; +claudebot@anthropic.com)"
216.73.216.167 - - [01/Jan/2026:04:30:32 +0500] "GET /products/661117359351627?fileloc=%2Fvar%2Fwww%2Fvhosts%2Fgreenclinic.kz%2Fnewsite%2Fwp-includes%2Fsodium_compat%2Flib%2Fristretto255.php&path=%2Fvar%2Fwww%2Fvhosts%2Fgreenclinic.kz%2Fnewsite%2Fwp-includes%2Fsodium_compat%2Flib HTTP/1.0" 200 24570 "-" "Mozilla/5.0 AppleWebKit/537.36 (KHTML, like Gecko; compatible; ClaudeBot/1.0; +claudebot@anthropic.com)"
216.73.216.167 - - [01/Jan/2026:04:30:32 +0500] "GET /products/102429294758126?fileloc=%2Fvar%2Fwww%2Fvhosts%2Fgreenclinic.kz%2Fnewsite%2Fwp-includes%2Fblocks%2Fpost-terms%2Fblock.json&path=%2Fvar%2Fwww%2Fvhosts%2Fgreenclinic.kz%2Fnewsite%2Fwp-includes%2Fblocks%2Fpost-terms HTTP/1.0" 200 18917 "-" "Mozilla/5.0 AppleWebKit/537.36 (KHTML, like Gecko; compatible; ClaudeBot/1.0; +claudebot@anthropic.com)"
216.73.216.167 - - [01/Jan/2026:04:30:32 +0500] "GET /products/655927007988844?fileloc=%2Fvar%2Fwww%2Fvhosts%2Fgreenclinic.kz%2Fnewsite%2Fwp-includes%2Fjs%2Fdist%2Fi18n.js&path=%2Fvar%2Fwww%2Fvhosts%2Fgreenclinic.kz%2Fnewsite%2Fwp-includes%2Fjs%2Fdist HTTP/1.0" 200 69228 "-" "Mozilla/5.0 AppleWebKit/537.36 (KHTML, like Gecko; compatible; ClaudeBot/1.0; +claudebot@anthropic.com)"
2a03:2880:f814:1c:: - - [01/Jan/2026:04:30:32 +0500] "GET /products/10194116 HTTP/1.0" 200 56946 "-" "meta-externalagent/1.1 (+https://developers.facebook.com/docs/sharing/webmasters/crawler)"
216.73.216.167 - - [01/Jan/2026:04:30:32 +0500] "GET /products/265587249527986?fileloc=%2Fvar%2Fwww%2Fvhosts%2Fgreenclinic.kz%2Fnewsite%2Fwp-includes%2Fjs%2Fmedia-models.js&path=%2Fvar%2Fwww%2Fvhosts%2Fgreenclinic.kz%2Fnewsite%2Fwp-includes%2Fjs HTTP/1.0" 200 63266 "-" "Mozilla/5.0 AppleWebKit/537.36 (KHTML, like Gecko; compatible; ClaudeBot/1.0; +claudebot@anthropic.com)"
216.73.216.167 - - [01/Jan/2026:04:30:32 +0500] "GET /sitemap2.xml?fileloc=%2Fvar%2Fwww%2Fvhosts%2Fgreenclinic.kz%2Fclinic_front%2Fdist-old-3%2Ffonts%2FMontserrat-SemiBold.c641dbee.ttf&path=%2Fvar%2Fwww%2Fvhosts%2Fgreenclinic.kz%2Fclinic_front%2Fdist-old-3%2Ffonts HTTP/1.0" 200 372120 "-" "Mozilla/5.0 AppleWebKit/537.36 (KHTML, like Gecko; compatible; ClaudeBot/1.0; +claudebot@anthropic.com)"
74.7.227.36 - - [01/Jan/2026:04:30:31 +0500] "GET /ru/directions/proktologiya/?fileloc=/var/www/vhosts/greenclinic.kz/newsite/wp-content/uploads/2025/06/dsc01262.jpg&path=/var/www/vhosts/greenclinic.kz/newsite/wp-content/uploads/2025/06 HTTP/1.0" 200 28508182 "-" "Mozilla/5.0 AppleWebKit/537.36 (KHTML, like Gecko; compatible; GPTBot/1.3; +https://openai.com/gptbot)"
216.73.216.167 - - [01/Jan/2026:04:30:32 +0500] "GET /products/251960944476825?fileloc=%2Fvar%2Fwww%2Fvhosts%2Fgreenclinic.kz%2Fmed.greenclinic.kz%2Fwp-includes%2Fsodium_compat%2Fnamespaced%2FCompat.php&path=%2Fvar%2Fwww%2Fvhosts%2Fgreenclinic.kz%2Fmed.greenclinic.kz%2Fwp-includes%2Fsodium_compat%2Fnamespaced HTTP/1.0" 200 17225 "-" "Mozilla/5.0 AppleWebKit/537.36 (KHTML, like Gecko; compatible; ClaudeBot/1.0; +claudebot@anthropic.com)"
2a03:2880:f814:1d:: - - [01/Jan/2026:04:30:32 +0500] "GET /products/18110883 HTTP/1.0" 200 56946 "-" "meta-externalagent/1.1 (+https://developers.facebook.com/docs/sharing/webmasters/crawler)"
2a03:2880:f814:7:: - - [01/Jan/2026:04:30:32 +0500] "GET /products/17950683 HTTP/1.0" 200 56946 "-" "meta-externalagent/1.1 (+https://developers.facebook.com/docs/sharing/webmasters/crawler)"
216.73.216.167 - - [01/Jan/2026:04:30:32 +0500] "GET /products/519180431449024?path=%2Fvar%2Fwww%2Fvhosts%2Fgreenclinic.kz%2Fnewsite%2Fwp-content%2Fthemes%2Fgreen-clinic%2Fblocks HTTP/1.0" 200 87647 "-" "Mozilla/5.0 AppleWebKit/537.36 (KHTML, like Gecko; compatible; ClaudeBot/1.0; +claudebot@anthropic.com)"
216.73.216.167 - - [01/Jan/2026:04:30:33 +0500] "GET /products/136523343142560?fileloc=%2Fvar%2Fwww%2Fvhosts%2Fgreenclinic.kz%2Fnewsite%2Fwp-includes%2Fblocks%2Fsite-title%2Fblock.json&path=%2Fvar%2Fwww%2Fvhosts%2Fgreenclinic.kz%2Fnewsite%2Fwp-includes%2Fblocks%2Fsite-title HTTP/1.0" 200 19221 "-" "Mozilla/5.0 AppleWebKit/537.36 (KHTML, like Gecko; compatible; ClaudeBot/1.0; +claudebot@anthropic.com)"
216.73.216.167 - - [01/Jan/2026:04:30:33 +0500] "GET /products/354454564249164?fileloc=%2Fvar%2Fwww%2Fvhosts%2Fgreenclinic.kz%2Fnewsite%2Fwp-includes%2Fblocks%2Ffreeform%2Feditor-rtl.min.css&path=%2Fvar%2Fwww%2Fvhosts%2Fgreenclinic.kz%2Fnewsite%2Fwp-includes%2Fblocks%2Ffreeform HTTP/1.0" 200 27114 "-" "Mozilla/5.0 AppleWebKit/537.36 (KHTML, like Gecko; compatible; ClaudeBot/1.0; +claudebot@anthropic.com)"
216.73.216.167 - - [01/Jan/2026:04:30:33 +0500] "GET /products/294892586099991?fileloc=%2Fvar%2Fwww%2Fvhosts%2Fgreenclinic.kz%2Fnewsite%2Fwp-includes%2Fjs%2Fdist%2Fa11y.js&path=%2Fvar%2Fwww%2Fvhosts%2Fgreenclinic.kz%2Fnewsite%2Fwp-includes%2Fjs%2Fdist HTTP/1.0" 200 26454 "-" "Mozilla/5.0 AppleWebKit/537.36 (KHTML, like Gecko; compatible; ClaudeBot/1.0; +claudebot@anthropic.com)"
216.73.216.167 - - [01/Jan/2026:04:30:33 +0500] "GET /kz/doctors/mukatova-irina-yurevna?path=%2Fvar%2Fwww%2Fvhosts%2Fgreenclinic.kz%2Ftest.greenclinic.kz%2Fvendor%2Fdnoegel%2Fphp-xdg-base-dir HTTP/1.0" 200 27359 "-" "Mozilla/5.0 AppleWebKit/537.36 (KHTML, like Gecko; compatible; ClaudeBot/1.0; +claudebot@anthropic.com)"
216.73.216.167 - - [01/Jan/2026:04:30:33 +0500] "GET /products/92745908192294?fileloc=%2Fvar%2Fwww%2Fvhosts%2Fgreenclinic.kz%2Fnewsite%2Fwp-includes%2Fblocks%2Fsite-title%2Fblock.json&path=%2Fvar%2Fwww%2Fvhosts%2Fgreenclinic.kz%2Fnewsite%2Fwp-includes%2Fblocks%2Fsite-title HTTP/1.0" 200 19221 "-" "Mozilla/5.0 AppleWebKit/537.36 (KHTML, like Gecko; compatible; ClaudeBot/1.0; +claudebot@anthropic.com)"
216.73.216.167 - - [01/Jan/2026:04:30:33 +0500] "GET /products/281205033161135?fileloc=%2Fvar%2Fwww%2Fvhosts%2Fgreenclinic.kz%2Fmed.greenclinic.kz%2Fwp-includes%2Fblock-patterns.php&path=%2Fvar%2Fwww%2Fvhosts%2Fgreenclinic.kz%2Fmed.greenclinic.kz%2Fwp-includes HTTP/1.0" 200 32341 "-" "Mozilla/5.0 AppleWebKit/537.36 (KHTML, like Gecko; compatible; ClaudeBot/1.0; +claudebot@anthropic.com)"
216.73.216.167 - - [01/Jan/2026:04:30:33 +0500] "GET /products/392013238141120?fileloc=%2Fvar%2Fwww%2Fvhosts%2Fgreenclinic.kz%2Fnewsite%2Fwp-includes%2Fblocks%2Fmedia-text%2Fblock.json&path=%2Fvar%2Fwww%2Fvhosts%2Fgreenclinic.kz%2Fnewsite%2Fwp-includes%2Fblocks%2Fmedia-text HTTP/1.0" 200 21358 "-" "Mozilla/5.0 AppleWebKit/537.36 (KHTML, like Gecko; compatible; ClaudeBot/1.0; +claudebot@anthropic.com)"
216.73.216.167 - - [01/Jan/2026:04:30:33 +0500] "GET /products/202222672800182?fileloc=%2Fvar%2Fwww%2Fvhosts%2Fgreenclinic.kz%2Fmed.greenclinic.kz%2Fwp-includes%2Fblocks%2Ffootnotes.php&path=%2Fvar%2Fwww%2Fvhosts%2Fgreenclinic.kz%2Fmed.greenclinic.kz%2Fwp-includes%2Fblocks HTTP/1.0" 200 21270 "-" "Mozilla/5.0 AppleWebKit/537.36 (KHTML, like Gecko; compatible; ClaudeBot/1.0; +claudebot@anthropic.com)"
216.73.216.167 - - [01/Jan/2026:04:30:33 +0500] "GET /products/446854142285535?fileloc=%2Fvar%2Fwww%2Fvhosts%2Fgreenclinic.kz%2Fnewsite%2Fwp-includes%2Fjs%2Funderscore.min.js&path=%2Fvar%2Fwww%2Fvhosts%2Fgreenclinic.kz%2Fnewsite%2Fwp-includes%2Fjs HTTP/1.0" 200 38579 "-" "Mozilla/5.0 AppleWebKit/537.36 (KHTML, like Gecko; compatible; ClaudeBot/1.0; +claudebot@anthropic.com)"
216.73.216.167 - - [01/Jan/2026:04:30:33 +0500] "GET /products/316320614474990?fileloc=%2Fvar%2Fwww%2Fvhosts%2Fgreenclinic.kz%2Fnewsite%2Fwp-includes%2Fblocks%2Fsearch%2Fview.asset.php&path=%2Fvar%2Fwww%2Fvhosts%2Fgreenclinic.kz%2Fnewsite%2Fwp-includes%2Fblocks%2Fsearch HTTP/1.0" 200 17157 "-" "Mozilla/5.0 AppleWebKit/537.36 (KHTML, like Gecko; compatible; ClaudeBot/1.0; +claudebot@anthropic.com)"
216.73.216.167 - - [01/Jan/2026:04:30:33 +0500] "GET /products/64571673750251?path=%2Fvar%2Fwww%2Fvhosts%2Fgreenclinic.kz%2Fnewsite%2Fwp-content%2Fthemes%2Fgreen-clinic%2Fblocks HTTP/1.0" 200 87647 "-" "Mozilla/5.0 AppleWebKit/537.36 (KHTML, like Gecko; compatible; ClaudeBot/1.0; +claudebot@anthropic.com)"
2a03:2880:f814:18:: - - [01/Jan/2026:04:30:33 +0500] "GET /kz/?item=1447301788 HTTP/1.0" 200 56946 "-" "meta-externalagent/1.1 (+https://developers.facebook.com/docs/sharing/webmasters/crawler)"
216.73.216.167 - - [01/Jan/2026:04:30:34 +0500] "GET /products/482048750645214?fileloc=%2Fvar%2Fwww%2Fvhosts%2Fgreenclinic.kz%2Fmed.greenclinic.kz%2Fwp-includes%2Fclass-json.php&path=%2Fvar%2Fwww%2Fvhosts%2Fgreenclinic.kz%2Fmed.greenclinic.kz%2Fwp-includes HTTP/1.0" 200 63866 "-" "Mozilla/5.0 AppleWebKit/537.36 (KHTML, like Gecko; compatible; ClaudeBot/1.0; +claudebot@anthropic.com)"
216.73.216.167 - - [01/Jan/2026:04:30:34 +0500] "GET /products/583089572778645?fileloc=%2Fvar%2Fwww%2Fvhosts%2Fgreenclinic.kz%2Fnewsite%2Fwp-includes%2Fblocks%2Faudio%2Ftheme-rtl.min.css&path=%2Fvar%2Fwww%2Fvhosts%2Fgreenclinic.kz%2Fnewsite%2Fwp-includes%2Fblocks%2Faudio HTTP/1.0" 200 17194 "-" "Mozilla/5.0 AppleWebKit/537.36 (KHTML, like Gecko; compatible; ClaudeBot/1.0; +claudebot@anthropic.com)"
216.73.216.167 - - [01/Jan/2026:04:30:34 +0500] "GET /products/344584980303574?fileloc=%2Fvar%2Fwww%2Fvhosts%2Fgreenclinic.kz%2Fnewsite%2Fwp-includes%2Fblocks%2Fvideo%2Fstyle.min.css&path=%2Fvar%2Fwww%2Fvhosts%2Fgreenclinic.kz%2Fnewsite%2Fwp-includes%2Fblocks%2Fvideo HTTP/1.0" 200 17301 "-" "Mozilla/5.0 AppleWebKit/537.36 (KHTML, like Gecko; compatible; ClaudeBot/1.0; +claudebot@anthropic.com)"
2a03:2880:f814:2c:: - - [01/Jan/2026:04:30:34 +0500] "GET /products/2919227 HTTP/1.0" 200 56946 "-" "meta-externalagent/1.1 (+https://developers.facebook.com/docs/sharing/webmasters/crawler)"
216.73.216.167 - - [01/Jan/2026:04:30:34 +0500] "GET /products/92745908192294?fileloc=%2Fvar%2Fwww%2Fvhosts%2Fgreenclinic.kz%2Fmed.greenclinic.kz%2Fwp-includes%2Fblocks%2Fcomment-edit-link.php&path=%2Fvar%2Fwww%2Fvhosts%2Fgreenclinic.kz%2Fmed.greenclinic.kz%2Fwp-includes%2Fblocks HTTP/1.0" 200 19047 "-" "Mozilla/5.0 AppleWebKit/537.36 (KHTML, like Gecko; compatible; ClaudeBot/1.0; +claudebot@anthropic.com)"
2a03:2880:f814:1f:: - - [01/Jan/2026:04:30:34 +0500] "GET /products/5665038 HTTP/1.0" 200 56946 "-" "meta-externalagent/1.1 (+https://developers.facebook.com/docs/sharing/webmasters/crawler)"
216.73.216.167 - - [01/Jan/2026:04:30:34 +0500] "GET /products/102429294758126?fileloc=%2Fvar%2Fwww%2Fvhosts%2Fgreenclinic.kz%2Fnewsite%2Fwp-includes%2Fjs%2Funderscore.js&path=%2Fvar%2Fwww%2Fvhosts%2Fgreenclinic.kz%2Fnewsite%2Fwp-includes%2Fjs HTTP/1.0" 200 88254 "-" "Mozilla/5.0 AppleWebKit/537.36 (KHTML, like Gecko; compatible; ClaudeBot/1.0; +claudebot@anthropic.com)"
216.73.216.167 - - [01/Jan/2026:04:30:34 +0500] "GET /products/71991314351776?fileloc=%2Fvar%2Fwww%2Fvhosts%2Fgreenclinic.kz%2Fmed.greenclinic.kz%2Fwp-includes%2Fjs%2Fwp-custom-header.min.js&path=%2Fvar%2Fwww%2Fvhosts%2Fgreenclinic.kz%2Fmed.greenclinic.kz%2Fwp-includes%2Fjs HTTP/1.0" 200 21995 "-" "Mozilla/5.0 AppleWebKit/537.36 (KHTML, like Gecko; compatible; ClaudeBot/1.0; +claudebot@anthropic.com)"
216.73.216.167 - - [01/Jan/2026:04:30:34 +0500] "GET /products/325569865954490?fileloc=%2Fvar%2Fwww%2Fvhosts%2Fgreenclinic.kz%2Fnewsite%2Fwp-includes%2Fblocks%2Fmedia-text%2Fblock.json&path=%2Fvar%2Fwww%2Fvhosts%2Fgreenclinic.kz%2Fnewsite%2Fwp-includes%2Fblocks%2Fmedia-text HTTP/1.0" 200 21358 "-" "Mozilla/5.0 AppleWebKit/537.36 (KHTML, like Gecko; compatible; ClaudeBot/1.0; +claudebot@anthropic.com)"
74.7.227.36 - - [01/Jan/2026:04:30:34 +0500] "GET /ru/directions/proktologiya/?fileloc=/var/www/vhosts/greenclinic.kz/newsite/wp-content/uploads/2025/06/dsc01250-scaled.jpg&path=/var/www/vhosts/greenclinic.kz/newsite/wp-content/uploads/2025/06 HTTP/1.0" 200 816648 "-" "Mozilla/5.0 AppleWebKit/537.36 (KHTML, like Gecko; compatible; GPTBot/1.3; +https://openai.com/gptbot)"
216.73.216.167 - - [01/Jan/2026:04:30:34 +0500] "GET /products/692057188516926?fileloc=%2Fvar%2Fwww%2Fvhosts%2Fgreenclinic.kz%2Fnewsite%2Fwp-includes%2Fblocks%2Faudio%2Fstyle.min.css&path=%2Fvar%2Fwww%2Fvhosts%2Fgreenclinic.kz%2Fnewsite%2Fwp-includes%2Fblocks%2Faudio HTTP/1.0" 200 17178 "-" "Mozilla/5.0 AppleWebKit/537.36 (KHTML, like Gecko; compatible; ClaudeBot/1.0; +claudebot@anthropic.com)"
216.73.216.167 - - [01/Jan/2026:04:30:34 +0500] "GET /products/624486297064680?fileloc=%2Fvar%2Fwww%2Fvhosts%2Fgreenclinic.kz%2Fnewsite%2Fwp-includes%2Fblocks%2Fquote%2Ftheme-rtl.css&path=%2Fvar%2Fwww%2Fvhosts%2Fgreenclinic.kz%2Fnewsite%2Fwp-includes%2Fblocks%2Fquote HTTP/1.0" 200 17557 "-" "Mozilla/5.0 AppleWebKit/537.36 (KHTML, like Gecko; compatible; ClaudeBot/1.0; +claudebot@anthropic.com)"
216.73.216.167 - - [01/Jan/2026:04:30:34 +0500] "GET /ru/doctors/mukatova-irina-yurevna?fileloc=%2Fvar%2Fwww%2Fvhosts%2Fgreenclinic.kz%2Fmed.greenclinic.kz%2Fwp-includes%2Ftheme-compat%2Fheader.php&path=%2Fvar%2Fwww%2Fvhosts%2Fgreenclinic.kz%2Fmed.greenclinic.kz%2Fwp-includes%2Ftheme-compat HTTP/1.0" 200 19520 "-" "Mozilla/5.0 AppleWebKit/537.36 (KHTML, like Gecko; compatible; ClaudeBot/1.0; +claudebot@anthropic.com)"
216.73.216.167 - - [01/Jan/2026:04:30:34 +0500] "GET /products/529527583481672?fileloc=%2Fvar%2Fwww%2Fvhosts%2Fgreenclinic.kz%2Fnewsite%2Fwp-includes%2Fjs%2Fdist%2Frouter.min.js&path=%2Fvar%2Fwww%2Fvhosts%2Fgreenclinic.kz%2Fnewsite%2Fwp-includes%2Fjs%2Fdist HTTP/1.0" 200 21837 "-" "Mozilla/5.0 AppleWebKit/537.36 (KHTML, like Gecko; compatible; ClaudeBot/1.0; +claudebot@anthropic.com)"
216.73.216.167 - - [01/Jan/2026:04:30:35 +0500] "GET /products/245524528109166?fileloc=%2Fvar%2Fwww%2Fvhosts%2Fgreenclinic.kz%2Fclinic_back%2Fconfig%2Fsession.php&path=%2Fvar%2Fwww%2Fvhosts%2Fgreenclinic.kz%2Fclinic_back%2Fconfig HTTP/1.0" 200 24482 "-" "Mozilla/5.0 AppleWebKit/537.36 (KHTML, like Gecko; compatible; ClaudeBot/1.0; +claudebot@anthropic.com)"
216.73.216.167 - - [01/Jan/2026:04:30:35 +0500] "GET /products/65314920617966?fileloc=%2Fvar%2Fwww%2Fvhosts%2Fgreenclinic.kz%2Fnewsite%2Fwp-includes%2Fjs%2Fdist%2Fdom.min.js&path=%2Fvar%2Fwww%2Fvhosts%2Fgreenclinic.kz%2Fnewsite%2Fwp-includes%2Fjs%2Fdist HTTP/1.0" 200 31743 "-" "Mozilla/5.0 AppleWebKit/537.36 (KHTML, like Gecko; compatible; ClaudeBot/1.0; +claudebot@anthropic.com)"
216.73.216.167 - - [01/Jan/2026:04:30:35 +0500] "GET /products/243205277593856?fileloc=%2Fvar%2Fwww%2Fvhosts%2Fgreenclinic.kz%2Fmed.greenclinic.kz%2Fwp-includes%2Fblock-patterns.php&path=%2Fvar%2Fwww%2Fvhosts%2Fgreenclinic.kz%2Fmed.greenclinic.kz%2Fwp-includes HTTP/1.0" 200 32341 "-" "Mozilla/5.0 AppleWebKit/537.36 (KHTML, like Gecko; compatible; ClaudeBot/1.0; +claudebot@anthropic.com)"
2a03:2880:f814:1:: - - [01/Jan/2026:04:30:35 +0500] "GET /kz/?item=811083336 HTTP/1.0" 200 56946 "-" "meta-externalagent/1.1 (+https://developers.facebook.com/docs/sharing/webmasters/crawler)"
216.73.216.167 - - [01/Jan/2026:04:30:35 +0500] "GET /ru/directions2/fizioterapevticheskie-proczedury?fileloc=%2Fvar%2Fwww%2Fvhosts%2Fgreenclinic.kz%2Fnewsite%2Fwp-admin%2Fwidgets-form-blocks.php&path=%2Fvar%2Fwww%2Fvhosts%2Fgreenclinic.kz%2Fnewsite%2Fwp-admin HTTP/1.0" 200 21996 "-" "Mozilla/5.0 AppleWebKit/537.36 (KHTML, like Gecko; compatible; ClaudeBot/1.0; +claudebot@anthropic.com)"
216.73.216.167 - - [01/Jan/2026:04:30:35 +0500] "GET /products/444032908811712?fileloc=%2Fvar%2Fwww%2Fvhosts%2Fgreenclinic.kz%2Fnewsite%2Fwp-content%2Fuploads%2Fwpallimport%2F.htaccess&path=%2Fvar%2Fwww%2Fvhosts%2Fgreenclinic.kz%2Fnewsite%2Fwp-content%2Fuploads%2Fwpallimport HTTP/1.0" 200 17192 "-" "Mozilla/5.0 AppleWebKit/537.36 (KHTML, like Gecko; compatible; ClaudeBot/1.0; +claudebot@anthropic.com)"
216.73.216.167 - - [01/Jan/2026:04:30:35 +0500] "GET /products/534320685056265?fileloc=%2Fvar%2Fwww%2Fvhosts%2Fgreenclinic.kz%2Fnewsite%2Fwp-includes%2Fblocks%2Farchives%2Fstyle-rtl.min.css&path=%2Fvar%2Fwww%2Fvhosts%2Fgreenclinic.kz%2Fnewsite%2Fwp-includes%2Fblocks%2Farchives HTTP/1.0" 200 17132 "-" "Mozilla/5.0 AppleWebKit/537.36 (KHTML, like Gecko; compatible; ClaudeBot/1.0; +claudebot@anthropic.com)"
216.73.216.167 - - [01/Jan/2026:04:30:35 +0500] "GET /products/446822828676469?fileloc=%2Fvar%2Fwww%2Fvhosts%2Fgreenclinic.kz%2Fmed.greenclinic.kz%2Fwp-includes%2Fblocks%2Fnavigation-link.php&path=%2Fvar%2Fwww%2Fvhosts%2Fgreenclinic.kz%2Fmed.greenclinic.kz%2Fwp-includes%2Fblocks HTTP/1.0" 200 33426 "-" "Mozilla/5.0 AppleWebKit/537.36 (KHTML, like Gecko; compatible; ClaudeBot/1.0; +claudebot@anthropic.com)"
216.73.216.167 - - [01/Jan/2026:04:30:35 +0500] "GET /en/prices/url%20=%3Cwidth%3Ex%3Cheight%3E%20%22optional%20title%22?fileloc=%2Fvar%2Fwww%2Fvhosts%2Fgreenclinic.kz%2Fnewsite%2Fwp-admin%2Fmy-sites.php&path=%2Fvar%2Fwww%2Fvhosts%2Fgreenclinic.kz%2Fnewsite%2Fwp-admin HTTP/1.0" 200 23101 "-" "Mozilla/5.0 AppleWebKit/537.36 (KHTML, like Gecko; compatible; ClaudeBot/1.0; +claudebot@anthropic.com)"
216.73.216.167 - - [01/Jan/2026:04:30:35 +0500] "GET /products/154394598635131?fileloc=%2Fvar%2Fwww%2Fvhosts%2Fgreenclinic.kz%2Fnewsite%2Fwp-includes%2Fblocks%2Ffreeform%2Feditor-rtl.min.css&path=%2Fvar%2Fwww%2Fvhosts%2Fgreenclinic.kz%2Fnewsite%2Fwp-includes%2Fblocks%2Ffreeform HTTP/1.0" 200 27114 "-" "Mozilla/5.0 AppleWebKit/537.36 (KHTML, like Gecko; compatible; ClaudeBot/1.0; +claudebot@anthropic.com)"
216.73.216.167 - - [01/Jan/2026:04:30:35 +0500] "GET /products/387801484434668?fileloc=%2Fvar%2Fwww%2Fvhosts%2Fgreenclinic.kz%2Fmed.greenclinic.kz%2Fwp-includes%2Fblocks%2Fcomment-edit-link.php&path=%2Fvar%2Fwww%2Fvhosts%2Fgreenclinic.kz%2Fmed.greenclinic.kz%2Fwp-includes%2Fblocks HTTP/1.0" 200 19047 "-" "Mozilla/5.0 AppleWebKit/537.36 (KHTML, like Gecko; compatible; ClaudeBot/1.0; +claudebot@anthropic.com)"
216.73.216.167 - - [01/Jan/2026:04:30:35 +0500] "GET /products/655927007988844?fileloc=%2Fvar%2Fwww%2Fvhosts%2Fgreenclinic.kz%2Fnewsite%2Fwp-includes%2Fblocks%2Fquote%2Ftheme-rtl.css&path=%2Fvar%2Fwww%2Fvhosts%2Fgreenclinic.kz%2Fnewsite%2Fwp-includes%2Fblocks%2Fquote HTTP/1.0" 200 17557 "-" "Mozilla/5.0 AppleWebKit/537.36 (KHTML, like Gecko; compatible; ClaudeBot/1.0; +claudebot@anthropic.com)"
216.73.216.167 - - [01/Jan/2026:04:30:36 +0500] "GET /products/398206891292698?fileloc=%2Fvar%2Fwww%2Fvhosts%2Fgreenclinic.kz%2Fnewsite%2Fwp-includes%2Fblocks%2Fsearch%2Ftheme.min.css&path=%2Fvar%2Fwww%2Fvhosts%2Fgreenclinic.kz%2Fnewsite%2Fwp-includes%2Fblocks%2Fsearch HTTP/1.0" 200 17159 "-" "Mozilla/5.0 AppleWebKit/537.36 (KHTML, like Gecko; compatible; ClaudeBot/1.0; +claudebot@anthropic.com)"
216.73.216.167 - - [01/Jan/2026:04:30:36 +0500] "GET /products/164172180121486?fileloc=%2Fvar%2Fwww%2Fvhosts%2Fgreenclinic.kz%2Fmed.greenclinic.kz%2Fwp-includes%2Fclass-walker-comment.php&path=%2Fvar%2Fwww%2Fvhosts%2Fgreenclinic.kz%2Fmed.greenclinic.kz%2Fwp-includes HTTP/1.0" 200 33604 "-" "Mozilla/5.0 AppleWebKit/537.36 (KHTML, like Gecko; compatible; ClaudeBot/1.0; +claudebot@anthropic.com)"
2a03:2880:f814:19:: - - [01/Jan/2026:04:30:36 +0500] "GET /en/?item=1730091832 HTTP/1.0" 200 56946 "-" "meta-externalagent/1.1 (+https://developers.facebook.com/docs/sharing/webmasters/crawler)"
216.73.216.167 - - [01/Jan/2026:04:30:36 +0500] "GET /products/373422330267780?fileloc=%2Fvar%2Fwww%2Fvhosts%2Fgreenclinic.kz%2Fnewsite%2Fwp-includes%2Fblocks%2Ffreeform%2Feditor-rtl.css&path=%2Fvar%2Fwww%2Fvhosts%2Fgreenclinic.kz%2Fnewsite%2Fwp-includes%2Fblocks%2Ffreeform HTTP/1.0" 200 27929 "-" "Mozilla/5.0 AppleWebKit/537.36 (KHTML, like Gecko; compatible; ClaudeBot/1.0; +claudebot@anthropic.com)"
2a03:2880:f814:2c:: - - [01/Jan/2026:04:30:36 +0500] "GET /products/15952405 HTTP/1.0" 200 56946 "-" "meta-externalagent/1.1 (+https://developers.facebook.com/docs/sharing/webmasters/crawler)"
216.73.216.167 - - [01/Jan/2026:04:30:36 +0500] "GET /products/316320614474990?fileloc=%2Fvar%2Fwww%2Fvhosts%2Fgreenclinic.kz%2Fnewsite%2Fwp-includes%2Fpomo%2Fmo.php&path=%2Fvar%2Fwww%2Fvhosts%2Fgreenclinic.kz%2Fnewsite%2Fwp-includes%2Fpomo HTTP/1.0" 200 27198 "-" "Mozilla/5.0 AppleWebKit/537.36 (KHTML, like Gecko; compatible; ClaudeBot/1.0; +claudebot@anthropic.com)"
216.73.216.167 - - [01/Jan/2026:04:30:36 +0500] "GET /products/44756658075867?fileloc=%2Fvar%2Fwww%2Fvhosts%2Fgreenclinic.kz%2Fnewsite%2Fwp-admin%2Fincludes%2Ftranslation-install.php&path=%2Fvar%2Fwww%2Fvhosts%2Fgreenclinic.kz%2Fnewsite%2Fwp-admin%2Fincludes HTTP/1.0" 200 27158 "-" "Mozilla/5.0 AppleWebKit/537.36 (KHTML, like Gecko; compatible; ClaudeBot/1.0; +claudebot@anthropic.com)"
216.73.216.167 - - [01/Jan/2026:04:30:36 +0500] "GET /products/413306107944066?fileloc=%2Fvar%2Fwww%2Fvhosts%2Fgreenclinic.kz%2Fnewsite%2Fwp-includes%2Fjs%2Fwp-ajax-response.min.js&path=%2Fvar%2Fwww%2Fvhosts%2Fgreenclinic.kz%2Fnewsite%2Fwp-includes%2Fjs HTTP/1.0" 200 20132 "-" "Mozilla/5.0 AppleWebKit/537.36 (KHTML, like Gecko; compatible; ClaudeBot/1.0; +claudebot@anthropic.com)"
216.73.216.167 - - [01/Jan/2026:04:30:36 +0500] "GET /products/373422330267780?fileloc=%2Fvar%2Fwww%2Fvhosts%2Fgreenclinic.kz%2Fnewsite%2Fwp-includes%2Fpomo%2Fmo.php&path=%2Fvar%2Fwww%2Fvhosts%2Fgreenclinic.kz%2Fnewsite%2Fwp-includes%2Fpomo HTTP/1.0" 200 27198 "-" "Mozilla/5.0 AppleWebKit/537.36 (KHTML, like Gecko; compatible; ClaudeBot/1.0; +claudebot@anthropic.com)"
216.73.216.167 - - [01/Jan/2026:04:30:36 +0500] "GET /products/374983720938009?fileloc=%2Fvar%2Fwww%2Fvhosts%2Fgreenclinic.kz%2Fnewsite%2Fwp-includes%2Fblocks%2Fmore%2Fblock.json&path=%2Fvar%2Fwww%2Fvhosts%2Fgreenclinic.kz%2Fnewsite%2Fwp-includes%2Fblocks%2Fmore HTTP/1.0" 200 17962 "-" "Mozilla/5.0 AppleWebKit/537.36 (KHTML, like Gecko; compatible; ClaudeBot/1.0; +claudebot@anthropic.com)"
2a03:2880:f814:35:: - - [01/Jan/2026:04:30:36 +0500] "GET /products/21261683 HTTP/1.0" 200 56946 "-" "meta-externalagent/1.1 (+https://developers.facebook.com/docs/sharing/webmasters/crawler)"
216.73.216.167 - - [01/Jan/2026:04:30:36 +0500] "GET /products/88441199971132?fileloc=%2Fvar%2Fwww%2Fvhosts%2Fgreenclinic.kz%2Fmed.greenclinic.kz%2Fwp-admin%2Fnetwork%2Fsite-settings.php&path=%2Fvar%2Fwww%2Fvhosts%2Fgreenclinic.kz%2Fmed.greenclinic.kz%2Fwp-admin%2Fnetwork HTTP/1.0" 200 24032 "-" "Mozilla/5.0 AppleWebKit/537.36 (KHTML, like Gecko; compatible; ClaudeBot/1.0; +claudebot@anthropic.com)"
216.73.216.167 - - [01/Jan/2026:04:30:36 +0500] "GET /products/520895319452736?fileloc=%2Fvar%2Fwww%2Fvhosts%2Fgreenclinic.kz%2Fnewsite%2Fwp-includes%2Fblocks%2Fquote%2Ftheme-rtl.css&path=%2Fvar%2Fwww%2Fvhosts%2Fgreenclinic.kz%2Fnewsite%2Fwp-includes%2Fblocks%2Fquote HTTP/1.0" 200 17557 "-" "Mozilla/5.0 AppleWebKit/537.36 (KHTML, like Gecko; compatible; ClaudeBot/1.0; +claudebot@anthropic.com)"
2a03:2880:f814:5:: - - [01/Jan/2026:04:30:36 +0500] "GET /products/3577749 HTTP/1.0" 200 56946 "-" "meta-externalagent/1.1 (+https://developers.facebook.com/docs/sharing/webmasters/crawler)"
216.73.216.167 - - [01/Jan/2026:04:30:36 +0500] "GET /products/559967822873845?fileloc=%2Fvar%2Fwww%2Fvhosts%2Fgreenclinic.kz%2Fnewsite%2Fwp-includes%2Fjs%2Fthickbox%2FmacFFBgHack.png&path=%2Fvar%2Fwww%2Fvhosts%2Fgreenclinic.kz%2Fnewsite%2Fwp-includes%2Fjs%2Fthickbox HTTP/1.0" 200 17163 "-" "Mozilla/5.0 AppleWebKit/537.36 (KHTML, like Gecko; compatible; ClaudeBot/1.0; +claudebot@anthropic.com)"
216.73.216.167 - - [01/Jan/2026:04:30:37 +0500] "GET /products/249793900531239?fileloc=%2Fvar%2Fwww%2Fvhosts%2Fgreenclinic.kz%2Fnewsite%2Fwp-includes%2Fblocks%2Favatar%2Fstyle.css&path=%2Fvar%2Fwww%2Fvhosts%2Fgreenclinic.kz%2Fnewsite%2Fwp-includes%2Fblocks%2Favatar HTTP/1.0" 200 17184 "-" "Mozilla/5.0 AppleWebKit/537.36 (KHTML, like Gecko; compatible; ClaudeBot/1.0; +claudebot@anthropic.com)"
216.73.216.167 - - [01/Jan/2026:04:30:37 +0500] "GET /products/251960944476825?fileloc=%2Fvar%2Fwww%2Fvhosts%2Fgreenclinic.kz%2Fmed.greenclinic.kz%2Fwp-includes%2FID3%2Fgetid3.lib.php&path=%2Fvar%2Fwww%2Fvhosts%2Fgreenclinic.kz%2Fmed.greenclinic.kz%2Fwp-includes%2FID3 HTTP/1.0" 200 77392 "-" "Mozilla/5.0 AppleWebKit/537.36 (KHTML, like Gecko; compatible; ClaudeBot/1.0; +claudebot@anthropic.com)"
216.73.216.167 - - [01/Jan/2026:04:30:37 +0500] "GET /products/353931782171503?fileloc=%2Fvar%2Fwww%2Fvhosts%2Fgreenclinic.kz%2Fmed.greenclinic.kz%2Fwp-includes%2Fblocks%2Frss.php&path=%2Fvar%2Fwww%2Fvhosts%2Fgreenclinic.kz%2Fmed.greenclinic.kz%2Fwp-includes%2Fblocks HTTP/1.0" 200 22726 "-" "Mozilla/5.0 AppleWebKit/537.36 (KHTML, like Gecko; compatible; ClaudeBot/1.0; +claudebot@anthropic.com)"
74.7.227.36 - - [01/Jan/2026:04:30:35 +0500] "GET /ru/directions/proktologiya/?fileloc=/var/www/vhosts/greenclinic.kz/newsite/wp-content/uploads/2025/06/dsc01236.jpg&path=/var/www/vhosts/greenclinic.kz/newsite/wp-content/uploads/2025/06 HTTP/1.0" 200 26953051 "-" "Mozilla/5.0 AppleWebKit/537.36 (KHTML, like Gecko; compatible; GPTBot/1.3; +https://openai.com/gptbot)"
216.73.216.167 - - [01/Jan/2026:04:30:37 +0500] "GET /products/675331352498427?fileloc=%2Fvar%2Fwww%2Fvhosts%2Fgreenclinic.kz%2Fnewsite%2Fwp-includes%2Fblocks%2Fheading%2Fstyle.min.css&path=%2Fvar%2Fwww%2Fvhosts%2Fgreenclinic.kz%2Fnewsite%2Fwp-includes%2Fblocks%2Fheading HTTP/1.0" 200 18051 "-" "Mozilla/5.0 AppleWebKit/537.36 (KHTML, like Gecko; compatible; ClaudeBot/1.0; +claudebot@anthropic.com)"
216.73.216.167 - - [01/Jan/2026:04:30:37 +0500] "GET /products/669384204380819?fileloc=%2Fvar%2Fwww%2Fvhosts%2Fgreenclinic.kz%2Fnewsite%2Fwp-includes%2Fblocks%2Farchives%2Fstyle-rtl.min.css&path=%2Fvar%2Fwww%2Fvhosts%2Fgreenclinic.kz%2Fnewsite%2Fwp-includes%2Fblocks%2Farchives HTTP/1.0" 200 17132 "-" "Mozilla/5.0 AppleWebKit/537.36 (KHTML, like Gecko; compatible; ClaudeBot/1.0; +claudebot@anthropic.com)"
216.73.216.167 - - [01/Jan/2026:04:30:37 +0500] "GET /products/529527583481672?fileloc=%2Fvar%2Fwww%2Fvhosts%2Fgreenclinic.kz%2Fnewsite%2Fwp-includes%2Fblocks%2Flist%2Fstyle.min.css&path=%2Fvar%2Fwww%2Fvhosts%2Fgreenclinic.kz%2Fnewsite%2Fwp-includes%2Fblocks%2Flist HTTP/1.0" 200 17114 "-" "Mozilla/5.0 AppleWebKit/537.36 (KHTML, like Gecko; compatible; ClaudeBot/1.0; +claudebot@anthropic.com)"
2a03:2880:f814:2e:: - - [01/Jan/2026:04:30:37 +0500] "GET /products/2662561 HTTP/1.0" 200 56946 "-" "meta-externalagent/1.1 (+https://developers.facebook.com/docs/sharing/webmasters/crawler)"
216.73.216.167 - - [01/Jan/2026:04:30:37 +0500] "GET /products/671096899653398?fileloc=%2Fvar%2Fwww%2Fvhosts%2Fgreenclinic.kz%2Fnewsite%2Fwp-includes%2Fjs%2Fzxcvbn-async.js&path=%2Fvar%2Fwww%2Fvhosts%2Fgreenclinic.kz%2Fnewsite%2Fwp-includes%2Fjs HTTP/1.0" 200 17800 "-" "Mozilla/5.0 AppleWebKit/537.36 (KHTML, like Gecko; compatible; ClaudeBot/1.0; +claudebot@anthropic.com)"
216.73.216.167 - - [01/Jan/2026:04:30:37 +0500] "GET /products/464099984269785?fileloc=%2Fvar%2Fwww%2Fvhosts%2Fgreenclinic.kz%2Fnewsite%2Fwp-includes%2Fblocks%2Fsite-title%2Fblock.json&path=%2Fvar%2Fwww%2Fvhosts%2Fgreenclinic.kz%2Fnewsite%2Fwp-includes%2Fblocks%2Fsite-title HTTP/1.0" 200 19221 "-" "Mozilla/5.0 AppleWebKit/537.36 (KHTML, like Gecko; compatible; ClaudeBot/1.0; +claudebot@anthropic.com)"
216.73.216.167 - - [01/Jan/2026:04:30:37 +0500] "GET /products/218042997938823?fileloc=%2Fvar%2Fwww%2Fvhosts%2Fgreenclinic.kz%2Fnewsite%2Fwp-includes%2Fblocks%2Faudio%2Fstyle-rtl.css&path=%2Fvar%2Fwww%2Fvhosts%2Fgreenclinic.kz%2Fnewsite%2Fwp-includes%2Fblocks%2Faudio HTTP/1.0" 200 17201 "-" "Mozilla/5.0 AppleWebKit/537.36 (KHTML, like Gecko; compatible; ClaudeBot/1.0; +claudebot@anthropic.com)"
216.73.216.167 - - [01/Jan/2026:04:30:37 +0500] "GET /products/508588759653718?fileloc=%2Fvar%2Fwww%2Fvhosts%2Fgreenclinic.kz%2Fnewsite%2Fwp-includes%2Fjs%2Fdist%2Felement.min.js&path=%2Fvar%2Fwww%2Fvhosts%2Fgreenclinic.kz%2Fnewsite%2Fwp-includes%2Fjs%2Fdist HTTP/1.0" 200 32979 "-" "Mozilla/5.0 AppleWebKit/537.36 (KHTML, like Gecko; compatible; ClaudeBot/1.0; +claudebot@anthropic.com)"
2a03:2880:f814:29:: - - [01/Jan/2026:04:30:37 +0500] "GET /products/8368150 HTTP/1.0" 200 56946 "-" "meta-externalagent/1.1 (+https://developers.facebook.com/docs/sharing/webmasters/crawler)"
216.73.216.167 - - [01/Jan/2026:04:30:37 +0500] "GET /products/487254322682745?fileloc=%2Fvar%2Fwww%2Fvhosts%2Fgreenclinic.kz%2Fnewsite%2Fwp-includes%2Fblocks%2Favatar%2Fstyle.css&path=%2Fvar%2Fwww%2Fvhosts%2Fgreenclinic.kz%2Fnewsite%2Fwp-includes%2Fblocks%2Favatar HTTP/1.0" 200 17184 "-" "Mozilla/5.0 AppleWebKit/537.36 (KHTML, like Gecko; compatible; ClaudeBot/1.0; +claudebot@anthropic.com)"
216.73.216.167 - - [01/Jan/2026:04:30:38 +0500] "GET /products/634034054236515?fileloc=%2Fvar%2Fwww%2Fvhosts%2Fgreenclinic.kz%2Fnewsite%2Fwp-includes%2Fblocks%2Fmore%2Fblock.json&path=%2Fvar%2Fwww%2Fvhosts%2Fgreenclinic.kz%2Fnewsite%2Fwp-includes%2Fblocks%2Fmore HTTP/1.0" 200 17962 "-" "Mozilla/5.0 AppleWebKit/537.36 (KHTML, like Gecko; compatible; ClaudeBot/1.0; +claudebot@anthropic.com)"
216.73.216.167 - - [01/Jan/2026:04:30:38 +0500] "GET /products/387801484434668?fileloc=%2Fvar%2Fwww%2Fvhosts%2Fgreenclinic.kz%2Fnewsite%2Fwp-includes%2Fblocks%2Fsite-title%2Fblock.json&path=%2Fvar%2Fwww%2Fvhosts%2Fgreenclinic.kz%2Fnewsite%2Fwp-includes%2Fblocks%2Fsite-title HTTP/1.0" 200 19221 "-" "Mozilla/5.0 AppleWebKit/537.36 (KHTML, like Gecko; compatible; ClaudeBot/1.0; +claudebot@anthropic.com)"
216.73.216.167 - - [01/Jan/2026:04:30:38 +0500] "GET /products/566589080387354?fileloc=%2Fvar%2Fwww%2Fvhosts%2Fgreenclinic.kz%2Fnewsite%2Fwp-includes%2Fblocks%2Fpost-author%2Fblock.json&path=%2Fvar%2Fwww%2Fvhosts%2Fgreenclinic.kz%2Fnewsite%2Fwp-includes%2Fblocks%2Fpost-author HTTP/1.0" 200 19212 "-" "Mozilla/5.0 AppleWebKit/537.36 (KHTML, like Gecko; compatible; ClaudeBot/1.0; +claudebot@anthropic.com)"
216.73.216.167 - - [01/Jan/2026:04:30:38 +0500] "GET /products/505794033962615?fileloc=%2Fvar%2Fwww%2Fvhosts%2Fgreenclinic.kz%2Fmed.greenclinic.kz%2Fwp-includes%2Fclass-wp-network.php&path=%2Fvar%2Fwww%2Fvhosts%2Fgreenclinic.kz%2Fmed.greenclinic.kz%2Fwp-includes HTTP/1.0" 200 30270 "-" "Mozilla/5.0 AppleWebKit/537.36 (KHTML, like Gecko; compatible; ClaudeBot/1.0; +claudebot@anthropic.com)"
2a03:2880:f814:2f:: - - [01/Jan/2026:04:30:38 +0500] "GET /products/31049283 HTTP/1.0" 200 56946 "-" "meta-externalagent/1.1 (+https://developers.facebook.com/docs/sharing/webmasters/crawler)"
