2a00:5da0:1000::128 - - [23/Dec/2025:19:50:47 +0500] "POST /wp-cron.php?doing_wp_cron=1766501447.2894089221954345703125 HTTP/1.0" 200 4011 "-" "WordPress/6.9; https://med.greenclinic.kz"
46.101.91.35 - - [23/Dec/2025:19:50:48 +0500] "GET /?author=1 HTTP/1.0" 200 36146 "-" "Mozilla/5.0"
46.101.91.35 - - [23/Dec/2025:19:50:51 +0500] "GET /?feed=rss2 HTTP/1.0" 200 6078 "-" "Mozilla/5.0"
52.41.87.175 - - [23/Dec/2025:20:29:02 +0500] "GET / HTTP/1.0" 200 20876196 "-" "Mozilla/5.0 (Windows NT 10.0; Win64; x64) AppleWebKit/537.36 (KHTML, like Gecko) Chrome/60.0.3112.113 Safari/537.36 Assetnote/1.0.0"
2a00:5da0:1000::128 - - [23/Dec/2025:20:29:07 +0500] "POST /wp-cron.php?doing_wp_cron=1766503747.6622591018676757812500 HTTP/1.0" 200 4011 "-" "WordPress/6.9; https://med.greenclinic.kz"
52.41.87.175 - - [23/Dec/2025:20:29:17 +0500] "HEAD /apps HTTP/1.0" 301 3984 "-" "Mozilla/5.0 (Windows NT 10.0; Win64; x64) AppleWebKit/537.36 (KHTML, like Gecko) Chrome/60.0.3112.113 Safari/537.36 Assetnote/1.0.0"
52.41.87.175 - - [23/Dec/2025:20:29:18 +0500] "POST /apps HTTP/1.0" 200 20875470 "-" "Mozilla/5.0 (Windows NT 10.0; Win64; x64) AppleWebKit/537.36 (KHTML, like Gecko) Chrome/60.0.3112.113 Safari/537.36 Assetnote/1.0.0"
34.138.136.13 - - [23/Dec/2025:22:19:09 +0500] "GET / HTTP/1.0" 500 20825969 "http://med.greenclinic.kz" "Mozilla/5.0 (compatible; CMS-Checker/1.0; +https://example.com)"
2a00:5da0:1000::128 - - [23/Dec/2025:22:19:18 +0500] "POST /wp-cron.php HTTP/1.0" 200 4011 "-" "WordPress/6.9; https://med.greenclinic.kz"
2a00:5da0:1000::128 - - [23/Dec/2025:22:19:19 +0500] "GET / HTTP/1.0" 200 20876922 "-" "WordPress/6.9; https://med.greenclinic.kz"
2a00:5da0:1000::128 - - [23/Dec/2025:22:19:23 +0500] "GET / HTTP/1.0" 200 20875338 "-" "WordPress/6.9; https://med.greenclinic.kz"
2a00:5da0:1000::128 - - [23/Dec/2025:22:19:26 +0500] "GET / HTTP/1.0" 200 20875382 "-" "WordPress/6.9; https://med.greenclinic.kz"
2a00:5da0:1000::128 - - [23/Dec/2025:22:19:29 +0500] "GET / HTTP/1.0" 200 20879298 "-" "WordPress/6.9; https://med.greenclinic.kz"
2a00:5da0:1000::128 - - [23/Dec/2025:22:19:14 +0500] "POST /wp-cron.php?doing_wp_cron=1766510354.0359170436859130859375 HTTP/1.0" 200 4011 "-" "WordPress/6.9; https://med.greenclinic.kz"
54.164.74.93 - - [24/Dec/2025:01:02:08 +0500] "GET / HTTP/1.0" 200 20875536 "-" "Mozilla/5.0 (iPhone; CPU iPhone OS 12_1_4 like Mac OS X) AppleWebKit/605.1.15 (KHTML, like Gecko) Mobile/16D57"
2a00:5da0:1000::128 - - [24/Dec/2025:01:02:13 +0500] "POST /wp-cron.php?doing_wp_cron=1766520133.4533300399780273437500 HTTP/1.0" 200 4011 "-" "WordPress/6.9; https://med.greenclinic.kz"
56.228.36.118 - - [24/Dec/2025:03:48:23 +0500] "GET / HTTP/1.0" 200 20876152 "-" "Mozilla/5.0 (Windows NT 10.0; Win64; x64) AppleWebKit/537.36 (KHTML, like Gecko) Chrome/60.0.3112.113 Safari/537.36 Assetnote/1.0.0"
2a00:5da0:1000::128 - - [24/Dec/2025:03:48:31 +0500] "POST /wp-cron.php?doing_wp_cron=1766530111.7981450557708740234375 HTTP/1.0" 200 4011 "-" "WordPress/6.9; https://med.greenclinic.kz"
56.228.36.118 - - [24/Dec/2025:03:48:33 +0500] "HEAD /apps HTTP/1.0" 301 3984 "-" "Mozilla/5.0 (Windows NT 10.0; Win64; x64) AppleWebKit/537.36 (KHTML, like Gecko) Chrome/60.0.3112.113 Safari/537.36 Assetnote/1.0.0"
56.228.36.118 - - [24/Dec/2025:03:48:34 +0500] "POST /apps HTTP/1.0" 200 20877670 "-" "Mozilla/5.0 (Windows NT 10.0; Win64; x64) AppleWebKit/537.36 (KHTML, like Gecko) Chrome/60.0.3112.113 Safari/537.36 Assetnote/1.0.0"
2a00:5da0:1000::128 - - [24/Dec/2025:04:49:28 +0500] "POST /wp-cron.php?doing_wp_cron=1766533768.3605980873107910156250 HTTP/1.0" 200 4011 "-" "WordPress/6.9; https://med.greenclinic.kz"
16.146.30.200 - - [24/Dec/2025:04:51:44 +0500] "GET /robots.txt HTTP/1.0" 301 4009 "-" "Mozilla/5.0 (compatible; wpbot/1.3; +https://forms.gle/ajBaxygz9jSR8p8G9)"
16.146.30.200 - - [24/Dec/2025:04:51:47 +0500] "GET /robots.txt/ HTTP/1.0" 200 20878748 "-" "Mozilla/5.0 (compatible; wpbot/1.3; +https://forms.gle/ajBaxygz9jSR8p8G9)"
16.146.30.200 - - [24/Dec/2025:04:51:51 +0500] "GET / HTTP/1.0" 200 20877494 "-" "Mozilla/5.0 (compatible; wpbot/1.3; +https://forms.gle/ajBaxygz9jSR8p8G9)"
99.81.216.206 - - [24/Dec/2025:09:35:30 +0500] "GET / HTTP/1.0" 200 20874414 "-" "Mozilla/5.0 (Windows NT 10.0; Win64; x64) AppleWebKit/537.36 (KHTML, like Gecko) Chrome/119.0.0.0 Safari/537.36"
2a00:5da0:1000::128 - - [24/Dec/2025:09:35:35 +0500] "POST /wp-cron.php?doing_wp_cron=1766550935.2673020362854003906250 HTTP/1.0" 200 4011 "-" "WordPress/6.9; https://med.greenclinic.kz"
34.221.21.250 - - [24/Dec/2025:12:48:29 +0500] "GET / HTTP/1.0" 500 11960 "-" "Mozilla/5.0 (X11; Linux i686; rv:124.0) Gecko/20100101 Firefox/124.0"
74.7.228.16 - - [24/Dec/2025:18:52:17 +0500] "GET /robots.txt HTTP/1.0" 301 4009 "-" "Mozilla/5.0 (Macintosh; Intel Mac OS X 10_15_7) AppleWebKit/537.36 (KHTML, like Gecko) Chrome/131.0.0.0 Safari/537.36; compatible; OAI-SearchBot/1.3; robots.txt; +https://openai.com/searchbot"
2a00:5da0:1000::128 - - [24/Dec/2025:18:52:21 +0500] "POST /wp-cron.php?doing_wp_cron=1766584340.9355609416961669921875 HTTP/1.0" 200 4011 "-" "WordPress/6.9; https://med.greenclinic.kz"
74.7.228.16 - - [24/Dec/2025:18:52:22 +0500] "GET /robots.txt/ HTTP/1.0" 500 11960 "https://med.greenclinic.kz/robots.txt" "Mozilla/5.0 (Macintosh; Intel Mac OS X 10_15_7) AppleWebKit/537.36 (KHTML, like Gecko) Chrome/131.0.0.0 Safari/537.36; compatible; OAI-SearchBot/1.3; robots.txt; +https://openai.com/searchbot"
34.79.193.175 - - [24/Dec/2025:19:26:21 +0500] "GET / HTTP/1.0" 200 20878264 "http://med.greenclinic.kz" "Mozilla/5.0 (compatible; CMS-Checker/1.0; +https://example.com)"
2a00:5da0:1000::128 - - [24/Dec/2025:19:26:27 +0500] "POST /wp-cron.php?doing_wp_cron=1766586387.5891370773315429687500 HTTP/1.0" 200 4011 "-" "WordPress/6.9; https://med.greenclinic.kz"
185.177.72.8 - - [24/Dec/2025:20:19:28 +0500] "GET / HTTP/1.0" 500 11960 "-" "Mozilla/5.0 (Linux; Android 9; SAMSUNG SM-G973F Build/PPR1.180610.011) AppleWebKit/537.36 (KHTML, like Gecko) SamsungBrowser/9.4 Chrome/67.0.3396.87 Mobile Safari/537.36"
2a00:5da0:1000::128 - - [25/Dec/2025:04:52:28 +0500] "POST /wp-cron.php?doing_wp_cron=1766620348.3914608955383300781250 HTTP/1.0" 200 4011 "-" "WordPress/6.9; https://med.greenclinic.kz"
128.199.182.55 - - [25/Dec/2025:05:08:37 +0500] "GET / HTTP/1.0" 500 11960 "-" "-"
128.199.182.55 - - [25/Dec/2025:05:08:38 +0500] "GET / HTTP/1.0" 500 20825793 "-" "Mozilla/5.0 (l9scan/2.0.5353e26343e2031323e2539313; +https://leakix.net)"
2a00:5da0:1000::128 - - [25/Dec/2025:05:08:47 +0500] "POST /wp-cron.php?doing_wp_cron=1766621327.0350968837738037109375 HTTP/1.0" 200 4011 "-" "WordPress/6.9; https://med.greenclinic.kz"
128.199.182.55 - - [25/Dec/2025:05:08:48 +0500] "POST /graphql HTTP/1.0" 500 11960 "-" "Mozilla/5.0 (l9scan/2.0.5353e26343e2031323e2539313; +https://leakix.net)"
128.199.182.55 - - [25/Dec/2025:05:08:50 +0500] "POST /api HTTP/1.0" 500 11960 "-" "Mozilla/5.0 (l9scan/2.0.5353e26343e2031323e2539313; +https://leakix.net)"
128.199.182.55 - - [25/Dec/2025:05:08:53 +0500] "POST /api/graphql HTTP/1.0" 500 11960 "-" "Mozilla/5.0 (l9scan/2.0.5353e26343e2031323e2539313; +https://leakix.net)"
128.199.182.55 - - [25/Dec/2025:05:08:56 +0500] "POST /graphql/api HTTP/1.0" 500 11960 "-" "Mozilla/5.0 (l9scan/2.0.5353e26343e2031323e2539313; +https://leakix.net)"
128.199.182.55 - - [25/Dec/2025:05:08:59 +0500] "POST /api/gql HTTP/1.0" 500 11960 "-" "Mozilla/5.0 (l9scan/2.0.5353e26343e2031323e2539313; +https://leakix.net)"
128.199.182.55 - - [25/Dec/2025:05:09:04 +0500] "GET /swagger-ui.html HTTP/1.0" 301 4014 "-" "Mozilla/5.0 (l9scan/2.0.5353e26343e2031323e2539313; +https://leakix.net)"
128.199.182.55 - - [25/Dec/2025:05:09:06 +0500] "GET /swagger/index.html HTTP/1.0" 301 4017 "-" "Mozilla/5.0 (l9scan/2.0.5353e26343e2031323e2539313; +https://leakix.net)"
128.199.182.55 - - [25/Dec/2025:05:09:08 +0500] "GET /swagger/swagger-ui.html HTTP/1.0" 301 4022 "-" "Mozilla/5.0 (l9scan/2.0.5353e26343e2031323e2539313; +https://leakix.net)"
128.199.182.55 - - [25/Dec/2025:05:09:10 +0500] "GET /webjars/swagger-ui/index.html HTTP/1.0" 301 4028 "-" "Mozilla/5.0 (l9scan/2.0.5353e26343e2031323e2539313; +https://leakix.net)"
128.199.182.55 - - [25/Dec/2025:05:09:11 +0500] "GET /swagger.json HTTP/1.0" 301 4011 "-" "Mozilla/5.0 (l9scan/2.0.5353e26343e2031323e2539313; +https://leakix.net)"
128.199.182.55 - - [25/Dec/2025:05:09:13 +0500] "GET /swagger/v1/swagger.json HTTP/1.0" 301 4022 "-" "Mozilla/5.0 (l9scan/2.0.5353e26343e2031323e2539313; +https://leakix.net)"
128.199.182.55 - - [25/Dec/2025:05:09:15 +0500] "GET /v2/api-docs HTTP/1.0" 301 4010 "-" "Mozilla/5.0 (l9scan/2.0.5353e26343e2031323e2539313; +https://leakix.net)"
128.199.182.55 - - [25/Dec/2025:05:09:17 +0500] "GET /v3/api-docs HTTP/1.0" 301 4010 "-" "Mozilla/5.0 (l9scan/2.0.5353e26343e2031323e2539313; +https://leakix.net)"
128.199.182.55 - - [25/Dec/2025:05:09:18 +0500] "GET /api-docs/swagger.json HTTP/1.0" 301 4020 "-" "Mozilla/5.0 (l9scan/2.0.5353e26343e2031323e2539313; +https://leakix.net)"
128.199.182.55 - - [25/Dec/2025:05:09:20 +0500] "GET /api/swagger.json HTTP/1.0" 301 4015 "-" "Mozilla/5.0 (l9scan/2.0.5353e26343e2031323e2539313; +https://leakix.net)"
128.199.182.55 - - [25/Dec/2025:05:09:22 +0500] "GET /@vite/env HTTP/1.0" 301 4008 "-" "Mozilla/5.0 (l9scan/2.0.5353e26343e2031323e2539313; +https://leakix.net)"
128.199.182.55 - - [25/Dec/2025:05:09:24 +0500] "GET /actuator/env HTTP/1.0" 301 4011 "-" "Mozilla/5.0 (l9scan/2.0.5353e26343e2031323e2539313; +https://leakix.net)"
128.199.182.55 - - [25/Dec/2025:05:09:27 +0500] "POST /php-cgi/php-cgi.exe?%ADd+cgi.force_redirect%3D0+%ADd+disable_functions%3D\"\"+%ADd+allow_url_include%3D1+%ADd+auto_prepend_file%3Dphp://input HTTP/1.0" 500 11960 "-" "Mozilla/5.0 (l9scan/2.0.5353e26343e2031323e2539313; +https://leakix.net)"
128.199.182.55 - - [25/Dec/2025:05:09:30 +0500] "GET /server HTTP/1.0" 301 4005 "-" "Mozilla/5.0 (l9scan/2.0.5353e26343e2031323e2539313; +https://leakix.net)"
128.199.182.55 - - [25/Dec/2025:05:09:32 +0500] "GET /.vscode/sftp.json HTTP/1.0" 301 4016 "-" "Mozilla/5.0 (l9scan/2.0.5353e26343e2031323e2539313; +https://leakix.net)"
128.199.182.55 - - [25/Dec/2025:05:09:34 +0500] "GET /about HTTP/1.0" 301 4004 "-" "Mozilla/5.0 (l9scan/2.0.5353e26343e2031323e2539313; +https://leakix.net)"
128.199.182.55 - - [25/Dec/2025:05:09:36 +0500] "GET /debug/default/view?panel=config HTTP/1.0" 301 4030 "-" "Mozilla/5.0 (l9scan/2.0.5353e26343e2031323e2539313; +https://leakix.net)"
128.199.182.55 - - [25/Dec/2025:05:09:38 +0500] "GET /v2/_catalog HTTP/1.0" 301 4010 "-" "Mozilla/5.0 (l9scan/2.0.5353e26343e2031323e2539313; +https://leakix.net)"
128.199.182.55 - - [25/Dec/2025:05:09:40 +0500] "GET /ecp/Current/exporttool/microsoft.exchange.ediscovery.exporttool.application HTTP/1.0" 301 4074 "-" "Mozilla/5.0 (l9scan/2.0.5353e26343e2031323e2539313; +https://leakix.net)"
128.199.182.55 - - [25/Dec/2025:05:09:42 +0500] "GET /server-status HTTP/1.0" 403 4802 "-" "Mozilla/5.0 (l9scan/2.0.5353e26343e2031323e2539313; +https://leakix.net)"
128.199.182.55 - - [25/Dec/2025:05:09:43 +0500] "GET /login.action HTTP/1.0" 301 4011 "-" "Mozilla/5.0 (l9scan/2.0.5353e26343e2031323e2539313; +https://leakix.net)"
128.199.182.55 - - [25/Dec/2025:05:09:45 +0500] "GET /_all_dbs HTTP/1.0" 301 4007 "-" "Mozilla/5.0 (l9scan/2.0.5353e26343e2031323e2539313; +https://leakix.net)"
128.199.182.55 - - [25/Dec/2025:05:09:47 +0500] "GET /.DS_Store HTTP/1.0" 301 4008 "-" "Mozilla/5.0 (l9scan/2.0.5353e26343e2031323e2539313; +https://leakix.net)"
128.199.182.55 - - [25/Dec/2025:05:09:50 +0500] "GET /.env HTTP/1.0" 301 4003 "-" "Mozilla/5.0 (l9scan/2.0.5353e26343e2031323e2539313; +https://leakix.net)"
128.199.182.55 - - [25/Dec/2025:05:09:54 +0500] "GET /s/5353e26343e2031323e2539313/_/;/META-INF/maven/com.atlassian.jira/jira-webapp-dist/pom.properties HTTP/1.0" 301 4097 "-" "Mozilla/5.0 (l9scan/2.0.5353e26343e2031323e2539313; +https://leakix.net)"
128.199.182.55 - - [25/Dec/2025:05:09:55 +0500] "GET /config.json HTTP/1.0" 301 4010 "-" "Mozilla/5.0 (l9scan/2.0.5353e26343e2031323e2539313; +https://leakix.net)"
128.199.182.55 - - [25/Dec/2025:05:09:58 +0500] "GET /telescope/requests HTTP/1.0" 301 4017 "-" "Mozilla/5.0 (l9scan/2.0.5353e26343e2031323e2539313; +https://leakix.net)"
128.199.182.55 - - [25/Dec/2025:05:10:00 +0500] "GET /info.php HTTP/1.0" 403 4802 "-" "Mozilla/5.0 (l9scan/2.0.5353e26343e2031323e2539313; +https://leakix.net)"
128.199.182.55 - - [25/Dec/2025:05:10:01 +0500] "GET /?rest_route=/wp/v2/users/ HTTP/1.0" 200 5210 "-" "Mozilla/5.0 (l9scan/2.0.5353e26343e2031323e2539313; +https://leakix.net)"
52.208.151.205 - - [25/Dec/2025:07:42:19 +0500] "GET / HTTP/1.0" 200 20878858 "-" "Mozilla/5.0 (Linux; Android 14; SM-G998B) AppleWebKit/537.36 (KHTML, like Gecko) Chrome/120.0.0.0 Mobile Safari/537.36"
2a00:5da0:1000::128 - - [25/Dec/2025:07:42:24 +0500] "POST /wp-cron.php?doing_wp_cron=1766630544.4121019840240478515625 HTTP/1.0" 200 4011 "-" "WordPress/6.9; https://med.greenclinic.kz"
3.233.59.216 - - [25/Dec/2025:08:39:02 +0500] "GET / HTTP/1.0" 200 20879716 "-" "RecordedFuture Global Inventory Crawler"
2a00:5da0:1000::128 - - [25/Dec/2025:08:39:07 +0500] "POST /wp-cron.php?doing_wp_cron=1766633947.0986330509185791015625 HTTP/1.0" 200 4011 "-" "WordPress/6.9; https://med.greenclinic.kz"
3.96.125.148 - - [25/Dec/2025:22:30:45 +0500] "GET / HTTP/1.0" 200 20873798 "-" "Mozilla/5.0 (Windows NT 10.0; Win64; x64) AppleWebKit/537.36 (KHTML, like Gecko) Chrome/60.0.3112.113 Safari/537.36 Assetnote/1.0.0"
2a00:5da0:1000::128 - - [25/Dec/2025:22:30:53 +0500] "POST /wp-cron.php?doing_wp_cron=1766683853.3797221183776855468750 HTTP/1.0" 200 4011 "-" "WordPress/6.9; https://med.greenclinic.kz"
3.96.125.148 - - [25/Dec/2025:22:30:56 +0500] "HEAD /apps HTTP/1.0" 301 3984 "-" "Mozilla/5.0 (Windows NT 10.0; Win64; x64) AppleWebKit/537.36 (KHTML, like Gecko) Chrome/60.0.3112.113 Safari/537.36 Assetnote/1.0.0"
3.96.125.148 - - [25/Dec/2025:22:30:57 +0500] "POST /apps HTTP/1.0" 200 20878484 "-" "Mozilla/5.0 (Windows NT 10.0; Win64; x64) AppleWebKit/537.36 (KHTML, like Gecko) Chrome/60.0.3112.113 Safari/537.36 Assetnote/1.0.0"
74.7.228.16 - - [25/Dec/2025:22:54:03 +0500] "GET /robots.txt HTTP/1.0" 301 4009 "-" "Mozilla/5.0 (Macintosh; Intel Mac OS X 10_15_7) AppleWebKit/537.36 (KHTML, like Gecko) Chrome/131.0.0.0 Safari/537.36; compatible; OAI-SearchBot/1.3; robots.txt; +https://openai.com/searchbot"
2a00:5da0:1000::128 - - [25/Dec/2025:22:54:05 +0500] "POST /wp-cron.php?doing_wp_cron=1766685245.5330979824066162109375 HTTP/1.0" 200 4011 "-" "WordPress/6.9; https://med.greenclinic.kz"
74.7.228.16 - - [25/Dec/2025:22:54:06 +0500] "GET /robots.txt/ HTTP/1.0" 200 20874458 "https://med.greenclinic.kz/robots.txt" "Mozilla/5.0 (Macintosh; Intel Mac OS X 10_15_7) AppleWebKit/537.36 (KHTML, like Gecko) Chrome/131.0.0.0 Safari/537.36; compatible; OAI-SearchBot/1.3; robots.txt; +https://openai.com/searchbot"
2a14:7c1::2 - - [26/Dec/2025:04:31:13 +0500] "GET /.env HTTP/1.0" 301 4003 "-" "Mozilla/5.0 (Windows NT 10.0; Win64; x64) AppleWebKit/537.36 (KHTML, like Gecko) Chrome/134.0.0.0 Safari/537.3"
2a00:5da0:1000::128 - - [26/Dec/2025:04:31:17 +0500] "POST /wp-cron.php?doing_wp_cron=1766705477.3647360801696777343750 HTTP/1.0" 200 4011 "-" "WordPress/6.9; https://med.greenclinic.kz"
2a14:7c1::2 - - [26/Dec/2025:04:31:18 +0500] "GET /.env/ HTTP/1.0" 200 20878132 "-" "Mozilla/5.0 (Windows NT 10.0; Win64; x64) AppleWebKit/537.36 (KHTML, like Gecko) Chrome/134.0.0.0 Safari/537.3"
2a00:5da0:1000::128 - - [26/Dec/2025:05:07:22 +0500] "POST /wp-cron.php?doing_wp_cron=1766707642.4265840053558349609375 HTTP/1.0" 200 4011 "-" "WordPress/6.9; https://med.greenclinic.kz"
52.208.151.205 - - [26/Dec/2025:07:47:56 +0500] "GET / HTTP/1.0" 200 20877340 "-" "Mozilla/5.0 (Windows NT 10.0; Win64; x64) AppleWebKit/537.36 (KHTML, like Gecko) Chrome/118.0.0.0 Safari/537.36"
2a00:5da0:1000::128 - - [26/Dec/2025:07:48:03 +0500] "POST /wp-cron.php?doing_wp_cron=1766717283.1335740089416503906250 HTTP/1.0" 200 4011 "-" "WordPress/6.9; https://med.greenclinic.kz"
176.65.132.157 - - [26/Dec/2025:08:51:19 +0500] "GET / HTTP/1.0" 500 11960 "-" "Mozilla/5.0 (Windows NT 10.0; Win64; x64) AppleWebKit/537.36 (KHTML, like Gecko) Chrome/58.0.3029.110 Safari/537.3"
2a00:5da0:1000::128 - - [27/Dec/2025:04:47:07 +0500] "POST /wp-cron.php?doing_wp_cron=1766792827.3642160892486572265625 HTTP/1.0" 200 4011 "-" "WordPress/6.9; https://med.greenclinic.kz"
178.128.207.138 - - [27/Dec/2025:06:46:38 +0500] "GET / HTTP/1.0" 500 11960 "-" "-"
2a00:5da0:1000::128 - - [27/Dec/2025:06:46:48 +0500] "POST /wp-cron.php?doing_wp_cron=1766800008.7853751182556152343750 HTTP/1.0" 200 4011 "-" "WordPress/6.9; https://med.greenclinic.kz"
178.128.207.138 - - [27/Dec/2025:06:46:40 +0500] "GET / HTTP/1.0" 500 20854139 "-" "Mozilla/5.0 (l9scan/2.0.5353e26343e2031323e2539313; +https://leakix.net)"
178.128.207.138 - - [27/Dec/2025:06:46:48 +0500] "POST /graphql HTTP/1.0" 500 11960 "-" "Mozilla/5.0 (l9scan/2.0.5353e26343e2031323e2539313; +https://leakix.net)"
178.128.207.138 - - [27/Dec/2025:06:46:51 +0500] "POST /api HTTP/1.0" 200 20874744 "-" "Mozilla/5.0 (l9scan/2.0.5353e26343e2031323e2539313; +https://leakix.net)"
178.128.207.138 - - [27/Dec/2025:06:46:54 +0500] "POST /api/graphql HTTP/1.0" 200 20876020 "-" "Mozilla/5.0 (l9scan/2.0.5353e26343e2031323e2539313; +https://leakix.net)"
178.128.207.138 - - [27/Dec/2025:06:46:57 +0500] "POST /graphql/api HTTP/1.0" 200 20874238 "-" "Mozilla/5.0 (l9scan/2.0.5353e26343e2031323e2539313; +https://leakix.net)"
178.128.207.138 - - [27/Dec/2025:06:46:59 +0500] "POST /api/gql HTTP/1.0" 200 20878858 "-" "Mozilla/5.0 (l9scan/2.0.5353e26343e2031323e2539313; +https://leakix.net)"
178.128.207.138 - - [27/Dec/2025:06:47:03 +0500] "GET /swagger-ui.html HTTP/1.0" 301 4014 "-" "Mozilla/5.0 (l9scan/2.0.5353e26343e2031323e2539313; +https://leakix.net)"
178.128.207.138 - - [27/Dec/2025:06:47:04 +0500] "GET /swagger/index.html HTTP/1.0" 301 4017 "-" "Mozilla/5.0 (l9scan/2.0.5353e26343e2031323e2539313; +https://leakix.net)"
178.128.207.138 - - [27/Dec/2025:06:47:06 +0500] "GET /swagger/swagger-ui.html HTTP/1.0" 301 4022 "-" "Mozilla/5.0 (l9scan/2.0.5353e26343e2031323e2539313; +https://leakix.net)"
178.128.207.138 - - [27/Dec/2025:06:47:07 +0500] "GET /webjars/swagger-ui/index.html HTTP/1.0" 301 4028 "-" "Mozilla/5.0 (l9scan/2.0.5353e26343e2031323e2539313; +https://leakix.net)"
178.128.207.138 - - [27/Dec/2025:06:47:08 +0500] "GET /swagger.json HTTP/1.0" 301 4011 "-" "Mozilla/5.0 (l9scan/2.0.5353e26343e2031323e2539313; +https://leakix.net)"
178.128.207.138 - - [27/Dec/2025:06:47:09 +0500] "GET /swagger/v1/swagger.json HTTP/1.0" 301 4022 "-" "Mozilla/5.0 (l9scan/2.0.5353e26343e2031323e2539313; +https://leakix.net)"
178.128.207.138 - - [27/Dec/2025:06:47:10 +0500] "GET /v2/api-docs HTTP/1.0" 301 4010 "-" "Mozilla/5.0 (l9scan/2.0.5353e26343e2031323e2539313; +https://leakix.net)"
178.128.207.138 - - [27/Dec/2025:06:47:11 +0500] "GET /v3/api-docs HTTP/1.0" 301 4010 "-" "Mozilla/5.0 (l9scan/2.0.5353e26343e2031323e2539313; +https://leakix.net)"
178.128.207.138 - - [27/Dec/2025:06:47:12 +0500] "GET /api-docs/swagger.json HTTP/1.0" 301 4020 "-" "Mozilla/5.0 (l9scan/2.0.5353e26343e2031323e2539313; +https://leakix.net)"
178.128.207.138 - - [27/Dec/2025:06:47:13 +0500] "GET /api/swagger.json HTTP/1.0" 301 4015 "-" "Mozilla/5.0 (l9scan/2.0.5353e26343e2031323e2539313; +https://leakix.net)"
178.128.207.138 - - [27/Dec/2025:06:47:14 +0500] "GET /@vite/env HTTP/1.0" 301 4008 "-" "Mozilla/5.0 (l9scan/2.0.5353e26343e2031323e2539313; +https://leakix.net)"
178.128.207.138 - - [27/Dec/2025:06:47:16 +0500] "GET /actuator/env HTTP/1.0" 301 4011 "-" "Mozilla/5.0 (l9scan/2.0.5353e26343e2031323e2539313; +https://leakix.net)"
178.128.207.138 - - [27/Dec/2025:06:47:17 +0500] "POST /php-cgi/php-cgi.exe?%ADd+cgi.force_redirect%3D0+%ADd+disable_functions%3D\"\"+%ADd+allow_url_include%3D1+%ADd+auto_prepend_file%3Dphp://input HTTP/1.0" 200 20875382 "-" "Mozilla/5.0 (l9scan/2.0.5353e26343e2031323e2539313; +https://leakix.net)"
178.128.207.138 - - [27/Dec/2025:06:47:20 +0500] "GET /server HTTP/1.0" 301 4005 "-" "Mozilla/5.0 (l9scan/2.0.5353e26343e2031323e2539313; +https://leakix.net)"
178.128.207.138 - - [27/Dec/2025:06:47:21 +0500] "GET /.vscode/sftp.json HTTP/1.0" 301 4016 "-" "Mozilla/5.0 (l9scan/2.0.5353e26343e2031323e2539313; +https://leakix.net)"
178.128.207.138 - - [27/Dec/2025:06:47:23 +0500] "GET /about HTTP/1.0" 301 4004 "-" "Mozilla/5.0 (l9scan/2.0.5353e26343e2031323e2539313; +https://leakix.net)"
178.128.207.138 - - [27/Dec/2025:06:47:24 +0500] "GET /debug/default/view?panel=config HTTP/1.0" 301 4030 "-" "Mozilla/5.0 (l9scan/2.0.5353e26343e2031323e2539313; +https://leakix.net)"
178.128.207.138 - - [27/Dec/2025:06:47:25 +0500] "GET /v2/_catalog HTTP/1.0" 301 4010 "-" "Mozilla/5.0 (l9scan/2.0.5353e26343e2031323e2539313; +https://leakix.net)"
178.128.207.138 - - [27/Dec/2025:06:47:26 +0500] "GET /ecp/Current/exporttool/microsoft.exchange.ediscovery.exporttool.application HTTP/1.0" 301 4074 "-" "Mozilla/5.0 (l9scan/2.0.5353e26343e2031323e2539313; +https://leakix.net)"
178.128.207.138 - - [27/Dec/2025:06:47:27 +0500] "GET /server-status HTTP/1.0" 403 4802 "-" "Mozilla/5.0 (l9scan/2.0.5353e26343e2031323e2539313; +https://leakix.net)"
178.128.207.138 - - [27/Dec/2025:06:47:28 +0500] "GET /login.action HTTP/1.0" 301 4011 "-" "Mozilla/5.0 (l9scan/2.0.5353e26343e2031323e2539313; +https://leakix.net)"
178.128.207.138 - - [27/Dec/2025:06:47:29 +0500] "GET /_all_dbs HTTP/1.0" 301 4007 "-" "Mozilla/5.0 (l9scan/2.0.5353e26343e2031323e2539313; +https://leakix.net)"
178.128.207.138 - - [27/Dec/2025:06:47:30 +0500] "GET /.DS_Store HTTP/1.0" 301 4008 "-" "Mozilla/5.0 (l9scan/2.0.5353e26343e2031323e2539313; +https://leakix.net)"
178.128.207.138 - - [27/Dec/2025:06:47:31 +0500] "GET /.env HTTP/1.0" 301 4003 "-" "Mozilla/5.0 (l9scan/2.0.5353e26343e2031323e2539313; +https://leakix.net)"
178.128.207.138 - - [27/Dec/2025:06:47:35 +0500] "GET /s/5353e26343e2031323e2539313/_/;/META-INF/maven/com.atlassian.jira/jira-webapp-dist/pom.properties HTTP/1.0" 301 4097 "-" "Mozilla/5.0 (l9scan/2.0.5353e26343e2031323e2539313; +https://leakix.net)"
178.128.207.138 - - [27/Dec/2025:06:47:36 +0500] "GET /config.json HTTP/1.0" 301 4010 "-" "Mozilla/5.0 (l9scan/2.0.5353e26343e2031323e2539313; +https://leakix.net)"
178.128.207.138 - - [27/Dec/2025:06:47:37 +0500] "GET /telescope/requests HTTP/1.0" 301 4017 "-" "Mozilla/5.0 (l9scan/2.0.5353e26343e2031323e2539313; +https://leakix.net)"
178.128.207.138 - - [27/Dec/2025:06:47:38 +0500] "GET /info.php HTTP/1.0" 403 4802 "-" "Mozilla/5.0 (l9scan/2.0.5353e26343e2031323e2539313; +https://leakix.net)"
178.128.207.138 - - [27/Dec/2025:06:47:39 +0500] "GET /?rest_route=/wp/v2/users/ HTTP/1.0" 200 5210 "-" "Mozilla/5.0 (l9scan/2.0.5353e26343e2031323e2539313; +https://leakix.net)"
99.81.216.206 - - [27/Dec/2025:08:40:26 +0500] "GET / HTTP/1.0" 200 20873798 "-" "Mozilla/5.0 (Macintosh; Intel Mac OS X 10_15_7) AppleWebKit/537.36 (KHTML, like Gecko) Chrome/119.0.0.0 Safari/537.36"
2a00:5da0:1000::128 - - [27/Dec/2025:08:40:30 +0500] "POST /wp-cron.php?doing_wp_cron=1766806830.8150680065155029296875 HTTP/1.0" 200 4011 "-" "WordPress/6.9; https://med.greenclinic.kz"
45.148.10.99 - - [27/Dec/2025:09:12:17 +0500] "GET / HTTP/1.0" 500 11960 "-" "Mozilla/5.0"
2a00:5da0:1000::128 - - [28/Dec/2025:04:53:06 +0500] "POST /wp-cron.php?doing_wp_cron=1766879586.4627549648284912109375 HTTP/1.0" 200 4011 "-" "WordPress/6.9; https://med.greenclinic.kz"
99.81.216.206 - - [28/Dec/2025:09:06:22 +0500] "GET / HTTP/1.0" 200 20878044 "-" "Mozilla/5.0 (Linux; Android 14; SM-G998B) AppleWebKit/537.36 (KHTML, like Gecko) Chrome/120.0.0.0 Mobile Safari/537.36"
2a00:5da0:1000::128 - - [28/Dec/2025:09:06:32 +0500] "POST /wp-cron.php?doing_wp_cron=1766894792.8027150630950927734375 HTTP/1.0" 200 4011 "-" "WordPress/6.9; https://med.greenclinic.kz"
205.210.31.181 - - [28/Dec/2025:12:28:47 +0500] "GET / HTTP/1.0" 200 20874612 "-" "-"
2a00:5da0:1000::128 - - [28/Dec/2025:12:28:51 +0500] "POST /wp-cron.php?doing_wp_cron=1766906931.4904909133911132812500 HTTP/1.0" 200 4011 "-" "WordPress/6.9; https://med.greenclinic.kz"
74.7.175.134 - - [28/Dec/2025:15:24:47 +0500] "GET /robots.txt HTTP/1.0" 301 4009 "http://med.greenclinic.kz/robots.txt" "Mozilla/5.0 (Macintosh; Intel Mac OS X 10_15_7) AppleWebKit/537.36 (KHTML, like Gecko) Chrome/131.0.0.0 Safari/537.36; compatible; OAI-SearchBot/1.3; robots.txt; +https://openai.com/searchbot"
2a00:5da0:1000::128 - - [28/Dec/2025:15:24:50 +0500] "POST /wp-cron.php?doing_wp_cron=1766917490.7310318946838378906250 HTTP/1.0" 200 4011 "-" "WordPress/6.9; https://med.greenclinic.kz"
74.7.175.134 - - [28/Dec/2025:15:24:52 +0500] "GET /robots.txt/ HTTP/1.0" 200 20875426 "https://med.greenclinic.kz/robots.txt" "Mozilla/5.0 (Macintosh; Intel Mac OS X 10_15_7) AppleWebKit/537.36 (KHTML, like Gecko) Chrome/131.0.0.0 Safari/537.36; compatible; OAI-SearchBot/1.3; robots.txt; +https://openai.com/searchbot"
45.139.104.171 - - [28/Dec/2025:18:34:45 +0500] "GET /sendgrid.env HTTP/1.0" 301 4011 "-" "Mozilla/5.0 (Windows NT 10.0; Win64; x64) AppleWebKit/537.36 (KHTML, like Gecko) Chrome/75.0.3770.102 Safari/537.36 Vivaldi/2.6.1566.44"
2a00:5da0:1000::128 - - [28/Dec/2025:18:34:48 +0500] "POST /wp-cron.php?doing_wp_cron=1766928888.3814580440521240234375 HTTP/1.0" 200 4011 "-" "WordPress/6.9; https://med.greenclinic.kz"
2a14:7c1::2 - - [28/Dec/2025:18:40:53 +0500] "GET / HTTP/1.0" 200 20877912 "-" "Mozilla/5.0 (Windows NT 10.0; Win64; x64) AppleWebKit/537.36 (KHTML, like Gecko) Chrome/134.0.0.0 Safari/537.3"
2a00:5da0:1000::128 - - [29/Dec/2025:04:46:57 +0500] "POST /wp-cron.php?doing_wp_cron=1766965617.0738179683685302734375 HTTP/1.0" 200 4011 "-" "WordPress/6.9; https://med.greenclinic.kz"
195.178.110.132 - - [29/Dec/2025:10:20:16 +0500] "GET / HTTP/1.0" 500 11960 "-" "Mozilla/5.0 (Macintosh; Intel Mac OS X 10_15_7) AppleWebKit/537.36 (KHTML, like Gecko) Chrome/131.0.0.0 Safari/537.36"
34.23.32.159 - - [29/Dec/2025:14:08:45 +0500] "GET / HTTP/1.0" 200 20874260 "http://med.greenclinic.kz" "Mozilla/5.0 (compatible; CMS-Checker/1.0; +https://example.com)"
2a00:5da0:1000::128 - - [29/Dec/2025:14:08:50 +0500] "POST /wp-cron.php?doing_wp_cron=1766999330.4771499633789062500000 HTTP/1.0" 200 4011 "-" "WordPress/6.9; https://med.greenclinic.kz"
45.82.13.170 - - [29/Dec/2025:14:12:58 +0500] "GET /.env HTTP/1.0" 301 4003 "-" "Mozilla/5.0 (Windows NT 5.2; rv:10.0.1) Gecko/20100101 Firefox/10.0.1 SeaMonkey/2.7.1"
3.88.65.4 - - [29/Dec/2025:14:38:43 +0500] "GET / HTTP/1.0" 200 20875294 "-" "Mozilla/5.0 (X11; Linux i686; rv:124.0) Gecko/20100101 Firefox/124.0"
34.23.32.159 - - [29/Dec/2025:14:40:01 +0500] "GET / HTTP/1.0" 200 20878418 "-" "Mozilla/5.0 (Windows NT 10.0; Win64; x64) AppleWebKit/537.36 (KHTML, like Gecko) Chrome/78.0.3904.108 Safari/537.36"
34.23.32.159 - - [29/Dec/2025:14:40:13 +0500] "GET //wp-includes/wlwmanifest.xml HTTP/1.0" 301 4026 "-" "Mozilla/5.0 (Windows NT 10.0; Win64; x64) AppleWebKit/537.36 (KHTML, like Gecko) Chrome/78.0.3904.108 Safari/537.36"
34.23.32.159 - - [29/Dec/2025:14:40:14 +0500] "GET / HTTP/1.0" 200 20876284 "-" "Mozilla/5.0 (Windows NT 10.0; Win64; x64) AppleWebKit/537.36 (KHTML, like Gecko) Chrome/78.0.3904.108 Safari/537.36"
34.23.32.159 - - [29/Dec/2025:14:40:19 +0500] "GET //?author=1 HTTP/1.0" 301 4007 "-" "Mozilla/5.0 (Windows NT 10.0; Win64; x64) AppleWebKit/537.36 (KHTML, like Gecko) Chrome/78.0.3904.108 Safari/537.36"
34.23.32.159 - - [29/Dec/2025:14:40:20 +0500] "GET //?author=2 HTTP/1.0" 301 4007 "-" "Mozilla/5.0 (Windows NT 10.0; Win64; x64) AppleWebKit/537.36 (KHTML, like Gecko) Chrome/78.0.3904.108 Safari/537.36"
34.23.32.159 - - [29/Dec/2025:14:40:21 +0500] "GET //wp-json/wp/v2/users/ HTTP/1.0" 301 4018 "-" "Mozilla/5.0 (Windows NT 10.0; Win64; x64) AppleWebKit/537.36 (KHTML, like Gecko) Chrome/78.0.3904.108 Safari/537.36"
34.23.32.159 - - [29/Dec/2025:14:40:22 +0500] "GET //wp-json/oembed/1.0/embed?url=https://med.greenclinic.kz/ HTTP/1.0" 301 4055 "-" "Mozilla/5.0 (Windows NT 10.0; Win64; x64) AppleWebKit/537.36 (KHTML, like Gecko) Chrome/78.0.3904.108 Safari/537.36"
206.189.143.109 - - [29/Dec/2025:16:05:59 +0500] "GET /wp-login.php HTTP/1.0" 200 16081 "-" "Mozilla/5.0"
2a00:5da0:1000::128 - - [29/Dec/2025:16:06:02 +0500] "POST /wp-cron.php?doing_wp_cron=1767006362.0989921092987060546875 HTTP/1.0" 200 4011 "-" "WordPress/6.9; https://med.greenclinic.kz"
206.189.143.109 - - [29/Dec/2025:16:06:03 +0500] "GET /?author=1 HTTP/1.0" 200 36146 "-" "Mozilla/5.0"
206.189.143.109 - - [29/Dec/2025:16:06:06 +0500] "GET /?feed=rss2 HTTP/1.0" 200 6078 "-" "Mozilla/5.0"
52.53.231.245 - - [29/Dec/2025:16:29:50 +0500] "GET / HTTP/1.0" 200 20874326 "-" "Mozilla/5.0 (Windows NT 10.0; Win64; x64) AppleWebKit/537.36 (KHTML, like Gecko) Chrome/60.0.3112.113 Safari/537.36 Assetnote/1.0.0"
2a00:5da0:1000::128 - - [29/Dec/2025:16:29:54 +0500] "POST /wp-cron.php?doing_wp_cron=1767007794.1434988975524902343750 HTTP/1.0" 200 4011 "-" "WordPress/6.9; https://med.greenclinic.kz"
52.53.231.245 - - [29/Dec/2025:16:29:58 +0500] "HEAD /apps HTTP/1.0" 301 3984 "-" "Mozilla/5.0 (Windows NT 10.0; Win64; x64) AppleWebKit/537.36 (KHTML, like Gecko) Chrome/60.0.3112.113 Safari/537.36 Assetnote/1.0.0"
52.53.231.245 - - [29/Dec/2025:16:30:00 +0500] "POST /apps HTTP/1.0" 200 20876328 "-" "Mozilla/5.0 (Windows NT 10.0; Win64; x64) AppleWebKit/537.36 (KHTML, like Gecko) Chrome/60.0.3112.113 Safari/537.36 Assetnote/1.0.0"
195.178.110.54 - - [29/Dec/2025:17:23:54 +0500] "GET / HTTP/1.0" 500 20825969 "-" "Mozilla/5.0 (X11; U; NetBSD amd64; en-US; rv:1.9.2.15) Gecko/20110308 Namoroka/3.6.15"
2a00:5da0:1000::128 - - [29/Dec/2025:17:23:58 +0500] "POST /wp-cron.php?doing_wp_cron=1767011038.4999349117279052734375 HTTP/1.0" 200 4011 "-" "WordPress/6.9; https://med.greenclinic.kz"
34.70.118.53 - - [29/Dec/2025:21:14:32 +0500] "GET / HTTP/1.0" 200 20876944 "http://med.greenclinic.kz" "Mozilla/5.0 (compatible; CMS-Checker/1.0; +https://example.com)"
2a00:5da0:1000::128 - - [29/Dec/2025:21:14:37 +0500] "POST /wp-cron.php?doing_wp_cron=1767024877.8808140754699707031250 HTTP/1.0" 200 4011 "-" "WordPress/6.9; https://med.greenclinic.kz"
192.71.142.176 - - [29/Dec/2025:22:07:13 +0500] "GET / HTTP/1.0" 200 20875646 "http://med.greenclinic.kz/" "Mozilla/5.0 (iPhone; CPU iPhone OS 17_1_2 like Mac OS X) AppleWebKit/605.1.15 (KHTML, like Gecko) Version/17.1.2 Mobile/15E148 Safari/604"
2a00:5da0:1000::128 - - [29/Dec/2025:22:07:18 +0500] "POST /wp-cron.php?doing_wp_cron=1767028038.3815190792083740234375 HTTP/1.0" 200 4011 "-" "WordPress/6.9; https://med.greenclinic.kz"
192.71.126.245 - - [29/Dec/2025:22:07:19 +0500] "GET / HTTP/1.0" 200 20876174 "-" "Mozilla/5.0 (iPhone; CPU iPhone OS 17_1_2 like Mac OS X) AppleWebKit/605.1.15 (KHTML, like Gecko) Version/17.1.2 Mobile/15E148 Safari/604"
85.11.167.4 - - [30/Dec/2025:03:10:34 +0500] "POST / HTTP/1.0" 200 20874700 "https://med.greenclinic.kz" "Mozilla/5.0 (Windows NT 10.0; Win64; x64) AppleWebKit/537.36 (KHTML, like Gecko) Chrome/131.0.0.0 Safari/537.36"
2a00:5da0:1000::128 - - [30/Dec/2025:03:10:43 +0500] "POST /wp-cron.php?doing_wp_cron=1767046243.5548639297485351562500 HTTP/1.0" 200 4011 "-" "WordPress/6.9; https://med.greenclinic.kz"
85.11.167.4 - - [30/Dec/2025:03:10:46 +0500] "POST / HTTP/1.0" 200 20875404 "https://med.greenclinic.kz" "Mozilla/5.0 (Windows NT 10.0; Win64; x64) AppleWebKit/537.36 (KHTML, like Gecko) Chrome/131.0.0.0 Safari/537.36"