93.185.74.22 - - [23/Sep/2025:09:50:28 +0500] "POST /wp-admin/admin-ajax.php HTTP/1.0" 200 4696 "https://med.greenclinic.kz/wp-admin/admin.php?page=WP-Optimize" "Mozilla/5.0 (Macintosh; Intel Mac OS X 10_15_7) AppleWebKit/537.36 (KHTML, like Gecko) Chrome/129.0.0.0 Safari/537.36 Edg/129.0.0.0"
93.185.74.22 - - [23/Sep/2025:09:50:29 +0500] "POST /wp-admin/admin-ajax.php HTTP/1.0" 200 4727 "https://med.greenclinic.kz/wp-admin/admin.php?page=WP-Optimize" "Mozilla/5.0 (Macintosh; Intel Mac OS X 10_15_7) AppleWebKit/537.36 (KHTML, like Gecko) Chrome/129.0.0.0 Safari/537.36 Edg/129.0.0.0"
93.185.74.22 - - [23/Sep/2025:09:50:30 +0500] "GET /index.php?rest_route=/elementor/v1/checklist/user-progress HTTP/1.0" 200 4998 "https://med.greenclinic.kz/wp-admin/post.php?post=13&action=elementor" "Mozilla/5.0 (Macintosh; Intel Mac OS X 10_15_7) AppleWebKit/537.36 (KHTML, like Gecko) Chrome/129.0.0.0 Safari/537.36 Edg/129.0.0.0"
93.185.74.22 - - [23/Sep/2025:09:50:31 +0500] "POST /wp-admin/admin-ajax.php HTTP/1.0" 200 4708 "https://med.greenclinic.kz/wp-admin/admin.php?page=WP-Optimize" "Mozilla/5.0 (Macintosh; Intel Mac OS X 10_15_7) AppleWebKit/537.36 (KHTML, like Gecko) Chrome/129.0.0.0 Safari/537.36 Edg/129.0.0.0"
93.185.74.22 - - [23/Sep/2025:09:50:31 +0500] "POST /wp-admin/admin-ajax.php HTTP/1.0" 200 4297 "https://med.greenclinic.kz/wp-admin/admin.php?page=WP-Optimize" "Mozilla/5.0 (Macintosh; Intel Mac OS X 10_15_7) AppleWebKit/537.36 (KHTML, like Gecko) Chrome/129.0.0.0 Safari/537.36 Edg/129.0.0.0"
93.185.74.22 - - [23/Sep/2025:09:50:32 +0500] "POST /wp-admin/admin-ajax.php HTTP/1.0" 200 4732 "https://med.greenclinic.kz/wp-admin/admin.php?page=WP-Optimize" "Mozilla/5.0 (Macintosh; Intel Mac OS X 10_15_7) AppleWebKit/537.36 (KHTML, like Gecko) Chrome/129.0.0.0 Safari/537.36 Edg/129.0.0.0"
93.185.74.22 - - [23/Sep/2025:09:50:34 +0500] "POST /wp-admin/admin-ajax.php HTTP/1.0" 200 4327 "https://med.greenclinic.kz/wp-admin/post.php?post=13&action=elementor" "Mozilla/5.0 (Macintosh; Intel Mac OS X 10_15_7) AppleWebKit/537.36 (KHTML, like Gecko) Chrome/129.0.0.0 Safari/537.36 Edg/129.0.0.0"
93.185.74.22 - - [23/Sep/2025:09:50:34 +0500] "GET /index.php?rest_route=/elementor/v1/checklist/user-progress HTTP/1.0" 200 4998 "https://med.greenclinic.kz/wp-admin/post.php?post=13&action=elementor" "Mozilla/5.0 (Macintosh; Intel Mac OS X 10_15_7) AppleWebKit/537.36 (KHTML, like Gecko) Chrome/129.0.0.0 Safari/537.36 Edg/129.0.0.0"
93.185.74.22 - - [23/Sep/2025:09:50:31 +0500] "POST /wp-admin/admin-ajax.php HTTP/1.0" 200 6268 "https://med.greenclinic.kz/wp-admin/post.php?post=13&action=elementor" "Mozilla/5.0 (Macintosh; Intel Mac OS X 10_15_7) AppleWebKit/537.36 (KHTML, like Gecko) Chrome/129.0.0.0 Safari/537.36 Edg/129.0.0.0"
93.185.74.22 - - [23/Sep/2025:09:50:36 +0500] "GET /index.php?rest_route=/elementor/v1/checklist/user-progress HTTP/1.0" 200 4998 "https://med.greenclinic.kz/wp-admin/post.php?post=13&action=elementor" "Mozilla/5.0 (Macintosh; Intel Mac OS X 10_15_7) AppleWebKit/537.36 (KHTML, like Gecko) Chrome/129.0.0.0 Safari/537.36 Edg/129.0.0.0"
93.185.74.22 - - [23/Sep/2025:09:50:44 +0500] "GET /index.php?rest_route=/elementor/v1/checklist/user-progress HTTP/1.0" 200 4998 "https://med.greenclinic.kz/wp-admin/post.php?post=13&action=elementor" "Mozilla/5.0 (Macintosh; Intel Mac OS X 10_15_7) AppleWebKit/537.36 (KHTML, like Gecko) Chrome/129.0.0.0 Safari/537.36 Edg/129.0.0.0"
93.185.74.22 - - [23/Sep/2025:09:50:44 +0500] "POST /wp-admin/admin-ajax.php HTTP/1.0" 200 6267 "https://med.greenclinic.kz/wp-admin/post.php?post=13&action=elementor" "Mozilla/5.0 (Macintosh; Intel Mac OS X 10_15_7) AppleWebKit/537.36 (KHTML, like Gecko) Chrome/129.0.0.0 Safari/537.36 Edg/129.0.0.0"
93.185.74.22 - - [23/Sep/2025:09:50:51 +0500] "GET /index.php?rest_route=/elementor/v1/checklist/user-progress HTTP/1.0" 200 4998 "https://med.greenclinic.kz/wp-admin/post.php?post=13&action=elementor" "Mozilla/5.0 (Macintosh; Intel Mac OS X 10_15_7) AppleWebKit/537.36 (KHTML, like Gecko) Chrome/129.0.0.0 Safari/537.36 Edg/129.0.0.0"
93.185.74.22 - - [23/Sep/2025:09:50:46 +0500] "POST /wp-admin/admin-ajax.php HTTP/1.0" 200 6267 "https://med.greenclinic.kz/wp-admin/post.php?post=13&action=elementor" "Mozilla/5.0 (Macintosh; Intel Mac OS X 10_15_7) AppleWebKit/537.36 (KHTML, like Gecko) Chrome/129.0.0.0 Safari/537.36 Edg/129.0.0.0"
93.185.74.22 - - [23/Sep/2025:09:50:49 +0500] "POST /wp-admin/admin-ajax.php HTTP/1.0" 200 4327 "https://med.greenclinic.kz/wp-admin/post.php?post=13&action=elementor" "Mozilla/5.0 (Macintosh; Intel Mac OS X 10_15_7) AppleWebKit/537.36 (KHTML, like Gecko) Chrome/129.0.0.0 Safari/537.36 Edg/129.0.0.0"
93.185.74.22 - - [23/Sep/2025:09:50:47 +0500] "POST /wp-admin/admin-ajax.php HTTP/1.0" 200 6267 "https://med.greenclinic.kz/wp-admin/post.php?post=13&action=elementor" "Mozilla/5.0 (Macintosh; Intel Mac OS X 10_15_7) AppleWebKit/537.36 (KHTML, like Gecko) Chrome/129.0.0.0 Safari/537.36 Edg/129.0.0.0"
93.185.74.22 - - [23/Sep/2025:09:50:53 +0500] "GET /index.php?rest_route=/elementor/v1/checklist/user-progress HTTP/1.0" 200 4998 "https://med.greenclinic.kz/wp-admin/post.php?post=13&action=elementor" "Mozilla/5.0 (Macintosh; Intel Mac OS X 10_15_7) AppleWebKit/537.36 (KHTML, like Gecko) Chrome/129.0.0.0 Safari/537.36 Edg/129.0.0.0"
93.185.74.22 - - [23/Sep/2025:09:50:48 +0500] "POST /wp-admin/admin-ajax.php HTTP/1.0" 200 6267 "https://med.greenclinic.kz/wp-admin/post.php?post=13&action=elementor" "Mozilla/5.0 (Macintosh; Intel Mac OS X 10_15_7) AppleWebKit/537.36 (KHTML, like Gecko) Chrome/129.0.0.0 Safari/537.36 Edg/129.0.0.0"
93.185.74.22 - - [23/Sep/2025:09:50:51 +0500] "GET /?preview_id=13&preview_nonce=cc1d280426&preview=true HTTP/1.0" 500 11960 "https://med.greenclinic.kz/wp-admin/post.php?post=13&action=elementor" "Mozilla/5.0 (Macintosh; Intel Mac OS X 10_15_7) AppleWebKit/537.36 (KHTML, like Gecko) Chrome/129.0.0.0 Safari/537.36 Edg/129.0.0.0"
93.185.74.22 - - [23/Sep/2025:09:50:54 +0500] "GET /?preview_id=13&preview_nonce=cc1d280426&preview=true HTTP/1.0" 500 11960 "https://med.greenclinic.kz/wp-admin/post.php?post=13&action=elementor" "Mozilla/5.0 (Macintosh; Intel Mac OS X 10_15_7) AppleWebKit/537.36 (KHTML, like Gecko) Chrome/129.0.0.0 Safari/537.36 Edg/129.0.0.0"
93.185.74.22 - - [23/Sep/2025:09:50:54 +0500] "GET /?preview_id=13&preview_nonce=cc1d280426&preview=true HTTP/1.0" 500 11960 "https://med.greenclinic.kz/wp-admin/post.php?post=13&action=elementor" "Mozilla/5.0 (Macintosh; Intel Mac OS X 10_15_7) AppleWebKit/537.36 (KHTML, like Gecko) Chrome/129.0.0.0 Safari/537.36 Edg/129.0.0.0"
93.185.74.22 - - [23/Sep/2025:09:50:56 +0500] "GET /index.php?rest_route=/elementor/v1/checklist/user-progress HTTP/1.0" 200 4998 "https://med.greenclinic.kz/wp-admin/post.php?post=13&action=elementor" "Mozilla/5.0 (Macintosh; Intel Mac OS X 10_15_7) AppleWebKit/537.36 (KHTML, like Gecko) Chrome/129.0.0.0 Safari/537.36 Edg/129.0.0.0"
93.185.74.22 - - [23/Sep/2025:09:50:53 +0500] "GET /?preview_id=13&preview_nonce=cc1d280426&preview=true HTTP/1.0" 500 11960 "https://med.greenclinic.kz/wp-admin/post.php?post=13&action=elementor" "Mozilla/5.0 (Macintosh; Intel Mac OS X 10_15_7) AppleWebKit/537.36 (KHTML, like Gecko) Chrome/129.0.0.0 Safari/537.36 Edg/129.0.0.0"
93.185.74.22 - - [23/Sep/2025:09:50:56 +0500] "GET /?preview_id=13&preview_nonce=cc1d280426&preview=true HTTP/1.0" 500 11960 "https://med.greenclinic.kz/wp-admin/post.php?post=13&action=elementor" "Mozilla/5.0 (Macintosh; Intel Mac OS X 10_15_7) AppleWebKit/537.36 (KHTML, like Gecko) Chrome/129.0.0.0 Safari/537.36 Edg/129.0.0.0"
93.185.74.22 - - [23/Sep/2025:09:50:56 +0500] "GET /?preview_id=13&preview_nonce=cc1d280426&preview=true HTTP/1.0" 200 20935421 "https://med.greenclinic.kz/wp-admin/post.php?post=13&action=elementor" "Mozilla/5.0 (Macintosh; Intel Mac OS X 10_15_7) AppleWebKit/537.36 (KHTML, like Gecko) Chrome/129.0.0.0 Safari/537.36 Edg/129.0.0.0"
93.185.74.22 - - [23/Sep/2025:09:52:06 +0500] "GET /index.php?rest_route=/elementor/v1/checklist/user-progress HTTP/1.0" 200 4998 "https://med.greenclinic.kz/wp-admin/post.php?post=13&action=elementor" "Mozilla/5.0 (Macintosh; Intel Mac OS X 10_15_7) AppleWebKit/537.36 (KHTML, like Gecko) Chrome/129.0.0.0 Safari/537.36 Edg/129.0.0.0"
93.185.74.22 - - [23/Sep/2025:09:52:06 +0500] "POST /wp-admin/admin-ajax.php HTTP/1.0" 200 4327 "https://med.greenclinic.kz/wp-admin/post.php?post=13&action=elementor" "Mozilla/5.0 (Macintosh; Intel Mac OS X 10_15_7) AppleWebKit/537.36 (KHTML, like Gecko) Chrome/129.0.0.0 Safari/537.36 Edg/129.0.0.0"
93.185.74.22 - - [23/Sep/2025:09:52:09 +0500] "POST /wp-admin/admin-ajax.php HTTP/1.0" 200 20247 "https://med.greenclinic.kz/wp-admin/post.php?post=13&action=elementor" "Mozilla/5.0 (Macintosh; Intel Mac OS X 10_15_7) AppleWebKit/537.36 (KHTML, like Gecko) Chrome/129.0.0.0 Safari/537.36 Edg/129.0.0.0"
93.185.74.22 - - [23/Sep/2025:09:52:16 +0500] "GET /index.php?rest_route=/elementor/v1/checklist/user-progress HTTP/1.0" 200 4998 "https://med.greenclinic.kz/wp-admin/post.php?post=13&action=elementor" "Mozilla/5.0 (Macintosh; Intel Mac OS X 10_15_7) AppleWebKit/537.36 (KHTML, like Gecko) Chrome/129.0.0.0 Safari/537.36 Edg/129.0.0.0"
93.185.74.22 - - [23/Sep/2025:09:52:20 +0500] "GET /index.php?rest_route=/elementor/v1/checklist/user-progress HTTP/1.0" 200 4998 "https://med.greenclinic.kz/wp-admin/post.php?post=13&action=elementor" "Mozilla/5.0 (Macintosh; Intel Mac OS X 10_15_7) AppleWebKit/537.36 (KHTML, like Gecko) Chrome/129.0.0.0 Safari/537.36 Edg/129.0.0.0"
93.185.74.22 - - [23/Sep/2025:09:52:21 +0500] "POST /wp-admin/admin-ajax.php HTTP/1.0" 200 4327 "https://med.greenclinic.kz/wp-admin/post.php?post=13&action=elementor" "Mozilla/5.0 (Macintosh; Intel Mac OS X 10_15_7) AppleWebKit/537.36 (KHTML, like Gecko) Chrome/129.0.0.0 Safari/537.36 Edg/129.0.0.0"
93.185.74.22 - - [23/Sep/2025:09:52:20 +0500] "POST /wp-admin/admin-ajax.php HTTP/1.0" 500 4502 "https://med.greenclinic.kz/wp-admin/post.php?post=13&action=elementor" "Mozilla/5.0 (Macintosh; Intel Mac OS X 10_15_7) AppleWebKit/537.36 (KHTML, like Gecko) Chrome/129.0.0.0 Safari/537.36 Edg/129.0.0.0"
93.185.74.22 - - [23/Sep/2025:09:52:24 +0500] "GET /index.php?rest_route=/elementor/v1/checklist/user-progress HTTP/1.0" 200 4998 "https://med.greenclinic.kz/wp-admin/post.php?post=13&action=elementor" "Mozilla/5.0 (Macintosh; Intel Mac OS X 10_15_7) AppleWebKit/537.36 (KHTML, like Gecko) Chrome/129.0.0.0 Safari/537.36 Edg/129.0.0.0"
93.185.74.22 - - [23/Sep/2025:09:52:36 +0500] "POST /wp-admin/admin-ajax.php HTTP/1.0" 200 4327 "https://med.greenclinic.kz/wp-admin/post.php?post=13&action=elementor" "Mozilla/5.0 (Macintosh; Intel Mac OS X 10_15_7) AppleWebKit/537.36 (KHTML, like Gecko) Chrome/129.0.0.0 Safari/537.36 Edg/129.0.0.0"
93.185.74.22 - - [23/Sep/2025:09:52:45 +0500] "GET /index.php?rest_route=/elementor/v1/checklist/user-progress HTTP/1.0" 200 4998 "https://med.greenclinic.kz/wp-admin/post.php?post=13&action=elementor" "Mozilla/5.0 (Macintosh; Intel Mac OS X 10_15_7) AppleWebKit/537.36 (KHTML, like Gecko) Chrome/129.0.0.0 Safari/537.36 Edg/129.0.0.0"
93.185.74.22 - - [23/Sep/2025:09:52:45 +0500] "POST /wp-admin/admin-ajax.php HTTP/1.0" 500 4502 "https://med.greenclinic.kz/wp-admin/post.php?post=13&action=elementor" "Mozilla/5.0 (Macintosh; Intel Mac OS X 10_15_7) AppleWebKit/537.36 (KHTML, like Gecko) Chrome/129.0.0.0 Safari/537.36 Edg/129.0.0.0"
93.185.74.22 - - [23/Sep/2025:09:52:49 +0500] "GET /index.php?rest_route=/elementor/v1/checklist/user-progress HTTP/1.0" 200 4998 "https://med.greenclinic.kz/wp-admin/post.php?post=13&action=elementor" "Mozilla/5.0 (Macintosh; Intel Mac OS X 10_15_7) AppleWebKit/537.36 (KHTML, like Gecko) Chrome/129.0.0.0 Safari/537.36 Edg/129.0.0.0"
93.185.74.22 - - [23/Sep/2025:09:52:52 +0500] "POST /wp-admin/admin-ajax.php HTTP/1.0" 200 4327 "https://med.greenclinic.kz/wp-admin/post.php?post=13&action=elementor" "Mozilla/5.0 (Macintosh; Intel Mac OS X 10_15_7) AppleWebKit/537.36 (KHTML, like Gecko) Chrome/129.0.0.0 Safari/537.36 Edg/129.0.0.0"
93.185.74.22 - - [23/Sep/2025:09:52:54 +0500] "GET / HTTP/1.0" 200 20932164 "-" "Mozilla/5.0 (Macintosh; Intel Mac OS X 10_15_7) AppleWebKit/537.36 (KHTML, like Gecko) Chrome/129.0.0.0 Safari/537.36 Edg/129.0.0.0"
93.185.74.22 - - [23/Sep/2025:09:53:07 +0500] "GET /index.php?rest_route=/elementor/v1/checklist/user-progress HTTP/1.0" 200 4998 "https://med.greenclinic.kz/wp-admin/post.php?post=13&action=elementor" "Mozilla/5.0 (Macintosh; Intel Mac OS X 10_15_7) AppleWebKit/537.36 (KHTML, like Gecko) Chrome/129.0.0.0 Safari/537.36 Edg/129.0.0.0"
93.185.74.22 - - [23/Sep/2025:09:53:07 +0500] "POST /wp-admin/admin-ajax.php HTTP/1.0" 200 4327 "https://med.greenclinic.kz/wp-admin/post.php?post=13&action=elementor" "Mozilla/5.0 (Macintosh; Intel Mac OS X 10_15_7) AppleWebKit/537.36 (KHTML, like Gecko) Chrome/129.0.0.0 Safari/537.36 Edg/129.0.0.0"
93.185.74.22 - - [23/Sep/2025:09:53:10 +0500] "GET /index.php?rest_route=/elementor/v1/checklist/user-progress HTTP/1.0" 200 4998 "https://med.greenclinic.kz/wp-admin/post.php?post=13&action=elementor" "Mozilla/5.0 (Macintosh; Intel Mac OS X 10_15_7) AppleWebKit/537.36 (KHTML, like Gecko) Chrome/129.0.0.0 Safari/537.36 Edg/129.0.0.0"
93.185.74.22 - - [23/Sep/2025:09:53:12 +0500] "POST /wp-admin/admin-ajax.php HTTP/1.0" 200 6274 "https://med.greenclinic.kz/wp-admin/post.php?post=13&action=elementor" "Mozilla/5.0 (Macintosh; Intel Mac OS X 10_15_7) AppleWebKit/537.36 (KHTML, like Gecko) Chrome/129.0.0.0 Safari/537.36 Edg/129.0.0.0"
93.185.74.22 - - [23/Sep/2025:09:53:10 +0500] "POST /wp-admin/admin-ajax.php HTTP/1.0" 200 6274 "https://med.greenclinic.kz/wp-admin/post.php?post=13&action=elementor" "Mozilla/5.0 (Macintosh; Intel Mac OS X 10_15_7) AppleWebKit/537.36 (KHTML, like Gecko) Chrome/129.0.0.0 Safari/537.36 Edg/129.0.0.0"
93.185.74.22 - - [23/Sep/2025:09:53:19 +0500] "GET /index.php?rest_route=/elementor/v1/checklist/user-progress HTTP/1.0" 200 4998 "https://med.greenclinic.kz/wp-admin/post.php?post=13&action=elementor" "Mozilla/5.0 (Macintosh; Intel Mac OS X 10_15_7) AppleWebKit/537.36 (KHTML, like Gecko) Chrome/129.0.0.0 Safari/537.36 Edg/129.0.0.0"
93.185.74.22 - - [23/Sep/2025:09:53:18 +0500] "GET /index.php?rest_route=%2Fwp%2Fv2%2Fusers%2Fme&_fields=capabilities&context=edit&_locale=user HTTP/1.0" 200 5971 "https://med.greenclinic.kz/wp-admin/post.php?post=13&action=elementor" "Mozilla/5.0 (Macintosh; Intel Mac OS X 10_15_7) AppleWebKit/537.36 (KHTML, like Gecko) Chrome/129.0.0.0 Safari/537.36 Edg/129.0.0.0"
93.185.74.22 - - [23/Sep/2025:09:53:23 +0500] "POST /wp-admin/admin-ajax.php HTTP/1.0" 200 4327 "https://med.greenclinic.kz/wp-admin/post.php?post=13&action=elementor" "Mozilla/5.0 (Macintosh; Intel Mac OS X 10_15_7) AppleWebKit/537.36 (KHTML, like Gecko) Chrome/129.0.0.0 Safari/537.36 Edg/129.0.0.0"
93.185.74.22 - - [23/Sep/2025:09:53:19 +0500] "GET /?preview_id=13&preview_nonce=cc1d280426&preview=true HTTP/1.0" 200 20931395 "https://med.greenclinic.kz/wp-admin/post.php?post=13&action=elementor" "Mozilla/5.0 (Macintosh; Intel Mac OS X 10_15_7) AppleWebKit/537.36 (KHTML, like Gecko) Chrome/129.0.0.0 Safari/537.36 Edg/129.0.0.0"
93.185.74.22 - - [23/Sep/2025:09:53:28 +0500] "GET /?preview_id=13&preview_nonce=cc1d280426&preview=true HTTP/1.0" 200 20934343 "https://med.greenclinic.kz/wp-admin/post.php?post=13&action=elementor" "Mozilla/5.0 (Macintosh; Intel Mac OS X 10_15_7) AppleWebKit/537.36 (KHTML, like Gecko) Chrome/129.0.0.0 Safari/537.36 Edg/129.0.0.0"
93.185.74.22 - - [23/Sep/2025:09:53:43 +0500] "GET /index.php?rest_route=/elementor/v1/checklist/user-progress HTTP/1.0" 200 4998 "https://med.greenclinic.kz/wp-admin/post.php?post=13&action=elementor" "Mozilla/5.0 (Macintosh; Intel Mac OS X 10_15_7) AppleWebKit/537.36 (KHTML, like Gecko) Chrome/129.0.0.0 Safari/537.36 Edg/129.0.0.0"
93.185.74.22 - - [23/Sep/2025:09:53:44 +0500] "POST /wp-admin/admin-ajax.php HTTP/1.0" 200 6267 "https://med.greenclinic.kz/wp-admin/post.php?post=13&action=elementor" "Mozilla/5.0 (Macintosh; Intel Mac OS X 10_15_7) AppleWebKit/537.36 (KHTML, like Gecko) Chrome/129.0.0.0 Safari/537.36 Edg/129.0.0.0"
93.185.74.22 - - [23/Sep/2025:09:53:50 +0500] "GET /index.php?rest_route=/elementor/v1/checklist/user-progress HTTP/1.0" 200 4998 "https://med.greenclinic.kz/wp-admin/post.php?post=13&action=elementor" "Mozilla/5.0 (Macintosh; Intel Mac OS X 10_15_7) AppleWebKit/537.36 (KHTML, like Gecko) Chrome/129.0.0.0 Safari/537.36 Edg/129.0.0.0"
93.185.74.22 - - [23/Sep/2025:09:53:50 +0500] "GET /?preview_id=13&preview_nonce=cc1d280426&preview=true HTTP/1.0" 200 20935597 "https://med.greenclinic.kz/wp-admin/post.php?post=13&action=elementor" "Mozilla/5.0 (Macintosh; Intel Mac OS X 10_15_7) AppleWebKit/537.36 (KHTML, like Gecko) Chrome/129.0.0.0 Safari/537.36 Edg/129.0.0.0"
93.185.74.22 - - [23/Sep/2025:09:54:08 +0500] "GET /index.php?rest_route=/elementor/v1/checklist/user-progress HTTP/1.0" 200 4998 "https://med.greenclinic.kz/wp-admin/post.php?post=13&action=elementor" "Mozilla/5.0 (Macintosh; Intel Mac OS X 10_15_7) AppleWebKit/537.36 (KHTML, like Gecko) Chrome/129.0.0.0 Safari/537.36 Edg/129.0.0.0"
93.185.74.22 - - [23/Sep/2025:09:54:08 +0500] "POST /wp-admin/admin-ajax.php HTTP/1.0" 200 4327 "https://med.greenclinic.kz/wp-admin/post.php?post=13&action=elementor" "Mozilla/5.0 (Macintosh; Intel Mac OS X 10_15_7) AppleWebKit/537.36 (KHTML, like Gecko) Chrome/129.0.0.0 Safari/537.36 Edg/129.0.0.0"
93.185.74.22 - - [23/Sep/2025:09:54:23 +0500] "POST /wp-admin/admin-ajax.php HTTP/1.0" 200 4327 "https://med.greenclinic.kz/wp-admin/post.php?post=13&action=elementor" "Mozilla/5.0 (Macintosh; Intel Mac OS X 10_15_7) AppleWebKit/537.36 (KHTML, like Gecko) Chrome/129.0.0.0 Safari/537.36 Edg/129.0.0.0"
93.185.74.22 - - [23/Sep/2025:09:56:24 +0500] "POST /wp-admin/admin-ajax.php HTTP/1.0" 200 4327 "https://med.greenclinic.kz/wp-admin/post.php?post=13&action=elementor" "Mozilla/5.0 (Macintosh; Intel Mac OS X 10_15_7) AppleWebKit/537.36 (KHTML, like Gecko) Chrome/129.0.0.0 Safari/537.36 Edg/129.0.0.0"
93.185.74.22 - - [23/Sep/2025:09:58:25 +0500] "POST /wp-admin/admin-ajax.php HTTP/1.0" 200 4327 "https://med.greenclinic.kz/wp-admin/post.php?post=13&action=elementor" "Mozilla/5.0 (Macintosh; Intel Mac OS X 10_15_7) AppleWebKit/537.36 (KHTML, like Gecko) Chrome/129.0.0.0 Safari/537.36 Edg/129.0.0.0"
93.185.74.22 - - [23/Sep/2025:09:59:58 +0500] "POST /wp-admin/admin-ajax.php HTTP/1.0" 200 4297 "https://med.greenclinic.kz/wp-admin/edit.php?post_type=elementor_library&tabs_group=library" "Mozilla/5.0 (Macintosh; Intel Mac OS X 10_15_7) AppleWebKit/537.36 (KHTML, like Gecko) Chrome/129.0.0.0 Safari/537.36 Edg/129.0.0.0"
93.185.74.22 - - [23/Sep/2025:10:00:26 +0500] "POST /wp-admin/admin-ajax.php HTTP/1.0" 200 4327 "https://med.greenclinic.kz/wp-admin/post.php?post=13&action=elementor" "Mozilla/5.0 (Macintosh; Intel Mac OS X 10_15_7) AppleWebKit/537.36 (KHTML, like Gecko) Chrome/129.0.0.0 Safari/537.36 Edg/129.0.0.0"
93.185.74.22 - - [23/Sep/2025:10:01:58 +0500] "POST /wp-admin/admin-ajax.php HTTP/1.0" 200 4297 "https://med.greenclinic.kz/wp-admin/edit.php?post_type=elementor_library&tabs_group=library" "Mozilla/5.0 (Macintosh; Intel Mac OS X 10_15_7) AppleWebKit/537.36 (KHTML, like Gecko) Chrome/129.0.0.0 Safari/537.36 Edg/129.0.0.0"
93.185.74.22 - - [23/Sep/2025:10:02:27 +0500] "POST /wp-admin/admin-ajax.php HTTP/1.0" 200 4327 "https://med.greenclinic.kz/wp-admin/post.php?post=13&action=elementor" "Mozilla/5.0 (Macintosh; Intel Mac OS X 10_15_7) AppleWebKit/537.36 (KHTML, like Gecko) Chrome/129.0.0.0 Safari/537.36 Edg/129.0.0.0"
93.185.74.22 - - [23/Sep/2025:10:04:28 +0500] "POST /wp-admin/admin-ajax.php HTTP/1.0" 200 4327 "https://med.greenclinic.kz/wp-admin/post.php?post=13&action=elementor" "Mozilla/5.0 (Macintosh; Intel Mac OS X 10_15_7) AppleWebKit/537.36 (KHTML, like Gecko) Chrome/129.0.0.0 Safari/537.36 Edg/129.0.0.0"
2a00:5da0:1000::128 - - [23/Sep/2025:10:24:20 +0500] "POST /wp-cron.php?doing_wp_cron=1758605060.2844619750976562500000 HTTP/1.0" 200 4011 "-" "WordPress/6.8.2; https://med.greenclinic.kz"
185.203.132.199 - - [23/Sep/2025:10:24:18 +0500] "GET / HTTP/1.0" 500 11960 "-" "Mozilla/5.0 (Linux; Android 6.0; Nexus 5 Build/MRA58N) AppleWebKit/537.36 (KHTML, like Gecko) Chrome/130.0.0.0 Mobile Safari/537.36"
154.28.229.203 - - [23/Sep/2025:10:30:53 +0500] "GET / HTTP/1.0" 200 20875027 "-" "Mozilla/5.0 (X11; Linux x86_64) AppleWebKit/537.36 (KHTML, like Gecko) Chrome/116.0.0.0 Safari/537.36"
103.196.9.252 - - [23/Sep/2025:10:30:53 +0500] "GET / HTTP/1.0" 200 20874807 "-" "Mozilla/5.0 (Macintosh; Intel Mac OS X 10_15_7) AppleWebKit/537.36 (KHTML, like Gecko) Chrome/117.0.0.0 Safari/537.36"
93.185.74.22 - - [23/Sep/2025:10:31:03 +0500] "POST /wp-admin/admin-ajax.php HTTP/1.0" 200 4297 "https://med.greenclinic.kz/wp-admin/edit.php?post_type=elementor_library&tabs_group=library" "Mozilla/5.0 (Macintosh; Intel Mac OS X 10_15_7) AppleWebKit/537.36 (KHTML, like Gecko) Chrome/129.0.0.0 Safari/537.36 Edg/129.0.0.0"
103.196.9.178 - - [23/Sep/2025:10:31:25 +0500] "GET / HTTP/1.0" 200 20877117 "-" "Mozilla/5.0 (Windows NT 10.0; Win64; x64) AppleWebKit/537.36 (KHTML, like Gecko) Chrome/117.0.0.0 Safari/537.36"
93.185.74.22 - - [23/Sep/2025:10:31:36 +0500] "POST /wp-admin/admin-ajax.php HTTP/1.0" 200 4327 "https://med.greenclinic.kz/wp-admin/post.php?post=13&action=elementor" "Mozilla/5.0 (Macintosh; Intel Mac OS X 10_15_7) AppleWebKit/537.36 (KHTML, like Gecko) Chrome/129.0.0.0 Safari/537.36 Edg/129.0.0.0"
93.185.74.22 - - [23/Sep/2025:10:31:36 +0500] "GET /index.php?rest_route=/elementor/v1/checklist/user-progress HTTP/1.0" 200 4998 "https://med.greenclinic.kz/wp-admin/post.php?post=13&action=elementor" "Mozilla/5.0 (Macintosh; Intel Mac OS X 10_15_7) AppleWebKit/537.36 (KHTML, like Gecko) Chrome/129.0.0.0 Safari/537.36 Edg/129.0.0.0"
93.185.74.22 - - [23/Sep/2025:10:31:42 +0500] "GET /index.php?rest_route=/elementor/v1/checklist/user-progress HTTP/1.0" 200 4998 "https://med.greenclinic.kz/wp-admin/post.php?post=13&action=elementor" "Mozilla/5.0 (Macintosh; Intel Mac OS X 10_15_7) AppleWebKit/537.36 (KHTML, like Gecko) Chrome/129.0.0.0 Safari/537.36 Edg/129.0.0.0"
93.185.74.22 - - [23/Sep/2025:10:31:43 +0500] "POST /wp-admin/admin-ajax.php HTTP/1.0" 500 4502 "https://med.greenclinic.kz/wp-admin/post.php?post=13&action=elementor" "Mozilla/5.0 (Macintosh; Intel Mac OS X 10_15_7) AppleWebKit/537.36 (KHTML, like Gecko) Chrome/129.0.0.0 Safari/537.36 Edg/129.0.0.0"
93.185.74.22 - - [23/Sep/2025:10:31:52 +0500] "GET /index.php?rest_route=/elementor/v1/checklist/user-progress HTTP/1.0" 200 4998 "https://med.greenclinic.kz/wp-admin/post.php?post=13&action=elementor" "Mozilla/5.0 (Macintosh; Intel Mac OS X 10_15_7) AppleWebKit/537.36 (KHTML, like Gecko) Chrome/129.0.0.0 Safari/537.36 Edg/129.0.0.0"
93.185.74.22 - - [23/Sep/2025:10:31:51 +0500] "POST /wp-admin/admin-ajax.php HTTP/1.0" 200 4327 "https://med.greenclinic.kz/wp-admin/post.php?post=13&action=elementor" "Mozilla/5.0 (Macintosh; Intel Mac OS X 10_15_7) AppleWebKit/537.36 (KHTML, like Gecko) Chrome/129.0.0.0 Safari/537.36 Edg/129.0.0.0"
52.16.245.145 - - [23/Sep/2025:13:27:22 +0500] "GET / HTTP/1.0" 200 20874125 "-" "Mozilla/5.0 (X11; Linux x86_64; rv:83.0) Gecko/20100101 Firefox/83.0"
2a00:5da0:1000::128 - - [23/Sep/2025:13:27:24 +0500] "POST /wp-cron.php?doing_wp_cron=1758616044.5445721149444580078125 HTTP/1.0" 200 4011 "-" "WordPress/6.8.2; https://med.greenclinic.kz"
52.16.245.145 - - [23/Sep/2025:13:27:28 +0500] "GET / HTTP/1.0" 200 20879251 "-" "Mozilla/5.0 (X11; Linux x86_64) AppleWebKit/537.36 (KHTML, like Gecko) Chrome/132.0.0.0 Safari/537.36"
52.16.245.145 - - [23/Sep/2025:13:27:35 +0500] "GET / HTTP/1.0" 200 20877513 "-" "Mozilla/5.0 (Macintosh; Intel Mac OS X 10_9_2) AppleWebKit/537.36 (KHTML, like Gecko) Chrome/33.0.1750.152 Safari/537.36"
52.16.245.145 - - [23/Sep/2025:13:27:39 +0500] "HEAD /favicon.ico HTTP/1.0" 404 4007 "-" "Mozilla/5.0 (Macintosh; Intel Mac OS X 10_9_2) AppleWebKit/537.36 (KHTML, like Gecko) Chrome/33.0.1750.152 Safari/537.36"
93.185.74.22 - - [23/Sep/2025:14:17:49 +0500] "POST /wp-admin/admin-ajax.php HTTP/1.0" 200 4297 "https://med.greenclinic.kz/wp-admin/admin.php?page=WP-Optimize" "Mozilla/5.0 (Macintosh; Intel Mac OS X 10_15_7) AppleWebKit/537.36 (KHTML, like Gecko) Chrome/129.0.0.0 Safari/537.36 Edg/129.0.0.0"
93.185.74.22 - - [23/Sep/2025:14:17:49 +0500] "POST /wp-admin/admin-ajax.php HTTP/1.0" 200 4721 "https://med.greenclinic.kz/wp-admin/admin.php?page=WP-Optimize" "Mozilla/5.0 (Macintosh; Intel Mac OS X 10_15_7) AppleWebKit/537.36 (KHTML, like Gecko) Chrome/129.0.0.0 Safari/537.36 Edg/129.0.0.0"
93.185.74.22 - - [23/Sep/2025:14:17:53 +0500] "POST /wp-admin/admin-ajax.php HTTP/1.0" 200 4691 "https://med.greenclinic.kz/wp-admin/admin.php?page=WP-Optimize" "Mozilla/5.0 (Macintosh; Intel Mac OS X 10_15_7) AppleWebKit/537.36 (KHTML, like Gecko) Chrome/129.0.0.0 Safari/537.36 Edg/129.0.0.0"
2a00:5da0:1000::128 - - [23/Sep/2025:14:17:51 +0500] "POST /wp-cron.php?doing_wp_cron=1758619071.7289450168609619140625 HTTP/1.0" 200 4011 "-" "WordPress/6.8.2; https://med.greenclinic.kz"
93.185.74.22 - - [23/Sep/2025:14:17:55 +0500] "POST /wp-admin/admin-ajax.php HTTP/1.0" 200 4696 "https://med.greenclinic.kz/wp-admin/admin.php?page=WP-Optimize" "Mozilla/5.0 (Macintosh; Intel Mac OS X 10_15_7) AppleWebKit/537.36 (KHTML, like Gecko) Chrome/129.0.0.0 Safari/537.36 Edg/129.0.0.0"
93.185.74.22 - - [23/Sep/2025:14:17:57 +0500] "POST /wp-admin/admin-ajax.php HTTP/1.0" 200 4697 "https://med.greenclinic.kz/wp-admin/admin.php?page=WP-Optimize" "Mozilla/5.0 (Macintosh; Intel Mac OS X 10_15_7) AppleWebKit/537.36 (KHTML, like Gecko) Chrome/129.0.0.0 Safari/537.36 Edg/129.0.0.0"
93.185.74.22 - - [23/Sep/2025:14:18:00 +0500] "POST /wp-admin/admin-ajax.php HTTP/1.0" 200 4685 "https://med.greenclinic.kz/wp-admin/admin.php?page=WP-Optimize" "Mozilla/5.0 (Macintosh; Intel Mac OS X 10_15_7) AppleWebKit/537.36 (KHTML, like Gecko) Chrome/129.0.0.0 Safari/537.36 Edg/129.0.0.0"
93.185.74.22 - - [23/Sep/2025:14:18:09 +0500] "POST /wp-admin/admin-ajax.php HTTP/1.0" 200 4709 "https://med.greenclinic.kz/wp-admin/admin.php?page=WP-Optimize" "Mozilla/5.0 (Macintosh; Intel Mac OS X 10_15_7) AppleWebKit/537.36 (KHTML, like Gecko) Chrome/129.0.0.0 Safari/537.36 Edg/129.0.0.0"
93.185.74.22 - - [23/Sep/2025:14:18:11 +0500] "POST /wp-admin/admin-ajax.php HTTP/1.0" 200 4699 "https://med.greenclinic.kz/wp-admin/admin.php?page=WP-Optimize" "Mozilla/5.0 (Macintosh; Intel Mac OS X 10_15_7) AppleWebKit/537.36 (KHTML, like Gecko) Chrome/129.0.0.0 Safari/537.36 Edg/129.0.0.0"
93.185.74.22 - - [23/Sep/2025:14:18:13 +0500] "POST /wp-admin/admin-ajax.php HTTP/1.0" 200 4689 "https://med.greenclinic.kz/wp-admin/admin.php?page=WP-Optimize" "Mozilla/5.0 (Macintosh; Intel Mac OS X 10_15_7) AppleWebKit/537.36 (KHTML, like Gecko) Chrome/129.0.0.0 Safari/537.36 Edg/129.0.0.0"
93.185.74.22 - - [23/Sep/2025:14:18:15 +0500] "POST /wp-admin/admin-ajax.php HTTP/1.0" 200 4683 "https://med.greenclinic.kz/wp-admin/admin.php?page=WP-Optimize" "Mozilla/5.0 (Macintosh; Intel Mac OS X 10_15_7) AppleWebKit/537.36 (KHTML, like Gecko) Chrome/129.0.0.0 Safari/537.36 Edg/129.0.0.0"
93.185.74.22 - - [23/Sep/2025:14:18:17 +0500] "POST /wp-admin/admin-ajax.php HTTP/1.0" 200 4695 "https://med.greenclinic.kz/wp-admin/admin.php?page=WP-Optimize" "Mozilla/5.0 (Macintosh; Intel Mac OS X 10_15_7) AppleWebKit/537.36 (KHTML, like Gecko) Chrome/129.0.0.0 Safari/537.36 Edg/129.0.0.0"
93.185.74.22 - - [23/Sep/2025:14:18:19 +0500] "POST /wp-admin/admin-ajax.php HTTP/1.0" 200 4689 "https://med.greenclinic.kz/wp-admin/admin.php?page=WP-Optimize" "Mozilla/5.0 (Macintosh; Intel Mac OS X 10_15_7) AppleWebKit/537.36 (KHTML, like Gecko) Chrome/129.0.0.0 Safari/537.36 Edg/129.0.0.0"
93.185.74.22 - - [23/Sep/2025:14:18:21 +0500] "POST /wp-admin/admin-ajax.php HTTP/1.0" 200 4690 "https://med.greenclinic.kz/wp-admin/admin.php?page=WP-Optimize" "Mozilla/5.0 (Macintosh; Intel Mac OS X 10_15_7) AppleWebKit/537.36 (KHTML, like Gecko) Chrome/129.0.0.0 Safari/537.36 Edg/129.0.0.0"
93.185.74.22 - - [23/Sep/2025:14:18:23 +0500] "POST /wp-admin/admin-ajax.php HTTP/1.0" 200 4683 "https://med.greenclinic.kz/wp-admin/admin.php?page=WP-Optimize" "Mozilla/5.0 (Macintosh; Intel Mac OS X 10_15_7) AppleWebKit/537.36 (KHTML, like Gecko) Chrome/129.0.0.0 Safari/537.36 Edg/129.0.0.0"
93.185.74.22 - - [23/Sep/2025:14:18:25 +0500] "POST /wp-admin/admin-ajax.php HTTP/1.0" 200 4705 "https://med.greenclinic.kz/wp-admin/admin.php?page=WP-Optimize" "Mozilla/5.0 (Macintosh; Intel Mac OS X 10_15_7) AppleWebKit/537.36 (KHTML, like Gecko) Chrome/129.0.0.0 Safari/537.36 Edg/129.0.0.0"
93.185.74.22 - - [23/Sep/2025:14:18:27 +0500] "POST /wp-admin/admin-ajax.php HTTP/1.0" 200 4620 "https://med.greenclinic.kz/wp-admin/admin.php?page=WP-Optimize" "Mozilla/5.0 (Macintosh; Intel Mac OS X 10_15_7) AppleWebKit/537.36 (KHTML, like Gecko) Chrome/129.0.0.0 Safari/537.36 Edg/129.0.0.0"
93.185.74.22 - - [23/Sep/2025:14:18:29 +0500] "POST /wp-admin/admin-ajax.php HTTP/1.0" 200 4605 "https://med.greenclinic.kz/wp-admin/admin.php?page=WP-Optimize" "Mozilla/5.0 (Macintosh; Intel Mac OS X 10_15_7) AppleWebKit/537.36 (KHTML, like Gecko) Chrome/129.0.0.0 Safari/537.36 Edg/129.0.0.0"
93.185.74.22 - - [23/Sep/2025:14:18:31 +0500] "POST /wp-admin/admin-ajax.php HTTP/1.0" 200 4530 "https://med.greenclinic.kz/wp-admin/admin.php?page=WP-Optimize" "Mozilla/5.0 (Macintosh; Intel Mac OS X 10_15_7) AppleWebKit/537.36 (KHTML, like Gecko) Chrome/129.0.0.0 Safari/537.36 Edg/129.0.0.0"
93.185.74.22 - - [23/Sep/2025:14:18:33 +0500] "POST /wp-admin/admin-ajax.php HTTP/1.0" 200 4927 "https://med.greenclinic.kz/wp-admin/admin.php?page=WP-Optimize" "Mozilla/5.0 (Macintosh; Intel Mac OS X 10_15_7) AppleWebKit/537.36 (KHTML, like Gecko) Chrome/129.0.0.0 Safari/537.36 Edg/129.0.0.0"
93.185.74.22 - - [23/Sep/2025:14:18:35 +0500] "POST /wp-admin/admin-ajax.php HTTP/1.0" 200 4667 "https://med.greenclinic.kz/wp-admin/admin.php?page=WP-Optimize" "Mozilla/5.0 (Macintosh; Intel Mac OS X 10_15_7) AppleWebKit/537.36 (KHTML, like Gecko) Chrome/129.0.0.0 Safari/537.36 Edg/129.0.0.0"
93.185.74.22 - - [23/Sep/2025:14:18:37 +0500] "POST /wp-admin/admin-ajax.php HTTP/1.0" 200 5157 "https://med.greenclinic.kz/wp-admin/admin.php?page=WP-Optimize" "Mozilla/5.0 (Macintosh; Intel Mac OS X 10_15_7) AppleWebKit/537.36 (KHTML, like Gecko) Chrome/129.0.0.0 Safari/537.36 Edg/129.0.0.0"
93.185.74.22 - - [23/Sep/2025:14:18:39 +0500] "POST /wp-admin/admin-ajax.php HTTP/1.0" 200 4871 "https://med.greenclinic.kz/wp-admin/admin.php?page=WP-Optimize" "Mozilla/5.0 (Macintosh; Intel Mac OS X 10_15_7) AppleWebKit/537.36 (KHTML, like Gecko) Chrome/129.0.0.0 Safari/537.36 Edg/129.0.0.0"
93.185.74.22 - - [23/Sep/2025:14:18:41 +0500] "POST /wp-admin/admin-ajax.php HTTP/1.0" 200 4834 "https://med.greenclinic.kz/wp-admin/admin.php?page=WP-Optimize" "Mozilla/5.0 (Macintosh; Intel Mac OS X 10_15_7) AppleWebKit/537.36 (KHTML, like Gecko) Chrome/129.0.0.0 Safari/537.36 Edg/129.0.0.0"
93.185.74.22 - - [23/Sep/2025:14:18:43 +0500] "POST /wp-admin/admin-ajax.php HTTP/1.0" 200 4465 "https://med.greenclinic.kz/wp-admin/admin.php?page=WP-Optimize" "Mozilla/5.0 (Macintosh; Intel Mac OS X 10_15_7) AppleWebKit/537.36 (KHTML, like Gecko) Chrome/129.0.0.0 Safari/537.36 Edg/129.0.0.0"
93.185.74.22 - - [23/Sep/2025:14:18:45 +0500] "POST /wp-admin/admin-ajax.php HTTP/1.0" 200 4465 "https://med.greenclinic.kz/wp-admin/admin.php?page=WP-Optimize" "Mozilla/5.0 (Macintosh; Intel Mac OS X 10_15_7) AppleWebKit/537.36 (KHTML, like Gecko) Chrome/129.0.0.0 Safari/537.36 Edg/129.0.0.0"
93.185.74.22 - - [23/Sep/2025:14:18:47 +0500] "POST /wp-admin/admin-ajax.php HTTP/1.0" 200 5064 "https://med.greenclinic.kz/wp-admin/admin.php?page=WP-Optimize" "Mozilla/5.0 (Macintosh; Intel Mac OS X 10_15_7) AppleWebKit/537.36 (KHTML, like Gecko) Chrome/129.0.0.0 Safari/537.36 Edg/129.0.0.0"
93.185.74.22 - - [23/Sep/2025:14:18:49 +0500] "POST /wp-admin/admin-ajax.php HTTP/1.0" 200 4618 "https://med.greenclinic.kz/wp-admin/admin.php?page=WP-Optimize" "Mozilla/5.0 (Macintosh; Intel Mac OS X 10_15_7) AppleWebKit/537.36 (KHTML, like Gecko) Chrome/129.0.0.0 Safari/537.36 Edg/129.0.0.0"
93.185.74.22 - - [23/Sep/2025:14:18:51 +0500] "POST /wp-admin/admin-ajax.php HTTP/1.0" 200 4247 "https://med.greenclinic.kz/wp-admin/admin.php?page=WP-Optimize" "Mozilla/5.0 (Macintosh; Intel Mac OS X 10_15_7) AppleWebKit/537.36 (KHTML, like Gecko) Chrome/129.0.0.0 Safari/537.36 Edg/129.0.0.0"
93.185.74.22 - - [23/Sep/2025:14:19:49 +0500] "POST /wp-admin/admin-ajax.php HTTP/1.0" 200 4297 "https://med.greenclinic.kz/wp-admin/admin.php?page=WP-Optimize" "Mozilla/5.0 (Macintosh; Intel Mac OS X 10_15_7) AppleWebKit/537.36 (KHTML, like Gecko) Chrome/129.0.0.0 Safari/537.36 Edg/129.0.0.0"
54.83.79.133 - - [23/Sep/2025:14:26:22 +0500] "GET / HTTP/1.0" 200 20879185 "-" "Mozilla/5.0 (Windows NT 10.0; Win64; x64) AppleWebKit/537.36 (KHTML, like Gecko) Chrome/78.0.3904.108 Safari/537.36"
54.83.79.133 - - [23/Sep/2025:14:26:34 +0500] "GET //wp-includes/wlwmanifest.xml HTTP/1.0" 404 4815 "-" "Mozilla/5.0 (Windows NT 10.0; Win64; x64) AppleWebKit/537.36 (KHTML, like Gecko) Chrome/78.0.3904.108 Safari/537.36"
54.83.79.133 - - [23/Sep/2025:14:26:35 +0500] "GET / HTTP/1.0" 200 20876897 "-" "Mozilla/5.0 (Windows NT 10.0; Win64; x64) AppleWebKit/537.36 (KHTML, like Gecko) Chrome/78.0.3904.108 Safari/537.36"
54.83.79.133 - - [23/Sep/2025:14:26:42 +0500] "GET //?author=1 HTTP/1.0" 301 4007 "-" "Mozilla/5.0 (Windows NT 10.0; Win64; x64) AppleWebKit/537.36 (KHTML, like Gecko) Chrome/78.0.3904.108 Safari/537.36"
54.83.79.133 - - [23/Sep/2025:14:26:43 +0500] "GET //?author=2 HTTP/1.0" 301 4007 "-" "Mozilla/5.0 (Windows NT 10.0; Win64; x64) AppleWebKit/537.36 (KHTML, like Gecko) Chrome/78.0.3904.108 Safari/537.36"
54.83.79.133 - - [23/Sep/2025:14:26:44 +0500] "GET //wp-json/wp/v2/users/ HTTP/1.0" 404 4815 "-" "Mozilla/5.0 (Windows NT 10.0; Win64; x64) AppleWebKit/537.36 (KHTML, like Gecko) Chrome/78.0.3904.108 Safari/537.36"
54.83.79.133 - - [23/Sep/2025:14:26:44 +0500] "GET //wp-json/oembed/1.0/embed?url=https://med.greenclinic.kz/ HTTP/1.0" 404 4815 "-" "Mozilla/5.0 (Windows NT 10.0; Win64; x64) AppleWebKit/537.36 (KHTML, like Gecko) Chrome/78.0.3904.108 Safari/537.36"
2a00:5da0:1000::128 - - [23/Sep/2025:16:25:09 +0500] "POST /wp-cron.php?doing_wp_cron=1758626708.9284150600433349609375 HTTP/1.0" 200 4011 "-" "WordPress/6.8.2; https://med.greenclinic.kz"
103.196.9.127 - - [23/Sep/2025:16:25:05 +0500] "GET / HTTP/1.0" 200 20874807 "-" "Mozilla/5.0 (Windows NT 10.0; Win64; x64) AppleWebKit/537.36 (KHTML, like Gecko) Chrome/117.0.0.0 Safari/537.36"
103.4.251.201 - - [23/Sep/2025:16:25:05 +0500] "GET / HTTP/1.0" 200 20876787 "-" "Mozilla/5.0 (Macintosh; Intel Mac OS X 10_15_7) AppleWebKit/537.36 (KHTML, like Gecko) Chrome/116.0.0.0 Safari/537.36"
103.4.250.203 - - [23/Sep/2025:16:25:42 +0500] "GET / HTTP/1.0" 200 20877359 "-" "Mozilla/5.0 (X11; Linux x86_64) AppleWebKit/537.36 (KHTML, like Gecko) Chrome/117.0.0.0 Safari/537.36"
196.251.70.47 - - [23/Sep/2025:17:53:30 +0500] "GET /.env HTTP/1.0" 404 4815 "-" "Mozilla/5.0 (X11; Linux x86_64) AppleWebKit/537.36 (KHTML, like Gecko) Chrome/121.0.0.0 Safari/537.36"
2a00:5da0:1000::128 - - [23/Sep/2025:18:31:07 +0500] "POST /wp-cron.php?doing_wp_cron=1758634267.3858690261840820312500 HTTP/1.0" 200 4011 "-" "WordPress/6.8.2; https://med.greenclinic.kz"
34.11.203.175 - - [23/Sep/2025:18:31:05 +0500] "GET / HTTP/1.0" 200 20873487 "http://med.greenclinic.kz" "Mozilla/5.0 (compatible; CMS-Checker/1.0; +https://example.com)"
103.139.178.181 - - [23/Sep/2025:19:02:29 +0500] "GET / HTTP/1.0" 200 20879185 "-" "Mozilla/5.0 (Windows NT 10.0; Win64; x64) AppleWebKit/537.36 (KHTML, like Gecko) Chrome/137.0.0.0 Safari/537.36"
103.139.178.181 - - [23/Sep/2025:19:03:01 +0500] "GET /favicon.ico HTTP/1.0" 404 4815 "-" "Mozilla/5.0 (Windows NT 10.0; Win64; x64) AppleWebKit/537.36 (KHTML, like Gecko) Chrome/137.0.0.0 Safari/537.36"
34.142.228.128 - - [23/Sep/2025:21:07:39 +0500] "GET / HTTP/1.0" 200 20878437 "http://med.greenclinic.kz" "Mozilla/5.0 (compatible; CMS-Checker/1.0; +https://example.com)"
2a00:5da0:1000::128 - - [23/Sep/2025:21:07:49 +0500] "POST /wp-cron.php HTTP/1.0" 200 4011 "-" "WordPress/6.8.2; https://med.greenclinic.kz"
2a00:5da0:1000::128 - - [23/Sep/2025:21:07:49 +0500] "GET / HTTP/1.0" 200 20877095 "-" "WordPress/6.8.2; https://med.greenclinic.kz"
2a00:5da0:1000::128 - - [23/Sep/2025:21:07:53 +0500] "GET / HTTP/1.0" 200 20876325 "-" "WordPress/6.8.2; https://med.greenclinic.kz"
2a00:5da0:1000::128 - - [23/Sep/2025:21:07:57 +0500] "GET / HTTP/1.0" 200 20876215 "-" "WordPress/6.8.2; https://med.greenclinic.kz"
2a00:5da0:1000::128 - - [23/Sep/2025:21:08:01 +0500] "GET / HTTP/1.0" 200 20876677 "-" "WordPress/6.8.2; https://med.greenclinic.kz"
2a00:5da0:1000::128 - - [23/Sep/2025:21:07:42 +0500] "POST /wp-cron.php?doing_wp_cron=1758643662.1540999412536621093750 HTTP/1.0" 200 4011 "-" "WordPress/6.8.2; https://med.greenclinic.kz"
2a00:5da0:1000::128 - - [23/Sep/2025:21:23:19 +0500] "POST /wp-cron.php?doing_wp_cron=1758644599.4810380935668945312500 HTTP/1.0" 200 4011 "-" "WordPress/6.8.2; https://med.greenclinic.kz"
185.247.137.192 - - [23/Sep/2025:21:23:17 +0500] "GET / HTTP/1.0" 200 20878283 "http://med.greenclinic.kz" "Mozilla/5.0 (compatible; InternetMeasurement/1.0; +https://internet-measurement.com/)"
185.247.137.189 - - [23/Sep/2025:21:23:25 +0500] "GET /favicon.ico HTTP/1.0" 404 4815 "-" "Mozilla/5.0 (compatible; InternetMeasurement/1.0; +https://internet-measurement.com/)"
162.243.114.171 - - [23/Sep/2025:21:23:26 +0500] "GET /favicon.ico HTTP/1.0" 404 4815 "-" "Mozilla/5.0 (compatible; InternetMeasurement/1.0; +https://internet-measurement.com/)"
213.232.87.232 - - [23/Sep/2025:23:05:37 +0500] "GET /actuator/heapdump HTTP/1.0" 404 4815 "-" "Go-http-client/1.1"
213.232.87.232 - - [23/Sep/2025:23:05:37 +0500] "GET /api/v1/format_query HTTP/1.0" 404 4815 "-" "Go-http-client/1.1"
213.232.87.232 - - [23/Sep/2025:23:05:37 +0500] "GET /config/production.json HTTP/1.0" 404 4815 "-" "Go-http-client/1.1"
213.232.87.232 - - [23/Sep/2025:23:05:37 +0500] "GET /user_secrets.yml HTTP/1.0" 404 4815 "-" "Go-http-client/1.1"
213.232.87.232 - - [23/Sep/2025:23:05:37 +0500] "GET /.aws/credentials HTTP/1.0" 404 4815 "-" "Go-http-client/1.1"
213.232.87.232 - - [23/Sep/2025:23:05:37 +0500] "GET /metrics HTTP/1.0" 404 4815 "-" "Go-http-client/1.1"
213.232.87.232 - - [23/Sep/2025:23:05:37 +0500] "GET /etc/ssl/private/server.key HTTP/1.0" 404 4815 "-" "Go-http-client/1.1"
213.232.87.232 - - [23/Sep/2025:23:05:37 +0500] "GET /.ssh/id_ed25519 HTTP/1.0" 404 4815 "-" "Go-http-client/1.1"
213.232.87.232 - - [23/Sep/2025:23:05:37 +0500] "GET /config.yml HTTP/1.0" 404 4815 "-" "Go-http-client/1.1"
213.232.87.232 - - [23/Sep/2025:23:05:37 +0500] "GET /backup.zip HTTP/1.0" 404 4815 "-" "Go-http-client/1.1"
213.232.87.232 - - [23/Sep/2025:23:05:37 +0500] "GET /.env HTTP/1.0" 404 4815 "-" "Go-http-client/1.1"
213.232.87.232 - - [23/Sep/2025:23:05:37 +0500] "GET /feed HTTP/1.0" 404 4815 "-" "Go-http-client/1.1"
213.232.87.232 - - [23/Sep/2025:23:05:37 +0500] "GET /config.php HTTP/1.0" 404 4815 "-" "Go-http-client/1.1"
213.232.87.232 - - [23/Sep/2025:23:05:37 +0500] "GET /db/schema.rb HTTP/1.0" 404 4815 "-" "Go-http-client/1.1"
213.232.87.232 - - [23/Sep/2025:23:05:37 +0500] "GET /.ssh/id_ecdsa HTTP/1.0" 404 4815 "-" "Go-http-client/1.1"
213.232.87.232 - - [23/Sep/2025:23:05:37 +0500] "GET /secrets.json HTTP/1.0" 404 4815 "-" "Go-http-client/1.1"
213.232.87.232 - - [23/Sep/2025:23:05:37 +0500] "GET /.env.production HTTP/1.0" 404 4815 "-" "Go-http-client/1.1"
213.232.87.232 - - [23/Sep/2025:23:05:37 +0500] "GET /.ssh/id_rsa HTTP/1.0" 404 4815 "-" "Go-http-client/1.1"
213.232.87.232 - - [23/Sep/2025:23:05:37 +0500] "GET /server.key HTTP/1.0" 404 4815 "-" "Go-http-client/1.1"
213.232.87.232 - - [23/Sep/2025:23:05:37 +0500] "GET /_vti_pvt/service.pwd HTTP/1.0" 404 4815 "-" "Go-http-client/1.1"
213.232.87.232 - - [23/Sep/2025:23:05:37 +0500] "GET /web.config HTTP/1.0" 404 4815 "-" "Go-http-client/1.1"
213.232.87.232 - - [23/Sep/2025:23:05:37 +0500] "GET /api/.env HTTP/1.0" 404 4815 "-" "Go-http-client/1.1"
213.232.87.232 - - [23/Sep/2025:23:05:37 +0500] "GET /server-status HTTP/1.0" 403 4802 "-" "Go-http-client/1.1"
213.232.87.232 - - [23/Sep/2025:23:05:37 +0500] "GET /cloud-config.yml HTTP/1.0" 404 4815 "-" "Go-http-client/1.1"
213.232.87.232 - - [23/Sep/2025:23:05:37 +0500] "GET /.vscode/sftp.json HTTP/1.0" 404 4815 "-" "Go-http-client/1.1"
213.232.87.232 - - [23/Sep/2025:23:05:37 +0500] "GET /phpinfo.php HTTP/1.0" 404 4815 "-" "Go-http-client/1.1"
213.232.87.232 - - [23/Sep/2025:23:05:37 +0500] "GET /docker-compose.yml HTTP/1.0" 404 4815 "-" "Go-http-client/1.1"
213.232.87.232 - - [23/Sep/2025:23:05:37 +0500] "GET /backup.tar.gz HTTP/1.0" 404 4815 "-" "Go-http-client/1.1"
213.232.87.232 - - [23/Sep/2025:23:05:37 +0500] "GET /config.xml HTTP/1.0" 404 4815 "-" "Go-http-client/1.1"
213.232.87.232 - - [23/Sep/2025:23:05:37 +0500] "GET /settings.py HTTP/1.0" 404 4815 "-" "Go-http-client/1.1"
213.232.87.232 - - [23/Sep/2025:23:05:37 +0500] "GET /config.yaml HTTP/1.0" 404 4815 "-" "Go-http-client/1.1"
213.232.87.232 - - [23/Sep/2025:23:05:37 +0500] "GET /config.json HTTP/1.0" 404 4815 "-" "Go-http-client/1.1"
2a00:5da0:1000::128 - - [23/Sep/2025:23:05:40 +0500] "POST /wp-cron.php?doing_wp_cron=1758650740.0244169235229492187500 HTTP/1.0" 200 4011 "-" "WordPress/6.8.2; https://med.greenclinic.kz"
213.232.87.232 - - [23/Sep/2025:23:05:37 +0500] "GET / HTTP/1.0" 200 20875885 "-" "Go-http-client/1.1"
2a00:5da0:1000::128 - - [24/Sep/2025:00:33:10 +0500] "POST /wp-cron.php?doing_wp_cron=1758655990.3301589488983154296875 HTTP/1.0" 200 4011 "-" "WordPress/6.8.2; https://med.greenclinic.kz"
23.27.145.119 - - [24/Sep/2025:00:33:08 +0500] "GET / HTTP/1.0" 200 20877051 "-" "Mozilla/5.0 (X11; Linux i686; rv:109.0) Gecko/20100101 Firefox/120.0"
23.27.145.236 - - [24/Sep/2025:01:03:06 +0500] "GET / HTTP/1.0" 200 20877337 "-" "Mozilla/5.0 (X11; Linux i686; rv:109.0) Gecko/20100101 Firefox/120.0"
2a00:5da0:1000::128 - - [24/Sep/2025:01:33:28 +0500] "POST /wp-cron.php?doing_wp_cron=1758659608.9352300167083740234375 HTTP/1.0" 200 4011 "-" "WordPress/6.8.2; https://med.greenclinic.kz"
23.27.145.48 - - [24/Sep/2025:01:33:26 +0500] "GET / HTTP/1.0" 200 20879537 "-" "Mozilla/5.0 (X11; Linux i686; rv:109.0) Gecko/20100101 Firefox/120.0"
149.57.180.125 - - [24/Sep/2025:02:02:32 +0500] "GET / HTTP/1.0" 200 20875225 "-" "Mozilla/5.0 (X11; Linux i686; rv:109.0) Gecko/20100101 Firefox/120.0"
2a00:5da0:1000::128 - - [24/Sep/2025:02:30:19 +0500] "POST /wp-cron.php?doing_wp_cron=1758663019.6589500904083251953125 HTTP/1.0" 200 4011 "-" "WordPress/6.8.2; https://med.greenclinic.kz"
135.148.100.196 - - [24/Sep/2025:02:30:15 +0500] "GET / HTTP/1.0" 200 20874697 "-" "-"
2a00:5da0:1000::128 - - [24/Sep/2025:03:15:32 +0500] "POST /wp-cron.php?doing_wp_cron=1758665732.1759951114654541015625 HTTP/1.0" 200 4011 "-" "WordPress/6.8.2; https://med.greenclinic.kz"
185.177.72.47 - - [24/Sep/2025:03:15:28 +0500] "GET / HTTP/1.0" 200 20879185 "-" "Mozilla/5.0 (Windows NT 10.0; Win64; x64) AppleWebKit/537.36 (KHTML, like Gecko) Chrome/58.0.3029.110 Safari/537.3"
135.148.100.196 - - [24/Sep/2025:03:29:42 +0500] "GET / HTTP/1.0" 200 20877293 "-" "-"
2a00:5da0:1000::128 - - [24/Sep/2025:04:15:10 +0500] "POST /wp-cron.php?doing_wp_cron=1758669310.2397270202636718750000 HTTP/1.0" 200 4011 "-" "WordPress/6.8.2; https://med.greenclinic.kz"
149.57.180.62 - - [24/Sep/2025:04:15:06 +0500] "GET / HTTP/1.0" 200 20878239 "-" "Mozilla/5.0 (X11; Linux i686; rv:109.0) Gecko/20100101 Firefox/120.0"
149.57.180.19 - - [24/Sep/2025:04:45:44 +0500] "GET / HTTP/1.0" 200 20874301 "-" "Mozilla/5.0 (X11; Linux i686; rv:109.0) Gecko/20100101 Firefox/120.0"
52.16.245.145 - - [24/Sep/2025:05:01:15 +0500] "GET / HTTP/1.0" 200 20876325 "-" "Mozilla/5.0 (X11; Linux x86_64; rv:83.0) Gecko/20100101 Firefox/83.0"
52.16.245.145 - - [24/Sep/2025:05:01:22 +0500] "GET / HTTP/1.0" 200 20878789 "-" "Mozilla/5.0 (X11; Linux x86_64) AppleWebKit/537.36 (KHTML, like Gecko) Chrome/132.0.0.0 Safari/537.36"
52.16.245.145 - - [24/Sep/2025:05:01:29 +0500] "GET / HTTP/1.0" 200 20873487 "-" "Mozilla/5.0 (Macintosh; Intel Mac OS X 10_9_2) AppleWebKit/537.36 (KHTML, like Gecko) Chrome/33.0.1750.152 Safari/537.36"
52.16.245.145 - - [24/Sep/2025:05:01:34 +0500] "HEAD /favicon.ico HTTP/1.0" 404 4007 "-" "Mozilla/5.0 (Macintosh; Intel Mac OS X 10_9_2) AppleWebKit/537.36 (KHTML, like Gecko) Chrome/33.0.1750.152 Safari/537.36"
2a00:5da0:1000::128 - - [24/Sep/2025:05:15:43 +0500] "POST /wp-cron.php?doing_wp_cron=1758672943.8767819404602050781250 HTTP/1.0" 200 4011 "-" "WordPress/6.8.2; https://med.greenclinic.kz"
23.27.145.57 - - [24/Sep/2025:05:15:40 +0500] "GET / HTTP/1.0" 200 20879141 "-" "Mozilla/5.0 (X11; Linux i686; rv:109.0) Gecko/20100101 Firefox/120.0"
2a00:5da0:1000::128 - - [24/Sep/2025:06:15:29 +0500] "POST /wp-cron.php?doing_wp_cron=1758676529.6152019500732421875000 HTTP/1.0" 200 4011 "-" "WordPress/6.8.2; https://med.greenclinic.kz"
149.57.180.188 - - [24/Sep/2025:06:15:27 +0500] "GET / HTTP/1.0" 200 20879537 "-" "Mozilla/5.0 (X11; Linux i686; rv:109.0) Gecko/20100101 Firefox/120.0"
178.128.18.196 - - [24/Sep/2025:06:22:29 +0500] "GET / HTTP/1.0" 200 20874763 "http://med.greenclinic.kz/" "Mozilla/5.0 (Macintosh; Intel Mac OS X 10_7_5) AppleWebKit/537.36 (KHTML, like Gecko) Chrome/44.0.2403.125 Safari/537.36"
149.57.180.142 - - [24/Sep/2025:06:45:15 +0500] "GET / HTTP/1.0" 200 20879053 "-" "Mozilla/5.0 (X11; Linux i686; rv:109.0) Gecko/20100101 Firefox/120.0"
2a00:5da0:1000::128 - - [24/Sep/2025:09:35:53 +0500] "POST /wp-cron.php?doing_wp_cron=1758688553.5983960628509521484375 HTTP/1.0" 200 4011 "-" "WordPress/6.8.2; https://med.greenclinic.kz"
185.247.137.77 - - [24/Sep/2025:09:35:51 +0500] "GET / HTTP/1.0" 200 20875841 "-" "Mozilla/5.0 (compatible; InternetMeasurement/1.0; +https://internet-measurement.com/)"
93.185.74.22 - - [24/Sep/2025:10:54:41 +0500] "GET /?preview_id=13&preview_nonce=cc1d280426&preview=true HTTP/1.0" 403 6566 "https://med.greenclinic.kz/wp-admin/post.php?post=13&action=elementor" "Mozilla/5.0 (Macintosh; Intel Mac OS X 10_15_7) AppleWebKit/537.36 (KHTML, like Gecko) Chrome/129.0.0.0 Safari/537.36 Edg/129.0.0.0"
93.185.74.22 - - [24/Sep/2025:10:54:44 +0500] "GET /favicon.ico HTTP/1.0" 404 4815 "https://med.greenclinic.kz/?preview_id=13&preview_nonce=cc1d280426&preview=true" "Mozilla/5.0 (Macintosh; Intel Mac OS X 10_15_7) AppleWebKit/537.36 (KHTML, like Gecko) Chrome/129.0.0.0 Safari/537.36 Edg/129.0.0.0"
93.185.74.22 - - [24/Sep/2025:10:54:39 +0500] "GET /wp-admin/admin.php?page=WP-Optimize HTTP/1.0" 200 301489 "https://med.greenclinic.kz/wp-admin/plugins.php" "Mozilla/5.0 (Macintosh; Intel Mac OS X 10_15_7) AppleWebKit/537.36 (KHTML, like Gecko) Chrome/129.0.0.0 Safari/537.36 Edg/129.0.0.0"
93.185.74.22 - - [24/Sep/2025:10:54:45 +0500] "GET /wp-admin/load-styles.php?c=1&dir=ltr&load%5Bchunk_0%5D=dashicons,admin-bar,common,forms,admin-menu,dashboard,list-tables,edit,revisions,media,themes,about,nav-menus,wp-pointer,widgets&load%5Bchunk_1%5D=,site-icon,l10n,buttons,wp-auth-check&ver=6.8.2 HTTP/1.0" 200 407350 "https://med.greenclinic.kz/wp-admin/admin.php?page=WP-Optimize" "Mozilla/5.0 (Macintosh; Intel Mac OS X 10_15_7) AppleWebKit/537.36 (KHTML, like Gecko) Chrome/129.0.0.0 Safari/537.36 Edg/129.0.0.0"
93.185.74.22 - - [24/Sep/2025:10:54:44 +0500] "GET /?preview_id=13&preview_nonce=cc1d280426&preview=true HTTP/1.0" 403 6566 "https://med.greenclinic.kz/?preview_id=13&preview_nonce=cc1d280426&preview=true" "Mozilla/5.0 (Macintosh; Intel Mac OS X 10_15_7) AppleWebKit/537.36 (KHTML, like Gecko) Chrome/129.0.0.0 Safari/537.36 Edg/129.0.0.0"
93.185.74.22 - - [24/Sep/2025:10:54:45 +0500] "GET /wp-admin/load-scripts.php?c=1&load%5Bchunk_0%5D=jquery-core,jquery-migrate,utils,wp-hooks&ver=6.8.2 HTTP/1.0" 200 112163 "https://med.greenclinic.kz/wp-admin/admin.php?page=WP-Optimize" "Mozilla/5.0 (Macintosh; Intel Mac OS X 10_15_7) AppleWebKit/537.36 (KHTML, like Gecko) Chrome/129.0.0.0 Safari/537.36 Edg/129.0.0.0"
2a00:5da0:1000::128 - - [24/Sep/2025:10:54:42 +0500] "POST /wp-cron.php?doing_wp_cron=1758693282.5339810848236083984375 HTTP/1.0" 200 4011 "-" "WordPress/6.8.2; https://med.greenclinic.kz"
93.185.74.22 - - [24/Sep/2025:10:54:47 +0500] "POST /wp-admin/admin-ajax.php HTTP/1.0" 200 56023 "https://med.greenclinic.kz/wp-admin/admin.php?page=WP-Optimize" "Mozilla/5.0 (Macintosh; Intel Mac OS X 10_15_7) AppleWebKit/537.36 (KHTML, like Gecko) Chrome/129.0.0.0 Safari/537.36 Edg/129.0.0.0"
2a00:5da0:1000::128 - - [24/Sep/2025:12:07:36 +0500] "POST /wp-cron.php?doing_wp_cron=1758697656.7972071170806884765625 HTTP/1.0" 200 4011 "-" "WordPress/6.8.2; https://med.greenclinic.kz"
91.231.89.32 - - [24/Sep/2025:12:07:33 +0500] "GET / HTTP/1.0" 200 20878283 "-" "Mozilla/5.0 (X11; Ubuntu; Linux x86_64; rv:134.0) Gecko/20100101 Firefox/134.0"
91.196.152.153 - - [24/Sep/2025:12:15:11 +0500] "GET /favicon.ico HTTP/1.0" 404 4815 "-" "Mozilla/5.0 (X11; Ubuntu; Linux x86_64; rv:134.0) Gecko/20100101 Firefox/134.0"
91.196.152.47 - - [24/Sep/2025:12:20:30 +0500] "GET / HTTP/1.0" 200 20879119 "-" "Mozilla/5.0 (X11; Ubuntu; Linux x86_64; rv:134.0) Gecko/20100101 Firefox/134.0"
91.196.152.86 - - [24/Sep/2025:12:28:37 +0500] "GET /favicon.ico HTTP/1.0" 404 4815 "-" "Mozilla/5.0 (X11; Ubuntu; Linux x86_64; rv:134.0) Gecko/20100101 Firefox/134.0"
2a00:5da0:1000::128 - - [24/Sep/2025:13:45:41 +0500] "POST /wp-cron.php?doing_wp_cron=1758703541.3054859638214111328125 HTTP/1.0" 200 4011 "-" "WordPress/6.8.2; https://med.greenclinic.kz"
51.254.49.103 - - [24/Sep/2025:13:45:38 +0500] "GET / HTTP/1.0" 200 20874081 "-" "Mozilla/5.0 (X11; Ubuntu; Linux x86_64; rv:134.0) Gecko/20100101 Firefox/134.0"
