159.89.12.166 - - [25/Oct/2025:16:19:47 +0500] "GET /.vscode/sftp.json HTTP/1.0" 301 4016 "-" "Go-http-client/1.1"
159.89.12.166 - - [25/Oct/2025:16:19:49 +0500] "GET /about HTTP/1.0" 301 4004 "-" "Go-http-client/1.1"
159.89.12.166 - - [25/Oct/2025:16:19:50 +0500] "GET /debug/default/view?panel=config HTTP/1.0" 301 4030 "-" "Go-http-client/1.1"
159.89.12.166 - - [25/Oct/2025:16:19:51 +0500] "GET /v2/_catalog HTTP/1.0" 301 4010 "-" "Go-http-client/1.1"
159.89.12.166 - - [25/Oct/2025:16:19:52 +0500] "GET /ecp/Current/exporttool/microsoft.exchange.ediscovery.exporttool.application HTTP/1.0" 301 4074 "-" "Go-http-client/1.1"
159.89.12.166 - - [25/Oct/2025:16:19:53 +0500] "GET /server-status HTTP/1.0" 403 4802 "-" "Go-http-client/1.1"
159.89.12.166 - - [25/Oct/2025:16:19:54 +0500] "GET /login.action HTTP/1.0" 301 4011 "-" "Go-http-client/1.1"
159.89.12.166 - - [25/Oct/2025:16:19:55 +0500] "GET /_all_dbs HTTP/1.0" 301 4007 "-" "Mozilla/5.0 (l9scan/2.0.5353e26343e2031323e2539313; +https://leakix.net)"
159.89.12.166 - - [25/Oct/2025:16:19:56 +0500] "GET /.DS_Store HTTP/1.0" 301 4008 "-" "Go-http-client/1.1"
159.89.12.166 - - [25/Oct/2025:16:19:58 +0500] "GET /.env HTTP/1.0" 301 4003 "-" "Go-http-client/1.1"
159.89.12.166 - - [25/Oct/2025:16:20:00 +0500] "GET /s/5353e26343e2031323e2539313/_/;/META-INF/maven/com.atlassian.jira/jira-webapp-dist/pom.properties HTTP/1.0" 301 4097 "-" "Go-http-client/1.1"
159.89.12.166 - - [25/Oct/2025:16:20:02 +0500] "GET /config.json HTTP/1.0" 301 4010 "-" "Go-http-client/1.1"
159.89.12.166 - - [25/Oct/2025:16:20:05 +0500] "GET /telescope/requests HTTP/1.0" 301 4017 "-" "Go-http-client/1.1"
159.89.12.166 - - [25/Oct/2025:16:20:07 +0500] "GET /info.php HTTP/1.0" 403 4802 "-" "Go-http-client/1.1"
159.89.12.166 - - [25/Oct/2025:16:20:07 +0500] "GET /?rest_route=/wp/v2/users/ HTTP/1.0" 200 5210 "-" "Go-http-client/1.1"
2a00:5da0:1000::128 - - [25/Oct/2025:17:58:44 +0500] "POST /wp-cron.php?doing_wp_cron=1761397124.1952130794525146484375 HTTP/1.0" 200 4011 "-" "WordPress/6.8.3; https://med.greenclinic.kz"
24.144.91.199 - - [25/Oct/2025:17:58:41 +0500] "GET / HTTP/1.0" 500 11960 "-" "Mozilla/5.0 (X11; Linux x86_64) AppleWebKit/537.36 (KHTML, like Gecko) Chrome/139.0.0.0 Safari/537.36"
2a00:5da0:1000::128 - - [26/Oct/2025:05:03:20 +0500] "POST /wp-cron.php?doing_wp_cron=1761436999.9727759361267089843750 HTTP/1.0" 200 4011 "-" "WordPress/6.8.3; https://med.greenclinic.kz"
2a00:5da0:1000::128 - - [26/Oct/2025:05:09:10 +0500] "POST /wp-cron.php?doing_wp_cron=1761437350.1268689632415771484375 HTTP/1.0" 200 4011 "-" "WordPress/6.8.3; https://med.greenclinic.kz"
2a00:5da0:1000::128 - - [27/Oct/2025:04:52:52 +0500] "POST /wp-cron.php?doing_wp_cron=1761522772.6705629825592041015625 HTTP/1.0" 200 4011 "-" "WordPress/6.8.3; https://med.greenclinic.kz"
2a00:5da0:1000::128 - - [27/Oct/2025:14:52:12 +0500] "POST /wp-cron.php?doing_wp_cron=1761558732.9394230842590332031250 HTTP/1.0" 200 4011 "-" "WordPress/6.8.3; https://med.greenclinic.kz"
34.90.254.162 - - [27/Oct/2025:14:52:10 +0500] "GET / HTTP/1.0" 500 11960 "-" "Scrapy/2.13.3 (+https://scrapy.org)"
139.59.132.8 - - [27/Oct/2025:15:26:51 +0500] "GET / HTTP/1.0" 500 11960 "-" "-"
2a00:5da0:1000::128 - - [27/Oct/2025:15:26:53 +0500] "POST /wp-cron.php?doing_wp_cron=1761560812.9923510551452636718750 HTTP/1.0" 200 4011 "-" "WordPress/6.8.3; https://med.greenclinic.kz"
139.59.132.8 - - [27/Oct/2025:15:27:10 +0500] "GET / HTTP/1.0" 200 20876039 "-" "Mozilla/5.0 (Linux; Android 6.0; HTC One M9 Build/MRA334945) AppleWebKit/537.36 (KHTML, like Gecko) Chrome/52.0.3285.98 Mobile Safari/537.3"
139.59.132.8 - - [27/Oct/2025:15:27:16 +0500] "POST /api HTTP/1.0" 500 11960 "-" "Mozilla/5.0 (l9scan/2.0.5353e26343e2031323e2539313; +https://leakix.net)"
139.59.132.8 - - [27/Oct/2025:15:27:13 +0500] "POST /graphql HTTP/1.0" 500 11960 "-" "Mozilla/5.0 (l9scan/2.0.5353e26343e2031323e2539313; +https://leakix.net)"
139.59.132.8 - - [27/Oct/2025:15:27:22 +0500] "POST /graphql/api HTTP/1.0" 500 11960 "-" "Mozilla/5.0 (l9scan/2.0.5353e26343e2031323e2539313; +https://leakix.net)"
139.59.132.8 - - [27/Oct/2025:15:27:19 +0500] "POST /api/graphql HTTP/1.0" 500 11960 "-" "Mozilla/5.0 (l9scan/2.0.5353e26343e2031323e2539313; +https://leakix.net)"
139.59.132.8 - - [27/Oct/2025:15:27:23 +0500] "GET /swagger-ui.html HTTP/1.0" 301 4014 "-" "Mozilla/5.0 (l9scan/2.0.5353e26343e2031323e2539313; +https://leakix.net)"
139.59.132.8 - - [27/Oct/2025:15:27:26 +0500] "GET /swagger/index.html HTTP/1.0" 301 4017 "-" "Mozilla/5.0 (l9scan/2.0.5353e26343e2031323e2539313; +https://leakix.net)"
139.59.132.8 - - [27/Oct/2025:15:27:28 +0500] "GET /swagger/swagger-ui.html HTTP/1.0" 301 4022 "-" "Mozilla/5.0 (l9scan/2.0.5353e26343e2031323e2539313; +https://leakix.net)"
139.59.132.8 - - [27/Oct/2025:15:27:29 +0500] "GET /webjars/swagger-ui/index.html HTTP/1.0" 301 4028 "-" "Mozilla/5.0 (l9scan/2.0.5353e26343e2031323e2539313; +https://leakix.net)"
139.59.132.8 - - [27/Oct/2025:15:27:31 +0500] "GET /swagger.json HTTP/1.0" 301 4011 "-" "Mozilla/5.0 (l9scan/2.0.5353e26343e2031323e2539313; +https://leakix.net)"
139.59.132.8 - - [27/Oct/2025:15:27:32 +0500] "GET /swagger/v1/swagger.json HTTP/1.0" 301 4022 "-" "Mozilla/5.0 (l9scan/2.0.5353e26343e2031323e2539313; +https://leakix.net)"
139.59.132.8 - - [27/Oct/2025:15:27:33 +0500] "GET /@vite/env HTTP/1.0" 301 4008 "-" "Go-http-client/1.1"
139.59.132.8 - - [27/Oct/2025:15:27:35 +0500] "GET /actuator/env HTTP/1.0" 301 4011 "-" "Go-http-client/1.1"
139.59.132.8 - - [27/Oct/2025:15:27:37 +0500] "POST /php-cgi/php-cgi.exe?%ADd+cgi.force_redirect%3D0+%ADd+disable_functions%3D\"\"+%ADd+allow_url_include%3D1+%ADd+auto_prepend_file%3Dphp://input HTTP/1.0" 200 20875907 "-" "Go-http-client/1.1"
139.59.132.8 - - [27/Oct/2025:15:27:40 +0500] "GET /server HTTP/1.0" 301 4005 "-" "Go-http-client/1.1"
139.59.132.8 - - [27/Oct/2025:15:27:41 +0500] "GET /.vscode/sftp.json HTTP/1.0" 301 4016 "-" "Go-http-client/1.1"
139.59.132.8 - - [27/Oct/2025:15:27:43 +0500] "GET /about HTTP/1.0" 301 4004 "-" "Go-http-client/1.1"
139.59.132.8 - - [27/Oct/2025:15:27:45 +0500] "GET /debug/default/view?panel=config HTTP/1.0" 301 4030 "-" "Go-http-client/1.1"
139.59.132.8 - - [27/Oct/2025:15:27:47 +0500] "GET /v2/_catalog HTTP/1.0" 301 4010 "-" "Go-http-client/1.1"
139.59.132.8 - - [27/Oct/2025:15:27:48 +0500] "GET /ecp/Current/exporttool/microsoft.exchange.ediscovery.exporttool.application HTTP/1.0" 301 4074 "-" "Go-http-client/1.1"
139.59.132.8 - - [27/Oct/2025:15:27:50 +0500] "GET /server-status HTTP/1.0" 403 4802 "-" "Go-http-client/1.1"
139.59.132.8 - - [27/Oct/2025:15:27:51 +0500] "GET /login.action HTTP/1.0" 301 4011 "-" "Go-http-client/1.1"
139.59.132.8 - - [27/Oct/2025:15:27:52 +0500] "GET /_all_dbs HTTP/1.0" 301 4007 "-" "Mozilla/5.0 (l9scan/2.0.5353e26343e2031323e2539313; +https://leakix.net)"
139.59.132.8 - - [27/Oct/2025:15:27:54 +0500] "GET /.DS_Store HTTP/1.0" 301 4008 "-" "Go-http-client/1.1"
139.59.132.8 - - [27/Oct/2025:15:27:55 +0500] "GET /.env HTTP/1.0" 301 4003 "-" "Go-http-client/1.1"
139.59.132.8 - - [27/Oct/2025:15:27:57 +0500] "GET /s/5353e26343e2031323e2539313/_/;/META-INF/maven/com.atlassian.jira/jira-webapp-dist/pom.properties HTTP/1.0" 301 4097 "-" "Go-http-client/1.1"
139.59.132.8 - - [27/Oct/2025:15:27:58 +0500] "GET /config.json HTTP/1.0" 301 4010 "-" "Go-http-client/1.1"
139.59.132.8 - - [27/Oct/2025:15:27:59 +0500] "GET /telescope/requests HTTP/1.0" 301 4017 "-" "Go-http-client/1.1"
139.59.132.8 - - [27/Oct/2025:15:28:00 +0500] "GET /info.php HTTP/1.0" 403 4802 "-" "Go-http-client/1.1"
139.59.132.8 - - [27/Oct/2025:15:28:01 +0500] "GET /?rest_route=/wp/v2/users/ HTTP/1.0" 200 5210 "-" "Go-http-client/1.1"
2a00:5da0:1000::128 - - [28/Oct/2025:05:04:24 +0500] "POST /wp-cron.php?doing_wp_cron=1761609864.0940239429473876953125 HTTP/1.0" 200 4011 "-" "WordPress/6.8.3; https://med.greenclinic.kz"
2a00:5da0:1000::128 - - [28/Oct/2025:05:10:37 +0500] "POST /wp-cron.php?doing_wp_cron=1761610237.4664490222930908203125 HTTP/1.0" 200 4011 "-" "WordPress/6.8.3; https://med.greenclinic.kz"
2a00:5da0:1000::128 - - [29/Oct/2025:04:56:31 +0500] "POST /wp-cron.php HTTP/1.0" 200 4011 "-" "WordPress/6.8.3; https://med.greenclinic.kz"
2a00:5da0:1000::128 - - [29/Oct/2025:04:56:33 +0500] "GET / HTTP/1.0" 500 11960 "-" "WordPress/6.8.3; https://med.greenclinic.kz"
2a00:5da0:1000::128 - - [29/Oct/2025:04:56:38 +0500] "GET / HTTP/1.0" 500 11960 "-" "WordPress/6.8.3; https://med.greenclinic.kz"
2a00:5da0:1000::128 - - [29/Oct/2025:04:56:22 +0500] "POST /wp-cron.php?doing_wp_cron=1761695782.4628739356994628906250 HTTP/1.0" 200 4011 "-" "WordPress/6.8.3; https://med.greenclinic.kz"
2a00:5da0:1000::128 - - [29/Oct/2025:04:56:43 +0500] "GET / HTTP/1.0" 500 11960 "-" "WordPress/6.8.3; https://med.greenclinic.kz"
147.182.200.94 - - [29/Oct/2025:10:53:23 +0500] "GET / HTTP/1.0" 500 11960 "-" "-"
2a00:5da0:1000::128 - - [29/Oct/2025:10:53:26 +0500] "POST /wp-cron.php?doing_wp_cron=1761717206.5992779731750488281250 HTTP/1.0" 200 4011 "-" "WordPress/6.8.3; https://med.greenclinic.kz"
147.182.200.94 - - [29/Oct/2025:10:53:25 +0500] "GET / HTTP/1.0" 200 20878217 "-" "Mozilla/5.0 (Linux; Android 6.0; HTC One M9 Build/MRA334945) AppleWebKit/537.36 (KHTML, like Gecko) Chrome/52.0.3285.98 Mobile Safari/537.3"
147.182.200.94 - - [29/Oct/2025:10:53:31 +0500] "POST /graphql HTTP/1.0" 500 11960 "-" "Mozilla/5.0 (l9scan/2.0.5353e26343e2031323e2539313; +https://leakix.net)"
147.182.200.94 - - [29/Oct/2025:10:53:34 +0500] "POST /api HTTP/1.0" 200 20877491 "-" "Mozilla/5.0 (l9scan/2.0.5353e26343e2031323e2539313; +https://leakix.net)"
147.182.200.94 - - [29/Oct/2025:10:53:37 +0500] "POST /api/graphql HTTP/1.0" 200 20879405 "-" "Mozilla/5.0 (l9scan/2.0.5353e26343e2031323e2539313; +https://leakix.net)"
147.182.200.94 - - [29/Oct/2025:10:53:41 +0500] "GET /swagger-ui.html HTTP/1.0" 301 4014 "-" "Mozilla/5.0 (l9scan/2.0.5353e26343e2031323e2539313; +https://leakix.net)"
147.182.200.94 - - [29/Oct/2025:10:53:40 +0500] "POST /graphql/api HTTP/1.0" 500 11960 "-" "Mozilla/5.0 (l9scan/2.0.5353e26343e2031323e2539313; +https://leakix.net)"
147.182.200.94 - - [29/Oct/2025:10:53:42 +0500] "GET /swagger/index.html HTTP/1.0" 301 4017 "-" "Mozilla/5.0 (l9scan/2.0.5353e26343e2031323e2539313; +https://leakix.net)"
147.182.200.94 - - [29/Oct/2025:10:53:44 +0500] "GET /swagger/swagger-ui.html HTTP/1.0" 301 4022 "-" "Mozilla/5.0 (l9scan/2.0.5353e26343e2031323e2539313; +https://leakix.net)"
147.182.200.94 - - [29/Oct/2025:10:53:46 +0500] "GET /webjars/swagger-ui/index.html HTTP/1.0" 301 4028 "-" "Mozilla/5.0 (l9scan/2.0.5353e26343e2031323e2539313; +https://leakix.net)"
147.182.200.94 - - [29/Oct/2025:10:53:47 +0500] "GET /swagger.json HTTP/1.0" 301 4011 "-" "Mozilla/5.0 (l9scan/2.0.5353e26343e2031323e2539313; +https://leakix.net)"
147.182.200.94 - - [29/Oct/2025:10:53:49 +0500] "GET /swagger/v1/swagger.json HTTP/1.0" 301 4022 "-" "Mozilla/5.0 (l9scan/2.0.5353e26343e2031323e2539313; +https://leakix.net)"
147.182.200.94 - - [29/Oct/2025:10:53:51 +0500] "GET /@vite/env HTTP/1.0" 301 4008 "-" "Go-http-client/1.1"
147.182.200.94 - - [29/Oct/2025:10:53:52 +0500] "GET /actuator/env HTTP/1.0" 301 4011 "-" "Go-http-client/1.1"
147.182.200.94 - - [29/Oct/2025:10:53:54 +0500] "POST /php-cgi/php-cgi.exe?%ADd+cgi.force_redirect%3D0+%ADd+disable_functions%3D\"\"+%ADd+allow_url_include%3D1+%ADd+auto_prepend_file%3Dphp://input HTTP/1.0" 500 11960 "-" "Go-http-client/1.1"
147.182.200.94 - - [29/Oct/2025:10:53:57 +0500] "GET /server HTTP/1.0" 301 4005 "-" "Go-http-client/1.1"
147.182.200.94 - - [29/Oct/2025:10:53:58 +0500] "GET /.vscode/sftp.json HTTP/1.0" 301 4016 "-" "Go-http-client/1.1"
147.182.200.94 - - [29/Oct/2025:10:54:00 +0500] "GET /about HTTP/1.0" 301 4004 "-" "Go-http-client/1.1"
147.182.200.94 - - [29/Oct/2025:10:54:01 +0500] "GET /debug/default/view?panel=config HTTP/1.0" 301 4030 "-" "Go-http-client/1.1"
147.182.200.94 - - [29/Oct/2025:10:54:03 +0500] "GET /v2/_catalog HTTP/1.0" 301 4010 "-" "Go-http-client/1.1"
147.182.200.94 - - [29/Oct/2025:10:54:05 +0500] "GET /ecp/Current/exporttool/microsoft.exchange.ediscovery.exporttool.application HTTP/1.0" 301 4074 "-" "Go-http-client/1.1"
147.182.200.94 - - [29/Oct/2025:10:54:06 +0500] "GET /server-status HTTP/1.0" 403 4802 "-" "Go-http-client/1.1"
147.182.200.94 - - [29/Oct/2025:10:54:07 +0500] "GET /login.action HTTP/1.0" 301 4011 "-" "Go-http-client/1.1"
147.182.200.94 - - [29/Oct/2025:10:54:08 +0500] "GET /_all_dbs HTTP/1.0" 301 4007 "-" "Mozilla/5.0 (l9scan/2.0.5353e26343e2031323e2539313; +https://leakix.net)"
147.182.200.94 - - [29/Oct/2025:10:54:11 +0500] "GET /.DS_Store HTTP/1.0" 301 4008 "-" "Go-http-client/1.1"
147.182.200.94 - - [29/Oct/2025:10:54:13 +0500] "GET /.env HTTP/1.0" 301 4003 "-" "Go-http-client/1.1"
147.182.200.94 - - [29/Oct/2025:10:54:15 +0500] "GET /s/5353e26343e2031323e2539313/_/;/META-INF/maven/com.atlassian.jira/jira-webapp-dist/pom.properties HTTP/1.0" 301 4097 "-" "Go-http-client/1.1"
147.182.200.94 - - [29/Oct/2025:10:54:16 +0500] "GET /config.json HTTP/1.0" 301 4010 "-" "Go-http-client/1.1"
147.182.200.94 - - [29/Oct/2025:10:54:18 +0500] "GET /telescope/requests HTTP/1.0" 301 4017 "-" "Go-http-client/1.1"
147.182.200.94 - - [29/Oct/2025:10:54:19 +0500] "GET /info.php HTTP/1.0" 403 4802 "-" "Go-http-client/1.1"
147.182.200.94 - - [29/Oct/2025:10:54:20 +0500] "GET /?rest_route=/wp/v2/users/ HTTP/1.0" 200 5210 "-" "Go-http-client/1.1"
2a00:5da0:1000::128 - - [29/Oct/2025:15:07:22 +0500] "POST /wp-cron.php?doing_wp_cron=1761732442.4074211120605468750000 HTTP/1.0" 200 4011 "-" "WordPress/6.8.3; https://med.greenclinic.kz"
209.38.41.70 - - [29/Oct/2025:15:07:19 +0500] "GET / HTTP/1.0" 200 20878173 "-" "Mozilla/5.0 (Windows NT 10.0; Win64; x64) AppleWebKit/537.36 (KHTML, like Gecko) Chrome/78.0.3904.108 Safari/537.36"
209.38.41.70 - - [29/Oct/2025:15:07:59 +0500] "GET //wp-includes/wlwmanifest.xml HTTP/1.0" 301 4026 "-" "Mozilla/5.0 (Windows NT 10.0; Win64; x64) AppleWebKit/537.36 (KHTML, like Gecko) Chrome/78.0.3904.108 Safari/537.36"
209.38.41.70 - - [29/Oct/2025:15:08:03 +0500] "GET / HTTP/1.0" 200 20879361 "-" "Mozilla/5.0 (Windows NT 10.0; Win64; x64) AppleWebKit/537.36 (KHTML, like Gecko) Chrome/78.0.3904.108 Safari/537.36"
209.38.41.70 - - [29/Oct/2025:15:08:25 +0500] "GET //?author=1 HTTP/1.0" 301 4007 "-" "Mozilla/5.0 (Windows NT 10.0; Win64; x64) AppleWebKit/537.36 (KHTML, like Gecko) Chrome/78.0.3904.108 Safari/537.36"
209.38.41.70 - - [29/Oct/2025:15:08:26 +0500] "GET //?author=2 HTTP/1.0" 301 4007 "-" "Mozilla/5.0 (Windows NT 10.0; Win64; x64) AppleWebKit/537.36 (KHTML, like Gecko) Chrome/78.0.3904.108 Safari/537.36"
209.38.41.70 - - [29/Oct/2025:15:08:27 +0500] "GET //wp-json/wp/v2/users/ HTTP/1.0" 301 4018 "-" "Mozilla/5.0 (Windows NT 10.0; Win64; x64) AppleWebKit/537.36 (KHTML, like Gecko) Chrome/78.0.3904.108 Safari/537.36"
209.38.41.70 - - [29/Oct/2025:15:08:29 +0500] "GET //wp-json/oembed/1.0/embed?url=https://med.greenclinic.kz/ HTTP/1.0" 301 4055 "-" "Mozilla/5.0 (Windows NT 10.0; Win64; x64) AppleWebKit/537.36 (KHTML, like Gecko) Chrome/78.0.3904.108 Safari/537.36"
2a00:5da0:1000::128 - - [30/Oct/2025:04:56:16 +0500] "POST /wp-cron.php?doing_wp_cron=1761782176.2043430805206298828125 HTTP/1.0" 200 4011 "-" "WordPress/6.8.3; https://med.greenclinic.kz"
2a00:5da0:1000::128 - - [30/Oct/2025:17:59:34 +0500] "POST /wp-cron.php?doing_wp_cron=1761829174.3719921112060546875000 HTTP/1.0" 200 4011 "-" "WordPress/6.8.3; https://med.greenclinic.kz"
54.73.2.203 - - [30/Oct/2025:17:59:30 +0500] "GET / HTTP/1.0" 500 11960 "-" "Plesk screenshot bot https://support.plesk.com/hc/en-us/articles/10301006946066"
34.249.126.109 - - [31/Oct/2025:16:59:29 +0500] "GET / HTTP/1.0" 200 20874455 "-" "Plesk screenshot bot https://support.plesk.com/hc/en-us/articles/10301006946066"
2a00:5da0:1000::128 - - [31/Oct/2025:16:59:42 +0500] "POST /wp-cron.php HTTP/1.0" 200 4011 "-" "WordPress/6.8.3; https://med.greenclinic.kz"
2a00:5da0:1000::128 - - [31/Oct/2025:16:59:42 +0500] "GET / HTTP/1.0" 200 20879383 "-" "WordPress/6.8.3; https://med.greenclinic.kz"
2a00:5da0:1000::128 - - [31/Oct/2025:16:59:45 +0500] "GET / HTTP/1.0" 200 20876061 "-" "WordPress/6.8.3; https://med.greenclinic.kz"
2a00:5da0:1000::128 - - [31/Oct/2025:16:59:49 +0500] "GET / HTTP/1.0" 200 20878547 "-" "WordPress/6.8.3; https://med.greenclinic.kz"
2a00:5da0:1000::128 - - [31/Oct/2025:16:59:53 +0500] "GET / HTTP/1.0" 200 20874059 "-" "WordPress/6.8.3; https://med.greenclinic.kz"
2a00:5da0:1000::128 - - [31/Oct/2025:16:59:31 +0500] "POST /wp-cron.php?doing_wp_cron=1761911971.7709589004516601562500 HTTP/1.0" 200 4011 "-" "WordPress/6.8.3; https://med.greenclinic.kz"
167.94.138.48 - - [01/Nov/2025:02:26:16 +0500] "GET / HTTP/1.0" 200 20878789 "-" "Mozilla/5.0 (compatible; CensysInspect/1.1; +https://about.censys.io/)"
2a00:5da0:1000::128 - - [01/Nov/2025:02:26:18 +0500] "POST /wp-cron.php?doing_wp_cron=1761945978.8046638965606689453125 HTTP/1.0" 200 4011 "-" "WordPress/6.8.3; https://med.greenclinic.kz"
2a00:5da0:1000::128 - - [01/Nov/2025:05:07:05 +0500] "POST /wp-cron.php?doing_wp_cron=1761955625.3023369312286376953125 HTTP/1.0" 200 4011 "-" "WordPress/6.8.3; https://med.greenclinic.kz"
74.7.228.45 - - [01/Nov/2025:23:08:57 +0500] "GET /robots.txt HTTP/1.0" 301 4009 "-" "Mozilla/5.0 (Macintosh; Intel Mac OS X 10_15_7) AppleWebKit/537.36 (KHTML, like Gecko) Chrome/131.0.0.0 Safari/537.36; compatible; OAI-SearchBot/1.0; robots.txt; +https://openai.com/searchbot"
2a00:5da0:1000::128 - - [01/Nov/2025:23:08:59 +0500] "POST /wp-cron.php?doing_wp_cron=1762020539.7961809635162353515625 HTTP/1.0" 200 4011 "-" "WordPress/6.8.3; https://med.greenclinic.kz"
74.7.228.45 - - [01/Nov/2025:23:09:01 +0500] "GET /robots.txt/ HTTP/1.0" 500 11960 "https://med.greenclinic.kz/robots.txt" "Mozilla/5.0 (Macintosh; Intel Mac OS X 10_15_7) AppleWebKit/537.36 (KHTML, like Gecko) Chrome/131.0.0.0 Safari/537.36; compatible; OAI-SearchBot/1.0; robots.txt; +https://openai.com/searchbot"
87.236.176.48 - - [01/Nov/2025:23:22:04 +0500] "GET / HTTP/1.0" 200 20874125 "-" "Mozilla/5.0 (compatible; InternetMeasurement/1.0; +https://internet-measurement.com/)"
2a00:5da0:1000::128 - - [02/Nov/2025:01:51:47 +0500] "POST /wp-cron.php?doing_wp_cron=1762030307.1721899509429931640625 HTTP/1.0" 200 4011 "-" "WordPress/6.8.3; https://med.greenclinic.kz"
87.236.176.182 - - [02/Nov/2025:01:51:44 +0500] "GET / HTTP/1.0" 200 20874235 "http://med.greenclinic.kz" "Mozilla/5.0 (compatible; InternetMeasurement/1.0; +https://internet-measurement.com/)"
87.236.176.240 - - [02/Nov/2025:01:51:52 +0500] "GET /favicon.ico HTTP/1.0" 301 4010 "-" "Mozilla/5.0 (compatible; InternetMeasurement/1.0; +https://internet-measurement.com/)"
87.236.176.240 - - [02/Nov/2025:01:51:54 +0500] "GET /favicon.ico/ HTTP/1.0" 200 20878789 "https://med.greenclinic.kz/favicon.ico" "Mozilla/5.0 (compatible; InternetMeasurement/1.0; +https://internet-measurement.com/)"
2a00:5da0:1000::128 - - [02/Nov/2025:05:06:50 +0500] "POST /wp-cron.php?doing_wp_cron=1762042010.0813100337982177734375 HTTP/1.0" 200 4011 "-" "WordPress/6.8.3; https://med.greenclinic.kz"
2a00:5da0:1000::128 - - [02/Nov/2025:05:07:05 +0500] "POST /wp-cron.php?doing_wp_cron=1762042025.2786130905151367187500 HTTP/1.0" 200 4011 "-" "WordPress/6.8.3; https://med.greenclinic.kz"
74.7.228.45 - - [02/Nov/2025:06:46:48 +0500] "GET /robots.txt HTTP/1.0" 301 4009 "http://med.greenclinic.kz/robots.txt" "Mozilla/5.0 (Macintosh; Intel Mac OS X 10_15_7) AppleWebKit/537.36 (KHTML, like Gecko) Chrome/131.0.0.0 Safari/537.36; compatible; OAI-SearchBot/1.0; robots.txt; +https://openai.com/searchbot"
2a00:5da0:1000::128 - - [02/Nov/2025:06:46:50 +0500] "POST /wp-cron.php?doing_wp_cron=1762048010.8135170936584472656250 HTTP/1.0" 200 4011 "-" "WordPress/6.8.3; https://med.greenclinic.kz"
74.7.228.45 - - [02/Nov/2025:06:46:52 +0500] "GET /robots.txt/ HTTP/1.0" 200 20873509 "https://med.greenclinic.kz/robots.txt" "Mozilla/5.0 (Macintosh; Intel Mac OS X 10_15_7) AppleWebKit/537.36 (KHTML, like Gecko) Chrome/131.0.0.0 Safari/537.36; compatible; OAI-SearchBot/1.0; robots.txt; +https://openai.com/searchbot"
74.7.228.45 - - [02/Nov/2025:06:46:58 +0500] "GET /robots.txt HTTP/1.0" 301 4009 "-" "Mozilla/5.0 (Macintosh; Intel Mac OS X 10_15_7) AppleWebKit/537.36 (KHTML, like Gecko) Chrome/131.0.0.0 Safari/537.36; compatible; OAI-SearchBot/1.0; robots.txt; +https://openai.com/searchbot"
74.7.228.45 - - [02/Nov/2025:06:46:59 +0500] "GET /robots.txt/ HTTP/1.0" 200 20876545 "https://med.greenclinic.kz/robots.txt" "Mozilla/5.0 (Macintosh; Intel Mac OS X 10_15_7) AppleWebKit/537.36 (KHTML, like Gecko) Chrome/131.0.0.0 Safari/537.36; compatible; OAI-SearchBot/1.0; robots.txt; +https://openai.com/searchbot"
167.99.210.137 - - [02/Nov/2025:18:54:34 +0500] "GET / HTTP/1.0" 500 11960 "-" "-"
2a00:5da0:1000::128 - - [02/Nov/2025:18:54:36 +0500] "POST /wp-cron.php?doing_wp_cron=1762091676.4673910140991210937500 HTTP/1.0" 200 4011 "-" "WordPress/6.8.3; https://med.greenclinic.kz"
167.99.210.137 - - [02/Nov/2025:18:54:35 +0500] "GET / HTTP/1.0" 200 20876083 "-" "Mozilla/5.0 (Linux; Android 6.0; HTC One M9 Build/MRA334945) AppleWebKit/537.36 (KHTML, like Gecko) Chrome/52.0.3285.98 Mobile Safari/537.3"
167.99.210.137 - - [02/Nov/2025:18:54:41 +0500] "POST /graphql HTTP/1.0" 200 20874147 "-" "Mozilla/5.0 (l9scan/2.0.5353e26343e2031323e2539313; +https://leakix.net)"
167.99.210.137 - - [02/Nov/2025:18:54:44 +0500] "POST /api HTTP/1.0" 200 20879361 "-" "Mozilla/5.0 (l9scan/2.0.5353e26343e2031323e2539313; +https://leakix.net)"
167.99.210.137 - - [02/Nov/2025:18:54:47 +0500] "POST /api/graphql HTTP/1.0" 200 20873487 "-" "Mozilla/5.0 (l9scan/2.0.5353e26343e2031323e2539313; +https://leakix.net)"
167.99.210.137 - - [02/Nov/2025:18:54:51 +0500] "GET /swagger-ui.html HTTP/1.0" 301 4014 "-" "Mozilla/5.0 (l9scan/2.0.5353e26343e2031323e2539313; +https://leakix.net)"
167.99.210.137 - - [02/Nov/2025:18:54:50 +0500] "POST /graphql/api HTTP/1.0" 500 11960 "-" "Mozilla/5.0 (l9scan/2.0.5353e26343e2031323e2539313; +https://leakix.net)"
167.99.210.137 - - [02/Nov/2025:18:54:52 +0500] "GET /swagger/index.html HTTP/1.0" 301 4017 "-" "Mozilla/5.0 (l9scan/2.0.5353e26343e2031323e2539313; +https://leakix.net)"
167.99.210.137 - - [02/Nov/2025:18:54:54 +0500] "GET /swagger/swagger-ui.html HTTP/1.0" 301 4022 "-" "Mozilla/5.0 (l9scan/2.0.5353e26343e2031323e2539313; +https://leakix.net)"
167.99.210.137 - - [02/Nov/2025:18:54:55 +0500] "GET /webjars/swagger-ui/index.html HTTP/1.0" 301 4028 "-" "Mozilla/5.0 (l9scan/2.0.5353e26343e2031323e2539313; +https://leakix.net)"
167.99.210.137 - - [02/Nov/2025:18:54:56 +0500] "GET /swagger.json HTTP/1.0" 301 4011 "-" "Mozilla/5.0 (l9scan/2.0.5353e26343e2031323e2539313; +https://leakix.net)"
167.99.210.137 - - [02/Nov/2025:18:54:57 +0500] "GET /swagger/v1/swagger.json HTTP/1.0" 301 4022 "-" "Mozilla/5.0 (l9scan/2.0.5353e26343e2031323e2539313; +https://leakix.net)"
167.99.210.137 - - [02/Nov/2025:18:54:59 +0500] "GET /v2/api-docs HTTP/1.0" 301 4010 "-" "Mozilla/5.0 (l9scan/2.0.5353e26343e2031323e2539313; +https://leakix.net)"
167.99.210.137 - - [02/Nov/2025:18:55:00 +0500] "GET /v3/api-docs HTTP/1.0" 301 4010 "-" "Mozilla/5.0 (l9scan/2.0.5353e26343e2031323e2539313; +https://leakix.net)"
167.99.210.137 - - [02/Nov/2025:18:55:01 +0500] "GET /@vite/env HTTP/1.0" 301 4008 "-" "Go-http-client/1.1"
167.99.210.137 - - [02/Nov/2025:18:55:03 +0500] "GET /actuator/env HTTP/1.0" 301 4011 "-" "Go-http-client/1.1"
167.99.210.137 - - [02/Nov/2025:18:55:05 +0500] "POST /php-cgi/php-cgi.exe?%ADd+cgi.force_redirect%3D0+%ADd+disable_functions%3D\"\"+%ADd+allow_url_include%3D1+%ADd+auto_prepend_file%3Dphp://input HTTP/1.0" 500 11960 "-" "Go-http-client/1.1"
167.99.210.137 - - [02/Nov/2025:18:55:08 +0500] "GET /server HTTP/1.0" 301 4005 "-" "Go-http-client/1.1"
167.99.210.137 - - [02/Nov/2025:18:55:09 +0500] "GET /.vscode/sftp.json HTTP/1.0" 301 4016 "-" "Go-http-client/1.1"
167.99.210.137 - - [02/Nov/2025:18:55:11 +0500] "GET /about HTTP/1.0" 301 4004 "-" "Go-http-client/1.1"
167.99.210.137 - - [02/Nov/2025:18:55:12 +0500] "GET /debug/default/view?panel=config HTTP/1.0" 301 4030 "-" "Go-http-client/1.1"
167.99.210.137 - - [02/Nov/2025:18:55:13 +0500] "GET /v2/_catalog HTTP/1.0" 301 4010 "-" "Go-http-client/1.1"
167.99.210.137 - - [02/Nov/2025:18:55:15 +0500] "GET /ecp/Current/exporttool/microsoft.exchange.ediscovery.exporttool.application HTTP/1.0" 301 4074 "-" "Go-http-client/1.1"
167.99.210.137 - - [02/Nov/2025:18:55:16 +0500] "GET /server-status HTTP/1.0" 403 4802 "-" "Go-http-client/1.1"
167.99.210.137 - - [02/Nov/2025:18:55:17 +0500] "GET /login.action HTTP/1.0" 301 4011 "-" "Go-http-client/1.1"
167.99.210.137 - - [02/Nov/2025:18:55:18 +0500] "GET /_all_dbs HTTP/1.0" 301 4007 "-" "Mozilla/5.0 (l9scan/2.0.5353e26343e2031323e2539313; +https://leakix.net)"
167.99.210.137 - - [02/Nov/2025:18:55:19 +0500] "GET /.DS_Store HTTP/1.0" 301 4008 "-" "Go-http-client/1.1"
167.99.210.137 - - [02/Nov/2025:18:55:21 +0500] "GET /.env HTTP/1.0" 301 4003 "-" "Go-http-client/1.1"
167.99.210.137 - - [02/Nov/2025:18:55:23 +0500] "GET /s/5353e26343e2031323e2539313/_/;/META-INF/maven/com.atlassian.jira/jira-webapp-dist/pom.properties HTTP/1.0" 301 4097 "-" "Go-http-client/1.1"
167.99.210.137 - - [02/Nov/2025:18:55:24 +0500] "GET /config.json HTTP/1.0" 301 4010 "-" "Go-http-client/1.1"
167.99.210.137 - - [02/Nov/2025:18:55:25 +0500] "GET /telescope/requests HTTP/1.0" 301 4017 "-" "Go-http-client/1.1"
167.99.210.137 - - [02/Nov/2025:18:55:26 +0500] "GET /info.php HTTP/1.0" 403 4802 "-" "Go-http-client/1.1"
167.99.210.137 - - [02/Nov/2025:18:55:26 +0500] "GET /?rest_route=/wp/v2/users/ HTTP/1.0" 200 5210 "-" "Go-http-client/1.1"
2a00:5da0:1000::128 - - [03/Nov/2025:05:10:07 +0500] "POST /wp-cron.php?doing_wp_cron=1762128607.3075029850006103515625 HTTP/1.0" 200 4011 "-" "WordPress/6.8.3; https://med.greenclinic.kz"
2a00:5da0:1000::128 - - [04/Nov/2025:00:26:39 +0500] "POST /wp-cron.php?doing_wp_cron=1762197999.8196859359741210937500 HTTP/1.0" 200 4011 "-" "WordPress/6.8.3; https://med.greenclinic.kz"
157.245.105.107 - - [04/Nov/2025:00:26:38 +0500] "GET / HTTP/1.0" 500 11960 "-" "Mozilla/5.0 (Linux; Android 6.0; HTC One M9 Build/MRA334945) AppleWebKit/537.36 (KHTML, like Gecko) Chrome/52.0.3285.98 Mobile Safari/537.3"
157.245.105.107 - - [04/Nov/2025:00:26:37 +0500] "GET / HTTP/1.0" 500 11960 "-" "-"
2a00:5da0:1000::128 - - [04/Nov/2025:05:03:29 +0500] "POST /wp-cron.php?doing_wp_cron=1762214609.5199630260467529296875 HTTP/1.0" 200 4011 "-" "WordPress/6.8.3; https://med.greenclinic.kz"
2a00:5da0:1000::128 - - [04/Nov/2025:05:09:40 +0500] "POST /wp-cron.php?doing_wp_cron=1762214980.4885718822479248046875 HTTP/1.0" 200 4011 "-" "WordPress/6.8.3; https://med.greenclinic.kz"
2a00:5da0:1000::128 - - [04/Nov/2025:06:59:25 +0500] "POST /wp-cron.php?doing_wp_cron=1762221565.8556880950927734375000 HTTP/1.0" 200 4011 "-" "WordPress/6.8.3; https://med.greenclinic.kz"
52.208.151.205 - - [04/Nov/2025:06:59:22 +0500] "GET / HTTP/1.0" 200 20873597 "-" "Mozilla/5.0 (Macintosh; Intel Mac OS X 10.15; rv:121.0) Gecko/20100101 Firefox/121.0"
198.235.24.194 - - [04/Nov/2025:12:39:02 +0500] "GET / HTTP/1.0" 200 20877293 "-" "Hello from Palo Alto Networks, find out more about our scans in https://docs-cortex.paloaltonetworks.com/r/1/Cortex-Xpanse/Scanning-activity"
2a00:5da0:1000::128 - - [04/Nov/2025:12:39:06 +0500] "POST /wp-cron.php?doing_wp_cron=1762241946.8500390052795410156250 HTTP/1.0" 200 4011 "-" "WordPress/6.8.3; https://med.greenclinic.kz"
198.235.24.135 - - [04/Nov/2025:17:11:52 +0500] "GET /wp-login.php HTTP/1.0" 200 15661 "-" "Hello from Palo Alto Networks, find out more about our scans in https://docs-cortex.paloaltonetworks.com/r/1/Cortex-Xpanse/Scanning-activity"
2a00:5da0:1000::128 - - [04/Nov/2025:17:11:55 +0500] "POST /wp-cron.php?doing_wp_cron=1762258315.7982161045074462890625 HTTP/1.0" 200 4011 "-" "WordPress/6.8.3; https://med.greenclinic.kz"
2a00:5da0:1000::128 - - [05/Nov/2025:05:00:36 +0500] "POST /wp-cron.php HTTP/1.0" 200 4011 "-" "WordPress/6.8.3; https://med.greenclinic.kz"
2a00:5da0:1000::128 - - [05/Nov/2025:05:00:37 +0500] "GET / HTTP/1.0" 500 11960 "-" "WordPress/6.8.3; https://med.greenclinic.kz"
2a00:5da0:1000::128 - - [05/Nov/2025:05:00:42 +0500] "GET / HTTP/1.0" 500 11960 "-" "WordPress/6.8.3; https://med.greenclinic.kz"
2a00:5da0:1000::128 - - [05/Nov/2025:05:00:29 +0500] "POST /wp-cron.php?doing_wp_cron=1762300829.1905651092529296875000 HTTP/1.0" 200 4011 "-" "WordPress/6.8.3; https://med.greenclinic.kz"
2a00:5da0:1000::128 - - [05/Nov/2025:05:00:47 +0500] "GET / HTTP/1.0" 500 11960 "-" "WordPress/6.8.3; https://med.greenclinic.kz"
2a00:5da0:1000::128 - - [05/Nov/2025:06:30:16 +0500] "POST /wp-cron.php?doing_wp_cron=1762306216.3545639514923095703125 HTTP/1.0" 200 4011 "-" "WordPress/6.8.3; https://med.greenclinic.kz"
52.208.151.205 - - [05/Nov/2025:06:30:13 +0500] "GET / HTTP/1.0" 200 20876193 "-" "Mozilla/5.0 (Macintosh; Intel Mac OS X 10_15_7) AppleWebKit/605.1.15 (KHTML, like Gecko) Version/17.1 Safari/605.1.15"
176.65.148.212 - - [05/Nov/2025:12:32:01 +0500] "GET /.env HTTP/1.0" 301 4003 "-" "Mozilla/5.0 (Windows NT 10.0; Win64; x64) AppleWebKit/537.36 (KHTML, like Gecko) Chrome/134.0.0.0 Safari/537.3"
2a00:5da0:1000::128 - - [05/Nov/2025:12:32:06 +0500] "POST /wp-cron.php?doing_wp_cron=1762327925.9285891056060791015625 HTTP/1.0" 200 4011 "-" "WordPress/6.8.3; https://med.greenclinic.kz"
176.65.148.212 - - [05/Nov/2025:12:32:07 +0500] "GET /.env/ HTTP/1.0" 200 20873861 "-" "Mozilla/5.0 (Windows NT 10.0; Win64; x64) AppleWebKit/537.36 (KHTML, like Gecko) Chrome/134.0.0.0 Safari/537.3"
2a00:5da0:1000::128 - - [05/Nov/2025:15:42:40 +0500] "POST /wp-cron.php?doing_wp_cron=1762339360.6263380050659179687500 HTTP/1.0" 200 4011 "-" "WordPress/6.8.3; https://med.greenclinic.kz"
167.172.158.128 - - [05/Nov/2025:15:42:37 +0500] "GET / HTTP/1.0" 500 11960 "-" "-"
167.172.158.128 - - [05/Nov/2025:15:42:38 +0500] "GET / HTTP/1.0" 200 20877337 "-" "Mozilla/5.0 (Linux; Android 6.0; HTC One M9 Build/MRA334945) AppleWebKit/537.36 (KHTML, like Gecko) Chrome/52.0.3285.98 Mobile Safari/537.3"
167.172.158.128 - - [05/Nov/2025:15:42:45 +0500] "POST /graphql HTTP/1.0" 200 20879361 "-" "Mozilla/5.0 (l9scan/2.0.5353e26343e2031323e2539313; +https://leakix.net)"
167.172.158.128 - - [05/Nov/2025:15:42:48 +0500] "POST /api HTTP/1.0" 200 20873487 "-" "Mozilla/5.0 (l9scan/2.0.5353e26343e2031323e2539313; +https://leakix.net)"
167.172.158.128 - - [05/Nov/2025:15:42:51 +0500] "POST /api/graphql HTTP/1.0" 500 11960 "-" "Mozilla/5.0 (l9scan/2.0.5353e26343e2031323e2539313; +https://leakix.net)"
167.172.158.128 - - [05/Nov/2025:15:42:55 +0500] "GET /swagger-ui.html HTTP/1.0" 301 4014 "-" "Mozilla/5.0 (l9scan/2.0.5353e26343e2031323e2539313; +https://leakix.net)"
167.172.158.128 - - [05/Nov/2025:15:42:54 +0500] "POST /graphql/api HTTP/1.0" 500 11960 "-" "Mozilla/5.0 (l9scan/2.0.5353e26343e2031323e2539313; +https://leakix.net)"
167.172.158.128 - - [05/Nov/2025:15:42:56 +0500] "GET /swagger/index.html HTTP/1.0" 301 4017 "-" "Mozilla/5.0 (l9scan/2.0.5353e26343e2031323e2539313; +https://leakix.net)"
167.172.158.128 - - [05/Nov/2025:15:42:58 +0500] "GET /swagger/swagger-ui.html HTTP/1.0" 301 4022 "-" "Mozilla/5.0 (l9scan/2.0.5353e26343e2031323e2539313; +https://leakix.net)"
167.172.158.128 - - [05/Nov/2025:15:43:00 +0500] "GET /webjars/swagger-ui/index.html HTTP/1.0" 301 4028 "-" "Mozilla/5.0 (l9scan/2.0.5353e26343e2031323e2539313; +https://leakix.net)"
167.172.158.128 - - [05/Nov/2025:15:43:01 +0500] "GET /swagger.json HTTP/1.0" 301 4011 "-" "Mozilla/5.0 (l9scan/2.0.5353e26343e2031323e2539313; +https://leakix.net)"
167.172.158.128 - - [05/Nov/2025:15:43:03 +0500] "GET /swagger/v1/swagger.json HTTP/1.0" 301 4022 "-" "Mozilla/5.0 (l9scan/2.0.5353e26343e2031323e2539313; +https://leakix.net)"
167.172.158.128 - - [05/Nov/2025:15:43:04 +0500] "GET /v2/api-docs HTTP/1.0" 301 4010 "-" "Mozilla/5.0 (l9scan/2.0.5353e26343e2031323e2539313; +https://leakix.net)"
167.172.158.128 - - [05/Nov/2025:15:43:05 +0500] "GET /@vite/env HTTP/1.0" 301 4008 "-" "Go-http-client/1.1"
167.172.158.128 - - [05/Nov/2025:15:43:06 +0500] "GET /actuator/env HTTP/1.0" 301 4011 "-" "Go-http-client/1.1"
167.172.158.128 - - [05/Nov/2025:15:43:08 +0500] "POST /php-cgi/php-cgi.exe?%ADd+cgi.force_redirect%3D0+%ADd+disable_functions%3D\"\"+%ADd+allow_url_include%3D1+%ADd+auto_prepend_file%3Dphp://input HTTP/1.0" 200 20877777 "-" "Go-http-client/1.1"
167.172.158.128 - - [05/Nov/2025:15:43:10 +0500] "GET /server HTTP/1.0" 301 4005 "-" "Go-http-client/1.1"
167.172.158.128 - - [05/Nov/2025:15:43:12 +0500] "GET /.vscode/sftp.json HTTP/1.0" 301 4016 "-" "Go-http-client/1.1"
167.172.158.128 - - [05/Nov/2025:15:43:14 +0500] "GET /about HTTP/1.0" 301 4004 "-" "Go-http-client/1.1"
167.172.158.128 - - [05/Nov/2025:15:43:15 +0500] "GET /debug/default/view?panel=config HTTP/1.0" 301 4030 "-" "Go-http-client/1.1"
167.172.158.128 - - [05/Nov/2025:15:43:17 +0500] "GET /v2/_catalog HTTP/1.0" 301 4010 "-" "Go-http-client/1.1"
167.172.158.128 - - [05/Nov/2025:15:43:18 +0500] "GET /ecp/Current/exporttool/microsoft.exchange.ediscovery.exporttool.application HTTP/1.0" 301 4074 "-" "Go-http-client/1.1"
167.172.158.128 - - [05/Nov/2025:15:43:20 +0500] "GET /server-status HTTP/1.0" 403 4802 "-" "Go-http-client/1.1"
167.172.158.128 - - [05/Nov/2025:15:43:20 +0500] "GET /login.action HTTP/1.0" 301 4011 "-" "Go-http-client/1.1"
167.172.158.128 - - [05/Nov/2025:15:43:22 +0500] "GET /_all_dbs HTTP/1.0" 301 4007 "-" "Mozilla/5.0 (l9scan/2.0.5353e26343e2031323e2539313; +https://leakix.net)"
167.172.158.128 - - [05/Nov/2025:15:43:23 +0500] "GET /.DS_Store HTTP/1.0" 301 4008 "-" "Go-http-client/1.1"
167.172.158.128 - - [05/Nov/2025:15:43:25 +0500] "GET /.env HTTP/1.0" 301 4003 "-" "Go-http-client/1.1"
167.172.158.128 - - [05/Nov/2025:15:43:27 +0500] "GET /s/5353e26343e2031323e2539313/_/;/META-INF/maven/com.atlassian.jira/jira-webapp-dist/pom.properties HTTP/1.0" 301 4097 "-" "Go-http-client/1.1"
167.172.158.128 - - [05/Nov/2025:15:43:28 +0500] "GET /config.json HTTP/1.0" 301 4010 "-" "Go-http-client/1.1"
167.172.158.128 - - [05/Nov/2025:15:43:29 +0500] "GET /telescope/requests HTTP/1.0" 301 4017 "-" "Go-http-client/1.1"
167.172.158.128 - - [05/Nov/2025:15:43:31 +0500] "GET /info.php HTTP/1.0" 403 4802 "-" "Go-http-client/1.1"
167.172.158.128 - - [05/Nov/2025:15:43:31 +0500] "GET /?rest_route=/wp/v2/users/ HTTP/1.0" 200 5210 "-" "Go-http-client/1.1"
2a00:5da0:1000::128 - - [06/Nov/2025:04:50:24 +0500] "POST /wp-cron.php?doing_wp_cron=1762386624.3968911170959472656250 HTTP/1.0" 200 4011 "-" "WordPress/6.8.3; https://med.greenclinic.kz"
2a14:7c1::2 - - [06/Nov/2025:06:43:58 +0500] "GET /.env HTTP/1.0" 301 4003 "-" "Mozilla/5.0 (Windows NT 10.0; Win64; x64) AppleWebKit/537.36 (KHTML, like Gecko) Chrome/134.0.0.0 Safari/537.3"
2a00:5da0:1000::128 - - [06/Nov/2025:06:44:00 +0500] "POST /wp-cron.php?doing_wp_cron=1762393440.8126358985900878906250 HTTP/1.0" 200 4011 "-" "WordPress/6.8.3; https://med.greenclinic.kz"
2a14:7c1::2 - - [06/Nov/2025:06:44:02 +0500] "GET /.env/ HTTP/1.0" 200 20876149 "-" "Mozilla/5.0 (Windows NT 10.0; Win64; x64) AppleWebKit/537.36 (KHTML, like Gecko) Chrome/134.0.0.0 Safari/537.3"
2a00:5da0:1000::128 - - [06/Nov/2025:07:08:26 +0500] "POST /wp-cron.php?doing_wp_cron=1762394906.6982190608978271484375 HTTP/1.0" 200 4011 "-" "WordPress/6.8.3; https://med.greenclinic.kz"
99.81.216.206 - - [06/Nov/2025:07:08:23 +0500] "GET / HTTP/1.0" 200 20879317 "-" "Mozilla/5.0 (Linux; Android 13; Pixel 7) AppleWebKit/537.36 (KHTML, like Gecko) Chrome/119.0.0.0 Mobile Safari/537.36"
2a14:7c1::2 - - [06/Nov/2025:11:41:50 +0500] "GET / HTTP/1.0" 200 20879713 "-" "Mozilla/5.0 (Windows NT 10.0; Win64; x64) AppleWebKit/537.36 (KHTML, like Gecko) Chrome/134.0.0.0 Safari/537.3"
2a00:5da0:1000::128 - - [06/Nov/2025:11:41:53 +0500] "POST /wp-cron.php?doing_wp_cron=1762411312.9917099475860595703125 HTTP/1.0" 200 4011 "-" "WordPress/6.8.3; https://med.greenclinic.kz"
2a00:5da0:1000::128 - - [06/Nov/2025:17:42:50 +0500] "POST /wp-cron.php?doing_wp_cron=1762432970.3427770137786865234375 HTTP/1.0" 200 4011 "-" "WordPress/6.8.3; https://med.greenclinic.kz"
2a00:5da0:1000::128 - - [06/Nov/2025:17:52:03 +0500] "POST /wp-admin/admin-ajax.php?action=elementor_1_elementor_updater&nonce=3c5a807aa3 HTTP/1.0" 200 4165 "-" "WordPress/6.8.3; https://med.greenclinic.kz"
2a00:5da0:1000::128 - - [06/Nov/2025:17:58:37 +0500] "POST /wp-cron.php HTTP/1.0" 200 4011 "-" "WordPress/6.8.3; https://med.greenclinic.kz"
2a00:5da0:1000::128 - - [06/Nov/2025:17:58:38 +0500] "GET / HTTP/1.0" 500 11960 "-" "WordPress/6.8.3; https://med.greenclinic.kz"
2a00:5da0:1000::128 - - [06/Nov/2025:17:58:43 +0500] "GET / HTTP/1.0" 500 11960 "-" "WordPress/6.8.3; https://med.greenclinic.kz"
2a00:5da0:1000::128 - - [06/Nov/2025:17:58:48 +0500] "GET / HTTP/1.0" 200 20876325 "-" "WordPress/6.8.3; https://med.greenclinic.kz"
2a00:5da0:1000::128 - - [06/Nov/2025:17:58:52 +0500] "GET / HTTP/1.0" 200 20874917 "-" "WordPress/6.8.3; https://med.greenclinic.kz"
2a00:5da0:1000::128 - - [06/Nov/2025:17:58:56 +0500] "GET / HTTP/1.0" 200 20876831 "-" "WordPress/6.8.3; https://med.greenclinic.kz"
2a00:5da0:1000::128 - - [06/Nov/2025:17:58:28 +0500] "POST /wp-cron.php?doing_wp_cron=1762433908.8703489303588867187500 HTTP/1.0" 200 4011 "-" "WordPress/6.8.3; https://med.greenclinic.kz"
2a00:5da0:1000::128 - - [06/Nov/2025:19:01:54 +0500] "POST /wp-cron.php?doing_wp_cron=1762437714.8730790615081787109375 HTTP/1.0" 200 4011 "-" "WordPress/6.8.3; https://med.greenclinic.kz"
3.249.118.131 - - [06/Nov/2025:19:01:50 +0500] "GET / HTTP/1.0" 200 20874829 "-" "Plesk screenshot bot https://support.plesk.com/hc/en-us/articles/10301006946066"
2a00:5da0:1000::128 - - [06/Nov/2025:20:42:01 +0500] "POST /wp-cron.php?doing_wp_cron=1762443720.9974520206451416015625 HTTP/1.0" 200 4011 "-" "WordPress/6.8.3; https://med.greenclinic.kz"
68.183.9.16 - - [06/Nov/2025:20:41:58 +0500] "GET / HTTP/1.0" 200 20874939 "-" "Mozilla/5.0 (Linux; Android 6.0; HTC One M9 Build/MRA334945) AppleWebKit/537.36 (KHTML, like Gecko) Chrome/52.0.3285.98 Mobile Safari/537.3"
68.183.9.16 - - [06/Nov/2025:20:41:57 +0500] "GET / HTTP/1.0" 500 11960 "-" "-"
68.183.9.16 - - [06/Nov/2025:20:42:05 +0500] "POST /graphql HTTP/1.0" 200 20877469 "-" "Mozilla/5.0 (l9scan/2.0.5353e26343e2031323e2539313; +https://leakix.net)"
68.183.9.16 - - [06/Nov/2025:20:42:08 +0500] "POST /api HTTP/1.0" 500 11960 "-" "Mozilla/5.0 (l9scan/2.0.5353e26343e2031323e2539313; +https://leakix.net)"
68.183.9.16 - - [06/Nov/2025:20:42:11 +0500] "POST /api/graphql HTTP/1.0" 200 20874455 "-" "Mozilla/5.0 (l9scan/2.0.5353e26343e2031323e2539313; +https://leakix.net)"
68.183.9.16 - - [06/Nov/2025:20:42:15 +0500] "GET /swagger-ui.html HTTP/1.0" 301 4014 "-" "Mozilla/5.0 (l9scan/2.0.5353e26343e2031323e2539313; +https://leakix.net)"
68.183.9.16 - - [06/Nov/2025:20:42:14 +0500] "POST /graphql/api HTTP/1.0" 500 11960 "-" "Mozilla/5.0 (l9scan/2.0.5353e26343e2031323e2539313; +https://leakix.net)"
68.183.9.16 - - [06/Nov/2025:20:42:16 +0500] "GET /swagger/index.html HTTP/1.0" 301 4017 "-" "Mozilla/5.0 (l9scan/2.0.5353e26343e2031323e2539313; +https://leakix.net)"
68.183.9.16 - - [06/Nov/2025:20:42:17 +0500] "GET /swagger/swagger-ui.html HTTP/1.0" 301 4022 "-" "Mozilla/5.0 (l9scan/2.0.5353e26343e2031323e2539313; +https://leakix.net)"
68.183.9.16 - - [06/Nov/2025:20:42:18 +0500] "GET /webjars/swagger-ui/index.html HTTP/1.0" 301 4028 "-" "Mozilla/5.0 (l9scan/2.0.5353e26343e2031323e2539313; +https://leakix.net)"
68.183.9.16 - - [06/Nov/2025:20:42:20 +0500] "GET /swagger.json HTTP/1.0" 301 4011 "-" "Mozilla/5.0 (l9scan/2.0.5353e26343e2031323e2539313; +https://leakix.net)"
68.183.9.16 - - [06/Nov/2025:20:42:21 +0500] "GET /swagger/v1/swagger.json HTTP/1.0" 301 4022 "-" "Mozilla/5.0 (l9scan/2.0.5353e26343e2031323e2539313; +https://leakix.net)"
68.183.9.16 - - [06/Nov/2025:20:42:23 +0500] "GET /v2/api-docs HTTP/1.0" 301 4010 "-" "Mozilla/5.0 (l9scan/2.0.5353e26343e2031323e2539313; +https://leakix.net)"
68.183.9.16 - - [06/Nov/2025:20:42:24 +0500] "GET /v3/api-docs HTTP/1.0" 301 4010 "-" "Mozilla/5.0 (l9scan/2.0.5353e26343e2031323e2539313; +https://leakix.net)"
68.183.9.16 - - [06/Nov/2025:20:42:25 +0500] "GET /@vite/env HTTP/1.0" 301 4008 "-" "Go-http-client/1.1"
68.183.9.16 - - [06/Nov/2025:20:42:28 +0500] "GET /actuator/env HTTP/1.0" 301 4011 "-" "Go-http-client/1.1"
68.183.9.16 - - [06/Nov/2025:20:42:29 +0500] "POST /php-cgi/php-cgi.exe?%ADd+cgi.force_redirect%3D0+%ADd+disable_functions%3D\"\"+%ADd+allow_url_include%3D1+%ADd+auto_prepend_file%3Dphp://input HTTP/1.0" 200 20873487 "-" "Go-http-client/1.1"
68.183.9.16 - - [06/Nov/2025:20:42:32 +0500] "GET /server HTTP/1.0" 301 4005 "-" "Go-http-client/1.1"
68.183.9.16 - - [06/Nov/2025:20:42:33 +0500] "GET /.vscode/sftp.json HTTP/1.0" 301 4016 "-" "Go-http-client/1.1"
68.183.9.16 - - [06/Nov/2025:20:42:34 +0500] "GET /about HTTP/1.0" 301 4004 "-" "Go-http-client/1.1"
68.183.9.16 - - [06/Nov/2025:20:42:35 +0500] "GET /debug/default/view?panel=config HTTP/1.0" 301 4030 "-" "Go-http-client/1.1"
68.183.9.16 - - [06/Nov/2025:20:42:37 +0500] "GET /v2/_catalog HTTP/1.0" 301 4010 "-" "Go-http-client/1.1"
68.183.9.16 - - [06/Nov/2025:20:42:38 +0500] "GET /ecp/Current/exporttool/microsoft.exchange.ediscovery.exporttool.application HTTP/1.0" 301 4074 "-" "Go-http-client/1.1"
68.183.9.16 - - [06/Nov/2025:20:42:39 +0500] "GET /server-status HTTP/1.0" 403 4802 "-" "Go-http-client/1.1"
68.183.9.16 - - [06/Nov/2025:20:42:40 +0500] "GET /login.action HTTP/1.0" 301 4011 "-" "Go-http-client/1.1"
68.183.9.16 - - [06/Nov/2025:20:42:41 +0500] "GET /_all_dbs HTTP/1.0" 301 4007 "-" "Mozilla/5.0 (l9scan/2.0.5353e26343e2031323e2539313; +https://leakix.net)"
68.183.9.16 - - [06/Nov/2025:20:42:42 +0500] "GET /.DS_Store HTTP/1.0" 301 4008 "-" "Go-http-client/1.1"
68.183.9.16 - - [06/Nov/2025:20:42:44 +0500] "GET /.env HTTP/1.0" 301 4003 "-" "Go-http-client/1.1"
68.183.9.16 - - [06/Nov/2025:20:42:45 +0500] "GET /s/5353e26343e2031323e2539313/_/;/META-INF/maven/com.atlassian.jira/jira-webapp-dist/pom.properties HTTP/1.0" 301 4097 "-" "Go-http-client/1.1"
68.183.9.16 - - [06/Nov/2025:20:42:46 +0500] "GET /config.json HTTP/1.0" 301 4010 "-" "Go-http-client/1.1"
68.183.9.16 - - [06/Nov/2025:20:42:47 +0500] "GET /telescope/requests HTTP/1.0" 301 4017 "-" "Go-http-client/1.1"
68.183.9.16 - - [06/Nov/2025:20:42:48 +0500] "GET /info.php HTTP/1.0" 403 4802 "-" "Go-http-client/1.1"
68.183.9.16 - - [06/Nov/2025:20:42:49 +0500] "GET /?rest_route=/wp/v2/users/ HTTP/1.0" 200 5210 "-" "Go-http-client/1.1"
2a00:5da0:1000::128 - - [07/Nov/2025:05:13:57 +0500] "POST /wp-cron.php?doing_wp_cron=1762474437.0921308994293212890625 HTTP/1.0" 200 4011 "-" "WordPress/6.8.3; https://med.greenclinic.kz"
2a00:5da0:1000::128 - - [08/Nov/2025:05:05:54 +0500] "POST /wp-cron.php?doing_wp_cron=1762560353.9327700138092041015625 HTTP/1.0" 200 4011 "-" "WordPress/6.8.3; https://med.greenclinic.kz"
2a00:5da0:1000::128 - - [08/Nov/2025:05:12:22 +0500] "POST /wp-cron.php?doing_wp_cron=1762560742.2460830211639404296875 HTTP/1.0" 200 4011 "-" "WordPress/6.8.3; https://med.greenclinic.kz"
2a00:5da0:1000::128 - - [08/Nov/2025:13:08:03 +0500] "POST /wp-cron.php?doing_wp_cron=1762589283.3084459304809570312500 HTTP/1.0" 200 4011 "-" "WordPress/6.8.3; https://med.greenclinic.kz"
143.110.217.244 - - [08/Nov/2025:13:08:00 +0500] "GET / HTTP/1.0" 500 11960 "-" "-"
143.110.217.244 - - [08/Nov/2025:13:08:01 +0500] "GET / HTTP/1.0" 200 20877425 "-" "Mozilla/5.0 (Linux; Android 6.0; HTC One M9 Build/MRA334945) AppleWebKit/537.36 (KHTML, like Gecko) Chrome/52.0.3285.98 Mobile Safari/537.3"
143.110.217.244 - - [08/Nov/2025:13:08:11 +0500] "POST /graphql HTTP/1.0" 200 20876391 "-" "Mozilla/5.0 (l9scan/2.0.5353e26343e2031323e2539313; +https://leakix.net)"
143.110.217.244 - - [08/Nov/2025:13:08:14 +0500] "POST /api HTTP/1.0" 200 20875269 "-" "Mozilla/5.0 (l9scan/2.0.5353e26343e2031323e2539313; +https://leakix.net)"
143.110.217.244 - - [08/Nov/2025:13:08:17 +0500] "POST /api/graphql HTTP/1.0" 200 20874235 "-" "Mozilla/5.0 (l9scan/2.0.5353e26343e2031323e2539313; +https://leakix.net)"
143.110.217.244 - - [08/Nov/2025:13:08:19 +0500] "POST /graphql/api HTTP/1.0" 500 11960 "-" "Mozilla/5.0 (l9scan/2.0.5353e26343e2031323e2539313; +https://leakix.net)"
143.110.217.244 - - [08/Nov/2025:13:08:21 +0500] "GET /swagger-ui.html HTTP/1.0" 301 4014 "-" "Mozilla/5.0 (l9scan/2.0.5353e26343e2031323e2539313; +https://leakix.net)"
143.110.217.244 - - [08/Nov/2025:13:08:22 +0500] "GET /swagger/index.html HTTP/1.0" 301 4017 "-" "Mozilla/5.0 (l9scan/2.0.5353e26343e2031323e2539313; +https://leakix.net)"
143.110.217.244 - - [08/Nov/2025:13:08:24 +0500] "GET /swagger/swagger-ui.html HTTP/1.0" 301 4022 "-" "Mozilla/5.0 (l9scan/2.0.5353e26343e2031323e2539313; +https://leakix.net)"
143.110.217.244 - - [08/Nov/2025:13:08:25 +0500] "GET /webjars/swagger-ui/index.html HTTP/1.0" 301 4028 "-" "Mozilla/5.0 (l9scan/2.0.5353e26343e2031323e2539313; +https://leakix.net)"
143.110.217.244 - - [08/Nov/2025:13:08:26 +0500] "GET /swagger.json HTTP/1.0" 301 4011 "-" "Mozilla/5.0 (l9scan/2.0.5353e26343e2031323e2539313; +https://leakix.net)"
143.110.217.244 - - [08/Nov/2025:13:08:27 +0500] "GET /swagger/v1/swagger.json HTTP/1.0" 301 4022 "-" "Mozilla/5.0 (l9scan/2.0.5353e26343e2031323e2539313; +https://leakix.net)"
143.110.217.244 - - [08/Nov/2025:13:08:29 +0500] "GET /v2/api-docs HTTP/1.0" 301 4010 "-" "Mozilla/5.0 (l9scan/2.0.5353e26343e2031323e2539313; +https://leakix.net)"
143.110.217.244 - - [08/Nov/2025:13:08:30 +0500] "GET /v3/api-docs HTTP/1.0" 301 4010 "-" "Mozilla/5.0 (l9scan/2.0.5353e26343e2031323e2539313; +https://leakix.net)"
143.110.217.244 - - [08/Nov/2025:13:08:31 +0500] "GET /@vite/env HTTP/1.0" 301 4008 "-" "Go-http-client/1.1"
143.110.217.244 - - [08/Nov/2025:13:08:32 +0500] "GET /actuator/env HTTP/1.0" 301 4011 "-" "Go-http-client/1.1"
143.110.217.244 - - [08/Nov/2025:13:08:34 +0500] "GET /server HTTP/1.0" 301 4005 "-" "Go-http-client/1.1"
143.110.217.244 - - [08/Nov/2025:13:08:35 +0500] "GET /.vscode/sftp.json HTTP/1.0" 301 4016 "-" "Go-http-client/1.1"
143.110.217.244 - - [08/Nov/2025:13:08:37 +0500] "GET /about HTTP/1.0" 301 4004 "-" "Go-http-client/1.1"
143.110.217.244 - - [08/Nov/2025:13:08:38 +0500] "GET /debug/default/view?panel=config HTTP/1.0" 301 4030 "-" "Go-http-client/1.1"
143.110.217.244 - - [08/Nov/2025:13:08:39 +0500] "GET /v2/_catalog HTTP/1.0" 301 4010 "-" "Go-http-client/1.1"
143.110.217.244 - - [08/Nov/2025:13:08:41 +0500] "GET /ecp/Current/exporttool/microsoft.exchange.ediscovery.exporttool.application HTTP/1.0" 301 4074 "-" "Go-http-client/1.1"
143.110.217.244 - - [08/Nov/2025:13:08:42 +0500] "GET /server-status HTTP/1.0" 403 4802 "-" "Go-http-client/1.1"
143.110.217.244 - - [08/Nov/2025:13:08:42 +0500] "GET /login.action HTTP/1.0" 301 4011 "-" "Go-http-client/1.1"
143.110.217.244 - - [08/Nov/2025:13:08:44 +0500] "GET /_all_dbs HTTP/1.0" 301 4007 "-" "Mozilla/5.0 (l9scan/2.0.5353e26343e2031323e2539313; +https://leakix.net)"
143.110.217.244 - - [08/Nov/2025:13:08:45 +0500] "GET /.DS_Store HTTP/1.0" 301 4008 "-" "Go-http-client/1.1"
143.110.217.244 - - [08/Nov/2025:13:08:46 +0500] "GET /.env HTTP/1.0" 301 4003 "-" "Go-http-client/1.1"
143.110.217.244 - - [08/Nov/2025:13:08:49 +0500] "GET /s/5353e26343e2031323e2539313/_/;/META-INF/maven/com.atlassian.jira/jira-webapp-dist/pom.properties HTTP/1.0" 301 4097 "-" "Go-http-client/1.1"
143.110.217.244 - - [08/Nov/2025:13:08:50 +0500] "GET /config.json HTTP/1.0" 301 4010 "-" "Go-http-client/1.1"
143.110.217.244 - - [08/Nov/2025:13:08:51 +0500] "GET /telescope/requests HTTP/1.0" 301 4017 "-" "Go-http-client/1.1"
143.110.217.244 - - [08/Nov/2025:13:08:52 +0500] "GET /info.php HTTP/1.0" 403 4802 "-" "Go-http-client/1.1"
143.110.217.244 - - [08/Nov/2025:13:08:53 +0500] "GET /?rest_route=/wp/v2/users/ HTTP/1.0" 200 5210 "-" "Go-http-client/1.1"
2a00:5da0:1000::128 - - [08/Nov/2025:16:30:06 +0500] "POST /wp-cron.php?doing_wp_cron=1762601406.1306169033050537109375 HTTP/1.0" 200 4011 "-" "WordPress/6.8.3; https://med.greenclinic.kz"
165.22.210.73 - - [08/Nov/2025:16:30:01 +0500] "GET / HTTP/1.0" 500 11960 "-" "Mozilla/5.0 (X11; Linux x86_64; rv:139.0) Gecko/20100101 Firefox/139.0"
2a14:7c1::2 - - [08/Nov/2025:20:29:34 +0500] "GET /.gitignore HTTP/1.0" 301 4009 "-" "Mozilla/5.0 (Windows NT 10.0; Win64; x64) AppleWebKit/537.36 (KHTML, like Gecko) Chrome/134.0.0.0 Safari/537.3"
2a00:5da0:1000::128 - - [08/Nov/2025:20:29:37 +0500] "POST /wp-cron.php?doing_wp_cron=1762615777.2005519866943359375000 HTTP/1.0" 200 4011 "-" "WordPress/6.8.3; https://med.greenclinic.kz"
2a14:7c1::2 - - [08/Nov/2025:20:29:38 +0500] "GET /.gitignore/ HTTP/1.0" 200 20879251 "-" "Mozilla/5.0 (Windows NT 10.0; Win64; x64) AppleWebKit/537.36 (KHTML, like Gecko) Chrome/134.0.0.0 Safari/537.3"
147.185.132.85 - - [08/Nov/2025:21:15:26 +0500] "GET / HTTP/1.0" 200 20877183 "-" "Hello from Palo Alto Networks, find out more about our scans in https://docs-cortex.paloaltonetworks.com/r/1/Cortex-Xpanse/Scanning-activity"
2a00:5da0:1000::128 - - [08/Nov/2025:21:15:28 +0500] "POST /wp-cron.php?doing_wp_cron=1762618528.7112479209899902343750 HTTP/1.0" 200 4011 "-" "WordPress/6.8.3; https://med.greenclinic.kz"
3.138.185.30 - - [08/Nov/2025:22:03:23 +0500] "GET / HTTP/1.0" 500 11960 "http://med.greenclinic.kz/" "Mozilla/5.0 (Macintosh; Intel Mac OS X 10_15_7) AppleWebKit/537.36 (KHTML, like Gecko) Chrome/120.0.0.0 Safari/537.36"
2a00:5da0:1000::128 - - [08/Nov/2025:22:03:25 +0500] "POST /wp-cron.php?doing_wp_cron=1762621405.6978819370269775390625 HTTP/1.0" 200 4011 "-" "WordPress/6.8.3; https://med.greenclinic.kz"
3.138.185.30 - - [08/Nov/2025:22:03:25 +0500] "GET / HTTP/1.0" 200 20879713 "-" "Mozilla/5.0 (Macintosh; Intel Mac OS X 10_15_7) AppleWebKit/537.36 (KHTML, like Gecko) Chrome/120.0.0.0 Safari/537.36"
