147.185.132.225 - - [08/Nov/2025:23:07:40 +0500] "GET /wp-login.php HTTP/1.0" 200 15661 "-" "Hello from Palo Alto Networks, find out more about our scans in https://docs-cortex.paloaltonetworks.com/r/1/Cortex-Xpanse/Scanning-activity"
2a00:5da0:1000::128 - - [08/Nov/2025:23:07:42 +0500] "POST /wp-cron.php?doing_wp_cron=1762625262.6570849418640136718750 HTTP/1.0" 200 4011 "-" "WordPress/6.8.3; https://med.greenclinic.kz"
2a00:5da0:1000::128 - - [09/Nov/2025:04:51:36 +0500] "POST /wp-cron.php?doing_wp_cron=1762645896.2272648811340332031250 HTTP/1.0" 200 4011 "-" "WordPress/6.8.3; https://med.greenclinic.kz"
205.210.31.88 - - [09/Nov/2025:12:10:13 +0500] "GET /.well-known/security.txt HTTP/1.0" 301 4023 "-" "Hello from Palo Alto Networks, find out more about our scans in https://docs-cortex.paloaltonetworks.com/r/1/Cortex-Xpanse/Scanning-activity"
2a00:5da0:1000::128 - - [09/Nov/2025:12:10:17 +0500] "POST /wp-cron.php?doing_wp_cron=1762672217.1517128944396972656250 HTTP/1.0" 200 4011 "-" "WordPress/6.8.3; https://med.greenclinic.kz"
205.210.31.88 - - [09/Nov/2025:12:10:21 +0500] "GET /.well-known/security.txt/ HTTP/1.0" 200 20875005 "-" "Hello from Palo Alto Networks, find out more about our scans in https://docs-cortex.paloaltonetworks.com/r/1/Cortex-Xpanse/Scanning-activity"
2a00:5da0:1000::128 - - [09/Nov/2025:19:59:27 +0500] "POST /wp-cron.php?doing_wp_cron=1762700367.3941719532012939453125 HTTP/1.0" 200 4011 "-" "WordPress/6.8.3; https://med.greenclinic.kz"
54.217.175.223 - - [09/Nov/2025:19:59:23 +0500] "GET / HTTP/1.0" 500 11960 "-" "Plesk screenshot bot https://support.plesk.com/hc/en-us/articles/10301006946066"
2a00:5da0:1000::128 - - [10/Nov/2025:04:56:38 +0500] "POST /wp-cron.php?doing_wp_cron=1762732598.1367449760437011718750 HTTP/1.0" 200 4011 "-" "WordPress/6.8.3; https://med.greenclinic.kz"
2a00:5da0:1000::128 - - [10/Nov/2025:10:29:12 +0500] "POST /wp-cron.php?doing_wp_cron=1762752552.8696110248565673828125 HTTP/1.0" 200 4011 "-" "WordPress/6.8.3; https://med.greenclinic.kz"
205.210.31.134 - - [10/Nov/2025:10:29:08 +0500] "GET / HTTP/1.0" 500 11960 "http://195.210.46.55:80/" "-"
2a00:5da0:1000::128 - - [10/Nov/2025:13:48:49 +0500] "POST /wp-cron.php?doing_wp_cron=1762764529.8271279335021972656250 HTTP/1.0" 200 4011 "-" "WordPress/6.8.3; https://med.greenclinic.kz"
205.210.31.21 - - [10/Nov/2025:13:48:46 +0500] "GET / HTTP/1.0" 200 20873641 "-" "-"
2a00:5da0:1000::128 - - [10/Nov/2025:18:32:11 +0500] "POST /wp-cron.php?doing_wp_cron=1762781531.1376090049743652343750 HTTP/1.0" 200 4011 "-" "WordPress/6.8.3; https://med.greenclinic.kz"
138.68.86.32 - - [10/Nov/2025:18:32:06 +0500] "GET / HTTP/1.0" 500 11960 "-" "-"
138.68.86.32 - - [10/Nov/2025:18:32:35 +0500] "GET / HTTP/1.0" 200 20874565 "-" "Mozilla/5.0 (Linux; Android 6.0; HTC One M9 Build/MRA334945) AppleWebKit/537.36 (KHTML, like Gecko) Chrome/52.0.3285.98 Mobile Safari/537.3"
138.68.86.32 - - [10/Nov/2025:18:32:39 +0500] "POST /graphql HTTP/1.0" 200 20878283 "-" "Mozilla/5.0 (l9scan/2.0.5353e26343e2031323e2539313; +https://leakix.net)"
138.68.86.32 - - [10/Nov/2025:18:32:43 +0500] "POST /api HTTP/1.0" 500 11960 "-" "Mozilla/5.0 (l9scan/2.0.5353e26343e2031323e2539313; +https://leakix.net)"
138.68.86.32 - - [10/Nov/2025:18:32:45 +0500] "POST /api/graphql HTTP/1.0" 500 9992283 "-" "Mozilla/5.0 (l9scan/2.0.5353e26343e2031323e2539313; +https://leakix.net)"
138.68.86.32 - - [10/Nov/2025:18:32:48 +0500] "POST /graphql/api HTTP/1.0" 500 11960 "-" "Mozilla/5.0 (l9scan/2.0.5353e26343e2031323e2539313; +https://leakix.net)"
138.68.86.32 - - [10/Nov/2025:18:32:52 +0500] "GET /swagger/index.html HTTP/1.0" 301 4017 "-" "Mozilla/5.0 (l9scan/2.0.5353e26343e2031323e2539313; +https://leakix.net)"
138.68.86.32 - - [10/Nov/2025:18:32:49 +0500] "GET /swagger-ui.html HTTP/1.0" 301 4014 "-" "Mozilla/5.0 (l9scan/2.0.5353e26343e2031323e2539313; +https://leakix.net)"
138.68.86.32 - - [10/Nov/2025:18:32:54 +0500] "GET /swagger/swagger-ui.html HTTP/1.0" 301 4022 "-" "Mozilla/5.0 (l9scan/2.0.5353e26343e2031323e2539313; +https://leakix.net)"
138.68.86.32 - - [10/Nov/2025:18:32:55 +0500] "GET /webjars/swagger-ui/index.html HTTP/1.0" 301 4028 "-" "Mozilla/5.0 (l9scan/2.0.5353e26343e2031323e2539313; +https://leakix.net)"
138.68.86.32 - - [10/Nov/2025:18:32:57 +0500] "GET /swagger.json HTTP/1.0" 301 4011 "-" "Mozilla/5.0 (l9scan/2.0.5353e26343e2031323e2539313; +https://leakix.net)"
138.68.86.32 - - [10/Nov/2025:18:32:59 +0500] "GET /@vite/env HTTP/1.0" 301 4008 "-" "Go-http-client/1.1"
138.68.86.32 - - [10/Nov/2025:18:33:01 +0500] "GET /actuator/env HTTP/1.0" 301 4011 "-" "Go-http-client/1.1"
138.68.86.32 - - [10/Nov/2025:18:33:03 +0500] "POST /php-cgi/php-cgi.exe?%ADd+cgi.force_redirect%3D0+%ADd+disable_functions%3D\"\"+%ADd+allow_url_include%3D1+%ADd+auto_prepend_file%3Dphp://input HTTP/1.0" 500 11960 "-" "Go-http-client/1.1"
138.68.86.32 - - [10/Nov/2025:18:33:06 +0500] "GET /server HTTP/1.0" 301 4005 "-" "Go-http-client/1.1"
138.68.86.32 - - [10/Nov/2025:18:33:08 +0500] "GET /.vscode/sftp.json HTTP/1.0" 301 4016 "-" "Go-http-client/1.1"
138.68.86.32 - - [10/Nov/2025:18:33:10 +0500] "GET /about HTTP/1.0" 301 4004 "-" "Go-http-client/1.1"
138.68.86.32 - - [10/Nov/2025:18:33:12 +0500] "GET /debug/default/view?panel=config HTTP/1.0" 301 4030 "-" "Go-http-client/1.1"
138.68.86.32 - - [10/Nov/2025:18:33:14 +0500] "GET /v2/_catalog HTTP/1.0" 301 4010 "-" "Go-http-client/1.1"
138.68.86.32 - - [10/Nov/2025:18:33:16 +0500] "GET /ecp/Current/exporttool/microsoft.exchange.ediscovery.exporttool.application HTTP/1.0" 301 4074 "-" "Go-http-client/1.1"
138.68.86.32 - - [10/Nov/2025:18:33:17 +0500] "GET /server-status HTTP/1.0" 403 4802 "-" "Go-http-client/1.1"
138.68.86.32 - - [10/Nov/2025:18:33:18 +0500] "GET /login.action HTTP/1.0" 301 4011 "-" "Go-http-client/1.1"
138.68.86.32 - - [10/Nov/2025:18:33:20 +0500] "GET /_all_dbs HTTP/1.0" 301 4007 "-" "Mozilla/5.0 (l9scan/2.0.5353e26343e2031323e2539313; +https://leakix.net)"
138.68.86.32 - - [10/Nov/2025:18:33:21 +0500] "GET /.DS_Store HTTP/1.0" 301 4008 "-" "Go-http-client/1.1"
138.68.86.32 - - [10/Nov/2025:18:33:23 +0500] "GET /.env HTTP/1.0" 301 4003 "-" "Go-http-client/1.1"
138.68.86.32 - - [10/Nov/2025:18:33:25 +0500] "GET /s/5353e26343e2031323e2539313/_/;/META-INF/maven/com.atlassian.jira/jira-webapp-dist/pom.properties HTTP/1.0" 301 4097 "-" "Go-http-client/1.1"
138.68.86.32 - - [10/Nov/2025:18:33:27 +0500] "GET /config.json HTTP/1.0" 301 4010 "-" "Go-http-client/1.1"
138.68.86.32 - - [10/Nov/2025:18:33:29 +0500] "GET /telescope/requests HTTP/1.0" 301 4017 "-" "Go-http-client/1.1"
138.68.86.32 - - [10/Nov/2025:18:33:31 +0500] "GET /info.php HTTP/1.0" 403 4802 "-" "Go-http-client/1.1"
138.68.86.32 - - [10/Nov/2025:18:33:31 +0500] "GET /?rest_route=/wp/v2/users/ HTTP/1.0" 200 5210 "-" "Go-http-client/1.1"
2a14:7c1::2 - - [10/Nov/2025:22:21:53 +0500] "GET /.env HTTP/1.0" 301 4003 "-" "Mozilla/5.0 (Windows NT 10.0; Win64; x64) AppleWebKit/537.36 (KHTML, like Gecko) Chrome/134.0.0.0 Safari/537.3"
2a00:5da0:1000::128 - - [10/Nov/2025:22:21:56 +0500] "POST /wp-cron.php?doing_wp_cron=1762795316.0267241001129150390625 HTTP/1.0" 200 4011 "-" "WordPress/6.8.3; https://med.greenclinic.kz"
2a14:7c1::2 - - [10/Nov/2025:22:21:57 +0500] "GET /.env/ HTTP/1.0" 200 20879405 "-" "Mozilla/5.0 (Windows NT 10.0; Win64; x64) AppleWebKit/537.36 (KHTML, like Gecko) Chrome/134.0.0.0 Safari/537.3"
2a00:5da0:1000::128 - - [11/Nov/2025:04:43:35 +0500] "POST /wp-cron.php?doing_wp_cron=1762818215.3682620525360107421875 HTTP/1.0" 200 4011 "-" "WordPress/6.8.3; https://med.greenclinic.kz"
2a00:5da0:1000::128 - - [11/Nov/2025:09:21:08 +0500] "POST /wp-cron.php?doing_wp_cron=1762834868.5554308891296386718750 HTTP/1.0" 200 4011 "-" "WordPress/6.8.3; https://med.greenclinic.kz"
93.158.90.36 - - [11/Nov/2025:09:21:05 +0500] "GET / HTTP/1.0" 200 20874587 "http://med.greenclinic.kz/" "Mozilla/5.0 (Windows NT 6.3; Win64; x64; rv:109.0) Gecko/20100101 Firefox/115"
93.158.91.34 - - [11/Nov/2025:09:21:12 +0500] "GET / HTTP/1.0" 200 20875269 "-" "Mozilla/5.0 (Windows NT 6.3; Win64; x64; rv:109.0) Gecko/20100101 Firefox/115"
74.7.230.17 - - [12/Nov/2025:03:14:33 +0500] "GET /robots.txt HTTP/1.0" 301 4009 "-" "Mozilla/5.0 (Macintosh; Intel Mac OS X 10_15_7) AppleWebKit/537.36 (KHTML, like Gecko) Chrome/131.0.0.0 Safari/537.36; compatible; OAI-SearchBot/1.3; robots.txt; +https://openai.com/searchbot"
74.7.230.17 - - [12/Nov/2025:03:14:39 +0500] "GET /robots.txt/ HTTP/1.0" 500 11960 "https://med.greenclinic.kz/robots.txt" "Mozilla/5.0 (Macintosh; Intel Mac OS X 10_15_7) AppleWebKit/537.36 (KHTML, like Gecko) Chrome/131.0.0.0 Safari/537.36; compatible; OAI-SearchBot/1.3; robots.txt; +https://openai.com/searchbot"
2a00:5da0:1000::128 - - [12/Nov/2025:03:14:46 +0500] "POST /wp-cron.php HTTP/1.0" 200 4011 "-" "WordPress/6.8.3; https://med.greenclinic.kz"
2a00:5da0:1000::128 - - [12/Nov/2025:03:14:46 +0500] "GET / HTTP/1.0" 200 20875775 "-" "WordPress/6.8.3; https://med.greenclinic.kz"
2a00:5da0:1000::128 - - [12/Nov/2025:03:14:49 +0500] "GET / HTTP/1.0" 200 20874323 "-" "WordPress/6.8.3; https://med.greenclinic.kz"
2a00:5da0:1000::128 - - [12/Nov/2025:03:14:52 +0500] "GET / HTTP/1.0" 200 20874961 "-" "WordPress/6.8.3; https://med.greenclinic.kz"
2a00:5da0:1000::128 - - [12/Nov/2025:03:14:54 +0500] "GET / HTTP/1.0" 200 20879185 "-" "WordPress/6.8.3; https://med.greenclinic.kz"
2a00:5da0:1000::128 - - [12/Nov/2025:03:14:37 +0500] "POST /wp-cron.php?doing_wp_cron=1762899277.3627209663391113281250 HTTP/1.0" 200 4011 "-" "WordPress/6.8.3; https://med.greenclinic.kz"
2a00:5da0:1000::128 - - [12/Nov/2025:04:45:43 +0500] "POST /wp-cron.php?doing_wp_cron=1762904743.1636190414428710937500 HTTP/1.0" 200 4011 "-" "WordPress/6.8.3; https://med.greenclinic.kz"
44.248.167.97 - - [12/Nov/2025:09:39:28 +0500] "GET /robots.txt HTTP/1.0" 301 4009 "-" "Mozilla/5.0 (compatible; wpbot/1.3; +https://forms.gle/ajBaxygz9jSR8p8G9)"
2a00:5da0:1000::128 - - [12/Nov/2025:09:39:31 +0500] "POST /wp-cron.php?doing_wp_cron=1762922371.5767450332641601562500 HTTP/1.0" 200 4011 "-" "WordPress/6.8.3; https://med.greenclinic.kz"
44.248.167.97 - - [12/Nov/2025:09:39:33 +0500] "GET /robots.txt/ HTTP/1.0" 200 20873773 "-" "Mozilla/5.0 (compatible; wpbot/1.3; +https://forms.gle/ajBaxygz9jSR8p8G9)"
44.248.167.97 - - [12/Nov/2025:09:39:37 +0500] "GET / HTTP/1.0" 200 20879515 "-" "Mozilla/5.0 (compatible; wpbot/1.3; +https://forms.gle/ajBaxygz9jSR8p8G9)"
209.97.180.8 - - [13/Nov/2025:01:26:38 +0500] "GET / HTTP/1.0" 500 11960 "-" "-"
209.97.180.8 - - [13/Nov/2025:01:26:40 +0500] "GET / HTTP/1.0" 200 20878151 "-" "Mozilla/5.0 (Linux; Android 6.0; HTC One M9 Build/MRA334945) AppleWebKit/537.36 (KHTML, like Gecko) Chrome/52.0.3285.98 Mobile Safari/537.3"
2a00:5da0:1000::128 - - [13/Nov/2025:01:26:41 +0500] "POST /wp-cron.php?doing_wp_cron=1762979201.6488220691680908203125 HTTP/1.0" 200 4011 "-" "WordPress/6.8.3; https://med.greenclinic.kz"
209.97.180.8 - - [13/Nov/2025:01:26:45 +0500] "POST /graphql HTTP/1.0" 200 20875643 "-" "Mozilla/5.0 (l9scan/2.0.5353e26343e2031323e2539313; +https://leakix.net)"
209.97.180.8 - - [13/Nov/2025:01:26:48 +0500] "POST /api HTTP/1.0" 200 20876523 "-" "Mozilla/5.0 (l9scan/2.0.5353e26343e2031323e2539313; +https://leakix.net)"
209.97.180.8 - - [13/Nov/2025:01:26:50 +0500] "POST /api/graphql HTTP/1.0" 200 20879251 "-" "Mozilla/5.0 (l9scan/2.0.5353e26343e2031323e2539313; +https://leakix.net)"
209.97.180.8 - - [13/Nov/2025:01:26:53 +0500] "POST /graphql/api HTTP/1.0" 500 11960 "-" "Mozilla/5.0 (l9scan/2.0.5353e26343e2031323e2539313; +https://leakix.net)"
209.97.180.8 - - [13/Nov/2025:01:26:55 +0500] "GET /swagger-ui.html HTTP/1.0" 301 4014 "-" "Mozilla/5.0 (l9scan/2.0.5353e26343e2031323e2539313; +https://leakix.net)"
209.97.180.8 - - [13/Nov/2025:01:26:56 +0500] "GET /swagger/index.html HTTP/1.0" 301 4017 "-" "Mozilla/5.0 (l9scan/2.0.5353e26343e2031323e2539313; +https://leakix.net)"
209.97.180.8 - - [13/Nov/2025:01:26:57 +0500] "GET /swagger/swagger-ui.html HTTP/1.0" 301 4022 "-" "Mozilla/5.0 (l9scan/2.0.5353e26343e2031323e2539313; +https://leakix.net)"
209.97.180.8 - - [13/Nov/2025:01:26:58 +0500] "GET /webjars/swagger-ui/index.html HTTP/1.0" 301 4028 "-" "Mozilla/5.0 (l9scan/2.0.5353e26343e2031323e2539313; +https://leakix.net)"
209.97.180.8 - - [13/Nov/2025:01:26:59 +0500] "GET /swagger.json HTTP/1.0" 301 4011 "-" "Mozilla/5.0 (l9scan/2.0.5353e26343e2031323e2539313; +https://leakix.net)"
209.97.180.8 - - [13/Nov/2025:01:27:01 +0500] "GET /swagger/v1/swagger.json HTTP/1.0" 301 4022 "-" "Mozilla/5.0 (l9scan/2.0.5353e26343e2031323e2539313; +https://leakix.net)"
209.97.180.8 - - [13/Nov/2025:01:27:02 +0500] "GET /v2/api-docs HTTP/1.0" 301 4010 "-" "Mozilla/5.0 (l9scan/2.0.5353e26343e2031323e2539313; +https://leakix.net)"
209.97.180.8 - - [13/Nov/2025:01:27:03 +0500] "GET /v3/api-docs HTTP/1.0" 301 4010 "-" "Mozilla/5.0 (l9scan/2.0.5353e26343e2031323e2539313; +https://leakix.net)"
209.97.180.8 - - [13/Nov/2025:01:27:04 +0500] "GET /api-docs/swagger.json HTTP/1.0" 301 4020 "-" "Mozilla/5.0 (l9scan/2.0.5353e26343e2031323e2539313; +https://leakix.net)"
209.97.180.8 - - [13/Nov/2025:01:27:05 +0500] "GET /@vite/env HTTP/1.0" 301 4008 "-" "Mozilla/5.0 (l9scan/2.0.5353e26343e2031323e2539313; +https://leakix.net)"
209.97.180.8 - - [13/Nov/2025:01:27:06 +0500] "GET /actuator/env HTTP/1.0" 301 4011 "-" "Mozilla/5.0 (l9scan/2.0.5353e26343e2031323e2539313; +https://leakix.net)"
209.97.180.8 - - [13/Nov/2025:01:27:08 +0500] "POST /php-cgi/php-cgi.exe?%ADd+cgi.force_redirect%3D0+%ADd+disable_functions%3D\"\"+%ADd+allow_url_include%3D1+%ADd+auto_prepend_file%3Dphp://input HTTP/1.0" 200 20873949 "-" "Mozilla/5.0 (l9scan/2.0.5353e26343e2031323e2539313; +https://leakix.net)"
209.97.180.8 - - [13/Nov/2025:01:27:11 +0500] "GET /server HTTP/1.0" 301 4005 "-" "Mozilla/5.0 (l9scan/2.0.5353e26343e2031323e2539313; +https://leakix.net)"
209.97.180.8 - - [13/Nov/2025:01:27:12 +0500] "GET /.vscode/sftp.json HTTP/1.0" 301 4016 "-" "Mozilla/5.0 (l9scan/2.0.5353e26343e2031323e2539313; +https://leakix.net)"
209.97.180.8 - - [13/Nov/2025:01:27:13 +0500] "GET /about HTTP/1.0" 301 4004 "-" "Mozilla/5.0 (l9scan/2.0.5353e26343e2031323e2539313; +https://leakix.net)"
209.97.180.8 - - [13/Nov/2025:01:27:14 +0500] "GET /debug/default/view?panel=config HTTP/1.0" 301 4030 "-" "Mozilla/5.0 (l9scan/2.0.5353e26343e2031323e2539313; +https://leakix.net)"
209.97.180.8 - - [13/Nov/2025:01:27:15 +0500] "GET /v2/_catalog HTTP/1.0" 301 4010 "-" "Mozilla/5.0 (l9scan/2.0.5353e26343e2031323e2539313; +https://leakix.net)"
209.97.180.8 - - [13/Nov/2025:01:27:16 +0500] "GET /ecp/Current/exporttool/microsoft.exchange.ediscovery.exporttool.application HTTP/1.0" 301 4074 "-" "Mozilla/5.0 (l9scan/2.0.5353e26343e2031323e2539313; +https://leakix.net)"
209.97.180.8 - - [13/Nov/2025:01:27:17 +0500] "GET /server-status HTTP/1.0" 403 4802 "-" "Mozilla/5.0 (l9scan/2.0.5353e26343e2031323e2539313; +https://leakix.net)"
209.97.180.8 - - [13/Nov/2025:01:27:18 +0500] "GET /login.action HTTP/1.0" 301 4011 "-" "Mozilla/5.0 (l9scan/2.0.5353e26343e2031323e2539313; +https://leakix.net)"
209.97.180.8 - - [13/Nov/2025:01:27:19 +0500] "GET /_all_dbs HTTP/1.0" 301 4007 "-" "Mozilla/5.0 (l9scan/2.0.5353e26343e2031323e2539313; +https://leakix.net)"
209.97.180.8 - - [13/Nov/2025:01:27:20 +0500] "GET /.DS_Store HTTP/1.0" 301 4008 "-" "Mozilla/5.0 (l9scan/2.0.5353e26343e2031323e2539313; +https://leakix.net)"
209.97.180.8 - - [13/Nov/2025:01:27:21 +0500] "GET /.env HTTP/1.0" 301 4003 "-" "Mozilla/5.0 (l9scan/2.0.5353e26343e2031323e2539313; +https://leakix.net)"
2a00:5da0:1000::128 - - [13/Nov/2025:04:44:44 +0500] "POST /wp-cron.php?doing_wp_cron=1762991084.0664989948272705078125 HTTP/1.0" 200 4011 "-" "WordPress/6.8.3; https://med.greenclinic.kz"
2a00:5da0:1000::128 - - [14/Nov/2025:04:52:03 +0500] "POST /wp-cron.php?doing_wp_cron=1763077923.6331219673156738281250 HTTP/1.0" 200 4011 "-" "WordPress/6.8.3; https://med.greenclinic.kz"
2a00:5da0:1000::128 - - [14/Nov/2025:11:24:43 +0500] "POST /wp-cron.php?doing_wp_cron=1763101482.9523921012878417968750 HTTP/1.0" 200 4011 "-" "WordPress/6.8.3; https://med.greenclinic.kz"
167.94.138.182 - - [14/Nov/2025:11:24:39 +0500] "GET / HTTP/1.0" 200 20874433 "-" "Mozilla/5.0 (compatible; CensysInspect/1.1; +https://about.censys.io/)"
2602:80d:1006::66 - - [14/Nov/2025:11:25:02 +0500] "GET /favicon.ico HTTP/1.0" 301 4010 "-" "Mozilla/5.0 (compatible; CensysInspect/1.1; +https://about.censys.io/)"
206.189.233.36 - - [14/Nov/2025:23:03:27 +0500] "GET / HTTP/1.0" 200 20876963 "-" "Mozilla/5.0 (Linux; Android 6.0; HTC One M9 Build/MRA334945) AppleWebKit/537.36 (KHTML, like Gecko) Chrome/52.0.3285.98 Mobile Safari/537.3"
206.189.233.36 - - [14/Nov/2025:23:03:25 +0500] "GET / HTTP/1.0" 500 11960 "-" "-"
2a00:5da0:1000::128 - - [14/Nov/2025:23:03:29 +0500] "POST /wp-cron.php?doing_wp_cron=1763143409.1096990108489990234375 HTTP/1.0" 200 4011 "-" "WordPress/6.8.3; https://med.greenclinic.kz"
206.189.233.36 - - [14/Nov/2025:23:03:33 +0500] "POST /graphql HTTP/1.0" 500 11960 "-" "Mozilla/5.0 (l9scan/2.0.5353e26343e2031323e2539313; +https://leakix.net)"
206.189.233.36 - - [14/Nov/2025:23:03:36 +0500] "POST /api HTTP/1.0" 200 20877227 "-" "Mozilla/5.0 (l9scan/2.0.5353e26343e2031323e2539313; +https://leakix.net)"
206.189.233.36 - - [14/Nov/2025:23:03:39 +0500] "POST /api/graphql HTTP/1.0" 500 14599535 "-" "Mozilla/5.0 (l9scan/2.0.5353e26343e2031323e2539313; +https://leakix.net)"
206.189.233.36 - - [14/Nov/2025:23:03:43 +0500] "GET /swagger-ui.html HTTP/1.0" 301 4014 "-" "Mozilla/5.0 (l9scan/2.0.5353e26343e2031323e2539313; +https://leakix.net)"
206.189.233.36 - - [14/Nov/2025:23:03:42 +0500] "POST /graphql/api HTTP/1.0" 500 11960 "-" "Mozilla/5.0 (l9scan/2.0.5353e26343e2031323e2539313; +https://leakix.net)"
206.189.233.36 - - [14/Nov/2025:23:03:45 +0500] "GET /swagger/index.html HTTP/1.0" 301 4017 "-" "Mozilla/5.0 (l9scan/2.0.5353e26343e2031323e2539313; +https://leakix.net)"
206.189.233.36 - - [14/Nov/2025:23:03:46 +0500] "GET /swagger/swagger-ui.html HTTP/1.0" 301 4022 "-" "Mozilla/5.0 (l9scan/2.0.5353e26343e2031323e2539313; +https://leakix.net)"
206.189.233.36 - - [14/Nov/2025:23:03:48 +0500] "GET /webjars/swagger-ui/index.html HTTP/1.0" 301 4028 "-" "Mozilla/5.0 (l9scan/2.0.5353e26343e2031323e2539313; +https://leakix.net)"
206.189.233.36 - - [14/Nov/2025:23:03:50 +0500] "GET /swagger.json HTTP/1.0" 301 4011 "-" "Mozilla/5.0 (l9scan/2.0.5353e26343e2031323e2539313; +https://leakix.net)"
206.189.233.36 - - [14/Nov/2025:23:03:52 +0500] "GET /swagger/v1/swagger.json HTTP/1.0" 301 4022 "-" "Mozilla/5.0 (l9scan/2.0.5353e26343e2031323e2539313; +https://leakix.net)"
206.189.233.36 - - [14/Nov/2025:23:03:53 +0500] "GET /@vite/env HTTP/1.0" 301 4008 "-" "Mozilla/5.0 (l9scan/2.0.5353e26343e2031323e2539313; +https://leakix.net)"
206.189.233.36 - - [14/Nov/2025:23:03:55 +0500] "GET /actuator/env HTTP/1.0" 301 4011 "-" "Mozilla/5.0 (l9scan/2.0.5353e26343e2031323e2539313; +https://leakix.net)"
206.189.233.36 - - [14/Nov/2025:23:03:56 +0500] "POST /php-cgi/php-cgi.exe?%ADd+cgi.force_redirect%3D0+%ADd+disable_functions%3D\"\"+%ADd+allow_url_include%3D1+%ADd+auto_prepend_file%3Dphp://input HTTP/1.0" 500 11960 "-" "Mozilla/5.0 (l9scan/2.0.5353e26343e2031323e2539313; +https://leakix.net)"
206.189.233.36 - - [14/Nov/2025:23:03:59 +0500] "GET /server HTTP/1.0" 301 4005 "-" "Mozilla/5.0 (l9scan/2.0.5353e26343e2031323e2539313; +https://leakix.net)"
206.189.233.36 - - [14/Nov/2025:23:04:01 +0500] "GET /.vscode/sftp.json HTTP/1.0" 301 4016 "-" "Mozilla/5.0 (l9scan/2.0.5353e26343e2031323e2539313; +https://leakix.net)"
206.189.233.36 - - [14/Nov/2025:23:04:03 +0500] "GET /about HTTP/1.0" 301 4004 "-" "Mozilla/5.0 (l9scan/2.0.5353e26343e2031323e2539313; +https://leakix.net)"
206.189.233.36 - - [14/Nov/2025:23:04:05 +0500] "GET /debug/default/view?panel=config HTTP/1.0" 301 4030 "-" "Mozilla/5.0 (l9scan/2.0.5353e26343e2031323e2539313; +https://leakix.net)"
206.189.233.36 - - [14/Nov/2025:23:04:07 +0500] "GET /v2/_catalog HTTP/1.0" 301 4010 "-" "Mozilla/5.0 (l9scan/2.0.5353e26343e2031323e2539313; +https://leakix.net)"
206.189.233.36 - - [14/Nov/2025:23:04:08 +0500] "GET /ecp/Current/exporttool/microsoft.exchange.ediscovery.exporttool.application HTTP/1.0" 301 4074 "-" "Mozilla/5.0 (l9scan/2.0.5353e26343e2031323e2539313; +https://leakix.net)"
206.189.233.36 - - [14/Nov/2025:23:04:10 +0500] "GET /server-status HTTP/1.0" 403 4802 "-" "Mozilla/5.0 (l9scan/2.0.5353e26343e2031323e2539313; +https://leakix.net)"
206.189.233.36 - - [14/Nov/2025:23:04:11 +0500] "GET /login.action HTTP/1.0" 301 4011 "-" "Mozilla/5.0 (l9scan/2.0.5353e26343e2031323e2539313; +https://leakix.net)"
206.189.233.36 - - [14/Nov/2025:23:04:13 +0500] "GET /_all_dbs HTTP/1.0" 301 4007 "-" "Mozilla/5.0 (l9scan/2.0.5353e26343e2031323e2539313; +https://leakix.net)"
206.189.233.36 - - [14/Nov/2025:23:04:14 +0500] "GET /.DS_Store HTTP/1.0" 301 4008 "-" "Mozilla/5.0 (l9scan/2.0.5353e26343e2031323e2539313; +https://leakix.net)"
206.189.233.36 - - [14/Nov/2025:23:04:16 +0500] "GET /.env HTTP/1.0" 301 4003 "-" "Mozilla/5.0 (l9scan/2.0.5353e26343e2031323e2539313; +https://leakix.net)"
206.189.233.36 - - [14/Nov/2025:23:04:18 +0500] "GET /s/5353e26343e2031323e2539313/_/;/META-INF/maven/com.atlassian.jira/jira-webapp-dist/pom.properties HTTP/1.0" 301 4097 "-" "Mozilla/5.0 (l9scan/2.0.5353e26343e2031323e2539313; +https://leakix.net)"
206.189.233.36 - - [14/Nov/2025:23:04:19 +0500] "GET /config.json HTTP/1.0" 301 4010 "-" "Mozilla/5.0 (l9scan/2.0.5353e26343e2031323e2539313; +https://leakix.net)"
206.189.233.36 - - [14/Nov/2025:23:04:21 +0500] "GET /telescope/requests HTTP/1.0" 301 4017 "-" "Mozilla/5.0 (l9scan/2.0.5353e26343e2031323e2539313; +https://leakix.net)"
206.189.233.36 - - [14/Nov/2025:23:04:22 +0500] "GET /info.php HTTP/1.0" 403 4802 "-" "Mozilla/5.0 (l9scan/2.0.5353e26343e2031323e2539313; +https://leakix.net)"
206.189.233.36 - - [14/Nov/2025:23:04:23 +0500] "GET /?rest_route=/wp/v2/users/ HTTP/1.0" 200 5210 "-" "Mozilla/5.0 (l9scan/2.0.5353e26343e2031323e2539313; +https://leakix.net)"
2a00:5da0:1000::128 - - [15/Nov/2025:04:48:14 +0500] "POST /wp-cron.php?doing_wp_cron=1763164094.8509199619293212890625 HTTP/1.0" 200 4011 "-" "WordPress/6.8.3; https://med.greenclinic.kz"
2a00:5da0:1000::128 - - [15/Nov/2025:11:33:33 +0500] "POST /wp-cron.php?doing_wp_cron=1763188413.1018660068511962890625 HTTP/1.0" 200 4011 "-" "WordPress/6.8.3; https://med.greenclinic.kz"
108.130.101.224 - - [15/Nov/2025:11:33:30 +0500] "GET / HTTP/1.0" 200 20876523 "-" "Mozilla/5.0 (compatible; NetcraftSurveyAgent/1.0; +info@netcraft.com)"
2a00:5da0:1000::128 - - [16/Nov/2025:04:42:08 +0500] "POST /wp-cron.php?doing_wp_cron=1763250128.3298959732055664062500 HTTP/1.0" 200 4011 "-" "WordPress/6.8.3; https://med.greenclinic.kz"
2a00:5da0:1000::128 - - [16/Nov/2025:20:04:40 +0500] "POST /wp-cron.php?doing_wp_cron=1763305480.7217009067535400390625 HTTP/1.0" 200 4011 "-" "WordPress/6.8.3; https://med.greenclinic.kz"
199.45.155.106 - - [16/Nov/2025:20:04:37 +0500] "GET / HTTP/1.0" 200 20873487 "-" "Mozilla/5.0 (compatible; CensysInspect/1.1; +https://about.censys.io/)"
199.45.155.106 - - [16/Nov/2025:20:05:26 +0500] "GET / HTTP/1.0" 200 20876391 "-" "Mozilla/5.0 (compatible; CensysInspect/1.1; +https://about.censys.io/)"
2602:80d:1004::3a - - [16/Nov/2025:20:06:03 +0500] "GET /favicon.ico HTTP/1.0" 301 4010 "-" "Mozilla/5.0 (compatible; CensysInspect/1.1; +https://about.censys.io/)"
198.235.24.144 - - [17/Nov/2025:02:22:00 +0500] "GET / HTTP/1.0" 200 20875643 "-" "-"
2a00:5da0:1000::128 - - [17/Nov/2025:02:22:03 +0500] "POST /wp-cron.php?doing_wp_cron=1763328123.5628418922424316406250 HTTP/1.0" 200 4011 "-" "WordPress/6.8.3; https://med.greenclinic.kz"
143.244.168.161 - - [17/Nov/2025:03:05:02 +0500] "GET / HTTP/1.0" 500 11960 "-" "-"
143.244.168.161 - - [17/Nov/2025:03:05:03 +0500] "GET / HTTP/1.0" 200 20878217 "-" "Mozilla/5.0 (Linux; Android 6.0; HTC One M9 Build/MRA334945) AppleWebKit/537.36 (KHTML, like Gecko) Chrome/52.0.3285.98 Mobile Safari/537.3"
143.244.168.161 - - [17/Nov/2025:03:05:09 +0500] "POST /graphql HTTP/1.0" 200 20879603 "-" "Mozilla/5.0 (l9scan/2.0.5353e26343e2031323e2539313; +https://leakix.net)"
143.244.168.161 - - [17/Nov/2025:03:05:12 +0500] "POST /api HTTP/1.0" 500 8102833 "-" "Mozilla/5.0 (l9scan/2.0.5353e26343e2031323e2539313; +https://leakix.net)"
143.244.168.161 - - [17/Nov/2025:03:05:15 +0500] "POST /api/graphql HTTP/1.0" 200 20878393 "-" "Mozilla/5.0 (l9scan/2.0.5353e26343e2031323e2539313; +https://leakix.net)"
143.244.168.161 - - [17/Nov/2025:03:05:17 +0500] "POST /graphql/api HTTP/1.0" 500 11960 "-" "Mozilla/5.0 (l9scan/2.0.5353e26343e2031323e2539313; +https://leakix.net)"
143.244.168.161 - - [17/Nov/2025:03:05:19 +0500] "GET /swagger-ui.html HTTP/1.0" 301 4014 "-" "Mozilla/5.0 (l9scan/2.0.5353e26343e2031323e2539313; +https://leakix.net)"
143.244.168.161 - - [17/Nov/2025:03:05:20 +0500] "GET /swagger/index.html HTTP/1.0" 301 4017 "-" "Mozilla/5.0 (l9scan/2.0.5353e26343e2031323e2539313; +https://leakix.net)"
143.244.168.161 - - [17/Nov/2025:03:05:21 +0500] "GET /swagger/swagger-ui.html HTTP/1.0" 301 4022 "-" "Mozilla/5.0 (l9scan/2.0.5353e26343e2031323e2539313; +https://leakix.net)"
143.244.168.161 - - [17/Nov/2025:03:05:22 +0500] "GET /webjars/swagger-ui/index.html HTTP/1.0" 301 4028 "-" "Mozilla/5.0 (l9scan/2.0.5353e26343e2031323e2539313; +https://leakix.net)"
143.244.168.161 - - [17/Nov/2025:03:05:24 +0500] "GET /swagger.json HTTP/1.0" 301 4011 "-" "Mozilla/5.0 (l9scan/2.0.5353e26343e2031323e2539313; +https://leakix.net)"
143.244.168.161 - - [17/Nov/2025:03:05:25 +0500] "GET /swagger/v1/swagger.json HTTP/1.0" 301 4022 "-" "Mozilla/5.0 (l9scan/2.0.5353e26343e2031323e2539313; +https://leakix.net)"
143.244.168.161 - - [17/Nov/2025:03:05:26 +0500] "GET /v2/api-docs HTTP/1.0" 301 4010 "-" "Mozilla/5.0 (l9scan/2.0.5353e26343e2031323e2539313; +https://leakix.net)"
143.244.168.161 - - [17/Nov/2025:03:05:27 +0500] "GET /v3/api-docs HTTP/1.0" 301 4010 "-" "Mozilla/5.0 (l9scan/2.0.5353e26343e2031323e2539313; +https://leakix.net)"
143.244.168.161 - - [17/Nov/2025:03:05:29 +0500] "GET /@vite/env HTTP/1.0" 301 4008 "-" "Mozilla/5.0 (l9scan/2.0.5353e26343e2031323e2539313; +https://leakix.net)"
143.244.168.161 - - [17/Nov/2025:03:05:30 +0500] "GET /actuator/env HTTP/1.0" 301 4011 "-" "Mozilla/5.0 (l9scan/2.0.5353e26343e2031323e2539313; +https://leakix.net)"
143.244.168.161 - - [17/Nov/2025:03:05:31 +0500] "POST /php-cgi/php-cgi.exe?%ADd+cgi.force_redirect%3D0+%ADd+disable_functions%3D\"\"+%ADd+allow_url_include%3D1+%ADd+auto_prepend_file%3Dphp://input HTTP/1.0" 200 20879713 "-" "Mozilla/5.0 (l9scan/2.0.5353e26343e2031323e2539313; +https://leakix.net)"
143.244.168.161 - - [17/Nov/2025:03:05:34 +0500] "GET /server HTTP/1.0" 301 4005 "-" "Mozilla/5.0 (l9scan/2.0.5353e26343e2031323e2539313; +https://leakix.net)"
143.244.168.161 - - [17/Nov/2025:03:05:35 +0500] "GET /.vscode/sftp.json HTTP/1.0" 301 4016 "-" "Mozilla/5.0 (l9scan/2.0.5353e26343e2031323e2539313; +https://leakix.net)"
143.244.168.161 - - [17/Nov/2025:03:05:36 +0500] "GET /about HTTP/1.0" 301 4004 "-" "Mozilla/5.0 (l9scan/2.0.5353e26343e2031323e2539313; +https://leakix.net)"
143.244.168.161 - - [17/Nov/2025:03:05:38 +0500] "GET /debug/default/view?panel=config HTTP/1.0" 301 4030 "-" "Mozilla/5.0 (l9scan/2.0.5353e26343e2031323e2539313; +https://leakix.net)"
143.244.168.161 - - [17/Nov/2025:03:05:39 +0500] "GET /v2/_catalog HTTP/1.0" 301 4010 "-" "Mozilla/5.0 (l9scan/2.0.5353e26343e2031323e2539313; +https://leakix.net)"
143.244.168.161 - - [17/Nov/2025:03:05:40 +0500] "GET /ecp/Current/exporttool/microsoft.exchange.ediscovery.exporttool.application HTTP/1.0" 301 4074 "-" "Mozilla/5.0 (l9scan/2.0.5353e26343e2031323e2539313; +https://leakix.net)"
143.244.168.161 - - [17/Nov/2025:03:05:41 +0500] "GET /server-status HTTP/1.0" 403 4802 "-" "Mozilla/5.0 (l9scan/2.0.5353e26343e2031323e2539313; +https://leakix.net)"
143.244.168.161 - - [17/Nov/2025:03:05:42 +0500] "GET /login.action HTTP/1.0" 301 4011 "-" "Mozilla/5.0 (l9scan/2.0.5353e26343e2031323e2539313; +https://leakix.net)"
143.244.168.161 - - [17/Nov/2025:03:05:43 +0500] "GET /_all_dbs HTTP/1.0" 301 4007 "-" "Mozilla/5.0 (l9scan/2.0.5353e26343e2031323e2539313; +https://leakix.net)"
143.244.168.161 - - [17/Nov/2025:03:05:44 +0500] "GET /.DS_Store HTTP/1.0" 301 4008 "-" "Mozilla/5.0 (l9scan/2.0.5353e26343e2031323e2539313; +https://leakix.net)"
143.244.168.161 - - [17/Nov/2025:03:05:46 +0500] "GET /.env HTTP/1.0" 301 4003 "-" "Mozilla/5.0 (l9scan/2.0.5353e26343e2031323e2539313; +https://leakix.net)"
143.244.168.161 - - [17/Nov/2025:03:05:47 +0500] "GET /s/5353e26343e2031323e2539313/_/;/META-INF/maven/com.atlassian.jira/jira-webapp-dist/pom.properties HTTP/1.0" 301 4097 "-" "Mozilla/5.0 (l9scan/2.0.5353e26343e2031323e2539313; +https://leakix.net)"
2a14:7c1::2 - - [17/Nov/2025:04:34:44 +0500] "GET /.env HTTP/1.0" 301 4003 "-" "Mozilla/5.0 (Windows NT 10.0; Win64; x64) AppleWebKit/537.36 (KHTML, like Gecko) Chrome/134.0.0.0 Safari/537.3"
2a00:5da0:1000::128 - - [17/Nov/2025:04:34:47 +0500] "POST /wp-cron.php?doing_wp_cron=1763336087.3589820861816406250000 HTTP/1.0" 200 4011 "-" "WordPress/6.8.3; https://med.greenclinic.kz"
2a14:7c1::2 - - [17/Nov/2025:04:34:49 +0500] "GET /.env/ HTTP/1.0" 200 20875841 "-" "Mozilla/5.0 (Windows NT 10.0; Win64; x64) AppleWebKit/537.36 (KHTML, like Gecko) Chrome/134.0.0.0 Safari/537.3"
74.7.230.52 - - [17/Nov/2025:06:17:58 +0500] "GET /robots.txt HTTP/1.0" 301 4009 "-" "Mozilla/5.0 (Macintosh; Intel Mac OS X 10_15_7) AppleWebKit/537.36 (KHTML, like Gecko) Chrome/131.0.0.0 Safari/537.36; compatible; OAI-SearchBot/1.3; robots.txt; +https://openai.com/searchbot"
2a00:5da0:1000::128 - - [17/Nov/2025:06:18:01 +0500] "POST /wp-cron.php?doing_wp_cron=1763342281.0141530036926269531250 HTTP/1.0" 200 4011 "-" "WordPress/6.8.3; https://med.greenclinic.kz"
74.7.230.52 - - [17/Nov/2025:06:18:02 +0500] "GET /robots.txt/ HTTP/1.0" 200 20876743 "https://med.greenclinic.kz/robots.txt" "Mozilla/5.0 (Macintosh; Intel Mac OS X 10_15_7) AppleWebKit/537.36 (KHTML, like Gecko) Chrome/131.0.0.0 Safari/537.36; compatible; OAI-SearchBot/1.3; robots.txt; +https://openai.com/searchbot"
198.235.24.35 - - [17/Nov/2025:11:17:19 +0500] "GET / HTTP/1.0" 200 20879185 "http://195.210.46.55:80/" "-"
2a00:5da0:1000::128 - - [17/Nov/2025:11:17:22 +0500] "POST /wp-cron.php?doing_wp_cron=1763360242.2161490917205810546875 HTTP/1.0" 200 4011 "-" "WordPress/6.8.3; https://med.greenclinic.kz"
2a00:5da0:1000::128 - - [18/Nov/2025:04:54:16 +0500] "POST /wp-cron.php?doing_wp_cron=1763423656.8776860237121582031250 HTTP/1.0" 200 4011 "-" "WordPress/6.8.3; https://med.greenclinic.kz"
74.7.230.52 - - [18/Nov/2025:12:18:50 +0500] "GET /robots.txt HTTP/1.0" 301 4009 "-" "Mozilla/5.0 (Macintosh; Intel Mac OS X 10_15_7) AppleWebKit/537.36 (KHTML, like Gecko) Chrome/131.0.0.0 Safari/537.36; compatible; OAI-SearchBot/1.3; robots.txt; +https://openai.com/searchbot"
2a00:5da0:1000::128 - - [18/Nov/2025:12:18:53 +0500] "POST /wp-cron.php?doing_wp_cron=1763450333.8298470973968505859375 HTTP/1.0" 200 4011 "-" "WordPress/6.8.3; https://med.greenclinic.kz"
74.7.230.52 - - [18/Nov/2025:12:18:57 +0500] "GET /robots.txt/ HTTP/1.0" 500 11960 "https://med.greenclinic.kz/robots.txt" "Mozilla/5.0 (Macintosh; Intel Mac OS X 10_15_7) AppleWebKit/537.36 (KHTML, like Gecko) Chrome/131.0.0.0 Safari/537.36; compatible; OAI-SearchBot/1.3; robots.txt; +https://openai.com/searchbot"
2a00:5da0:1000::128 - - [18/Nov/2025:20:46:24 +0500] "POST /wp-cron.php?doing_wp_cron=1763480784.4130859375000000000000 HTTP/1.0" 200 4011 "-" "WordPress/6.8.3; https://med.greenclinic.kz"
3.138.185.30 - - [18/Nov/2025:20:46:21 +0500] "GET / HTTP/1.0" 500 11960 "-" "cypex.ai/scanning Mozilla/5.0 (Macintosh; Intel Mac OS X 10_15_7) Chrome/126.0.0.0 Safari/537.36"
3.138.185.30 - - [18/Nov/2025:20:46:56 +0500] "GET / HTTP/1.0" 200 20876589 "http://med.greenclinic.kz/" "cypex.ai/scanning Mozilla/5.0 (Macintosh; Intel Mac OS X 10_15_7) Chrome/126.0.0.0 Safari/537.36"
2a00:5da0:1000::128 - - [19/Nov/2025:04:50:24 +0500] "POST /wp-cron.php HTTP/1.0" 200 4011 "-" "WordPress/6.8.3; https://med.greenclinic.kz"
2a00:5da0:1000::128 - - [19/Nov/2025:04:50:25 +0500] "GET / HTTP/1.0" 500 11960 "-" "WordPress/6.8.3; https://med.greenclinic.kz"
2a00:5da0:1000::128 - - [19/Nov/2025:04:50:30 +0500] "GET / HTTP/1.0" 500 15972197 "-" "WordPress/6.8.3; https://med.greenclinic.kz"
2a00:5da0:1000::128 - - [19/Nov/2025:04:50:35 +0500] "GET / HTTP/1.0" 200 20878503 "-" "WordPress/6.8.3; https://med.greenclinic.kz"
2a00:5da0:1000::128 - - [19/Nov/2025:04:50:39 +0500] "GET / HTTP/1.0" 200 20875049 "-" "WordPress/6.8.3; https://med.greenclinic.kz"
2a00:5da0:1000::128 - - [19/Nov/2025:04:50:41 +0500] "GET / HTTP/1.0" 200 20878195 "-" "WordPress/6.8.3; https://med.greenclinic.kz"
2a00:5da0:1000::128 - - [19/Nov/2025:04:50:17 +0500] "POST /wp-cron.php?doing_wp_cron=1763509817.1541628837585449218750 HTTP/1.0" 200 4011 "-" "WordPress/6.8.3; https://med.greenclinic.kz"
74.7.230.52 - - [19/Nov/2025:16:23:40 +0500] "GET /robots.txt HTTP/1.0" 301 4009 "-" "Mozilla/5.0 (Macintosh; Intel Mac OS X 10_15_7) AppleWebKit/537.36 (KHTML, like Gecko) Chrome/131.0.0.0 Safari/537.36; compatible; OAI-SearchBot/1.3; robots.txt; +https://openai.com/searchbot"
2a00:5da0:1000::128 - - [19/Nov/2025:16:23:44 +0500] "POST /wp-cron.php?doing_wp_cron=1763551424.6144669055938720703125 HTTP/1.0" 200 4011 "-" "WordPress/6.8.3; https://med.greenclinic.kz"
74.7.230.52 - - [19/Nov/2025:16:23:46 +0500] "GET /robots.txt/ HTTP/1.0" 500 11960 "https://med.greenclinic.kz/robots.txt" "Mozilla/5.0 (Macintosh; Intel Mac OS X 10_15_7) AppleWebKit/537.36 (KHTML, like Gecko) Chrome/131.0.0.0 Safari/537.36; compatible; OAI-SearchBot/1.3; robots.txt; +https://openai.com/searchbot"
2a00:5da0:1000::128 - - [19/Nov/2025:19:39:59 +0500] "POST /wp-cron.php?doing_wp_cron=1763563199.3942050933837890625000 HTTP/1.0" 200 4011 "-" "WordPress/6.8.3; https://med.greenclinic.kz"
2a14:7c1::2 - - [19/Nov/2025:19:39:56 +0500] "GET / HTTP/1.0" 200 20874939 "-" "Mozilla/5.0 (Windows NT 10.0; Win64; x64) AppleWebKit/537.36 (KHTML, like Gecko) Chrome/134.0.0.0 Safari/537.3"
2a00:5da0:1000::128 - - [20/Nov/2025:04:47:51 +0500] "POST /wp-cron.php?doing_wp_cron=1763596071.8623449802398681640625 HTTP/1.0" 200 4011 "-" "WordPress/6.8.3; https://med.greenclinic.kz"
2a00:5da0:1000::128 - - [21/Nov/2025:04:02:31 +0500] "POST /wp-cron.php?doing_wp_cron=1763679751.6485490798950195312500 HTTP/1.0" 200 4011 "-" "WordPress/6.8.3; https://med.greenclinic.kz"
147.185.132.45 - - [21/Nov/2025:04:02:28 +0500] "GET / HTTP/1.0" 200 20878723 "-" "Hello from Palo Alto Networks, find out more about our scans in https://docs-cortex.paloaltonetworks.com/r/1/Cortex-Xpanse/Scanning-activity"
2a00:5da0:1000::128 - - [21/Nov/2025:04:51:44 +0500] "POST /wp-cron.php?doing_wp_cron=1763682704.3576350212097167968750 HTTP/1.0" 200 4011 "-" "WordPress/6.8.3; https://med.greenclinic.kz"
2a00:5da0:1000::128 - - [21/Nov/2025:06:41:44 +0500] "POST /wp-cron.php?doing_wp_cron=1763689304.1880049705505371093750 HTTP/1.0" 200 4011 "-" "WordPress/6.8.3; https://med.greenclinic.kz"
54.217.83.13 - - [21/Nov/2025:06:41:40 +0500] "GET / HTTP/1.0" 200 20875511 "-" "Mozilla/5.0 (Windows NT 10.0; Win64; x64) AppleWebKit/537.36 (KHTML, like Gecko) Chrome/120.0.0.0 Safari/537.36"
2a00:5da0:1000::128 - - [21/Nov/2025:16:20:15 +0500] "POST /wp-cron.php?doing_wp_cron=1763724015.8193509578704833984375 HTTP/1.0" 200 4011 "-" "WordPress/6.8.3; https://med.greenclinic.kz"
209.38.248.17 - - [21/Nov/2025:16:20:12 +0500] "GET / HTTP/1.0" 500 11960 "-" "-"
209.38.248.17 - - [21/Nov/2025:16:20:53 +0500] "GET / HTTP/1.0" 200 20878899 "-" "Mozilla/5.0 (l9scan/2.0.5353e26343e2031323e2539313; +https://leakix.net)"
209.38.248.17 - - [21/Nov/2025:16:20:58 +0500] "POST /graphql HTTP/1.0" 200 20879361 "-" "Mozilla/5.0 (l9scan/2.0.5353e26343e2031323e2539313; +https://leakix.net)"
209.38.248.17 - - [21/Nov/2025:16:21:00 +0500] "POST /api HTTP/1.0" 200 20877997 "-" "Mozilla/5.0 (l9scan/2.0.5353e26343e2031323e2539313; +https://leakix.net)"
209.38.248.17 - - [21/Nov/2025:16:21:04 +0500] "POST /api/graphql HTTP/1.0" 500 11960 "-" "Mozilla/5.0 (l9scan/2.0.5353e26343e2031323e2539313; +https://leakix.net)"
209.38.248.17 - - [21/Nov/2025:16:21:06 +0500] "POST /graphql/api HTTP/1.0" 500 11960 "-" "Mozilla/5.0 (l9scan/2.0.5353e26343e2031323e2539313; +https://leakix.net)"
209.38.248.17 - - [21/Nov/2025:16:21:08 +0500] "GET /swagger-ui.html HTTP/1.0" 301 4014 "-" "Mozilla/5.0 (l9scan/2.0.5353e26343e2031323e2539313; +https://leakix.net)"
209.38.248.17 - - [21/Nov/2025:16:21:11 +0500] "GET /swagger/index.html HTTP/1.0" 301 4017 "-" "Mozilla/5.0 (l9scan/2.0.5353e26343e2031323e2539313; +https://leakix.net)"
209.38.248.17 - - [21/Nov/2025:16:21:13 +0500] "GET /swagger/swagger-ui.html HTTP/1.0" 301 4022 "-" "Mozilla/5.0 (l9scan/2.0.5353e26343e2031323e2539313; +https://leakix.net)"
209.38.248.17 - - [21/Nov/2025:16:21:15 +0500] "GET /webjars/swagger-ui/index.html HTTP/1.0" 301 4028 "-" "Mozilla/5.0 (l9scan/2.0.5353e26343e2031323e2539313; +https://leakix.net)"
209.38.248.17 - - [21/Nov/2025:16:21:16 +0500] "GET /swagger.json HTTP/1.0" 301 4011 "-" "Mozilla/5.0 (l9scan/2.0.5353e26343e2031323e2539313; +https://leakix.net)"
209.38.248.17 - - [21/Nov/2025:16:21:18 +0500] "GET /@vite/env HTTP/1.0" 301 4008 "-" "Mozilla/5.0 (l9scan/2.0.5353e26343e2031323e2539313; +https://leakix.net)"
209.38.248.17 - - [21/Nov/2025:16:21:19 +0500] "GET /actuator/env HTTP/1.0" 301 4011 "-" "Mozilla/5.0 (l9scan/2.0.5353e26343e2031323e2539313; +https://leakix.net)"
209.38.248.17 - - [21/Nov/2025:16:21:22 +0500] "POST /php-cgi/php-cgi.exe?%ADd+cgi.force_redirect%3D0+%ADd+disable_functions%3D\"\"+%ADd+allow_url_include%3D1+%ADd+auto_prepend_file%3Dphp://input HTTP/1.0" 200 20874125 "-" "Mozilla/5.0 (l9scan/2.0.5353e26343e2031323e2539313; +https://leakix.net)"
209.38.248.17 - - [21/Nov/2025:16:21:25 +0500] "GET /server HTTP/1.0" 301 4005 "-" "Mozilla/5.0 (l9scan/2.0.5353e26343e2031323e2539313; +https://leakix.net)"
209.38.248.17 - - [21/Nov/2025:16:21:26 +0500] "GET /.vscode/sftp.json HTTP/1.0" 301 4016 "-" "Mozilla/5.0 (l9scan/2.0.5353e26343e2031323e2539313; +https://leakix.net)"
209.38.248.17 - - [21/Nov/2025:16:21:28 +0500] "GET /about HTTP/1.0" 301 4004 "-" "Mozilla/5.0 (l9scan/2.0.5353e26343e2031323e2539313; +https://leakix.net)"
209.38.248.17 - - [21/Nov/2025:16:21:30 +0500] "GET /debug/default/view?panel=config HTTP/1.0" 301 4030 "-" "Mozilla/5.0 (l9scan/2.0.5353e26343e2031323e2539313; +https://leakix.net)"
209.38.248.17 - - [21/Nov/2025:16:21:32 +0500] "GET /v2/_catalog HTTP/1.0" 301 4010 "-" "Mozilla/5.0 (l9scan/2.0.5353e26343e2031323e2539313; +https://leakix.net)"
209.38.248.17 - - [21/Nov/2025:16:21:34 +0500] "GET /ecp/Current/exporttool/microsoft.exchange.ediscovery.exporttool.application HTTP/1.0" 301 4074 "-" "Mozilla/5.0 (l9scan/2.0.5353e26343e2031323e2539313; +https://leakix.net)"
209.38.248.17 - - [21/Nov/2025:16:21:35 +0500] "GET /server-status HTTP/1.0" 403 4802 "-" "Mozilla/5.0 (l9scan/2.0.5353e26343e2031323e2539313; +https://leakix.net)"
209.38.248.17 - - [21/Nov/2025:16:21:36 +0500] "GET /login.action HTTP/1.0" 301 4011 "-" "Mozilla/5.0 (l9scan/2.0.5353e26343e2031323e2539313; +https://leakix.net)"
209.38.248.17 - - [21/Nov/2025:16:21:38 +0500] "GET /_all_dbs HTTP/1.0" 301 4007 "-" "Mozilla/5.0 (l9scan/2.0.5353e26343e2031323e2539313; +https://leakix.net)"
209.38.248.17 - - [21/Nov/2025:16:21:39 +0500] "GET /.DS_Store HTTP/1.0" 301 4008 "-" "Mozilla/5.0 (l9scan/2.0.5353e26343e2031323e2539313; +https://leakix.net)"
209.38.248.17 - - [21/Nov/2025:16:21:41 +0500] "GET /.env HTTP/1.0" 301 4003 "-" "Mozilla/5.0 (l9scan/2.0.5353e26343e2031323e2539313; +https://leakix.net)"
209.38.248.17 - - [21/Nov/2025:16:21:44 +0500] "GET /s/5353e26343e2031323e2539313/_/;/META-INF/maven/com.atlassian.jira/jira-webapp-dist/pom.properties HTTP/1.0" 301 4097 "-" "Mozilla/5.0 (l9scan/2.0.5353e26343e2031323e2539313; +https://leakix.net)"
209.38.248.17 - - [21/Nov/2025:16:21:45 +0500] "GET /config.json HTTP/1.0" 301 4010 "-" "Mozilla/5.0 (l9scan/2.0.5353e26343e2031323e2539313; +https://leakix.net)"
209.38.248.17 - - [21/Nov/2025:16:21:47 +0500] "GET /telescope/requests HTTP/1.0" 301 4017 "-" "Mozilla/5.0 (l9scan/2.0.5353e26343e2031323e2539313; +https://leakix.net)"
209.38.248.17 - - [21/Nov/2025:16:21:49 +0500] "GET /info.php HTTP/1.0" 403 4802 "-" "Mozilla/5.0 (l9scan/2.0.5353e26343e2031323e2539313; +https://leakix.net)"
209.38.248.17 - - [21/Nov/2025:16:21:49 +0500] "GET /?rest_route=/wp/v2/users/ HTTP/1.0" 200 5210 "-" "Mozilla/5.0 (l9scan/2.0.5353e26343e2031323e2539313; +https://leakix.net)"
2a00:5da0:1000::128 - - [21/Nov/2025:21:26:29 +0500] "POST /wp-cron.php?doing_wp_cron=1763742389.5262410640716552734375 HTTP/1.0" 200 4011 "-" "WordPress/6.8.3; https://med.greenclinic.kz"
207.154.212.47 - - [21/Nov/2025:21:26:50 +0500] "GET / HTTP/1.0" 200 20875995 "-" "Mozilla/5.0 (l9scan/2.0.5353e26343e2031323e2539313; +https://leakix.net)"
2a03:b0c0:3:d0::fef:2001 - - [21/Nov/2025:21:26:50 +0500] "GET / HTTP/1.0" 500 11960 "-" "Mozilla/5.0 (l9scan/2.0.832313a3a303030313a303164653a303031623; +https://leakix.net)"
34.123.170.104 - - [21/Nov/2025:21:26:50 +0500] "GET / HTTP/1.0" 200 20874037 "-" "Mozilla/5.0 (X11; Linux x86_64) AppleWebKit/537.36 (KHTML, like Gecko) Chrome/125.0.0.0 Safari/537.36"
205.169.39.13 - - [21/Nov/2025:21:26:54 +0500] "GET / HTTP/1.0" 200 20879713 "-" "Mozilla/5.0 (Windows NT 10.0; Win64; x64) AppleWebKit/537.36 (KHTML, like Gecko) Chrome/117.0.5938.132 Safari/537.36"
207.154.212.47 - - [21/Nov/2025:21:26:57 +0500] "POST /graphql HTTP/1.0" 500 6276365 "-" "Mozilla/5.0 (l9scan/2.0.5353e26343e2031323e2539313; +https://leakix.net)"
207.154.212.47 - - [21/Nov/2025:21:27:00 +0500] "POST /api HTTP/1.0" 200 20876193 "-" "Mozilla/5.0 (l9scan/2.0.5353e26343e2031323e2539313; +https://leakix.net)"
207.154.212.47 - - [21/Nov/2025:21:27:04 +0500] "POST /api/graphql HTTP/1.0" 500 11960 "-" "Mozilla/5.0 (l9scan/2.0.5353e26343e2031323e2539313; +https://leakix.net)"
207.154.212.47 - - [21/Nov/2025:21:27:07 +0500] "GET /swagger-ui.html HTTP/1.0" 301 4014 "-" "Mozilla/5.0 (l9scan/2.0.5353e26343e2031323e2539313; +https://leakix.net)"
207.154.212.47 - - [21/Nov/2025:21:27:06 +0500] "POST /graphql/api HTTP/1.0" 500 11960 "-" "Mozilla/5.0 (l9scan/2.0.5353e26343e2031323e2539313; +https://leakix.net)"
207.154.212.47 - - [21/Nov/2025:21:27:09 +0500] "GET /swagger/index.html HTTP/1.0" 301 4017 "-" "Mozilla/5.0 (l9scan/2.0.5353e26343e2031323e2539313; +https://leakix.net)"
207.154.212.47 - - [21/Nov/2025:21:27:10 +0500] "GET /swagger/swagger-ui.html HTTP/1.0" 301 4022 "-" "Mozilla/5.0 (l9scan/2.0.5353e26343e2031323e2539313; +https://leakix.net)"
207.154.212.47 - - [21/Nov/2025:21:27:12 +0500] "GET /webjars/swagger-ui/index.html HTTP/1.0" 301 4028 "-" "Mozilla/5.0 (l9scan/2.0.5353e26343e2031323e2539313; +https://leakix.net)"
207.154.212.47 - - [21/Nov/2025:21:27:14 +0500] "GET /swagger.json HTTP/1.0" 301 4011 "-" "Mozilla/5.0 (l9scan/2.0.5353e26343e2031323e2539313; +https://leakix.net)"
207.154.212.47 - - [21/Nov/2025:21:27:15 +0500] "GET /swagger/v1/swagger.json HTTP/1.0" 301 4022 "-" "Mozilla/5.0 (l9scan/2.0.5353e26343e2031323e2539313; +https://leakix.net)"
207.154.212.47 - - [21/Nov/2025:21:27:17 +0500] "GET /@vite/env HTTP/1.0" 301 4008 "-" "Mozilla/5.0 (l9scan/2.0.5353e26343e2031323e2539313; +https://leakix.net)"
207.154.212.47 - - [21/Nov/2025:21:27:18 +0500] "GET /actuator/env HTTP/1.0" 301 4011 "-" "Mozilla/5.0 (l9scan/2.0.5353e26343e2031323e2539313; +https://leakix.net)"
207.154.212.47 - - [21/Nov/2025:21:27:22 +0500] "GET /server HTTP/1.0" 301 4005 "-" "Mozilla/5.0 (l9scan/2.0.5353e26343e2031323e2539313; +https://leakix.net)"
207.154.212.47 - - [21/Nov/2025:21:27:19 +0500] "POST /php-cgi/php-cgi.exe?%ADd+cgi.force_redirect%3D0+%ADd+disable_functions%3D\"\"+%ADd+allow_url_include%3D1+%ADd+auto_prepend_file%3Dphp://input HTTP/1.0" 500 11960 "-" "Mozilla/5.0 (l9scan/2.0.5353e26343e2031323e2539313; +https://leakix.net)"
207.154.212.47 - - [21/Nov/2025:21:27:24 +0500] "GET /.vscode/sftp.json HTTP/1.0" 301 4016 "-" "Mozilla/5.0 (l9scan/2.0.5353e26343e2031323e2539313; +https://leakix.net)"
207.154.212.47 - - [21/Nov/2025:21:27:25 +0500] "GET /about HTTP/1.0" 301 4004 "-" "Mozilla/5.0 (l9scan/2.0.5353e26343e2031323e2539313; +https://leakix.net)"
207.154.212.47 - - [21/Nov/2025:21:27:26 +0500] "GET /debug/default/view?panel=config HTTP/1.0" 301 4030 "-" "Mozilla/5.0 (l9scan/2.0.5353e26343e2031323e2539313; +https://leakix.net)"
207.154.212.47 - - [21/Nov/2025:21:27:28 +0500] "GET /v2/_catalog HTTP/1.0" 301 4010 "-" "Mozilla/5.0 (l9scan/2.0.5353e26343e2031323e2539313; +https://leakix.net)"
207.154.212.47 - - [21/Nov/2025:21:27:29 +0500] "GET /ecp/Current/exporttool/microsoft.exchange.ediscovery.exporttool.application HTTP/1.0" 301 4074 "-" "Mozilla/5.0 (l9scan/2.0.5353e26343e2031323e2539313; +https://leakix.net)"
207.154.212.47 - - [21/Nov/2025:21:27:30 +0500] "GET /server-status HTTP/1.0" 403 4802 "-" "Mozilla/5.0 (l9scan/2.0.5353e26343e2031323e2539313; +https://leakix.net)"
207.154.212.47 - - [21/Nov/2025:21:27:30 +0500] "GET /login.action HTTP/1.0" 301 4011 "-" "Mozilla/5.0 (l9scan/2.0.5353e26343e2031323e2539313; +https://leakix.net)"
207.154.212.47 - - [21/Nov/2025:21:27:31 +0500] "GET /_all_dbs HTTP/1.0" 301 4007 "-" "Mozilla/5.0 (l9scan/2.0.5353e26343e2031323e2539313; +https://leakix.net)"
207.154.212.47 - - [21/Nov/2025:21:27:32 +0500] "GET /.DS_Store HTTP/1.0" 301 4008 "-" "Mozilla/5.0 (l9scan/2.0.5353e26343e2031323e2539313; +https://leakix.net)"
207.154.212.47 - - [21/Nov/2025:21:27:33 +0500] "GET /.env HTTP/1.0" 301 4003 "-" "Mozilla/5.0 (l9scan/2.0.5353e26343e2031323e2539313; +https://leakix.net)"
207.154.212.47 - - [21/Nov/2025:21:27:34 +0500] "GET /s/5353e26343e2031323e2539313/_/;/META-INF/maven/com.atlassian.jira/jira-webapp-dist/pom.properties HTTP/1.0" 301 4097 "-" "Mozilla/5.0 (l9scan/2.0.5353e26343e2031323e2539313; +https://leakix.net)"
34.123.170.104 - - [21/Nov/2025:21:27:33 +0500] "GET / HTTP/1.0" 200 20876435 "-" "Mozilla/5.0 (X11; Linux x86_64) AppleWebKit/537.36 (KHTML, like Gecko) Chrome/125.0.0.0 Safari/537.36"
207.154.212.47 - - [21/Nov/2025:21:27:35 +0500] "GET /config.json HTTP/1.0" 301 4010 "-" "Mozilla/5.0 (l9scan/2.0.5353e26343e2031323e2539313; +https://leakix.net)"
207.154.212.47 - - [21/Nov/2025:21:27:36 +0500] "GET /telescope/requests HTTP/1.0" 301 4017 "-" "Mozilla/5.0 (l9scan/2.0.5353e26343e2031323e2539313; +https://leakix.net)"
207.154.212.47 - - [21/Nov/2025:21:27:37 +0500] "GET /info.php HTTP/1.0" 403 4802 "-" "Mozilla/5.0 (l9scan/2.0.5353e26343e2031323e2539313; +https://leakix.net)"
207.154.212.47 - - [21/Nov/2025:21:27:37 +0500] "GET /?rest_route=/wp/v2/users/ HTTP/1.0" 200 5210 "-" "Mozilla/5.0 (l9scan/2.0.5353e26343e2031323e2539313; +https://leakix.net)"
34.116.205.49 - - [21/Nov/2025:21:28:35 +0500] "GET / HTTP/1.0" 200 20874631 "-" "Mozilla/5.0 (iPhone13,2; U; CPU iPhone OS 14_0 like Mac OS X) AppleWebKit/602.1.50 (KHTML, like Gecko) Version/10.0 Mobile/15E148 Safari/602.1"
205.169.39.146 - - [21/Nov/2025:21:30:20 +0500] "GET / HTTP/1.0" 200 20875643 "-" "Mozilla/5.0 (Windows NT 6.1; Win64; x64) AppleWebKit/537.36 (KHTML, like Gecko) Chrome/83.0.4103.61 Safari/537.36"
205.169.39.146 - - [21/Nov/2025:21:31:26 +0500] "GET / HTTP/1.0" 200 20873399 "-" "Mozilla/5.0 (Windows NT 10.0; Win64; x64) AppleWebKit/537.36 (KHTML, like Gecko) Chrome/79.0.3945.79 Safari/537.36"
146.70.185.32 - - [21/Nov/2025:21:41:10 +0500] "HEAD / HTTP/1.0" 200 4153 "-" "Mozilla/5.0 (Windows NT 10.0; Win64; x64) AppleWebKit/537.36 (KHTML, like Gecko) Chrome/58.0.3029.110 Safari/537.3"
74.7.228.52 - - [21/Nov/2025:22:50:24 +0500] "GET /robots.txt HTTP/1.0" 301 4009 "-" "Mozilla/5.0 (Macintosh; Intel Mac OS X 10_15_7) AppleWebKit/537.36 (KHTML, like Gecko) Chrome/131.0.0.0 Safari/537.36; compatible; OAI-SearchBot/1.3; robots.txt; +https://openai.com/searchbot"
2a00:5da0:1000::128 - - [21/Nov/2025:22:50:26 +0500] "POST /wp-cron.php?doing_wp_cron=1763747426.6575739383697509765625 HTTP/1.0" 200 4011 "-" "WordPress/6.8.3; https://med.greenclinic.kz"
74.7.228.52 - - [21/Nov/2025:22:50:28 +0500] "GET /robots.txt/ HTTP/1.0" 200 20877579 "https://med.greenclinic.kz/robots.txt" "Mozilla/5.0 (Macintosh; Intel Mac OS X 10_15_7) AppleWebKit/537.36 (KHTML, like Gecko) Chrome/131.0.0.0 Safari/537.36; compatible; OAI-SearchBot/1.3; robots.txt; +https://openai.com/searchbot"
135.181.4.161 - - [21/Nov/2025:23:05:42 +0500] "GET / HTTP/1.0" 500 11960 "-" "Mozilla/5.0 (compatible; WPHunt/1.0; +https://wphunt.com/bot)"
34.32.180.166 - - [22/Nov/2025:01:07:08 +0500] "GET / HTTP/1.0" 200 20875049 "-" "Mozilla/5.0 (Macintosh; Intel Mac OS X 14_2) AppleWebKit/537.36 (KHTML, like Gecko) Chrome/127.0.6533.74 Safari/537.36"
2a00:5da0:1000::128 - - [22/Nov/2025:01:07:11 +0500] "POST /wp-cron.php?doing_wp_cron=1763755631.6633470058441162109375 HTTP/1.0" 200 4011 "-" "WordPress/6.8.3; https://med.greenclinic.kz"
2a00:5da0:1000::128 - - [22/Nov/2025:04:55:21 +0500] "POST /wp-cron.php?doing_wp_cron=1763769321.6342260837554931640625 HTTP/1.0" 200 4011 "-" "WordPress/6.8.3; https://med.greenclinic.kz"
2a00:5da0:1000::128 - - [22/Nov/2025:06:09:04 +0500] "POST /wp-cron.php?doing_wp_cron=1763773744.3142299652099609375000 HTTP/1.0" 200 4011 "-" "WordPress/6.8.3; https://med.greenclinic.kz"
167.71.23.157 - - [22/Nov/2025:06:09:01 +0500] "GET / HTTP/1.0" 500 11960 "-" "Mozilla/5.0 (X11; Linux x86_64) AppleWebKit/537.36 (KHTML, like Gecko) Chrome/139.0.0.0 Safari/537.36"
205.210.31.152 - - [22/Nov/2025:06:31:12 +0500] "GET / HTTP/1.0" 200 20874279 "-" "-"
2a00:5da0:1000::128 - - [22/Nov/2025:07:58:37 +0500] "POST /wp-cron.php?doing_wp_cron=1763780317.2380480766296386718750 HTTP/1.0" 200 4011 "-" "WordPress/6.8.3; https://med.greenclinic.kz"
