93.185.74.22 - - [22/Sep/2025:21:28:25 +0500] "GET /?post_type=elementor_library&p=24&elementor-preview=24&ver=1758558504 HTTP/1.0" 200 115158 "https://med.greenclinic.kz/wp-admin/post.php?post=24&action=elementor" "Mozilla/5.0 (Macintosh; Intel Mac OS X 10_15_7) AppleWebKit/537.36 (KHTML, like Gecko) Chrome/129.0.0.0 Safari/537.36 Edg/129.0.0.0"
93.185.74.22 - - [22/Sep/2025:21:28:26 +0500] "GET /index.php?rest_route=/elementor/v1/globals HTTP/1.0" 200 3788 "https://med.greenclinic.kz/wp-admin/post.php?post=24&action=elementor" "Mozilla/5.0 (Macintosh; Intel Mac OS X 10_15_7) AppleWebKit/537.36 (KHTML, like Gecko) Chrome/129.0.0.0 Safari/537.36 Edg/129.0.0.0"
93.185.74.22 - - [22/Sep/2025:21:28:26 +0500] "POST /wp-admin/admin-ajax.php HTTP/1.0" 200 6961004 "https://med.greenclinic.kz/wp-admin/post.php?post=24&action=elementor" "Mozilla/5.0 (Macintosh; Intel Mac OS X 10_15_7) AppleWebKit/537.36 (KHTML, like Gecko) Chrome/129.0.0.0 Safari/537.36 Edg/129.0.0.0"
93.185.74.22 - - [22/Sep/2025:21:28:25 +0500] "POST /wp-admin/admin-ajax.php HTTP/1.0" 200 2641 "https://med.greenclinic.kz/wp-admin/post.php?post=24&action=elementor" "Mozilla/5.0 (Macintosh; Intel Mac OS X 10_15_7) AppleWebKit/537.36 (KHTML, like Gecko) Chrome/129.0.0.0 Safari/537.36 Edg/129.0.0.0"
93.185.74.22 - - [22/Sep/2025:21:28:27 +0500] "POST /wp-admin/admin-ajax.php HTTP/1.0" 200 2678 "https://med.greenclinic.kz/wp-admin/post.php?post=24&action=elementor" "Mozilla/5.0 (Macintosh; Intel Mac OS X 10_15_7) AppleWebKit/537.36 (KHTML, like Gecko) Chrome/129.0.0.0 Safari/537.36 Edg/129.0.0.0"
93.185.74.22 - - [22/Sep/2025:21:28:27 +0500] "POST /wp-admin/admin-ajax.php HTTP/1.0" 200 2673 "https://med.greenclinic.kz/wp-admin/post.php?post=24&action=elementor" "Mozilla/5.0 (Macintosh; Intel Mac OS X 10_15_7) AppleWebKit/537.36 (KHTML, like Gecko) Chrome/129.0.0.0 Safari/537.36 Edg/129.0.0.0"
93.185.74.22 - - [22/Sep/2025:21:28:25 +0500] "GET /index.php?rest_route=/elementor/v1/checklist/user-progress HTTP/1.0" 200 3312 "https://med.greenclinic.kz/wp-admin/post.php?post=24&action=elementor" "Mozilla/5.0 (Macintosh; Intel Mac OS X 10_15_7) AppleWebKit/537.36 (KHTML, like Gecko) Chrome/129.0.0.0 Safari/537.36 Edg/129.0.0.0"
93.185.74.22 - - [22/Sep/2025:21:28:25 +0500] "GET /index.php?rest_route=%2Felementor%2Fv1%2Fsite-navigation%2Frecent-posts&posts_per_page=6&_locale=user HTTP/1.0" 200 3692 "https://med.greenclinic.kz/wp-admin/post.php?post=24&action=elementor" "Mozilla/5.0 (Macintosh; Intel Mac OS X 10_15_7) AppleWebKit/537.36 (KHTML, like Gecko) Chrome/129.0.0.0 Safari/537.36 Edg/129.0.0.0"
93.185.74.22 - - [22/Sep/2025:21:28:25 +0500] "GET /index.php?rest_route=/elementor/v1/kit-elements-defaults HTTP/1.0" 200 2682 "https://med.greenclinic.kz/wp-admin/post.php?post=24&action=elementor" "Mozilla/5.0 (Macintosh; Intel Mac OS X 10_15_7) AppleWebKit/537.36 (KHTML, like Gecko) Chrome/129.0.0.0 Safari/537.36 Edg/129.0.0.0"
93.185.74.22 - - [22/Sep/2025:21:28:32 +0500] "GET /wp-admin/edit.php?post_type=elementor_library&tabs_group=library HTTP/1.0" 200 172755 "https://med.greenclinic.kz/wp-admin/admin.php?page=elementor-settings" "Mozilla/5.0 (Macintosh; Intel Mac OS X 10_15_7) AppleWebKit/537.36 (KHTML, like Gecko) Chrome/129.0.0.0 Safari/537.36 Edg/129.0.0.0"
93.185.74.22 - - [22/Sep/2025:21:28:32 +0500] "GET /wp-admin/load-scripts.php?c=1&load%5Bchunk_0%5D=hoverIntent,wp-dom-ready,wp-hooks&ver=6.8.2 HTTP/1.0" 200 9086 "https://med.greenclinic.kz/wp-admin/edit.php?post_type=elementor_library&tabs_group=library" "Mozilla/5.0 (Macintosh; Intel Mac OS X 10_15_7) AppleWebKit/537.36 (KHTML, like Gecko) Chrome/129.0.0.0 Safari/537.36 Edg/129.0.0.0"
93.185.74.22 - - [22/Sep/2025:21:28:32 +0500] "GET /wp-admin/load-styles.php?c=1&dir=ltr&load%5Bchunk_0%5D=dashicons,admin-bar,common,forms,admin-menu,dashboard,list-tables,edit,revisions,media,themes,about,nav-menus,wp-pointer,widgets&load%5Bchunk_1%5D=,site-icon,l10n,buttons,wp-auth-check&ver=6.8.2 HTTP/1.0" 200 405642 "https://med.greenclinic.kz/wp-admin/edit.php?post_type=elementor_library&tabs_group=library" "Mozilla/5.0 (Macintosh; Intel Mac OS X 10_15_7) AppleWebKit/537.36 (KHTML, like Gecko) Chrome/129.0.0.0 Safari/537.36 Edg/129.0.0.0"
93.185.74.22 - - [22/Sep/2025:21:28:32 +0500] "GET /wp-admin/load-scripts.php?c=1&load%5Bchunk_0%5D=jquery-core,jquery-migrate,utils&ver=6.8.2 HTTP/1.0" 200 105678 "https://med.greenclinic.kz/wp-admin/edit.php?post_type=elementor_library&tabs_group=library" "Mozilla/5.0 (Macintosh; Intel Mac OS X 10_15_7) AppleWebKit/537.36 (KHTML, like Gecko) Chrome/129.0.0.0 Safari/537.36 Edg/129.0.0.0"
93.185.74.22 - - [22/Sep/2025:21:28:32 +0500] "POST /wp-admin/admin-ajax.php HTTP/1.0" 200 2611 "https://med.greenclinic.kz/wp-admin/edit.php?post_type=elementor_library&tabs_group=library" "Mozilla/5.0 (Macintosh; Intel Mac OS X 10_15_7) AppleWebKit/537.36 (KHTML, like Gecko) Chrome/129.0.0.0 Safari/537.36 Edg/129.0.0.0"
93.185.74.22 - - [22/Sep/2025:21:28:42 +0500] "POST /wp-admin/admin-ajax.php HTTP/1.0" 200 2611 "https://med.greenclinic.kz/wp-admin/edit.php?post_type=elementor_library&tabs_group=library" "Mozilla/5.0 (Macintosh; Intel Mac OS X 10_15_7) AppleWebKit/537.36 (KHTML, like Gecko) Chrome/129.0.0.0 Safari/537.36 Edg/129.0.0.0"
93.185.74.22 - - [22/Sep/2025:21:28:52 +0500] "GET /wp-admin/edit.php?post_type=elementor_library&action=elementor_new_post&_wpnonce=1b2907b05c&template_type=footer&_elementor_template_sub_type=&meta%5B_elementor_source%5D=post&post_data%5Bpost_title%5D=footer HTTP/1.0" 302 2541 "https://med.greenclinic.kz/wp-admin/edit.php?post_type=elementor_library&tabs_group=library" "Mozilla/5.0 (Macintosh; Intel Mac OS X 10_15_7) AppleWebKit/537.36 (KHTML, like Gecko) Chrome/129.0.0.0 Safari/537.36 Edg/129.0.0.0"
93.185.74.22 - - [22/Sep/2025:21:28:52 +0500] "POST /wp-admin/admin-ajax.php HTTP/1.0" 200 2611 "https://med.greenclinic.kz/wp-admin/edit.php?post_type=elementor_library&tabs_group=library" "Mozilla/5.0 (Macintosh; Intel Mac OS X 10_15_7) AppleWebKit/537.36 (KHTML, like Gecko) Chrome/129.0.0.0 Safari/537.36 Edg/129.0.0.0"
93.185.74.22 - - [22/Sep/2025:21:28:52 +0500] "GET /wp-admin/post.php?post=25&action=elementor HTTP/1.0" 200 2304055 "https://med.greenclinic.kz/wp-admin/edit.php?post_type=elementor_library&tabs_group=library" "Mozilla/5.0 (Macintosh; Intel Mac OS X 10_15_7) AppleWebKit/537.36 (KHTML, like Gecko) Chrome/129.0.0.0 Safari/537.36 Edg/129.0.0.0"
93.185.74.22 - - [22/Sep/2025:21:28:53 +0500] "GET /wp-admin/load-scripts.php?c=1&load%5Bchunk_0%5D=jquery-core,jquery-migrate,jquery-ui-core,jquery-ui-mouse,underscore,backbone,wp-api-request,wp-hooks&ver=6.8.2 HTTP/1.0" 200 177936 "https://med.greenclinic.kz/wp-admin/post.php?post=25&action=elementor" "Mozilla/5.0 (Macintosh; Intel Mac OS X 10_15_7) AppleWebKit/537.36 (KHTML, like Gecko) Chrome/129.0.0.0 Safari/537.36 Edg/129.0.0.0"
93.185.74.22 - - [22/Sep/2025:21:28:53 +0500] "GET /wp-admin/load-scripts.php?c=1&load%5Bchunk_0%5D=jquery-ui-draggable,react,react-dom&ver=6.8.2 HTTP/1.0" 200 160854 "https://med.greenclinic.kz/wp-admin/post.php?post=25&action=elementor" "Mozilla/5.0 (Macintosh; Intel Mac OS X 10_15_7) AppleWebKit/537.36 (KHTML, like Gecko) Chrome/129.0.0.0 Safari/537.36 Edg/129.0.0.0"
93.185.74.22 - - [22/Sep/2025:21:28:53 +0500] "POST /wp-admin/admin-ajax.php HTTP/1.0" 200 2641 "https://med.greenclinic.kz/wp-admin/post.php?post=25&action=elementor" "Mozilla/5.0 (Macintosh; Intel Mac OS X 10_15_7) AppleWebKit/537.36 (KHTML, like Gecko) Chrome/129.0.0.0 Safari/537.36 Edg/129.0.0.0"
93.185.74.22 - - [22/Sep/2025:21:28:53 +0500] "GET /index.php?rest_route=/elementor/v1/global-widget/templates HTTP/1.0" 200 2682 "https://med.greenclinic.kz/wp-admin/post.php?post=25&action=elementor" "Mozilla/5.0 (Macintosh; Intel Mac OS X 10_15_7) AppleWebKit/537.36 (KHTML, like Gecko) Chrome/129.0.0.0 Safari/537.36 Edg/129.0.0.0"
93.185.74.22 - - [22/Sep/2025:21:28:54 +0500] "GET /index.php?rest_route=%2Felementor%2Fv1%2Fsite-navigation%2Frecent-posts&posts_per_page=6&_locale=user HTTP/1.0" 200 3936 "https://med.greenclinic.kz/wp-admin/post.php?post=25&action=elementor" "Mozilla/5.0 (Macintosh; Intel Mac OS X 10_15_7) AppleWebKit/537.36 (KHTML, like Gecko) Chrome/129.0.0.0 Safari/537.36 Edg/129.0.0.0"
93.185.74.22 - - [22/Sep/2025:21:28:53 +0500] "GET /?post_type=elementor_library&p=25&elementor-preview=25&ver=1758558533 HTTP/1.0" 200 115168 "https://med.greenclinic.kz/wp-admin/post.php?post=25&action=elementor" "Mozilla/5.0 (Macintosh; Intel Mac OS X 10_15_7) AppleWebKit/537.36 (KHTML, like Gecko) Chrome/129.0.0.0 Safari/537.36 Edg/129.0.0.0"
93.185.74.22 - - [22/Sep/2025:21:28:54 +0500] "GET /index.php?rest_route=/elementor/v1/globals HTTP/1.0" 200 3788 "https://med.greenclinic.kz/wp-admin/post.php?post=25&action=elementor" "Mozilla/5.0 (Macintosh; Intel Mac OS X 10_15_7) AppleWebKit/537.36 (KHTML, like Gecko) Chrome/129.0.0.0 Safari/537.36 Edg/129.0.0.0"
93.185.74.22 - - [22/Sep/2025:21:28:54 +0500] "GET /index.php?rest_route=/elementor/v1/checklist/user-progress HTTP/1.0" 200 3312 "https://med.greenclinic.kz/wp-admin/post.php?post=25&action=elementor" "Mozilla/5.0 (Macintosh; Intel Mac OS X 10_15_7) AppleWebKit/537.36 (KHTML, like Gecko) Chrome/129.0.0.0 Safari/537.36 Edg/129.0.0.0"
93.185.74.22 - - [22/Sep/2025:21:28:54 +0500] "GET /index.php?rest_route=/elementor/v1/kit-elements-defaults HTTP/1.0" 200 2682 "https://med.greenclinic.kz/wp-admin/post.php?post=25&action=elementor" "Mozilla/5.0 (Macintosh; Intel Mac OS X 10_15_7) AppleWebKit/537.36 (KHTML, like Gecko) Chrome/129.0.0.0 Safari/537.36 Edg/129.0.0.0"
93.185.74.22 - - [22/Sep/2025:21:28:54 +0500] "POST /wp-admin/admin-ajax.php HTTP/1.0" 200 6960058 "https://med.greenclinic.kz/wp-admin/post.php?post=25&action=elementor" "Mozilla/5.0 (Macintosh; Intel Mac OS X 10_15_7) AppleWebKit/537.36 (KHTML, like Gecko) Chrome/129.0.0.0 Safari/537.36 Edg/129.0.0.0"
93.185.74.22 - - [22/Sep/2025:21:28:55 +0500] "POST /wp-admin/admin-ajax.php HTTP/1.0" 200 2678 "https://med.greenclinic.kz/wp-admin/post.php?post=25&action=elementor" "Mozilla/5.0 (Macintosh; Intel Mac OS X 10_15_7) AppleWebKit/537.36 (KHTML, like Gecko) Chrome/129.0.0.0 Safari/537.36 Edg/129.0.0.0"
93.185.74.22 - - [22/Sep/2025:21:28:55 +0500] "POST /wp-admin/admin-ajax.php HTTP/1.0" 200 2673 "https://med.greenclinic.kz/wp-admin/post.php?post=25&action=elementor" "Mozilla/5.0 (Macintosh; Intel Mac OS X 10_15_7) AppleWebKit/537.36 (KHTML, like Gecko) Chrome/129.0.0.0 Safari/537.36 Edg/129.0.0.0"
93.185.74.22 - - [22/Sep/2025:21:29:03 +0500] "GET /index.php?rest_route=/elementor/v1/checklist/user-progress HTTP/1.0" 200 3312 "https://med.greenclinic.kz/wp-admin/post.php?post=25&action=elementor" "Mozilla/5.0 (Macintosh; Intel Mac OS X 10_15_7) AppleWebKit/537.36 (KHTML, like Gecko) Chrome/129.0.0.0 Safari/537.36 Edg/129.0.0.0"
93.185.74.22 - - [22/Sep/2025:21:29:05 +0500] "GET /wp-admin/edit.php?post_type=elementor_library&tabs_group=library HTTP/1.0" 200 172755 "https://med.greenclinic.kz/wp-admin/admin.php?page=elementor-settings" "Mozilla/5.0 (Macintosh; Intel Mac OS X 10_15_7) AppleWebKit/537.36 (KHTML, like Gecko) Chrome/129.0.0.0 Safari/537.36 Edg/129.0.0.0"
93.185.74.22 - - [22/Sep/2025:21:29:05 +0500] "GET /wp-admin/load-styles.php?c=1&dir=ltr&load%5Bchunk_0%5D=dashicons,admin-bar,common,forms,admin-menu,dashboard,list-tables,edit,revisions,media,themes,about,nav-menus,wp-pointer,widgets&load%5Bchunk_1%5D=,site-icon,l10n,buttons,wp-auth-check&ver=6.8.2 HTTP/1.0" 200 405664 "https://med.greenclinic.kz/wp-admin/edit.php?post_type=elementor_library&tabs_group=library" "Mozilla/5.0 (Macintosh; Intel Mac OS X 10_15_7) AppleWebKit/537.36 (KHTML, like Gecko) Chrome/129.0.0.0 Safari/537.36 Edg/129.0.0.0"
93.185.74.22 - - [22/Sep/2025:21:29:05 +0500] "POST /wp-admin/admin-ajax.php HTTP/1.0" 200 2611 "https://med.greenclinic.kz/wp-admin/edit.php?post_type=elementor_library&tabs_group=library" "Mozilla/5.0 (Macintosh; Intel Mac OS X 10_15_7) AppleWebKit/537.36 (KHTML, like Gecko) Chrome/129.0.0.0 Safari/537.36 Edg/129.0.0.0"
93.185.74.22 - - [22/Sep/2025:21:29:11 +0500] "GET /wp-admin/plugins.php HTTP/1.0" 200 181832 "https://med.greenclinic.kz/wp-admin/edit.php?post_type=elementor_library&tabs_group=library" "Mozilla/5.0 (Macintosh; Intel Mac OS X 10_15_7) AppleWebKit/537.36 (KHTML, like Gecko) Chrome/129.0.0.0 Safari/537.36 Edg/129.0.0.0"
93.185.74.22 - - [22/Sep/2025:21:29:14 +0500] "GET /wp-admin/plugins.php?action=deactivate&plugin=elementor-pro%2Felementor-pro.php&plugin_status=all&paged=1&s&_wpnonce=28924b8faa HTTP/1.0" 302 2556 "https://med.greenclinic.kz/wp-admin/plugins.php" "Mozilla/5.0 (Macintosh; Intel Mac OS X 10_15_7) AppleWebKit/537.36 (KHTML, like Gecko) Chrome/129.0.0.0 Safari/537.36 Edg/129.0.0.0"
93.185.74.22 - - [22/Sep/2025:21:29:15 +0500] "GET /wp-admin/plugins.php?deactivate=true&plugin_status=all&paged=1&s= HTTP/1.0" 200 175564 "https://med.greenclinic.kz/wp-admin/plugins.php" "Mozilla/5.0 (Macintosh; Intel Mac OS X 10_15_7) AppleWebKit/537.36 (KHTML, like Gecko) Chrome/129.0.0.0 Safari/537.36 Edg/129.0.0.0"
93.185.74.22 - - [22/Sep/2025:21:29:24 +0500] "POST /wp-admin/admin-ajax.php HTTP/1.0" 200 2703 "https://med.greenclinic.kz/wp-admin/plugins.php?plugin_status=all&paged=1&s" "Mozilla/5.0 (Macintosh; Intel Mac OS X 10_15_7) AppleWebKit/537.36 (KHTML, like Gecko) Chrome/129.0.0.0 Safari/537.36 Edg/129.0.0.0"
93.185.74.22 - - [22/Sep/2025:21:29:27 +0500] "GET /wp-admin/plugins.php?plugin_status=all&paged=1&s HTTP/1.0" 200 172926 "https://med.greenclinic.kz/wp-admin/plugins.php" "Mozilla/5.0 (Macintosh; Intel Mac OS X 10_15_7) AppleWebKit/537.36 (KHTML, like Gecko) Chrome/129.0.0.0 Safari/537.36 Edg/129.0.0.0"
93.185.74.22 - - [22/Sep/2025:21:29:28 +0500] "GET /wp-admin/plugins.php?plugin_status=all&paged=1&s HTTP/1.0" 200 172926 "https://med.greenclinic.kz/wp-admin/plugins.php" "Mozilla/5.0 (Macintosh; Intel Mac OS X 10_15_7) AppleWebKit/537.36 (KHTML, like Gecko) Chrome/129.0.0.0 Safari/537.36 Edg/129.0.0.0"
93.185.74.22 - - [22/Sep/2025:21:29:32 +0500] "GET /wp-admin/plugins.php?plugin_status=all&paged=1&s HTTP/1.0" 200 172926 "https://med.greenclinic.kz/wp-admin/plugins.php" "Mozilla/5.0 (Macintosh; Intel Mac OS X 10_15_7) AppleWebKit/537.36 (KHTML, like Gecko) Chrome/129.0.0.0 Safari/537.36 Edg/129.0.0.0"
93.185.74.22 - - [22/Sep/2025:21:29:34 +0500] "GET /wp-admin/edit.php?post_type=elementor_library&tabs_group=library HTTP/1.0" 200 156459 "https://med.greenclinic.kz/wp-admin/plugins.php?plugin_status=all&paged=1&s" "Mozilla/5.0 (Macintosh; Intel Mac OS X 10_15_7) AppleWebKit/537.36 (KHTML, like Gecko) Chrome/129.0.0.0 Safari/537.36 Edg/129.0.0.0"
93.185.74.22 - - [22/Sep/2025:21:29:34 +0500] "POST /wp-admin/admin-ajax.php HTTP/1.0" 200 2611 "https://med.greenclinic.kz/wp-admin/edit.php?post_type=elementor_library&tabs_group=library" "Mozilla/5.0 (Macintosh; Intel Mac OS X 10_15_7) AppleWebKit/537.36 (KHTML, like Gecko) Chrome/129.0.0.0 Safari/537.36 Edg/129.0.0.0"
93.185.74.22 - - [22/Sep/2025:21:29:36 +0500] "POST /wp-admin/admin-ajax.php HTTP/1.0" 200 2580 "https://med.greenclinic.kz/wp-admin/edit.php?post_type=elementor_library&tabs_group=library" "Mozilla/5.0 (Macintosh; Intel Mac OS X 10_15_7) AppleWebKit/537.36 (KHTML, like Gecko) Chrome/129.0.0.0 Safari/537.36 Edg/129.0.0.0"
93.185.74.22 - - [22/Sep/2025:21:29:44 +0500] "POST /wp-admin/admin-ajax.php HTTP/1.0" 200 2611 "https://med.greenclinic.kz/wp-admin/edit.php?post_type=elementor_library&tabs_group=library" "Mozilla/5.0 (Macintosh; Intel Mac OS X 10_15_7) AppleWebKit/537.36 (KHTML, like Gecko) Chrome/129.0.0.0 Safari/537.36 Edg/129.0.0.0"
93.185.74.22 - - [22/Sep/2025:21:29:44 +0500] "POST /wp-admin/admin-ajax.php HTTP/1.0" 200 2580 "https://med.greenclinic.kz/wp-admin/edit.php?post_type=elementor_library&tabs_group=library" "Mozilla/5.0 (Macintosh; Intel Mac OS X 10_15_7) AppleWebKit/537.36 (KHTML, like Gecko) Chrome/129.0.0.0 Safari/537.36 Edg/129.0.0.0"
93.185.74.22 - - [22/Sep/2025:21:29:45 +0500] "POST /wp-admin/admin-ajax.php HTTP/1.0" 200 2580 "https://med.greenclinic.kz/wp-admin/edit.php?post_type=elementor_library&tabs_group=library" "Mozilla/5.0 (Macintosh; Intel Mac OS X 10_15_7) AppleWebKit/537.36 (KHTML, like Gecko) Chrome/129.0.0.0 Safari/537.36 Edg/129.0.0.0"
93.185.74.22 - - [22/Sep/2025:21:29:47 +0500] "POST /wp-admin/admin-ajax.php HTTP/1.0" 200 2580 "https://med.greenclinic.kz/wp-admin/edit.php?post_type=elementor_library&tabs_group=library" "Mozilla/5.0 (Macintosh; Intel Mac OS X 10_15_7) AppleWebKit/537.36 (KHTML, like Gecko) Chrome/129.0.0.0 Safari/537.36 Edg/129.0.0.0"
93.185.74.22 - - [22/Sep/2025:21:29:47 +0500] "GET /wp-admin/edit.php?post_type=elementor_library&tabs_group=library HTTP/1.0" 200 156459 "https://med.greenclinic.kz/wp-admin/plugins.php?plugin_status=all&paged=1&s" "Mozilla/5.0 (Macintosh; Intel Mac OS X 10_15_7) AppleWebKit/537.36 (KHTML, like Gecko) Chrome/129.0.0.0 Safari/537.36 Edg/129.0.0.0"
93.185.74.22 - - [22/Sep/2025:21:29:48 +0500] "GET /wp-admin/edit.php?post_type=elementor_library&tabs_group=library HTTP/1.0" 200 156459 "https://med.greenclinic.kz/wp-admin/plugins.php?plugin_status=all&paged=1&s" "Mozilla/5.0 (Macintosh; Intel Mac OS X 10_15_7) AppleWebKit/537.36 (KHTML, like Gecko) Chrome/129.0.0.0 Safari/537.36 Edg/129.0.0.0"
93.185.74.22 - - [22/Sep/2025:21:29:48 +0500] "POST /wp-admin/admin-ajax.php HTTP/1.0" 200 2611 "https://med.greenclinic.kz/wp-admin/edit.php?post_type=elementor_library&tabs_group=library" "Mozilla/5.0 (Macintosh; Intel Mac OS X 10_15_7) AppleWebKit/537.36 (KHTML, like Gecko) Chrome/129.0.0.0 Safari/537.36 Edg/129.0.0.0"
93.185.74.22 - - [22/Sep/2025:21:29:50 +0500] "POST /wp-admin/admin-ajax.php HTTP/1.0" 200 2641 "https://med.greenclinic.kz/wp-admin/post.php?post=12&action=elementor" "Mozilla/5.0 (Macintosh; Intel Mac OS X 10_15_7) AppleWebKit/537.36 (KHTML, like Gecko) Chrome/129.0.0.0 Safari/537.36 Edg/129.0.0.0"
93.185.74.22 - - [22/Sep/2025:21:29:50 +0500] "GET /index.php?rest_route=/elementor/v1/checklist/user-progress HTTP/1.0" 200 3312 "https://med.greenclinic.kz/wp-admin/post.php?post=12&action=elementor" "Mozilla/5.0 (Macintosh; Intel Mac OS X 10_15_7) AppleWebKit/537.36 (KHTML, like Gecko) Chrome/129.0.0.0 Safari/537.36 Edg/129.0.0.0"
93.185.74.22 - - [22/Sep/2025:21:29:58 +0500] "POST /wp-admin/admin-ajax.php HTTP/1.0" 200 2611 "https://med.greenclinic.kz/wp-admin/edit.php?post_type=elementor_library&tabs_group=library" "Mozilla/5.0 (Macintosh; Intel Mac OS X 10_15_7) AppleWebKit/537.36 (KHTML, like Gecko) Chrome/129.0.0.0 Safari/537.36 Edg/129.0.0.0"
93.185.74.22 - - [22/Sep/2025:21:30:05 +0500] "POST /wp-admin/admin-ajax.php HTTP/1.0" 200 2641 "https://med.greenclinic.kz/wp-admin/post.php?post=12&action=elementor" "Mozilla/5.0 (Macintosh; Intel Mac OS X 10_15_7) AppleWebKit/537.36 (KHTML, like Gecko) Chrome/129.0.0.0 Safari/537.36 Edg/129.0.0.0"
93.185.74.22 - - [22/Sep/2025:21:30:16 +0500] "GET /index.php?rest_route=/elementor/v1/checklist/user-progress HTTP/1.0" 200 3312 "https://med.greenclinic.kz/wp-admin/post.php?post=12&action=elementor" "Mozilla/5.0 (Macintosh; Intel Mac OS X 10_15_7) AppleWebKit/537.36 (KHTML, like Gecko) Chrome/129.0.0.0 Safari/537.36 Edg/129.0.0.0"
93.185.74.22 - - [22/Sep/2025:21:30:20 +0500] "POST /wp-admin/admin-ajax.php HTTP/1.0" 200 2641 "https://med.greenclinic.kz/wp-admin/post.php?post=13&action=elementor" "Mozilla/5.0 (Macintosh; Intel Mac OS X 10_15_7) AppleWebKit/537.36 (KHTML, like Gecko) Chrome/129.0.0.0 Safari/537.36 Edg/129.0.0.0"
93.185.74.22 - - [22/Sep/2025:21:30:21 +0500] "POST /wp-admin/admin-ajax.php HTTP/1.0" 200 2641 "https://med.greenclinic.kz/wp-admin/post.php?post=12&action=elementor" "Mozilla/5.0 (Macintosh; Intel Mac OS X 10_15_7) AppleWebKit/537.36 (KHTML, like Gecko) Chrome/129.0.0.0 Safari/537.36 Edg/129.0.0.0"
93.185.74.22 - - [22/Sep/2025:21:31:59 +0500] "POST /wp-admin/admin-ajax.php HTTP/1.0" 200 4297 "https://med.greenclinic.kz/wp-admin/edit.php?post_type=elementor_library&tabs_group=library" "Mozilla/5.0 (Macintosh; Intel Mac OS X 10_15_7) AppleWebKit/537.36 (KHTML, like Gecko) Chrome/129.0.0.0 Safari/537.36 Edg/129.0.0.0"
93.185.74.22 - - [22/Sep/2025:21:32:21 +0500] "POST /wp-admin/admin-ajax.php HTTP/1.0" 200 4327 "https://med.greenclinic.kz/wp-admin/post.php?post=13&action=elementor" "Mozilla/5.0 (Macintosh; Intel Mac OS X 10_15_7) AppleWebKit/537.36 (KHTML, like Gecko) Chrome/129.0.0.0 Safari/537.36 Edg/129.0.0.0"
93.185.74.22 - - [22/Sep/2025:21:32:22 +0500] "POST /wp-admin/admin-ajax.php HTTP/1.0" 200 4327 "https://med.greenclinic.kz/wp-admin/post.php?post=12&action=elementor" "Mozilla/5.0 (Macintosh; Intel Mac OS X 10_15_7) AppleWebKit/537.36 (KHTML, like Gecko) Chrome/129.0.0.0 Safari/537.36 Edg/129.0.0.0"
195.211.77.140 - - [22/Sep/2025:21:32:34 +0500] "HEAD / HTTP/1.0" 200 3984 "-" "Mozilla/5.0 (Windows NT 10.0; Win64; x64) AppleWebKit/537.36 (KHTML, like Gecko) Chrome/108.0.0.0 Safari/537.36"
93.185.74.22 - - [22/Sep/2025:21:32:37 +0500] "GET /index.php?rest_route=/elementor/v1/checklist/user-progress HTTP/1.0" 200 4998 "https://med.greenclinic.kz/wp-admin/post.php?post=13&action=elementor" "Mozilla/5.0 (Macintosh; Intel Mac OS X 10_15_7) AppleWebKit/537.36 (KHTML, like Gecko) Chrome/129.0.0.0 Safari/537.36 Edg/129.0.0.0"
93.185.74.22 - - [22/Sep/2025:21:32:37 +0500] "POST /wp-admin/admin-ajax.php HTTP/1.0" 200 4327 "https://med.greenclinic.kz/wp-admin/post.php?post=13&action=elementor" "Mozilla/5.0 (Macintosh; Intel Mac OS X 10_15_7) AppleWebKit/537.36 (KHTML, like Gecko) Chrome/129.0.0.0 Safari/537.36 Edg/129.0.0.0"
93.185.74.22 - - [22/Sep/2025:21:32:41 +0500] "GET /wp-admin/post.php?post=13&action=edit HTTP/1.0" 200 1667984 "https://med.greenclinic.kz/wp-admin/edit.php?post_type=page" "Mozilla/5.0 (Macintosh; Intel Mac OS X 10_15_7) AppleWebKit/537.36 (KHTML, like Gecko) Chrome/129.0.0.0 Safari/537.36 Edg/129.0.0.0"
93.185.74.22 - - [22/Sep/2025:21:32:41 +0500] "GET /wp-admin/load-styles.php?c=1&dir=ltr&load%5Bchunk_0%5D=dashicons,admin-bar,buttons,media-views,editor-buttons,wp-components,wp-preferences,wp-block-editor,wp-reusable-blocks,wp-patter&load%5Bchunk_1%5D=ns,wp-editor,common,forms,wp-reset-editor-styles,wp-block-library,wp-block-editor-content,wp-edit-blocks,wp-commands,wp-edit-pos&load%5Bchunk_2%5D=t,wp-block-directory,wp-format-library,admin-menu,dashboard,list-tables,edit,revisions,media,themes,about,nav-menus,wp-pointer,w&load%5Bchunk_3%5D=idgets,site-icon,l10n,wp-auth-check&ver=6.8.2 HTTP/1.0" 200 987119 "https://med.greenclinic.kz/wp-admin/post.php?post=13&action=edit" "Mozilla/5.0 (Macintosh; Intel Mac OS X 10_15_7) AppleWebKit/537.36 (KHTML, like Gecko) Chrome/129.0.0.0 Safari/537.36 Edg/129.0.0.0"
93.185.74.22 - - [22/Sep/2025:21:32:41 +0500] "GET /wp-admin/post.php?post=13&action=edit HTTP/1.0" 200 1667799 "https://med.greenclinic.kz/wp-admin/post.php?post=13&action=edit" "Mozilla/5.0 (Macintosh; Intel Mac OS X 10_15_7) AppleWebKit/537.36 (KHTML, like Gecko) Chrome/129.0.0.0 Safari/537.36 Edg/129.0.0.0"
93.185.74.22 - - [22/Sep/2025:21:32:42 +0500] "GET /wp-admin/load-scripts.php?c=1&load%5Bchunk_0%5D=hoverIntent,wp-dom-ready,wp-hooks&ver=6.8.2 HTTP/1.0" 200 10772 "https://med.greenclinic.kz/wp-admin/post.php?post=13&action=edit" "Mozilla/5.0 (Macintosh; Intel Mac OS X 10_15_7) AppleWebKit/537.36 (KHTML, like Gecko) Chrome/129.0.0.0 Safari/537.36 Edg/129.0.0.0"
93.185.74.22 - - [22/Sep/2025:21:32:41 +0500] "GET /wp-admin/load-scripts.php?c=1&load%5Bchunk_0%5D=jquery-core,jquery-migrate,utils,moxiejs,plupload&ver=6.8.2 HTTP/1.0" 500 11960 "https://med.greenclinic.kz/wp-admin/post.php?post=13&action=edit" "Mozilla/5.0 (Macintosh; Intel Mac OS X 10_15_7) AppleWebKit/537.36 (KHTML, like Gecko) Chrome/129.0.0.0 Safari/537.36 Edg/129.0.0.0"
93.185.74.22 - - [22/Sep/2025:21:32:41 +0500] "GET /wp-admin/load-scripts.php?c=1&load%5Bchunk_0%5D=hoverIntent,wp-dom-ready,wp-hooks&ver=6.8.2 HTTP/1.0" 200 10772 "https://med.greenclinic.kz/wp-admin/post.php?post=13&action=edit" "Mozilla/5.0 (Macintosh; Intel Mac OS X 10_15_7) AppleWebKit/537.36 (KHTML, like Gecko) Chrome/129.0.0.0 Safari/537.36 Edg/129.0.0.0"
93.185.74.22 - - [22/Sep/2025:21:32:42 +0500] "GET /wp-admin/load-scripts.php?c=1&load%5Bchunk_0%5D=jquery-core,jquery-migrate,utils,moxiejs,plupload&ver=6.8.2 HTTP/1.0" 200 210695 "https://med.greenclinic.kz/wp-admin/post.php?post=13&action=edit" "Mozilla/5.0 (Macintosh; Intel Mac OS X 10_15_7) AppleWebKit/537.36 (KHTML, like Gecko) Chrome/129.0.0.0 Safari/537.36 Edg/129.0.0.0"
93.185.74.22 - - [22/Sep/2025:21:32:43 +0500] "OPTIONS /index.php?rest_route=%2Fwp%2Fv2%2Fsettings&_locale=user HTTP/1.0" 200 17543 "https://med.greenclinic.kz/wp-admin/post.php?post=13&action=edit" "Mozilla/5.0 (Macintosh; Intel Mac OS X 10_15_7) AppleWebKit/537.36 (KHTML, like Gecko) Chrome/129.0.0.0 Safari/537.36 Edg/129.0.0.0"
93.185.74.22 - - [22/Sep/2025:21:32:43 +0500] "GET /index.php?rest_route=%2Fwp%2Fv2%2Ftemplates%2Flookup&slug=front-page&_locale=user HTTP/1.0" 200 10306 "https://med.greenclinic.kz/wp-admin/post.php?post=13&action=edit" "Mozilla/5.0 (Macintosh; Intel Mac OS X 10_15_7) AppleWebKit/537.36 (KHTML, like Gecko) Chrome/129.0.0.0 Safari/537.36 Edg/129.0.0.0"
195.211.77.142 - - [22/Sep/2025:21:32:44 +0500] "GET / HTTP/1.0" 200 56552 "-" "Mozilla/5.0 (Windows NT 10.0; Win64; x64) AppleWebKit/537.36 (KHTML, like Gecko) Chrome/108.0.0.0 Safari/537.36"
93.185.74.22 - - [22/Sep/2025:21:32:43 +0500] "GET /index.php?rest_route=%2Fwp%2Fv2%2Fblock-patterns%2Fpatterns&_locale=user HTTP/1.0" 200 992721 "https://med.greenclinic.kz/wp-admin/post.php?post=13&action=edit" "Mozilla/5.0 (Macintosh; Intel Mac OS X 10_15_7) AppleWebKit/537.36 (KHTML, like Gecko) Chrome/129.0.0.0 Safari/537.36 Edg/129.0.0.0"
93.185.74.22 - - [22/Sep/2025:21:32:44 +0500] "POST /wp-admin/admin-ajax.php HTTP/1.0" 200 4244 "https://med.greenclinic.kz/wp-admin/post.php?post=13&action=edit" "Mozilla/5.0 (Macintosh; Intel Mac OS X 10_15_7) AppleWebKit/537.36 (KHTML, like Gecko) Chrome/129.0.0.0 Safari/537.36 Edg/129.0.0.0"
93.185.74.22 - - [22/Sep/2025:21:32:43 +0500] "GET /index.php?rest_route=%2Fwp%2Fv2%2Fblocks&context=edit&per_page=100&page=1&_locale=user HTTP/1.0" 200 4409 "https://med.greenclinic.kz/wp-admin/post.php?post=13&action=edit" "Mozilla/5.0 (Macintosh; Intel Mac OS X 10_15_7) AppleWebKit/537.36 (KHTML, like Gecko) Chrome/129.0.0.0 Safari/537.36 Edg/129.0.0.0"
93.185.74.22 - - [22/Sep/2025:21:32:43 +0500] "GET /wp-admin/load-scripts.php?c=1&load%5Bchunk_0%5D=wp-polyfill&ver=6.8.2 HTTP/1.0" 200 45417 "-" "Mozilla/5.0 (Macintosh; Intel Mac OS X 10_15_7) AppleWebKit/537.36 (KHTML, like Gecko) Chrome/129.0.0.0 Safari/537.36 Edg/129.0.0.0"
93.185.74.22 - - [22/Sep/2025:21:32:43 +0500] "GET /index.php?rest_route=%2Fwp%2Fv2%2Fusers&context=view&who=authors&per_page=100&_fields=id%2Cname&_locale=user HTTP/1.0" 200 4465 "https://med.greenclinic.kz/wp-admin/post.php?post=13&action=edit" "Mozilla/5.0 (Macintosh; Intel Mac OS X 10_15_7) AppleWebKit/537.36 (KHTML, like Gecko) Chrome/129.0.0.0 Safari/537.36 Edg/129.0.0.0"
93.185.74.22 - - [22/Sep/2025:21:32:43 +0500] "GET /index.php?rest_route=/wp/v2/templates&context=edit&per_page=100&_locale=user HTTP/1.0" 200 48520 "https://med.greenclinic.kz/wp-admin/post.php?post=13&action=edit" "Mozilla/5.0 (Macintosh; Intel Mac OS X 10_15_7) AppleWebKit/537.36 (KHTML, like Gecko) Chrome/129.0.0.0 Safari/537.36 Edg/129.0.0.0"
93.185.74.22 - - [22/Sep/2025:21:32:43 +0500] "GET /index.php?rest_route=/wp/v2/taxonomies&context=edit&per_page=100&_locale=user HTTP/1.0" 200 26400 "https://med.greenclinic.kz/wp-admin/post.php?post=13&action=edit" "Mozilla/5.0 (Macintosh; Intel Mac OS X 10_15_7) AppleWebKit/537.36 (KHTML, like Gecko) Chrome/129.0.0.0 Safari/537.36 Edg/129.0.0.0"
93.185.74.22 - - [22/Sep/2025:21:32:43 +0500] "GET /index.php?rest_route=/wp/v2/wp_pattern_category&context=view&per_page=100&_fields=id%2Cname%2Cdescription%2Cslug&_locale=user HTTP/1.0" 200 4409 "https://med.greenclinic.kz/wp-admin/post.php?post=13&action=edit" "Mozilla/5.0 (Macintosh; Intel Mac OS X 10_15_7) AppleWebKit/537.36 (KHTML, like Gecko) Chrome/129.0.0.0 Safari/537.36 Edg/129.0.0.0"
93.185.74.22 - - [22/Sep/2025:21:32:45 +0500] "GET /index.php?rest_route=%2Fwp%2Fv2%2Fposts&context=edit&offset=1&order=desc&orderby=date&per_page=1&ignore_sticky=false&_locale=user HTTP/1.0" 200 4409 "https://med.greenclinic.kz/wp-admin/post.php?post=13&action=edit" "Mozilla/5.0 (Macintosh; Intel Mac OS X 10_15_7) AppleWebKit/537.36 (KHTML, like Gecko) Chrome/129.0.0.0 Safari/537.36 Edg/129.0.0.0"
93.185.74.22 - - [22/Sep/2025:21:32:45 +0500] "GET /index.php?rest_route=%2Fwp%2Fv2%2Fposts&context=edit&offset=6&order=desc&orderby=date&per_page=1&ignore_sticky=false&_locale=user HTTP/1.0" 200 4409 "https://med.greenclinic.kz/wp-admin/post.php?post=13&action=edit" "Mozilla/5.0 (Macintosh; Intel Mac OS X 10_15_7) AppleWebKit/537.36 (KHTML, like Gecko) Chrome/129.0.0.0 Safari/537.36 Edg/129.0.0.0"
93.185.74.22 - - [22/Sep/2025:21:32:45 +0500] "GET /index.php?rest_route=%2Fwp%2Fv2%2Fposts&context=edit&offset=0&order=desc&orderby=date&per_page=1&ignore_sticky=false&_locale=user HTTP/1.0" 200 7786 "https://med.greenclinic.kz/wp-admin/post.php?post=13&action=edit" "Mozilla/5.0 (Macintosh; Intel Mac OS X 10_15_7) AppleWebKit/537.36 (KHTML, like Gecko) Chrome/129.0.0.0 Safari/537.36 Edg/129.0.0.0"
93.185.74.22 - - [22/Sep/2025:21:32:46 +0500] "GET /index.php?rest_route=%2Fwp%2Fv2%2Fusers%2F1&context=view&_fields=id%2Cname&_locale=user HTTP/1.0" 200 4415 "https://med.greenclinic.kz/wp-admin/post.php?post=13&action=edit" "Mozilla/5.0 (Macintosh; Intel Mac OS X 10_15_7) AppleWebKit/537.36 (KHTML, like Gecko) Chrome/129.0.0.0 Safari/537.36 Edg/129.0.0.0"
93.185.74.22 - - [22/Sep/2025:21:32:44 +0500] "GET /wp-admin/edit.php?post_type=page HTTP/1.0" 200 166322 "https://med.greenclinic.kz/wp-admin/post.php?post=13&action=edit" "Mozilla/5.0 (Macintosh; Intel Mac OS X 10_15_7) AppleWebKit/537.36 (KHTML, like Gecko) Chrome/129.0.0.0 Safari/537.36 Edg/129.0.0.0"
93.185.74.22 - - [22/Sep/2025:21:32:46 +0500] "GET /wp-admin/load-scripts.php?c=1&load%5Bchunk_0%5D=jquery-core,jquery-migrate,utils&ver=6.8.2 HTTP/1.0" 200 107364 "https://med.greenclinic.kz/wp-admin/edit.php?post_type=page" "Mozilla/5.0 (Macintosh; Intel Mac OS X 10_15_7) AppleWebKit/537.36 (KHTML, like Gecko) Chrome/129.0.0.0 Safari/537.36 Edg/129.0.0.0"
93.185.74.22 - - [22/Sep/2025:21:32:46 +0500] "GET /wp-admin/load-styles.php?c=1&dir=ltr&load%5Bchunk_0%5D=dashicons,admin-bar,common,forms,admin-menu,dashboard,list-tables,edit,revisions,media,themes,about,nav-menus,wp-pointer,widgets&load%5Bchunk_1%5D=,site-icon,l10n,buttons,wp-auth-check&ver=6.8.2 HTTP/1.0" 200 407350 "https://med.greenclinic.kz/wp-admin/edit.php?post_type=page" "Mozilla/5.0 (Macintosh; Intel Mac OS X 10_15_7) AppleWebKit/537.36 (KHTML, like Gecko) Chrome/129.0.0.0 Safari/537.36 Edg/129.0.0.0"
93.185.74.22 - - [22/Sep/2025:21:32:46 +0500] "POST /wp-admin/admin-ajax.php HTTP/1.0" 200 4297 "https://med.greenclinic.kz/wp-admin/edit.php?post_type=page" "Mozilla/5.0 (Macintosh; Intel Mac OS X 10_15_7) AppleWebKit/537.36 (KHTML, like Gecko) Chrome/129.0.0.0 Safari/537.36 Edg/129.0.0.0"
93.185.74.22 - - [22/Sep/2025:21:32:45 +0500] "GET /index.php?rest_route=%2Fwp%2Fv2%2Fposts&context=edit&offset=7&order=desc&orderby=date&per_page=3&ignore_sticky=false&_locale=user HTTP/1.0" 200 4409 "https://med.greenclinic.kz/wp-admin/post.php?post=13&action=edit" "Mozilla/5.0 (Macintosh; Intel Mac OS X 10_15_7) AppleWebKit/537.36 (KHTML, like Gecko) Chrome/129.0.0.0 Safari/537.36 Edg/129.0.0.0"
93.185.74.22 - - [22/Sep/2025:21:32:45 +0500] "GET /index.php?rest_route=%2Fwp%2Fv2%2Fposts&context=edit&offset=2&order=desc&orderby=date&per_page=3&ignore_sticky=false&_locale=user HTTP/1.0" 200 4409 "https://med.greenclinic.kz/wp-admin/post.php?post=13&action=edit" "Mozilla/5.0 (Macintosh; Intel Mac OS X 10_15_7) AppleWebKit/537.36 (KHTML, like Gecko) Chrome/129.0.0.0 Safari/537.36 Edg/129.0.0.0"
93.185.74.22 - - [22/Sep/2025:21:32:45 +0500] "GET /index.php?rest_route=%2Fwp%2Fv2%2Fposts&context=edit&offset=5&order=desc&orderby=date&per_page=1&ignore_sticky=false&_locale=user HTTP/1.0" 200 4409 "https://med.greenclinic.kz/wp-admin/post.php?post=13&action=edit" "Mozilla/5.0 (Macintosh; Intel Mac OS X 10_15_7) AppleWebKit/537.36 (KHTML, like Gecko) Chrome/129.0.0.0 Safari/537.36 Edg/129.0.0.0"
93.185.74.22 - - [22/Sep/2025:21:32:51 +0500] "GET /wp-admin/plugins.php HTTP/1.0" 200 174488 "https://med.greenclinic.kz/wp-admin/edit.php?post_type=page" "Mozilla/5.0 (Macintosh; Intel Mac OS X 10_15_7) AppleWebKit/537.36 (KHTML, like Gecko) Chrome/129.0.0.0 Safari/537.36 Edg/129.0.0.0"
93.185.74.22 - - [22/Sep/2025:21:32:53 +0500] "GET /wp-admin/plugin-install.php HTTP/1.0" 200 207446 "https://med.greenclinic.kz/wp-admin/plugins.php" "Mozilla/5.0 (Macintosh; Intel Mac OS X 10_15_7) AppleWebKit/537.36 (KHTML, like Gecko) Chrome/129.0.0.0 Safari/537.36 Edg/129.0.0.0"
2604:a880:800:10::904:4001 - - [22/Sep/2025:21:32:55 +0500] "GET / HTTP/1.0" 200 56552 "-" "-"
206.81.12.187 - - [22/Sep/2025:21:32:56 +0500] "GET / HTTP/1.0" 200 56552 "-" "-"
2604:a880:800:10::904:4001 - - [22/Sep/2025:21:33:00 +0500] "GET / HTTP/1.0" 200 56552 "-" "Mozilla/5.0 (Linux; Android 6.0; HTC One M9 Build/MRA58K) AppleWebKit/537.36 (KHTML, like Gecko) Chrome/52.0.2743.98 Mobile Safari/537.3"
206.81.12.187 - - [22/Sep/2025:21:33:04 +0500] "GET / HTTP/1.0" 200 56552 "-" "Mozilla/5.0 (Linux; Android 6.0; HTC One M9 Build/MRA334945) AppleWebKit/537.36 (KHTML, like Gecko) Chrome/52.0.3285.98 Mobile Safari/537.3"
206.81.12.187 - - [22/Sep/2025:21:33:06 +0500] "GET /@vite/env HTTP/1.0" 404 4815 "-" "Go-http-client/1.1"
206.81.12.187 - - [22/Sep/2025:21:33:07 +0500] "GET /actuator/env HTTP/1.0" 404 4815 "-" "Go-http-client/1.1"
206.81.12.187 - - [22/Sep/2025:21:33:08 +0500] "POST /php-cgi/php-cgi.exe?%ADd+cgi.force_redirect%3D0+%ADd+disable_functions%3D\"\"+%ADd+allow_url_include%3D1+%ADd+auto_prepend_file%3Dphp://input HTTP/1.0" 404 4815 "-" "Go-http-client/1.1"
93.185.74.22 - - [22/Sep/2025:21:33:04 +0500] "POST /wp-admin/update.php?action=upload-plugin HTTP/1.0" 200 130953 "https://med.greenclinic.kz/wp-admin/plugin-install.php" "Mozilla/5.0 (Macintosh; Intel Mac OS X 10_15_7) AppleWebKit/537.36 (KHTML, like Gecko) Chrome/129.0.0.0 Safari/537.36 Edg/129.0.0.0"
93.185.74.22 - - [22/Sep/2025:21:33:08 +0500] "GET /wp-admin/load-styles.php?c=1&dir=ltr&load%5Bchunk_0%5D=dashicons,admin-bar,common,forms,admin-menu,dashboard,list-tables,edit,revisions,media,themes,about,nav-menus,wp-pointer,widgets&load%5Bchunk_1%5D=,site-icon,l10n,buttons&ver=6.8.2 HTTP/1.0" 200 405425 "https://med.greenclinic.kz/wp-admin/update.php?action=upload-plugin" "Mozilla/5.0 (Macintosh; Intel Mac OS X 10_15_7) AppleWebKit/537.36 (KHTML, like Gecko) Chrome/129.0.0.0 Safari/537.36 Edg/129.0.0.0"
206.81.12.187 - - [22/Sep/2025:21:33:09 +0500] "GET /server HTTP/1.0" 404 4815 "-" "Go-http-client/1.1"
206.81.12.187 - - [22/Sep/2025:21:33:10 +0500] "GET /.vscode/sftp.json HTTP/1.0" 404 4815 "-" "Go-http-client/1.1"
93.185.74.22 - - [22/Sep/2025:21:33:10 +0500] "GET /wp-admin/plugins.php?action=activate&plugin=elementor-pro%2Felementor-pro.php&_wpnonce=0228e13444 HTTP/1.0" 302 4240 "https://med.greenclinic.kz/wp-admin/update.php?action=upload-plugin" "Mozilla/5.0 (Macintosh; Intel Mac OS X 10_15_7) AppleWebKit/537.36 (KHTML, like Gecko) Chrome/129.0.0.0 Safari/537.36 Edg/129.0.0.0"
93.185.74.22 - - [22/Sep/2025:21:33:11 +0500] "GET /wp-admin/plugins.php?activate=true&plugin_status=all&paged=1&s= HTTP/1.0" 200 183691 "https://med.greenclinic.kz/wp-admin/update.php?action=upload-plugin" "Mozilla/5.0 (Macintosh; Intel Mac OS X 10_15_7) AppleWebKit/537.36 (KHTML, like Gecko) Chrome/129.0.0.0 Safari/537.36 Edg/129.0.0.0"
93.185.74.22 - - [22/Sep/2025:21:33:12 +0500] "GET /wp-admin/plugins.php?plugin_status=all&paged=1&s HTTP/1.0" 200 183586 "https://med.greenclinic.kz/wp-admin/update.php?action=upload-plugin" "Mozilla/5.0 (Macintosh; Intel Mac OS X 10_15_7) AppleWebKit/537.36 (KHTML, like Gecko) Chrome/129.0.0.0 Safari/537.36 Edg/129.0.0.0"
206.81.12.187 - - [22/Sep/2025:21:33:13 +0500] "GET /about HTTP/1.0" 404 4815 "-" "Go-http-client/1.1"
206.81.12.187 - - [22/Sep/2025:21:33:14 +0500] "GET /debug/default/view?panel=config HTTP/1.0" 404 4815 "-" "Go-http-client/1.1"
206.81.12.187 - - [22/Sep/2025:21:33:15 +0500] "GET /v2/_catalog HTTP/1.0" 404 4815 "-" "Go-http-client/1.1"
93.185.74.22 - - [22/Sep/2025:21:33:16 +0500] "GET /wp-admin/edit.php?post_type=elementor_library&tabs_group=library HTTP/1.0" 200 174469 "https://med.greenclinic.kz/wp-admin/plugins.php?plugin_status=all&paged=1&s" "Mozilla/5.0 (Macintosh; Intel Mac OS X 10_15_7) AppleWebKit/537.36 (KHTML, like Gecko) Chrome/129.0.0.0 Safari/537.36 Edg/129.0.0.0"
206.81.12.187 - - [22/Sep/2025:21:33:16 +0500] "GET /ecp/Current/exporttool/microsoft.exchange.ediscovery.exporttool.application HTTP/1.0" 404 4815 "-" "Go-http-client/1.1"
93.185.74.22 - - [22/Sep/2025:21:33:16 +0500] "POST /wp-admin/admin-ajax.php HTTP/1.0" 200 4297 "https://med.greenclinic.kz/wp-admin/edit.php?post_type=elementor_library&tabs_group=library" "Mozilla/5.0 (Macintosh; Intel Mac OS X 10_15_7) AppleWebKit/537.36 (KHTML, like Gecko) Chrome/129.0.0.0 Safari/537.36 Edg/129.0.0.0"
206.81.12.187 - - [22/Sep/2025:21:33:19 +0500] "GET /server-status HTTP/1.0" 403 4802 "-" "Go-http-client/1.1"
206.81.12.187 - - [22/Sep/2025:21:33:20 +0500] "GET /login.action HTTP/1.0" 404 4815 "-" "Go-http-client/1.1"
206.81.12.187 - - [22/Sep/2025:21:33:21 +0500] "GET /_all_dbs HTTP/1.0" 404 4815 "-" "Mozilla/5.0 (l9scan/2.0.5353e26343e2031323e2539313; +https://leakix.net)"
206.81.12.187 - - [22/Sep/2025:21:33:22 +0500] "GET /.DS_Store HTTP/1.0" 404 4815 "-" "Go-http-client/1.1"
93.185.74.22 - - [22/Sep/2025:21:33:23 +0500] "GET /wp-admin/edit.php?post_type=elementor_library&action=elementor_new_post&_wpnonce=1b2907b05c&template_type=footer&_elementor_template_sub_type=&meta%5B_elementor_source%5D=post&post_data%5Bpost_title%5D=1 HTTP/1.0" 302 4227 "https://med.greenclinic.kz/wp-admin/edit.php?post_type=elementor_library&tabs_group=library" "Mozilla/5.0 (Macintosh; Intel Mac OS X 10_15_7) AppleWebKit/537.36 (KHTML, like Gecko) Chrome/129.0.0.0 Safari/537.36 Edg/129.0.0.0"
93.185.74.22 - - [22/Sep/2025:21:33:24 +0500] "GET /wp-admin/post.php?post=27&action=elementor HTTP/1.0" 200 2305142 "https://med.greenclinic.kz/wp-admin/edit.php?post_type=elementor_library&tabs_group=library" "Mozilla/5.0 (Macintosh; Intel Mac OS X 10_15_7) AppleWebKit/537.36 (KHTML, like Gecko) Chrome/129.0.0.0 Safari/537.36 Edg/129.0.0.0"
206.81.12.187 - - [22/Sep/2025:21:33:24 +0500] "GET /.env HTTP/1.0" 404 4815 "-" "Go-http-client/1.1"
93.185.74.22 - - [22/Sep/2025:21:33:24 +0500] "GET /wp-admin/load-scripts.php?c=1&load%5Bchunk_0%5D=jquery-core,jquery-migrate,jquery-ui-core,jquery-ui-mouse,underscore,backbone,wp-api-request,wp-hooks&ver=6.8.2 HTTP/1.0" 200 179622 "https://med.greenclinic.kz/wp-admin/post.php?post=27&action=elementor" "Mozilla/5.0 (Macintosh; Intel Mac OS X 10_15_7) AppleWebKit/537.36 (KHTML, like Gecko) Chrome/129.0.0.0 Safari/537.36 Edg/129.0.0.0"
93.185.74.22 - - [22/Sep/2025:21:33:25 +0500] "GET /wp-admin/load-scripts.php?c=1&load%5Bchunk_0%5D=jquery-ui-draggable,react,react-dom&ver=6.8.2 HTTP/1.0" 200 162540 "https://med.greenclinic.kz/wp-admin/post.php?post=27&action=elementor" "Mozilla/5.0 (Macintosh; Intel Mac OS X 10_15_7) AppleWebKit/537.36 (KHTML, like Gecko) Chrome/129.0.0.0 Safari/537.36 Edg/129.0.0.0"
93.185.74.22 - - [22/Sep/2025:21:33:25 +0500] "GET /index.php?rest_route=/elementor/v1/global-widget/templates HTTP/1.0" 200 4368 "https://med.greenclinic.kz/wp-admin/post.php?post=27&action=elementor" "Mozilla/5.0 (Macintosh; Intel Mac OS X 10_15_7) AppleWebKit/537.36 (KHTML, like Gecko) Chrome/129.0.0.0 Safari/537.36 Edg/129.0.0.0"
93.185.74.22 - - [22/Sep/2025:21:33:25 +0500] "POST /wp-admin/admin-ajax.php HTTP/1.0" 200 4327 "https://med.greenclinic.kz/wp-admin/post.php?post=27&action=elementor" "Mozilla/5.0 (Macintosh; Intel Mac OS X 10_15_7) AppleWebKit/537.36 (KHTML, like Gecko) Chrome/129.0.0.0 Safari/537.36 Edg/129.0.0.0"
93.185.74.22 - - [22/Sep/2025:21:33:25 +0500] "GET /?post_type=elementor_library&p=27&elementor-preview=27&ver=1758558804 HTTP/1.0" 200 115043 "https://med.greenclinic.kz/wp-admin/post.php?post=27&action=elementor" "Mozilla/5.0 (Macintosh; Intel Mac OS X 10_15_7) AppleWebKit/537.36 (KHTML, like Gecko) Chrome/129.0.0.0 Safari/537.36 Edg/129.0.0.0"
93.185.74.22 - - [22/Sep/2025:21:33:26 +0500] "GET /index.php?rest_route=/elementor/v1/globals HTTP/1.0" 200 5474 "https://med.greenclinic.kz/wp-admin/post.php?post=27&action=elementor" "Mozilla/5.0 (Macintosh; Intel Mac OS X 10_15_7) AppleWebKit/537.36 (KHTML, like Gecko) Chrome/129.0.0.0 Safari/537.36 Edg/129.0.0.0"
93.185.74.22 - - [22/Sep/2025:21:33:25 +0500] "POST /wp-admin/admin-ajax.php HTTP/1.0" 200 6962892 "https://med.greenclinic.kz/wp-admin/post.php?post=27&action=elementor" "Mozilla/5.0 (Macintosh; Intel Mac OS X 10_15_7) AppleWebKit/537.36 (KHTML, like Gecko) Chrome/129.0.0.0 Safari/537.36 Edg/129.0.0.0"
93.185.74.22 - - [22/Sep/2025:21:33:25 +0500] "GET /index.php?rest_route=%2Felementor%2Fv1%2Fsite-navigation%2Frecent-posts&posts_per_page=6&_locale=user HTTP/1.0" 200 5861 "https://med.greenclinic.kz/wp-admin/post.php?post=27&action=elementor" "Mozilla/5.0 (Macintosh; Intel Mac OS X 10_15_7) AppleWebKit/537.36 (KHTML, like Gecko) Chrome/129.0.0.0 Safari/537.36 Edg/129.0.0.0"
93.185.74.22 - - [22/Sep/2025:21:33:27 +0500] "POST /wp-admin/admin-ajax.php HTTP/1.0" 200 4359 "https://med.greenclinic.kz/wp-admin/post.php?post=27&action=elementor" "Mozilla/5.0 (Macintosh; Intel Mac OS X 10_15_7) AppleWebKit/537.36 (KHTML, like Gecko) Chrome/129.0.0.0 Safari/537.36 Edg/129.0.0.0"
93.185.74.22 - - [22/Sep/2025:21:33:27 +0500] "POST /wp-admin/admin-ajax.php HTTP/1.0" 200 4364 "https://med.greenclinic.kz/wp-admin/post.php?post=27&action=elementor" "Mozilla/5.0 (Macintosh; Intel Mac OS X 10_15_7) AppleWebKit/537.36 (KHTML, like Gecko) Chrome/129.0.0.0 Safari/537.36 Edg/129.0.0.0"
206.81.12.187 - - [22/Sep/2025:21:33:27 +0500] "GET /s/5353e26343e2031323e2539313/_/;/META-INF/maven/com.atlassian.jira/jira-webapp-dist/pom.properties HTTP/1.0" 404 4815 "-" "Go-http-client/1.1"
93.185.74.22 - - [22/Sep/2025:21:33:25 +0500] "GET /index.php?rest_route=/elementor/v1/checklist/user-progress HTTP/1.0" 200 4998 "https://med.greenclinic.kz/wp-admin/post.php?post=27&action=elementor" "Mozilla/5.0 (Macintosh; Intel Mac OS X 10_15_7) AppleWebKit/537.36 (KHTML, like Gecko) Chrome/129.0.0.0 Safari/537.36 Edg/129.0.0.0"
93.185.74.22 - - [22/Sep/2025:21:33:25 +0500] "GET /index.php?rest_route=/elementor/v1/kit-elements-defaults HTTP/1.0" 200 4368 "https://med.greenclinic.kz/wp-admin/post.php?post=27&action=elementor" "Mozilla/5.0 (Macintosh; Intel Mac OS X 10_15_7) AppleWebKit/537.36 (KHTML, like Gecko) Chrome/129.0.0.0 Safari/537.36 Edg/129.0.0.0"
206.81.12.187 - - [22/Sep/2025:21:33:30 +0500] "GET /config.json HTTP/1.0" 404 4815 "-" "Go-http-client/1.1"
206.81.12.187 - - [22/Sep/2025:21:33:31 +0500] "GET /telescope/requests HTTP/1.0" 404 4815 "-" "Go-http-client/1.1"
206.81.12.187 - - [22/Sep/2025:21:33:32 +0500] "GET /info.php HTTP/1.0" 404 4815 "-" "Go-http-client/1.1"
206.81.12.187 - - [22/Sep/2025:21:33:33 +0500] "GET /?rest_route=/wp/v2/users/ HTTP/1.0" 200 5182 "-" "Go-http-client/1.1"
93.185.74.22 - - [22/Sep/2025:21:33:40 +0500] "POST /wp-admin/admin-ajax.php HTTP/1.0" 200 4327 "https://med.greenclinic.kz/wp-admin/post.php?post=27&action=elementor" "Mozilla/5.0 (Macintosh; Intel Mac OS X 10_15_7) AppleWebKit/537.36 (KHTML, like Gecko) Chrome/129.0.0.0 Safari/537.36 Edg/129.0.0.0"
93.185.74.22 - - [22/Sep/2025:21:33:55 +0500] "POST /wp-admin/admin-ajax.php HTTP/1.0" 200 4327 "https://med.greenclinic.kz/wp-admin/post.php?post=27&action=elementor" "Mozilla/5.0 (Macintosh; Intel Mac OS X 10_15_7) AppleWebKit/537.36 (KHTML, like Gecko) Chrome/129.0.0.0 Safari/537.36 Edg/129.0.0.0"
93.185.74.22 - - [22/Sep/2025:21:33:58 +0500] "POST /wp-admin/admin-ajax.php HTTP/1.0" 200 4622 "https://med.greenclinic.kz/wp-admin/post.php?post=27&action=elementor" "Mozilla/5.0 (Macintosh; Intel Mac OS X 10_15_7) AppleWebKit/537.36 (KHTML, like Gecko) Chrome/129.0.0.0 Safari/537.36 Edg/129.0.0.0"
93.185.74.22 - - [22/Sep/2025:21:33:58 +0500] "GET /wp-admin/post.php?post=27&action=elementor&elementor-mode=safe HTTP/1.0" 200 2304480 "https://med.greenclinic.kz/wp-admin/post.php?post=27&action=elementor" "Mozilla/5.0 (Macintosh; Intel Mac OS X 10_15_7) AppleWebKit/537.36 (KHTML, like Gecko) Chrome/129.0.0.0 Safari/537.36 Edg/129.0.0.0"
93.185.74.22 - - [22/Sep/2025:21:33:59 +0500] "GET /index.php?rest_route=/elementor/v1/checklist/user-progress HTTP/1.0" 200 4998 "https://med.greenclinic.kz/wp-admin/post.php?post=27&action=elementor&elementor-mode=safe" "Mozilla/5.0 (Macintosh; Intel Mac OS X 10_15_7) AppleWebKit/537.36 (KHTML, like Gecko) Chrome/129.0.0.0 Safari/537.36 Edg/129.0.0.0"
93.185.74.22 - - [22/Sep/2025:21:33:59 +0500] "POST /wp-admin/admin-ajax.php HTTP/1.0" 200 4327 "https://med.greenclinic.kz/wp-admin/post.php?post=27&action=elementor&elementor-mode=safe" "Mozilla/5.0 (Macintosh; Intel Mac OS X 10_15_7) AppleWebKit/537.36 (KHTML, like Gecko) Chrome/129.0.0.0 Safari/537.36 Edg/129.0.0.0"
93.185.74.22 - - [22/Sep/2025:21:33:59 +0500] "GET /index.php?rest_route=/elementor/v1/global-widget/templates HTTP/1.0" 200 4368 "https://med.greenclinic.kz/wp-admin/post.php?post=27&action=elementor&elementor-mode=safe" "Mozilla/5.0 (Macintosh; Intel Mac OS X 10_15_7) AppleWebKit/537.36 (KHTML, like Gecko) Chrome/129.0.0.0 Safari/537.36 Edg/129.0.0.0"
93.185.74.22 - - [22/Sep/2025:21:33:59 +0500] "GET /index.php?rest_route=%2Felementor%2Fv1%2Fsite-navigation%2Frecent-posts&posts_per_page=6&_locale=user HTTP/1.0" 200 5861 "https://med.greenclinic.kz/wp-admin/post.php?post=27&action=elementor&elementor-mode=safe" "Mozilla/5.0 (Macintosh; Intel Mac OS X 10_15_7) AppleWebKit/537.36 (KHTML, like Gecko) Chrome/129.0.0.0 Safari/537.36 Edg/129.0.0.0"
93.185.74.22 - - [22/Sep/2025:21:33:59 +0500] "GET /?post_type=elementor_library&p=27&elementor-preview=27&ver=1758558839&elementor-mode=safe HTTP/1.0" 200 77029 "https://med.greenclinic.kz/wp-admin/post.php?post=27&action=elementor&elementor-mode=safe" "Mozilla/5.0 (Macintosh; Intel Mac OS X 10_15_7) AppleWebKit/537.36 (KHTML, like Gecko) Chrome/129.0.0.0 Safari/537.36 Edg/129.0.0.0"
93.185.74.22 - - [22/Sep/2025:21:34:00 +0500] "GET /index.php?rest_route=/elementor/v1/globals HTTP/1.0" 200 5474 "https://med.greenclinic.kz/wp-admin/post.php?post=27&action=elementor&elementor-mode=safe" "Mozilla/5.0 (Macintosh; Intel Mac OS X 10_15_7) AppleWebKit/537.36 (KHTML, like Gecko) Chrome/129.0.0.0 Safari/537.36 Edg/129.0.0.0"
93.185.74.22 - - [22/Sep/2025:21:34:00 +0500] "POST /wp-admin/admin-ajax.php HTTP/1.0" 200 6962634 "https://med.greenclinic.kz/wp-admin/post.php?post=27&action=elementor&elementor-mode=safe" "Mozilla/5.0 (Macintosh; Intel Mac OS X 10_15_7) AppleWebKit/537.36 (KHTML, like Gecko) Chrome/129.0.0.0 Safari/537.36 Edg/129.0.0.0"
93.185.74.22 - - [22/Sep/2025:21:34:00 +0500] "POST /wp-admin/admin-ajax.php HTTP/1.0" 200 4359 "https://med.greenclinic.kz/wp-admin/post.php?post=27&action=elementor&elementor-mode=safe" "Mozilla/5.0 (Macintosh; Intel Mac OS X 10_15_7) AppleWebKit/537.36 (KHTML, like Gecko) Chrome/129.0.0.0 Safari/537.36 Edg/129.0.0.0"
93.185.74.22 - - [22/Sep/2025:21:34:00 +0500] "GET /index.php?rest_route=/elementor/v1/checklist/user-progress HTTP/1.0" 200 4998 "https://med.greenclinic.kz/wp-admin/post.php?post=27&action=elementor&elementor-mode=safe" "Mozilla/5.0 (Macintosh; Intel Mac OS X 10_15_7) AppleWebKit/537.36 (KHTML, like Gecko) Chrome/129.0.0.0 Safari/537.36 Edg/129.0.0.0"
93.185.74.22 - - [22/Sep/2025:21:33:59 +0500] "GET /index.php?rest_route=/elementor/v1/kit-elements-defaults HTTP/1.0" 200 4368 "https://med.greenclinic.kz/wp-admin/post.php?post=27&action=elementor&elementor-mode=safe" "Mozilla/5.0 (Macintosh; Intel Mac OS X 10_15_7) AppleWebKit/537.36 (KHTML, like Gecko) Chrome/129.0.0.0 Safari/537.36 Edg/129.0.0.0"
93.185.74.22 - - [22/Sep/2025:21:34:00 +0500] "GET /index.php?rest_route=/elementor/v1/user-data/current-user&context=edit HTTP/1.0" 200 5722 "https://med.greenclinic.kz/wp-admin/post.php?post=27&action=elementor&elementor-mode=safe" "Mozilla/5.0 (Macintosh; Intel Mac OS X 10_15_7) AppleWebKit/537.36 (KHTML, like Gecko) Chrome/129.0.0.0 Safari/537.36 Edg/129.0.0.0"
93.185.74.22 - - [22/Sep/2025:21:34:00 +0500] "POST /wp-admin/admin-ajax.php HTTP/1.0" 200 4364 "https://med.greenclinic.kz/wp-admin/post.php?post=27&action=elementor&elementor-mode=safe" "Mozilla/5.0 (Macintosh; Intel Mac OS X 10_15_7) AppleWebKit/537.36 (KHTML, like Gecko) Chrome/129.0.0.0 Safari/537.36 Edg/129.0.0.0"
93.185.74.22 - - [22/Sep/2025:21:34:15 +0500] "POST /wp-admin/admin-ajax.php HTTP/1.0" 200 4327 "https://med.greenclinic.kz/wp-admin/post.php?post=27&action=elementor&elementor-mode=safe" "Mozilla/5.0 (Macintosh; Intel Mac OS X 10_15_7) AppleWebKit/537.36 (KHTML, like Gecko) Chrome/129.0.0.0 Safari/537.36 Edg/129.0.0.0"
93.185.74.22 - - [22/Sep/2025:21:34:18 +0500] "GET /index.php?rest_route=/elementor/v1/checklist/user-progress HTTP/1.0" 200 4998 "https://med.greenclinic.kz/wp-admin/post.php?post=27&action=elementor&elementor-mode=safe" "Mozilla/5.0 (Macintosh; Intel Mac OS X 10_15_7) AppleWebKit/537.36 (KHTML, like Gecko) Chrome/129.0.0.0 Safari/537.36 Edg/129.0.0.0"
91.201.214.4 - - [22/Sep/2025:21:34:19 +0500] "GET / HTTP/1.0" 200 56552 "-" "Mozilla/5.0 (X11; Ubuntu; Linux x86_64; rv:143.0) Gecko/20100101 Firefox/143.0"
91.201.214.4 - - [22/Sep/2025:21:34:20 +0500] "GET /favicon.ico HTTP/1.0" 404 4815 "https://med.greenclinic.kz/" "Mozilla/5.0 (X11; Ubuntu; Linux x86_64; rv:143.0) Gecko/20100101 Firefox/143.0"
