54.217.83.13 - - [27/Nov/2025:07:18:08 +0500] "GET / HTTP/1.0" 200 20876589 "-" "Mozilla/5.0 (Macintosh; Intel Mac OS X 10_15_7) AppleWebKit/605.1.15 (KHTML, like Gecko) Version/17.1 Safari/605.1.15"
74.7.228.52 - - [27/Nov/2025:09:22:24 +0500] "GET /robots.txt HTTP/1.0" 301 4009 "http://med.greenclinic.kz/robots.txt" "Mozilla/5.0 (Macintosh; Intel Mac OS X 10_15_7) AppleWebKit/537.36 (KHTML, like Gecko) Chrome/131.0.0.0 Safari/537.36; compatible; OAI-SearchBot/1.3; robots.txt; +https://openai.com/searchbot"
2a00:5da0:1000::128 - - [27/Nov/2025:09:22:27 +0500] "POST /wp-cron.php?doing_wp_cron=1764217347.1550750732421875000000 HTTP/1.0" 200 4011 "-" "WordPress/6.8.3; https://med.greenclinic.kz"
74.7.228.52 - - [27/Nov/2025:09:22:28 +0500] "GET /robots.txt/ HTTP/1.0" 200 20873773 "https://med.greenclinic.kz/robots.txt" "Mozilla/5.0 (Macintosh; Intel Mac OS X 10_15_7) AppleWebKit/537.36 (KHTML, like Gecko) Chrome/131.0.0.0 Safari/537.36; compatible; OAI-SearchBot/1.3; robots.txt; +https://openai.com/searchbot"
213.209.157.81 - - [27/Nov/2025:11:59:54 +0500] "GET / HTTP/1.0" 500 11960 "-" "Mozilla/5.0 (SymbianOS/9.4; U; Series60/5.0 SonyEricssonP100/01; Profile/MIDP-2.1 Configuration/CLDC-1.1) AppleWebKit/525 (KHTML, like Gecko) Version/3.0 Safari/525"
2a00:5da0:1000::128 - - [27/Nov/2025:11:59:57 +0500] "POST /wp-cron.php?doing_wp_cron=1764226796.8685269355773925781250 HTTP/1.0" 200 4011 "-" "WordPress/6.8.3; https://med.greenclinic.kz"
2a00:5da0:1000::128 - - [27/Nov/2025:18:08:07 +0500] "POST /wp-cron.php?doing_wp_cron=1764248887.0342109203338623046875 HTTP/1.0" 200 4011 "-" "WordPress/6.8.3; https://med.greenclinic.kz"
209.97.180.8 - - [27/Nov/2025:18:08:04 +0500] "GET / HTTP/1.0" 500 11960 "-" "-"
209.97.180.8 - - [27/Nov/2025:18:08:05 +0500] "GET / HTTP/1.0" 200 20879361 "-" "Mozilla/5.0 (l9scan/2.0.5353e26343e2031323e2539313; +https://leakix.net)"
209.97.180.8 - - [27/Nov/2025:18:08:14 +0500] "POST /graphql HTTP/1.0" 200 20876039 "-" "Mozilla/5.0 (l9scan/2.0.5353e26343e2031323e2539313; +https://leakix.net)"
209.97.180.8 - - [27/Nov/2025:18:08:16 +0500] "POST /api HTTP/1.0" 200 20875951 "-" "Mozilla/5.0 (l9scan/2.0.5353e26343e2031323e2539313; +https://leakix.net)"
209.97.180.8 - - [27/Nov/2025:18:08:19 +0500] "POST /api/graphql HTTP/1.0" 200 20876061 "-" "Mozilla/5.0 (l9scan/2.0.5353e26343e2031323e2539313; +https://leakix.net)"
209.97.180.8 - - [27/Nov/2025:18:08:22 +0500] "POST /graphql/api HTTP/1.0" 500 11960 "-" "Mozilla/5.0 (l9scan/2.0.5353e26343e2031323e2539313; +https://leakix.net)"
209.97.180.8 - - [27/Nov/2025:18:08:24 +0500] "GET /swagger-ui.html HTTP/1.0" 301 4014 "-" "Mozilla/5.0 (l9scan/2.0.5353e26343e2031323e2539313; +https://leakix.net)"
209.97.180.8 - - [27/Nov/2025:18:08:26 +0500] "GET /swagger/index.html HTTP/1.0" 301 4017 "-" "Mozilla/5.0 (l9scan/2.0.5353e26343e2031323e2539313; +https://leakix.net)"
209.97.180.8 - - [27/Nov/2025:18:08:27 +0500] "GET /swagger/swagger-ui.html HTTP/1.0" 301 4022 "-" "Mozilla/5.0 (l9scan/2.0.5353e26343e2031323e2539313; +https://leakix.net)"
209.97.180.8 - - [27/Nov/2025:18:08:28 +0500] "GET /webjars/swagger-ui/index.html HTTP/1.0" 301 4028 "-" "Mozilla/5.0 (l9scan/2.0.5353e26343e2031323e2539313; +https://leakix.net)"
209.97.180.8 - - [27/Nov/2025:18:08:30 +0500] "GET /swagger.json HTTP/1.0" 301 4011 "-" "Mozilla/5.0 (l9scan/2.0.5353e26343e2031323e2539313; +https://leakix.net)"
209.97.180.8 - - [27/Nov/2025:18:08:31 +0500] "GET /swagger/v1/swagger.json HTTP/1.0" 301 4022 "-" "Mozilla/5.0 (l9scan/2.0.5353e26343e2031323e2539313; +https://leakix.net)"
209.97.180.8 - - [27/Nov/2025:18:08:33 +0500] "GET /v2/api-docs HTTP/1.0" 301 4010 "-" "Mozilla/5.0 (l9scan/2.0.5353e26343e2031323e2539313; +https://leakix.net)"
209.97.180.8 - - [27/Nov/2025:18:08:34 +0500] "GET /@vite/env HTTP/1.0" 301 4008 "-" "Mozilla/5.0 (l9scan/2.0.5353e26343e2031323e2539313; +https://leakix.net)"
209.97.180.8 - - [27/Nov/2025:18:08:35 +0500] "GET /actuator/env HTTP/1.0" 301 4011 "-" "Mozilla/5.0 (l9scan/2.0.5353e26343e2031323e2539313; +https://leakix.net)"
209.97.180.8 - - [27/Nov/2025:18:08:37 +0500] "POST /php-cgi/php-cgi.exe?%ADd+cgi.force_redirect%3D0+%ADd+disable_functions%3D\"\"+%ADd+allow_url_include%3D1+%ADd+auto_prepend_file%3Dphp://input HTTP/1.0" 200 20877513 "-" "Mozilla/5.0 (l9scan/2.0.5353e26343e2031323e2539313; +https://leakix.net)"
209.97.180.8 - - [27/Nov/2025:18:08:40 +0500] "GET /server HTTP/1.0" 301 4005 "-" "Mozilla/5.0 (l9scan/2.0.5353e26343e2031323e2539313; +https://leakix.net)"
209.97.180.8 - - [27/Nov/2025:18:08:42 +0500] "GET /.vscode/sftp.json HTTP/1.0" 301 4016 "-" "Mozilla/5.0 (l9scan/2.0.5353e26343e2031323e2539313; +https://leakix.net)"
209.97.180.8 - - [27/Nov/2025:18:08:43 +0500] "GET /about HTTP/1.0" 301 4004 "-" "Mozilla/5.0 (l9scan/2.0.5353e26343e2031323e2539313; +https://leakix.net)"
209.97.180.8 - - [27/Nov/2025:18:08:45 +0500] "GET /debug/default/view?panel=config HTTP/1.0" 301 4030 "-" "Mozilla/5.0 (l9scan/2.0.5353e26343e2031323e2539313; +https://leakix.net)"
209.97.180.8 - - [27/Nov/2025:18:08:46 +0500] "GET /v2/_catalog HTTP/1.0" 301 4010 "-" "Mozilla/5.0 (l9scan/2.0.5353e26343e2031323e2539313; +https://leakix.net)"
209.97.180.8 - - [27/Nov/2025:18:08:48 +0500] "GET /ecp/Current/exporttool/microsoft.exchange.ediscovery.exporttool.application HTTP/1.0" 301 4074 "-" "Mozilla/5.0 (l9scan/2.0.5353e26343e2031323e2539313; +https://leakix.net)"
209.97.180.8 - - [27/Nov/2025:18:08:49 +0500] "GET /server-status HTTP/1.0" 403 4802 "-" "Mozilla/5.0 (l9scan/2.0.5353e26343e2031323e2539313; +https://leakix.net)"
209.97.180.8 - - [27/Nov/2025:18:08:50 +0500] "GET /login.action HTTP/1.0" 301 4011 "-" "Mozilla/5.0 (l9scan/2.0.5353e26343e2031323e2539313; +https://leakix.net)"
209.97.180.8 - - [27/Nov/2025:18:08:52 +0500] "GET /_all_dbs HTTP/1.0" 301 4007 "-" "Mozilla/5.0 (l9scan/2.0.5353e26343e2031323e2539313; +https://leakix.net)"
209.97.180.8 - - [27/Nov/2025:18:08:53 +0500] "GET /.DS_Store HTTP/1.0" 301 4008 "-" "Mozilla/5.0 (l9scan/2.0.5353e26343e2031323e2539313; +https://leakix.net)"
209.97.180.8 - - [27/Nov/2025:18:08:54 +0500] "GET /.env HTTP/1.0" 301 4003 "-" "Mozilla/5.0 (l9scan/2.0.5353e26343e2031323e2539313; +https://leakix.net)"
209.97.180.8 - - [27/Nov/2025:18:08:56 +0500] "GET /s/5353e26343e2031323e2539313/_/;/META-INF/maven/com.atlassian.jira/jira-webapp-dist/pom.properties HTTP/1.0" 301 4097 "-" "Mozilla/5.0 (l9scan/2.0.5353e26343e2031323e2539313; +https://leakix.net)"
209.97.180.8 - - [27/Nov/2025:18:08:58 +0500] "GET /config.json HTTP/1.0" 301 4010 "-" "Mozilla/5.0 (l9scan/2.0.5353e26343e2031323e2539313; +https://leakix.net)"
209.97.180.8 - - [27/Nov/2025:18:08:59 +0500] "GET /telescope/requests HTTP/1.0" 301 4017 "-" "Mozilla/5.0 (l9scan/2.0.5353e26343e2031323e2539313; +https://leakix.net)"
209.97.180.8 - - [27/Nov/2025:18:09:02 +0500] "GET /info.php HTTP/1.0" 403 4802 "-" "Mozilla/5.0 (l9scan/2.0.5353e26343e2031323e2539313; +https://leakix.net)"
209.97.180.8 - - [27/Nov/2025:18:09:02 +0500] "GET /?rest_route=/wp/v2/users/ HTTP/1.0" 200 5210 "-" "Mozilla/5.0 (l9scan/2.0.5353e26343e2031323e2539313; +https://leakix.net)"
2a00:5da0:1000::128 - - [27/Nov/2025:19:59:03 +0500] "POST /wp-cron.php?doing_wp_cron=1764255543.1024179458618164062500 HTTP/1.0" 200 4011 "-" "WordPress/6.8.3; https://med.greenclinic.kz"
34.23.221.186 - - [27/Nov/2025:19:59:00 +0500] "GET / HTTP/1.0" 200 20873487 "-" "Mozilla/5.0 (Windows NT 10.0; Win64; x64) AppleWebKit/537.36 (KHTML, like Gecko) Chrome/78.0.3904.108 Safari/537.36"
34.23.221.186 - - [27/Nov/2025:19:59:09 +0500] "GET //wp-includes/wlwmanifest.xml HTTP/1.0" 301 4026 "-" "Mozilla/5.0 (Windows NT 10.0; Win64; x64) AppleWebKit/537.36 (KHTML, like Gecko) Chrome/78.0.3904.108 Safari/537.36"
34.23.221.186 - - [27/Nov/2025:19:59:10 +0500] "GET / HTTP/1.0" 200 20874279 "-" "Mozilla/5.0 (Windows NT 10.0; Win64; x64) AppleWebKit/537.36 (KHTML, like Gecko) Chrome/78.0.3904.108 Safari/537.36"
34.23.221.186 - - [27/Nov/2025:19:59:14 +0500] "GET //?author=1 HTTP/1.0" 301 4007 "-" "Mozilla/5.0 (Windows NT 10.0; Win64; x64) AppleWebKit/537.36 (KHTML, like Gecko) Chrome/78.0.3904.108 Safari/537.36"
34.23.221.186 - - [27/Nov/2025:19:59:15 +0500] "GET //?author=2 HTTP/1.0" 301 4007 "-" "Mozilla/5.0 (Windows NT 10.0; Win64; x64) AppleWebKit/537.36 (KHTML, like Gecko) Chrome/78.0.3904.108 Safari/537.36"
34.23.221.186 - - [27/Nov/2025:19:59:15 +0500] "GET //wp-json/wp/v2/users/ HTTP/1.0" 301 4018 "-" "Mozilla/5.0 (Windows NT 10.0; Win64; x64) AppleWebKit/537.36 (KHTML, like Gecko) Chrome/78.0.3904.108 Safari/537.36"
34.23.221.186 - - [27/Nov/2025:19:59:16 +0500] "GET //wp-json/oembed/1.0/embed?url=https://med.greenclinic.kz/ HTTP/1.0" 301 4055 "-" "Mozilla/5.0 (Windows NT 10.0; Win64; x64) AppleWebKit/537.36 (KHTML, like Gecko) Chrome/78.0.3904.108 Safari/537.36"
34.68.15.4 - - [27/Nov/2025:23:24:43 +0500] "GET / HTTP/1.0" 200 20879361 "-" "Mozilla/5.0 (Windows NT 10.0; Win64; x64) AppleWebKit/537.36 (KHTML, like Gecko) Chrome/78.0.3904.108 Safari/537.36"
2a00:5da0:1000::128 - - [27/Nov/2025:23:24:46 +0500] "POST /wp-cron.php?doing_wp_cron=1764267886.3803260326385498046875 HTTP/1.0" 200 4011 "-" "WordPress/6.8.3; https://med.greenclinic.kz"
34.68.15.4 - - [27/Nov/2025:23:24:52 +0500] "GET //wp-includes/wlwmanifest.xml HTTP/1.0" 301 4026 "-" "Mozilla/5.0 (Windows NT 10.0; Win64; x64) AppleWebKit/537.36 (KHTML, like Gecko) Chrome/78.0.3904.108 Safari/537.36"
34.68.15.4 - - [27/Nov/2025:23:24:53 +0500] "GET / HTTP/1.0" 200 20873685 "-" "Mozilla/5.0 (Windows NT 10.0; Win64; x64) AppleWebKit/537.36 (KHTML, like Gecko) Chrome/78.0.3904.108 Safari/537.36"
34.68.15.4 - - [27/Nov/2025:23:24:56 +0500] "GET //?author=1 HTTP/1.0" 301 4007 "-" "Mozilla/5.0 (Windows NT 10.0; Win64; x64) AppleWebKit/537.36 (KHTML, like Gecko) Chrome/78.0.3904.108 Safari/537.36"
34.68.15.4 - - [27/Nov/2025:23:24:57 +0500] "GET //?author=2 HTTP/1.0" 301 4007 "-" "Mozilla/5.0 (Windows NT 10.0; Win64; x64) AppleWebKit/537.36 (KHTML, like Gecko) Chrome/78.0.3904.108 Safari/537.36"
34.68.15.4 - - [27/Nov/2025:23:24:58 +0500] "GET //wp-json/wp/v2/users/ HTTP/1.0" 301 4018 "-" "Mozilla/5.0 (Windows NT 10.0; Win64; x64) AppleWebKit/537.36 (KHTML, like Gecko) Chrome/78.0.3904.108 Safari/537.36"
34.68.15.4 - - [27/Nov/2025:23:24:59 +0500] "GET //wp-json/oembed/1.0/embed?url=https://med.greenclinic.kz/ HTTP/1.0" 301 4055 "-" "Mozilla/5.0 (Windows NT 10.0; Win64; x64) AppleWebKit/537.36 (KHTML, like Gecko) Chrome/78.0.3904.108 Safari/537.36"
2a00:5da0:1000::128 - - [28/Nov/2025:01:59:44 +0500] "POST /wp-cron.php?doing_wp_cron=1764277184.9253370761871337890625 HTTP/1.0" 200 4011 "-" "WordPress/6.8.3; https://med.greenclinic.kz"
208.84.101.102 - - [28/Nov/2025:01:59:42 +0500] "GET / HTTP/1.0" 200 20879361 "-" "Mozilla/5.0 (Windows NT 10.0; Win64; x64) AppleWebKit/537.36 (KHTML, like Gecko) Chrome/78.0.3904.108 Safari/537.36"
208.84.101.102 - - [28/Nov/2025:01:59:51 +0500] "GET //wp-includes/wlwmanifest.xml HTTP/1.0" 301 4026 "-" "Mozilla/5.0 (Windows NT 10.0; Win64; x64) AppleWebKit/537.36 (KHTML, like Gecko) Chrome/78.0.3904.108 Safari/537.36"
208.84.101.102 - - [28/Nov/2025:01:59:52 +0500] "GET / HTTP/1.0" 200 20875577 "-" "Mozilla/5.0 (Windows NT 10.0; Win64; x64) AppleWebKit/537.36 (KHTML, like Gecko) Chrome/78.0.3904.108 Safari/537.36"
208.84.101.102 - - [28/Nov/2025:01:59:55 +0500] "GET //?author=1 HTTP/1.0" 301 4007 "-" "Mozilla/5.0 (Windows NT 10.0; Win64; x64) AppleWebKit/537.36 (KHTML, like Gecko) Chrome/78.0.3904.108 Safari/537.36"
208.84.101.102 - - [28/Nov/2025:01:59:56 +0500] "GET //?author=2 HTTP/1.0" 301 4007 "-" "Mozilla/5.0 (Windows NT 10.0; Win64; x64) AppleWebKit/537.36 (KHTML, like Gecko) Chrome/78.0.3904.108 Safari/537.36"
208.84.101.102 - - [28/Nov/2025:01:59:57 +0500] "GET //wp-json/wp/v2/users/ HTTP/1.0" 301 4018 "-" "Mozilla/5.0 (Windows NT 10.0; Win64; x64) AppleWebKit/537.36 (KHTML, like Gecko) Chrome/78.0.3904.108 Safari/537.36"
208.84.101.102 - - [28/Nov/2025:01:59:58 +0500] "GET //wp-json/oembed/1.0/embed?url=https://med.greenclinic.kz/ HTTP/1.0" 301 4055 "-" "Mozilla/5.0 (Windows NT 10.0; Win64; x64) AppleWebKit/537.36 (KHTML, like Gecko) Chrome/78.0.3904.108 Safari/537.36"
2a00:5da0:1000::128 - - [28/Nov/2025:04:50:28 +0500] "POST /wp-cron.php?doing_wp_cron=1764287428.7842578887939453125000 HTTP/1.0" 200 4011 "-" "WordPress/6.8.3; https://med.greenclinic.kz"
2a00:5da0:1000::128 - - [28/Nov/2025:07:11:47 +0500] "POST /wp-cron.php?doing_wp_cron=1764295907.1942510604858398437500 HTTP/1.0" 200 4011 "-" "WordPress/6.8.3; https://med.greenclinic.kz"
54.217.83.13 - - [28/Nov/2025:07:11:43 +0500] "GET / HTTP/1.0" 200 20875621 "-" "Mozilla/5.0 (Windows NT 10.0; Win64; x64) AppleWebKit/537.36 (KHTML, like Gecko) Chrome/120.0.0.0 Safari/537.36 Edg/120.0.0.0"
167.99.117.59 - - [28/Nov/2025:07:26:08 +0500] "GET / HTTP/1.0" 200 20873597 "-" "Mozilla/5.0 (X11; Linux x86_64) AppleWebKit/537.36 (KHTML, like Gecko) Chrome/139.0.0.0 Safari/537.36"
195.178.110.242 - - [28/Nov/2025:16:20:25 +0500] "GET /.env HTTP/1.0" 301 4003 "-" "Mozilla/5.0 (Macintosh; Intel Mac OS X 10_15_7) AppleWebKit/605.1.15 (KHTML, like Gecko) Version/14.1.2 Safari/605.1.15"
195.178.110.242 - - [28/Nov/2025:16:20:30 +0500] "GET /.env HTTP/1.0" 301 4003 "http://med.greenclinic.kz/.env" "Mozilla/5.0 (Knoppix; Linux x86_64) AppleWebKit/537.36 (KHTML, like Gecko) Chrome/129.0.0.0 Safari/537.36"
195.178.110.242 - - [28/Nov/2025:16:20:25 +0500] "GET / HTTP/1.0" 500 11960 "-" "Mozilla/5.0 (Fedora; Linux i686; rv:133.0) Gecko/20100101 Firefox/133.0"
2a00:5da0:1000::128 - - [28/Nov/2025:16:20:28 +0500] "POST /wp-cron.php?doing_wp_cron=1764328828.4412329196929931640625 HTTP/1.0" 200 4011 "-" "WordPress/6.8.3; https://med.greenclinic.kz"
195.178.110.242 - - [28/Nov/2025:16:20:31 +0500] "GET /.env/ HTTP/1.0" 500 11960 "https://med.greenclinic.kz/.env" "Mozilla/5.0 (Knoppix; Linux x86_64) AppleWebKit/537.36 (KHTML, like Gecko) Chrome/129.0.0.0 Safari/537.36"
195.178.110.242 - - [28/Nov/2025:16:20:30 +0500] "GET / HTTP/1.0" 500 11960 "http://med.greenclinic.kz/" "Mozilla/5.0 (ZZ; Linux x86_64; rv:131.0) Gecko/20100101 Firefox/131.0"
74.7.228.52 - - [28/Nov/2025:18:02:38 +0500] "GET /robots.txt HTTP/1.0" 301 4009 "-" "Mozilla/5.0 (Macintosh; Intel Mac OS X 10_15_7) AppleWebKit/537.36 (KHTML, like Gecko) Chrome/131.0.0.0 Safari/537.36; compatible; OAI-SearchBot/1.3; robots.txt; +https://openai.com/searchbot"
2a00:5da0:1000::128 - - [28/Nov/2025:18:02:41 +0500] "POST /wp-cron.php?doing_wp_cron=1764334961.1516749858856201171875 HTTP/1.0" 200 4011 "-" "WordPress/6.8.3; https://med.greenclinic.kz"
74.7.228.52 - - [28/Nov/2025:18:02:43 +0500] "GET /robots.txt/ HTTP/1.0" 200 20877843 "https://med.greenclinic.kz/robots.txt" "Mozilla/5.0 (Macintosh; Intel Mac OS X 10_15_7) AppleWebKit/537.36 (KHTML, like Gecko) Chrome/131.0.0.0 Safari/537.36; compatible; OAI-SearchBot/1.3; robots.txt; +https://openai.com/searchbot"
2a00:5da0:1000::128 - - [28/Nov/2025:23:16:14 +0500] "POST /wp-cron.php?doing_wp_cron=1764353774.4578859806060791015625 HTTP/1.0" 200 4011 "-" "WordPress/6.8.3; https://med.greenclinic.kz"
2a00:5da0:1000::128 - - [28/Nov/2025:23:16:14 +0500] "POST /wp-cron.php?doing_wp_cron=1764353774.4578781127929687500000 HTTP/1.0" 200 4011 "-" "WordPress/6.8.3; https://med.greenclinic.kz"
104.252.191.139 - - [28/Nov/2025:23:16:10 +0500] "GET / HTTP/1.0" 200 20876699 "-" "Mozilla/5.0 (X11; Linux x86_64) AppleWebKit/537.36 (KHTML, like Gecko) Chrome/116.0.0.0 Safari/537.36"
107.172.195.192 - - [28/Nov/2025:23:16:10 +0500] "GET / HTTP/1.0" 200 20876787 "-" "Mozilla/5.0 (X11; Linux x86_64) AppleWebKit/537.36 (KHTML, like Gecko) Chrome/117.0.0.0 Safari/537.36"
107.172.195.196 - - [28/Nov/2025:23:16:46 +0500] "GET / HTTP/1.0" 200 20874609 "-" "Mozilla/5.0 (X11; Linux x86_64) AppleWebKit/537.36 (KHTML, like Gecko) Chrome/116.0.0.0 Safari/537.36"
51.45.7.112 - - [29/Nov/2025:02:57:02 +0500] "GET /.env.production HTTP/1.0" 301 4014 "-" "python-httpx/0.22.0"
51.45.7.112 - - [29/Nov/2025:02:57:02 +0500] "GET /.env.development HTTP/1.0" 301 4015 "-" "python-httpx/0.22.0"
51.45.7.112 - - [29/Nov/2025:02:57:02 +0500] "GET /.env HTTP/1.0" 301 4003 "-" "python-httpx/0.22.0"
51.45.7.112 - - [29/Nov/2025:02:57:02 +0500] "GET /.env.remote HTTP/1.0" 301 4010 "-" "python-httpx/0.22.0"
51.45.7.112 - - [29/Nov/2025:02:57:02 +0500] "GET /.env.local HTTP/1.0" 301 4009 "-" "python-httpx/0.22.0"
2a00:5da0:1000::128 - - [29/Nov/2025:02:57:05 +0500] "POST /wp-cron.php?doing_wp_cron=1764367025.5193490982055664062500 HTTP/1.0" 200 4011 "-" "WordPress/6.8.3; https://med.greenclinic.kz"
51.45.7.112 - - [29/Nov/2025:02:57:04 +0500] "GET /.env.example HTTP/1.0" 301 4011 "-" "python-httpx/0.22.0"
51.45.7.112 - - [29/Nov/2025:02:57:03 +0500] "GET /.env.test HTTP/1.0" 301 4008 "-" "python-httpx/0.22.0"
51.45.7.112 - - [29/Nov/2025:02:57:03 +0500] "GET /.env.backup HTTP/1.0" 301 4010 "-" "python-httpx/0.22.0"
51.45.7.112 - - [29/Nov/2025:02:57:02 +0500] "GET /.env.staging HTTP/1.0" 301 4011 "-" "python-httpx/0.22.0"
2a00:5da0:1000::128 - - [29/Nov/2025:04:49:40 +0500] "POST /wp-cron.php?doing_wp_cron=1764373779.9670240879058837890625 HTTP/1.0" 200 4011 "-" "WordPress/6.8.3; https://med.greenclinic.kz"
135.181.4.161 - - [29/Nov/2025:05:16:39 +0500] "GET /robots.txt HTTP/1.0" 301 4009 "-" "Go-http-client/2.0"
2a00:5da0:1000::128 - - [29/Nov/2025:05:16:42 +0500] "POST /wp-cron.php?doing_wp_cron=1764375402.1170430183410644531250 HTTP/1.0" 200 4011 "-" "WordPress/6.8.3; https://med.greenclinic.kz"
135.181.4.161 - - [29/Nov/2025:05:16:43 +0500] "GET /robots.txt/ HTTP/1.0" 500 11960 "https://med.greenclinic.kz/robots.txt" "Go-http-client/2.0"
135.181.4.161 - - [29/Nov/2025:05:16:44 +0500] "GET / HTTP/1.0" 500 11960 "-" "Mozilla/5.0 (compatible; VertexWP/1.0; +https://vertexwp.com/bot)"
2a00:5da0:1000::128 - - [29/Nov/2025:07:04:56 +0500] "POST /wp-cron.php?doing_wp_cron=1764381896.4306399822235107421875 HTTP/1.0" 200 4011 "-" "WordPress/6.8.3; https://med.greenclinic.kz"
99.81.216.206 - - [29/Nov/2025:07:04:54 +0500] "GET / HTTP/1.0" 200 20878349 "-" "Mozilla/5.0 (Linux; Android 13; Pixel 7) AppleWebKit/537.36 (KHTML, like Gecko) Chrome/119.0.0.0 Mobile Safari/537.36"
143.110.213.72 - - [29/Nov/2025:18:39:13 +0500] "GET / HTTP/1.0" 500 11960 "-" "-"
143.110.213.72 - - [29/Nov/2025:18:39:14 +0500] "GET / HTTP/1.0" 200 20874257 "-" "Mozilla/5.0 (l9scan/2.0.5353e26343e2031323e2539313; +https://leakix.net)"
2a00:5da0:1000::128 - - [29/Nov/2025:18:39:15 +0500] "POST /wp-cron.php?doing_wp_cron=1764423555.6119589805603027343750 HTTP/1.0" 200 4011 "-" "WordPress/6.8.3; https://med.greenclinic.kz"
143.110.213.72 - - [29/Nov/2025:18:39:19 +0500] "POST /graphql HTTP/1.0" 200 20879713 "-" "Mozilla/5.0 (l9scan/2.0.5353e26343e2031323e2539313; +https://leakix.net)"
143.110.213.72 - - [29/Nov/2025:18:39:22 +0500] "POST /api HTTP/1.0" 200 20876413 "-" "Mozilla/5.0 (l9scan/2.0.5353e26343e2031323e2539313; +https://leakix.net)"
143.110.213.72 - - [29/Nov/2025:18:39:24 +0500] "POST /api/graphql HTTP/1.0" 200 20873487 "-" "Mozilla/5.0 (l9scan/2.0.5353e26343e2031323e2539313; +https://leakix.net)"
143.110.213.72 - - [29/Nov/2025:18:39:27 +0500] "POST /graphql/api HTTP/1.0" 200 20875621 "-" "Mozilla/5.0 (l9scan/2.0.5353e26343e2031323e2539313; +https://leakix.net)"
143.110.213.72 - - [29/Nov/2025:18:39:29 +0500] "GET /swagger-ui.html HTTP/1.0" 301 4014 "-" "Mozilla/5.0 (l9scan/2.0.5353e26343e2031323e2539313; +https://leakix.net)"
143.110.213.72 - - [29/Nov/2025:18:39:30 +0500] "GET /swagger/index.html HTTP/1.0" 301 4017 "-" "Mozilla/5.0 (l9scan/2.0.5353e26343e2031323e2539313; +https://leakix.net)"
143.110.213.72 - - [29/Nov/2025:18:39:32 +0500] "GET /swagger/swagger-ui.html HTTP/1.0" 301 4022 "-" "Mozilla/5.0 (l9scan/2.0.5353e26343e2031323e2539313; +https://leakix.net)"
143.110.213.72 - - [29/Nov/2025:18:39:33 +0500] "GET /webjars/swagger-ui/index.html HTTP/1.0" 301 4028 "-" "Mozilla/5.0 (l9scan/2.0.5353e26343e2031323e2539313; +https://leakix.net)"
143.110.213.72 - - [29/Nov/2025:18:39:34 +0500] "GET /swagger.json HTTP/1.0" 301 4011 "-" "Mozilla/5.0 (l9scan/2.0.5353e26343e2031323e2539313; +https://leakix.net)"
143.110.213.72 - - [29/Nov/2025:18:39:35 +0500] "GET /swagger/v1/swagger.json HTTP/1.0" 301 4022 "-" "Mozilla/5.0 (l9scan/2.0.5353e26343e2031323e2539313; +https://leakix.net)"
143.110.213.72 - - [29/Nov/2025:18:39:37 +0500] "GET /v2/api-docs HTTP/1.0" 301 4010 "-" "Mozilla/5.0 (l9scan/2.0.5353e26343e2031323e2539313; +https://leakix.net)"
143.110.213.72 - - [29/Nov/2025:18:39:38 +0500] "GET /v3/api-docs HTTP/1.0" 301 4010 "-" "Mozilla/5.0 (l9scan/2.0.5353e26343e2031323e2539313; +https://leakix.net)"
143.110.213.72 - - [29/Nov/2025:18:39:39 +0500] "GET /@vite/env HTTP/1.0" 301 4008 "-" "Mozilla/5.0 (l9scan/2.0.5353e26343e2031323e2539313; +https://leakix.net)"
143.110.213.72 - - [29/Nov/2025:18:39:41 +0500] "GET /actuator/env HTTP/1.0" 301 4011 "-" "Mozilla/5.0 (l9scan/2.0.5353e26343e2031323e2539313; +https://leakix.net)"
143.110.213.72 - - [29/Nov/2025:18:39:42 +0500] "POST /php-cgi/php-cgi.exe?%ADd+cgi.force_redirect%3D0+%ADd+disable_functions%3D\"\"+%ADd+allow_url_include%3D1+%ADd+auto_prepend_file%3Dphp://input HTTP/1.0" 200 20879427 "-" "Mozilla/5.0 (l9scan/2.0.5353e26343e2031323e2539313; +https://leakix.net)"
143.110.213.72 - - [29/Nov/2025:18:39:44 +0500] "GET /server HTTP/1.0" 301 4005 "-" "Mozilla/5.0 (l9scan/2.0.5353e26343e2031323e2539313; +https://leakix.net)"
143.110.213.72 - - [29/Nov/2025:18:39:46 +0500] "GET /.vscode/sftp.json HTTP/1.0" 301 4016 "-" "Mozilla/5.0 (l9scan/2.0.5353e26343e2031323e2539313; +https://leakix.net)"
143.110.213.72 - - [29/Nov/2025:18:39:47 +0500] "GET /about HTTP/1.0" 301 4004 "-" "Mozilla/5.0 (l9scan/2.0.5353e26343e2031323e2539313; +https://leakix.net)"
143.110.213.72 - - [29/Nov/2025:18:39:48 +0500] "GET /debug/default/view?panel=config HTTP/1.0" 301 4030 "-" "Mozilla/5.0 (l9scan/2.0.5353e26343e2031323e2539313; +https://leakix.net)"
143.110.213.72 - - [29/Nov/2025:18:39:49 +0500] "GET /v2/_catalog HTTP/1.0" 301 4010 "-" "Mozilla/5.0 (l9scan/2.0.5353e26343e2031323e2539313; +https://leakix.net)"
143.110.213.72 - - [29/Nov/2025:18:39:51 +0500] "GET /ecp/Current/exporttool/microsoft.exchange.ediscovery.exporttool.application HTTP/1.0" 301 4074 "-" "Mozilla/5.0 (l9scan/2.0.5353e26343e2031323e2539313; +https://leakix.net)"
143.110.213.72 - - [29/Nov/2025:18:39:52 +0500] "GET /server-status HTTP/1.0" 403 4802 "-" "Mozilla/5.0 (l9scan/2.0.5353e26343e2031323e2539313; +https://leakix.net)"
143.110.213.72 - - [29/Nov/2025:18:39:52 +0500] "GET /login.action HTTP/1.0" 301 4011 "-" "Mozilla/5.0 (l9scan/2.0.5353e26343e2031323e2539313; +https://leakix.net)"
143.110.213.72 - - [29/Nov/2025:18:39:54 +0500] "GET /_all_dbs HTTP/1.0" 301 4007 "-" "Mozilla/5.0 (l9scan/2.0.5353e26343e2031323e2539313; +https://leakix.net)"
143.110.213.72 - - [29/Nov/2025:18:39:55 +0500] "GET /.DS_Store HTTP/1.0" 301 4008 "-" "Mozilla/5.0 (l9scan/2.0.5353e26343e2031323e2539313; +https://leakix.net)"
143.110.213.72 - - [29/Nov/2025:18:39:56 +0500] "GET /.env HTTP/1.0" 301 4003 "-" "Mozilla/5.0 (l9scan/2.0.5353e26343e2031323e2539313; +https://leakix.net)"
143.110.213.72 - - [29/Nov/2025:18:39:58 +0500] "GET /s/5353e26343e2031323e2539313/_/;/META-INF/maven/com.atlassian.jira/jira-webapp-dist/pom.properties HTTP/1.0" 301 4097 "-" "Mozilla/5.0 (l9scan/2.0.5353e26343e2031323e2539313; +https://leakix.net)"
143.110.213.72 - - [29/Nov/2025:18:39:59 +0500] "GET /config.json HTTP/1.0" 301 4010 "-" "Mozilla/5.0 (l9scan/2.0.5353e26343e2031323e2539313; +https://leakix.net)"
143.110.213.72 - - [29/Nov/2025:18:40:00 +0500] "GET /telescope/requests HTTP/1.0" 301 4017 "-" "Mozilla/5.0 (l9scan/2.0.5353e26343e2031323e2539313; +https://leakix.net)"
143.110.213.72 - - [29/Nov/2025:18:40:02 +0500] "GET /info.php HTTP/1.0" 403 4802 "-" "Mozilla/5.0 (l9scan/2.0.5353e26343e2031323e2539313; +https://leakix.net)"
143.110.213.72 - - [29/Nov/2025:18:40:02 +0500] "GET /?rest_route=/wp/v2/users/ HTTP/1.0" 200 5210 "-" "Mozilla/5.0 (l9scan/2.0.5353e26343e2031323e2539313; +https://leakix.net)"
3.254.201.83 - - [29/Nov/2025:20:45:01 +0500] "GET /.env HTTP/1.0" 301 4003 "-" "python-httpx/0.28.1"
3.254.201.83 - - [29/Nov/2025:20:45:05 +0500] "GET /.env.local HTTP/1.0" 301 4009 "-" "python-httpx/0.28.1"
2a00:5da0:1000::128 - - [29/Nov/2025:20:45:04 +0500] "POST /wp-cron.php?doing_wp_cron=1764431104.0890929698944091796875 HTTP/1.0" 200 4011 "-" "WordPress/6.8.3; https://med.greenclinic.kz"
3.254.201.83 - - [29/Nov/2025:20:45:07 +0500] "GET /.env.production HTTP/1.0" 301 4014 "-" "python-httpx/0.28.1"
3.254.201.83 - - [29/Nov/2025:20:45:08 +0500] "GET /.env.development HTTP/1.0" 301 4015 "-" "python-httpx/0.28.1"
3.254.201.83 - - [29/Nov/2025:20:45:09 +0500] "GET /.env.bak HTTP/1.0" 301 4007 "-" "python-httpx/0.28.1"
3.254.201.83 - - [29/Nov/2025:20:45:10 +0500] "GET /.env.example HTTP/1.0" 301 4011 "-" "python-httpx/0.28.1"
3.254.201.83 - - [29/Nov/2025:20:45:11 +0500] "GET /env HTTP/1.0" 301 4002 "-" "python-httpx/0.28.1"
3.254.201.83 - - [29/Nov/2025:20:45:12 +0500] "GET /env.json HTTP/1.0" 301 4007 "-" "python-httpx/0.28.1"
3.254.201.83 - - [29/Nov/2025:20:45:13 +0500] "GET /env.yaml HTTP/1.0" 301 4007 "-" "python-httpx/0.28.1"
3.254.201.83 - - [29/Nov/2025:20:45:15 +0500] "GET /env.yml HTTP/1.0" 301 4006 "-" "python-httpx/0.28.1"
3.254.201.83 - - [29/Nov/2025:20:45:16 +0500] "GET /config HTTP/1.0" 301 4005 "-" "python-httpx/0.28.1"
3.254.201.83 - - [29/Nov/2025:20:45:17 +0500] "GET /config.json HTTP/1.0" 301 4010 "-" "python-httpx/0.28.1"
3.254.201.83 - - [29/Nov/2025:20:45:18 +0500] "GET /config.js HTTP/1.0" 301 4008 "-" "python-httpx/0.28.1"
3.254.201.83 - - [29/Nov/2025:20:45:19 +0500] "GET /config.yaml HTTP/1.0" 301 4010 "-" "python-httpx/0.28.1"
3.254.201.83 - - [29/Nov/2025:20:45:20 +0500] "GET /config.yml HTTP/1.0" 301 4009 "-" "python-httpx/0.28.1"
3.254.201.83 - - [29/Nov/2025:20:45:21 +0500] "GET /config.ini HTTP/1.0" 301 4009 "-" "python-httpx/0.28.1"
3.254.201.83 - - [29/Nov/2025:20:45:22 +0500] "GET /config.php HTTP/1.0" 403 4802 "-" "python-httpx/0.28.1"
3.254.201.83 - - [29/Nov/2025:20:45:22 +0500] "GET /configuration HTTP/1.0" 301 4012 "-" "python-httpx/0.28.1"
3.254.201.83 - - [29/Nov/2025:20:45:23 +0500] "GET /settings HTTP/1.0" 301 4007 "-" "python-httpx/0.28.1"
3.254.201.83 - - [29/Nov/2025:20:45:25 +0500] "GET /settings.json HTTP/1.0" 301 4012 "-" "python-httpx/0.28.1"
3.254.201.83 - - [29/Nov/2025:20:45:26 +0500] "GET /app.config.js HTTP/1.0" 301 4012 "-" "python-httpx/0.28.1"
3.254.201.83 - - [29/Nov/2025:20:45:27 +0500] "GET /phpinfo.php HTTP/1.0" 403 4802 "-" "python-httpx/0.28.1"
3.254.201.83 - - [29/Nov/2025:20:45:27 +0500] "GET /info.php HTTP/1.0" 403 4802 "-" "python-httpx/0.28.1"
3.254.201.83 - - [29/Nov/2025:20:45:27 +0500] "GET /phpversion.php HTTP/1.0" 403 4802 "-" "python-httpx/0.28.1"
3.254.201.83 - - [29/Nov/2025:20:45:28 +0500] "GET /test.php HTTP/1.0" 403 4802 "-" "python-httpx/0.28.1"
3.254.201.83 - - [29/Nov/2025:20:45:28 +0500] "GET /admin HTTP/1.0" 301 4004 "-" "python-httpx/0.28.1"
3.254.201.83 - - [29/Nov/2025:20:45:29 +0500] "GET /admin.php HTTP/1.0" 301 4008 "-" "python-httpx/0.28.1"
3.254.201.83 - - [29/Nov/2025:20:45:30 +0500] "GET /composer.json HTTP/1.0" 301 4012 "-" "python-httpx/0.28.1"
3.254.201.83 - - [29/Nov/2025:20:45:31 +0500] "GET /.aws/config HTTP/1.0" 301 4010 "-" "python-httpx/0.28.1"
3.254.201.83 - - [29/Nov/2025:20:45:32 +0500] "GET /.aws/credentials HTTP/1.0" 301 4015 "-" "python-httpx/0.28.1"
3.254.201.83 - - [29/Nov/2025:20:45:34 +0500] "GET /aws/config HTTP/1.0" 301 4009 "-" "python-httpx/0.28.1"
3.254.201.83 - - [29/Nov/2025:20:45:35 +0500] "GET /aws/credentials HTTP/1.0" 301 4014 "-" "python-httpx/0.28.1"
3.254.201.83 - - [29/Nov/2025:20:45:36 +0500] "GET /aws.json HTTP/1.0" 301 4007 "-" "python-httpx/0.28.1"
3.254.201.83 - - [29/Nov/2025:20:45:37 +0500] "GET /credentials HTTP/1.0" 301 4010 "-" "python-httpx/0.28.1"
3.254.201.83 - - [29/Nov/2025:20:45:38 +0500] "GET /secrets.json HTTP/1.0" 301 4011 "-" "python-httpx/0.28.1"
3.254.201.83 - - [29/Nov/2025:20:45:39 +0500] "GET /keys.js HTTP/1.0" 301 4006 "-" "python-httpx/0.28.1"
3.254.201.83 - - [29/Nov/2025:20:45:40 +0500] "GET /aws-keys.js HTTP/1.0" 301 4010 "-" "python-httpx/0.28.1"
3.254.201.83 - - [29/Nov/2025:20:45:41 +0500] "GET /mailgun HTTP/1.0" 301 4006 "-" "python-httpx/0.28.1"
3.254.201.83 - - [29/Nov/2025:20:45:42 +0500] "GET /mailgun.json HTTP/1.0" 301 4011 "-" "python-httpx/0.28.1"
3.254.201.83 - - [29/Nov/2025:20:45:43 +0500] "GET /mailgun/config HTTP/1.0" 301 4013 "-" "python-httpx/0.28.1"
3.254.201.83 - - [29/Nov/2025:20:45:44 +0500] "GET /mailgun.php HTTP/1.0" 403 4802 "-" "python-httpx/0.28.1"
3.254.201.83 - - [29/Nov/2025:20:45:45 +0500] "GET /sendgrid HTTP/1.0" 301 4007 "-" "python-httpx/0.28.1"
2a00:5da0:1000::128 - - [30/Nov/2025:03:09:14 +0500] "POST /wp-cron.php?doing_wp_cron=1764454154.2213389873504638671875 HTTP/1.0" 200 4011 "-" "WordPress/6.8.3; https://med.greenclinic.kz"
205.210.31.53 - - [30/Nov/2025:03:09:11 +0500] "GET / HTTP/1.0" 500 11960 "-" "-"
2a00:5da0:1000::128 - - [30/Nov/2025:04:46:12 +0500] "POST /wp-cron.php?doing_wp_cron=1764459972.6745989322662353515625 HTTP/1.0" 200 4011 "-" "WordPress/6.8.3; https://med.greenclinic.kz"
2a00:5da0:1000::128 - - [30/Nov/2025:07:10:48 +0500] "POST /wp-cron.php?doing_wp_cron=1764468648.6904759407043457031250 HTTP/1.0" 200 4011 "-" "WordPress/6.8.3; https://med.greenclinic.kz"
52.208.151.205 - - [30/Nov/2025:07:10:45 +0500] "GET / HTTP/1.0" 200 20874631 "-" "Mozilla/5.0 (iPhone; CPU iPhone OS 17_1 like Mac OS X) AppleWebKit/605.1.15 (KHTML, like Gecko) Version/17.1 Mobile/15E148 Safari/604.1"
138.68.99.206 - - [30/Nov/2025:07:37:30 +0500] "GET / HTTP/1.0" 200 20875643 "-" "Mozilla/5.0 (X11; Linux x86_64) AppleWebKit/537.36 (KHTML, like Gecko) Chrome/139.0.0.0 Safari/537.36"
2a14:7c1::2 - - [30/Nov/2025:15:49:28 +0500] "GET /.env HTTP/1.0" 301 4003 "-" "Mozilla/5.0 (Windows NT 10.0; Win64; x64) AppleWebKit/537.36 (KHTML, like Gecko) Chrome/134.0.0.0 Safari/537.3"
2a00:5da0:1000::128 - - [30/Nov/2025:15:49:29 +0500] "POST /wp-cron.php?doing_wp_cron=1764499769.8348650932312011718750 HTTP/1.0" 200 4011 "-" "WordPress/6.8.3; https://med.greenclinic.kz"
2a14:7c1::2 - - [30/Nov/2025:15:49:31 +0500] "GET /.env/ HTTP/1.0" 200 20876303 "-" "Mozilla/5.0 (Windows NT 10.0; Win64; x64) AppleWebKit/537.36 (KHTML, like Gecko) Chrome/134.0.0.0 Safari/537.3"
2a00:5da0:1000::128 - - [30/Nov/2025:20:17:21 +0500] "POST /wp-cron.php?doing_wp_cron=1764515841.2821409702301025390625 HTTP/1.0" 200 4011 "-" "WordPress/6.8.3; https://med.greenclinic.kz"
172.192.75.85 - - [30/Nov/2025:20:17:18 +0500] "GET / HTTP/1.0" 200 20873487 "-" "Mozilla/5.0 (Windows NT 10.0; Win64; x64) AppleWebKit/537.36 (KHTML, like Gecko) Chrome/78.0.3904.108 Safari/537.36"
172.192.75.85 - - [30/Nov/2025:20:17:28 +0500] "GET //wp-includes/wlwmanifest.xml HTTP/1.0" 301 4026 "-" "Mozilla/5.0 (Windows NT 10.0; Win64; x64) AppleWebKit/537.36 (KHTML, like Gecko) Chrome/78.0.3904.108 Safari/537.36"
172.192.75.85 - - [30/Nov/2025:20:17:30 +0500] "GET / HTTP/1.0" 200 20877601 "-" "Mozilla/5.0 (Windows NT 10.0; Win64; x64) AppleWebKit/537.36 (KHTML, like Gecko) Chrome/78.0.3904.108 Safari/537.36"
172.192.75.85 - - [30/Nov/2025:20:17:35 +0500] "GET //?author=1 HTTP/1.0" 301 4007 "-" "Mozilla/5.0 (Windows NT 10.0; Win64; x64) AppleWebKit/537.36 (KHTML, like Gecko) Chrome/78.0.3904.108 Safari/537.36"
172.192.75.85 - - [30/Nov/2025:20:17:36 +0500] "GET //?author=2 HTTP/1.0" 301 4007 "-" "Mozilla/5.0 (Windows NT 10.0; Win64; x64) AppleWebKit/537.36 (KHTML, like Gecko) Chrome/78.0.3904.108 Safari/537.36"
172.192.75.85 - - [30/Nov/2025:20:17:37 +0500] "GET //wp-json/wp/v2/users/ HTTP/1.0" 301 4018 "-" "Mozilla/5.0 (Windows NT 10.0; Win64; x64) AppleWebKit/537.36 (KHTML, like Gecko) Chrome/78.0.3904.108 Safari/537.36"
172.192.75.85 - - [30/Nov/2025:20:17:38 +0500] "GET //wp-json/oembed/1.0/embed?url=https://med.greenclinic.kz/ HTTP/1.0" 301 4055 "-" "Mozilla/5.0 (Windows NT 10.0; Win64; x64) AppleWebKit/537.36 (KHTML, like Gecko) Chrome/78.0.3904.108 Safari/537.36"
34.170.165.171 - - [01/Dec/2025:01:47:37 +0500] "GET /.env HTTP/1.0" 301 4003 "-" "Python/3.14 aiohttp/3.13.2"
2a00:5da0:1000::128 - - [01/Dec/2025:01:47:40 +0500] "POST /wp-cron.php?doing_wp_cron=1764535660.2585489749908447265625 HTTP/1.0" 200 4011 "-" "WordPress/6.8.3; https://med.greenclinic.kz"
2a00:5da0:1000::128 - - [01/Dec/2025:04:43:01 +0500] "POST /wp-cron.php?doing_wp_cron=1764546181.1382598876953125000000 HTTP/1.0" 200 4011 "-" "WordPress/6.8.3; https://med.greenclinic.kz"
74.7.228.52 - - [01/Dec/2025:04:56:43 +0500] "GET /robots.txt HTTP/1.0" 301 4009 "-" "Mozilla/5.0 (Macintosh; Intel Mac OS X 10_15_7) AppleWebKit/537.36 (KHTML, like Gecko) Chrome/131.0.0.0 Safari/537.36; compatible; OAI-SearchBot/1.3; robots.txt; +https://openai.com/searchbot"
74.7.228.52 - - [01/Dec/2025:04:56:48 +0500] "GET /robots.txt/ HTTP/1.0" 500 11960 "https://med.greenclinic.kz/robots.txt" "Mozilla/5.0 (Macintosh; Intel Mac OS X 10_15_7) AppleWebKit/537.36 (KHTML, like Gecko) Chrome/131.0.0.0 Safari/537.36; compatible; OAI-SearchBot/1.3; robots.txt; +https://openai.com/searchbot"
2a00:5da0:1000::128 - - [01/Dec/2025:07:28:50 +0500] "POST /wp-cron.php?doing_wp_cron=1764556130.6342000961303710937500 HTTP/1.0" 200 4011 "-" "WordPress/6.8.3; https://med.greenclinic.kz"
99.81.216.206 - - [01/Dec/2025:07:28:48 +0500] "GET / HTTP/1.0" 200 20878767 "-" "Mozilla/5.0 (Windows NT 10.0; Win64; x64) AppleWebKit/537.36 (KHTML, like Gecko) Chrome/119.0.0.0 Safari/537.36"
205.210.31.176 - - [01/Dec/2025:15:00:24 +0500] "GET / HTTP/1.0" 200 20878965 "http://195.210.46.55:80/" "-"
2a00:5da0:1000::128 - - [01/Dec/2025:15:00:27 +0500] "POST /wp-cron.php?doing_wp_cron=1764583227.2160899639129638671875 HTTP/1.0" 200 4011 "-" "WordPress/6.8.3; https://med.greenclinic.kz"
2a00:5da0:1000::128 - - [01/Dec/2025:18:44:04 +0500] "POST /wp-cron.php?doing_wp_cron=1764596644.5088889598846435546875 HTTP/1.0" 200 4011 "-" "WordPress/6.8.3; https://med.greenclinic.kz"
34.187.232.217 - - [01/Dec/2025:18:44:01 +0500] "GET / HTTP/1.0" 200 20879361 "-" "Mozilla/5.0 (Windows NT 10.0; Win64; x64) AppleWebKit/537.36 (KHTML, like Gecko) Chrome/88.0.4240.193 Safari/537.36"
34.187.232.217 - - [01/Dec/2025:18:44:10 +0500] "GET //wp-includes/wlwmanifest.xml HTTP/1.0" 301 4026 "-" "Mozilla/5.0 (Windows NT 10.0; Win64; x64) AppleWebKit/537.36 (KHTML, like Gecko) Chrome/88.0.4240.193 Safari/537.36"
34.187.232.217 - - [01/Dec/2025:18:44:11 +0500] "GET / HTTP/1.0" 200 20878877 "-" "Mozilla/5.0 (Windows NT 10.0; Win64; x64) AppleWebKit/537.36 (KHTML, like Gecko) Chrome/88.0.4240.193 Safari/537.36"
34.187.232.217 - - [01/Dec/2025:18:44:15 +0500] "GET //?author=1 HTTP/1.0" 301 4007 "-" "Mozilla/5.0 (Windows NT 10.0; Win64; x64) AppleWebKit/537.36 (KHTML, like Gecko) Chrome/88.0.4240.193 Safari/537.36"
34.187.232.217 - - [01/Dec/2025:18:44:16 +0500] "GET //?author=2 HTTP/1.0" 301 4007 "-" "Mozilla/5.0 (Windows NT 10.0; Win64; x64) AppleWebKit/537.36 (KHTML, like Gecko) Chrome/88.0.4240.193 Safari/537.36"
34.187.232.217 - - [01/Dec/2025:18:44:17 +0500] "GET //?author=3 HTTP/1.0" 301 4119 "-" "Mozilla/5.0 (Windows NT 10.0; Win64; x64) AppleWebKit/537.36 (KHTML, like Gecko) Chrome/88.0.4240.193 Safari/537.36"
34.187.232.217 - - [01/Dec/2025:18:44:18 +0500] "GET //wp-json/wp/v2/users/ HTTP/1.0" 301 4018 "-" "Mozilla/5.0 (Windows NT 10.0; Win64; x64) AppleWebKit/537.36 (KHTML, like Gecko) Chrome/88.0.4240.193 Safari/537.36"
34.187.232.217 - - [01/Dec/2025:18:44:19 +0500] "GET //wp-json/oembed/1.0/embed?url=https://med.greenclinic.kz/ HTTP/1.0" 301 4055 "-" "Mozilla/5.0 (Windows NT 10.0; Win64; x64) AppleWebKit/537.36 (KHTML, like Gecko) Chrome/88.0.4240.193 Safari/537.36"
68.183.9.16 - - [02/Dec/2025:00:59:34 +0500] "GET / HTTP/1.0" 500 11960 "-" "-"
68.183.9.16 - - [02/Dec/2025:00:59:35 +0500] "GET / HTTP/1.0" 200 20875951 "-" "Mozilla/5.0 (l9scan/2.0.5353e26343e2031323e2539313; +https://leakix.net)"
2a00:5da0:1000::128 - - [02/Dec/2025:00:59:37 +0500] "POST /wp-cron.php?doing_wp_cron=1764619177.4558548927307128906250 HTTP/1.0" 200 4011 "-" "WordPress/6.8.3; https://med.greenclinic.kz"
68.183.9.16 - - [02/Dec/2025:00:59:41 +0500] "POST /graphql HTTP/1.0" 200 20878701 "-" "Mozilla/5.0 (l9scan/2.0.5353e26343e2031323e2539313; +https://leakix.net)"
68.183.9.16 - - [02/Dec/2025:00:59:43 +0500] "POST /api HTTP/1.0" 200 20876215 "-" "Mozilla/5.0 (l9scan/2.0.5353e26343e2031323e2539313; +https://leakix.net)"
68.183.9.16 - - [02/Dec/2025:00:59:45 +0500] "POST /api/graphql HTTP/1.0" 200 20879185 "-" "Mozilla/5.0 (l9scan/2.0.5353e26343e2031323e2539313; +https://leakix.net)"
68.183.9.16 - - [02/Dec/2025:00:59:48 +0500] "POST /graphql/api HTTP/1.0" 200 20873487 "-" "Mozilla/5.0 (l9scan/2.0.5353e26343e2031323e2539313; +https://leakix.net)"
68.183.9.16 - - [02/Dec/2025:00:59:51 +0500] "POST /api/gql HTTP/1.0" 200 20877227 "-" "Mozilla/5.0 (l9scan/2.0.5353e26343e2031323e2539313; +https://leakix.net)"
68.183.9.16 - - [02/Dec/2025:00:59:54 +0500] "GET /swagger-ui.html HTTP/1.0" 301 4014 "-" "Mozilla/5.0 (l9scan/2.0.5353e26343e2031323e2539313; +https://leakix.net)"
68.183.9.16 - - [02/Dec/2025:00:59:55 +0500] "GET /swagger/index.html HTTP/1.0" 301 4017 "-" "Mozilla/5.0 (l9scan/2.0.5353e26343e2031323e2539313; +https://leakix.net)"
68.183.9.16 - - [02/Dec/2025:00:59:56 +0500] "GET /swagger/swagger-ui.html HTTP/1.0" 301 4022 "-" "Mozilla/5.0 (l9scan/2.0.5353e26343e2031323e2539313; +https://leakix.net)"
68.183.9.16 - - [02/Dec/2025:00:59:57 +0500] "GET /webjars/swagger-ui/index.html HTTP/1.0" 301 4028 "-" "Mozilla/5.0 (l9scan/2.0.5353e26343e2031323e2539313; +https://leakix.net)"
68.183.9.16 - - [02/Dec/2025:00:59:58 +0500] "GET /swagger.json HTTP/1.0" 301 4011 "-" "Mozilla/5.0 (l9scan/2.0.5353e26343e2031323e2539313; +https://leakix.net)"
68.183.9.16 - - [02/Dec/2025:00:59:59 +0500] "GET /swagger/v1/swagger.json HTTP/1.0" 301 4022 "-" "Mozilla/5.0 (l9scan/2.0.5353e26343e2031323e2539313; +https://leakix.net)"
68.183.9.16 - - [02/Dec/2025:01:00:01 +0500] "GET /v2/api-docs HTTP/1.0" 301 4010 "-" "Mozilla/5.0 (l9scan/2.0.5353e26343e2031323e2539313; +https://leakix.net)"
68.183.9.16 - - [02/Dec/2025:01:00:02 +0500] "GET /v3/api-docs HTTP/1.0" 301 4010 "-" "Mozilla/5.0 (l9scan/2.0.5353e26343e2031323e2539313; +https://leakix.net)"
68.183.9.16 - - [02/Dec/2025:01:00:03 +0500] "GET /api-docs/swagger.json HTTP/1.0" 301 4020 "-" "Mozilla/5.0 (l9scan/2.0.5353e26343e2031323e2539313; +https://leakix.net)"
68.183.9.16 - - [02/Dec/2025:01:00:04 +0500] "GET /api/swagger.json HTTP/1.0" 301 4015 "-" "Mozilla/5.0 (l9scan/2.0.5353e26343e2031323e2539313; +https://leakix.net)"
68.183.9.16 - - [02/Dec/2025:01:00:05 +0500] "GET /@vite/env HTTP/1.0" 301 4008 "-" "Mozilla/5.0 (l9scan/2.0.5353e26343e2031323e2539313; +https://leakix.net)"
68.183.9.16 - - [02/Dec/2025:01:00:06 +0500] "GET /actuator/env HTTP/1.0" 301 4011 "-" "Mozilla/5.0 (l9scan/2.0.5353e26343e2031323e2539313; +https://leakix.net)"
68.183.9.16 - - [02/Dec/2025:01:00:08 +0500] "POST /php-cgi/php-cgi.exe?%ADd+cgi.force_redirect%3D0+%ADd+disable_functions%3D\"\"+%ADd+allow_url_include%3D1+%ADd+auto_prepend_file%3Dphp://input HTTP/1.0" 500 11960 "-" "Mozilla/5.0 (l9scan/2.0.5353e26343e2031323e2539313; +https://leakix.net)"
68.183.9.16 - - [02/Dec/2025:01:00:10 +0500] "GET /server HTTP/1.0" 301 4005 "-" "Mozilla/5.0 (l9scan/2.0.5353e26343e2031323e2539313; +https://leakix.net)"
68.183.9.16 - - [02/Dec/2025:01:00:12 +0500] "GET /.vscode/sftp.json HTTP/1.0" 301 4016 "-" "Mozilla/5.0 (l9scan/2.0.5353e26343e2031323e2539313; +https://leakix.net)"
68.183.9.16 - - [02/Dec/2025:01:00:14 +0500] "GET /about HTTP/1.0" 301 4004 "-" "Mozilla/5.0 (l9scan/2.0.5353e26343e2031323e2539313; +https://leakix.net)"
68.183.9.16 - - [02/Dec/2025:01:00:15 +0500] "GET /debug/default/view?panel=config HTTP/1.0" 301 4030 "-" "Mozilla/5.0 (l9scan/2.0.5353e26343e2031323e2539313; +https://leakix.net)"
68.183.9.16 - - [02/Dec/2025:01:00:16 +0500] "GET /v2/_catalog HTTP/1.0" 301 4010 "-" "Mozilla/5.0 (l9scan/2.0.5353e26343e2031323e2539313; +https://leakix.net)"
68.183.9.16 - - [02/Dec/2025:01:00:17 +0500] "GET /ecp/Current/exporttool/microsoft.exchange.ediscovery.exporttool.application HTTP/1.0" 301 4074 "-" "Mozilla/5.0 (l9scan/2.0.5353e26343e2031323e2539313; +https://leakix.net)"
68.183.9.16 - - [02/Dec/2025:01:00:18 +0500] "GET /server-status HTTP/1.0" 403 4802 "-" "Mozilla/5.0 (l9scan/2.0.5353e26343e2031323e2539313; +https://leakix.net)"
68.183.9.16 - - [02/Dec/2025:01:00:19 +0500] "GET /login.action HTTP/1.0" 301 4011 "-" "Mozilla/5.0 (l9scan/2.0.5353e26343e2031323e2539313; +https://leakix.net)"
68.183.9.16 - - [02/Dec/2025:01:00:21 +0500] "GET /_all_dbs HTTP/1.0" 301 4007 "-" "Mozilla/5.0 (l9scan/2.0.5353e26343e2031323e2539313; +https://leakix.net)"
68.183.9.16 - - [02/Dec/2025:01:00:22 +0500] "GET /.DS_Store HTTP/1.0" 301 4008 "-" "Mozilla/5.0 (l9scan/2.0.5353e26343e2031323e2539313; +https://leakix.net)"
68.183.9.16 - - [02/Dec/2025:01:00:23 +0500] "GET /.env HTTP/1.0" 301 4003 "-" "Mozilla/5.0 (l9scan/2.0.5353e26343e2031323e2539313; +https://leakix.net)"
2a00:5da0:1000::128 - - [02/Dec/2025:02:31:11 +0500] "POST /wp-cron.php?doing_wp_cron=1764624671.2505049705505371093750 HTTP/1.0" 200 4011 "-" "WordPress/6.8.3; https://med.greenclinic.kz"
205.210.31.236 - - [02/Dec/2025:02:31:08 +0500] "GET / HTTP/1.0" 200 20878921 "-" "Hello from Palo Alto Networks, find out more about our scans in https://docs-cortex.paloaltonetworks.com/r/1/Cortex-Xpanse/Scanning-activity"
2a00:5da0:1000::128 - - [02/Dec/2025:04:49:10 +0500] "POST /wp-cron.php?doing_wp_cron=1764632950.9083878993988037109375 HTTP/1.0" 200 4011 "-" "WordPress/6.8.3; https://med.greenclinic.kz"
198.235.24.215 - - [02/Dec/2025:05:14:26 +0500] "GET /wp-login.php HTTP/1.0" 200 15661 "-" "Hello from Palo Alto Networks, find out more about our scans in https://docs-cortex.paloaltonetworks.com/r/1/Cortex-Xpanse/Scanning-activity"
2a00:5da0:1000::128 - - [02/Dec/2025:05:14:28 +0500] "POST /wp-cron.php?doing_wp_cron=1764634468.8720779418945312500000 HTTP/1.0" 200 4011 "-" "WordPress/6.8.3; https://med.greenclinic.kz"
2a00:5da0:1000::128 - - [02/Dec/2025:07:41:28 +0500] "POST /wp-cron.php?doing_wp_cron=1764643288.0169839859008789062500 HTTP/1.0" 200 4011 "-" "WordPress/6.8.3; https://med.greenclinic.kz"
54.217.83.13 - - [02/Dec/2025:07:41:25 +0500] "GET / HTTP/1.0" 200 20875247 "-" "Mozilla/5.0 (Windows NT 10.0; Win64; x64) AppleWebKit/537.36 (KHTML, like Gecko) Chrome/120.0.0.0 Safari/537.36"
207.154.197.113 - - [02/Dec/2025:09:44:03 +0500] "GET / HTTP/1.0" 500 11960 "-" "-"
207.154.197.113 - - [02/Dec/2025:09:44:04 +0500] "GET / HTTP/1.0" 200 20874719 "-" "Mozilla/5.0 (l9scan/2.0.5353e26343e2031323e2539313; +https://leakix.net)"
2a00:5da0:1000::128 - - [02/Dec/2025:09:44:17 +0500] "POST /wp-cron.php?doing_wp_cron=1764650657.1772260665893554687500 HTTP/1.0" 200 4011 "-" "WordPress/6.8.3; https://med.greenclinic.kz"
207.154.197.113 - - [02/Dec/2025:09:44:23 +0500] "POST /graphql HTTP/1.0" 200 20877909 "-" "Mozilla/5.0 (l9scan/2.0.5353e26343e2031323e2539313; +https://leakix.net)"
207.154.197.113 - - [02/Dec/2025:09:44:26 +0500] "POST /api HTTP/1.0" 200 20874103 "-" "Mozilla/5.0 (l9scan/2.0.5353e26343e2031323e2539313; +https://leakix.net)"
207.154.197.113 - - [02/Dec/2025:09:44:29 +0500] "POST /api/graphql HTTP/1.0" 200 20879207 "-" "Mozilla/5.0 (l9scan/2.0.5353e26343e2031323e2539313; +https://leakix.net)"
207.154.197.113 - - [02/Dec/2025:09:44:32 +0500] "POST /graphql/api HTTP/1.0" 200 20874345 "-" "Mozilla/5.0 (l9scan/2.0.5353e26343e2031323e2539313; +https://leakix.net)"
207.154.197.113 - - [02/Dec/2025:09:44:35 +0500] "POST /api/gql HTTP/1.0" 200 20879713 "-" "Mozilla/5.0 (l9scan/2.0.5353e26343e2031323e2539313; +https://leakix.net)"
207.154.197.113 - - [02/Dec/2025:09:44:38 +0500] "GET /swagger-ui.html HTTP/1.0" 301 4014 "-" "Mozilla/5.0 (l9scan/2.0.5353e26343e2031323e2539313; +https://leakix.net)"
207.154.197.113 - - [02/Dec/2025:09:44:39 +0500] "GET /swagger/index.html HTTP/1.0" 301 4017 "-" "Mozilla/5.0 (l9scan/2.0.5353e26343e2031323e2539313; +https://leakix.net)"
207.154.197.113 - - [02/Dec/2025:09:44:40 +0500] "GET /swagger/swagger-ui.html HTTP/1.0" 301 4022 "-" "Mozilla/5.0 (l9scan/2.0.5353e26343e2031323e2539313; +https://leakix.net)"
207.154.197.113 - - [02/Dec/2025:09:44:42 +0500] "GET /webjars/swagger-ui/index.html HTTP/1.0" 301 4028 "-" "Mozilla/5.0 (l9scan/2.0.5353e26343e2031323e2539313; +https://leakix.net)"
207.154.197.113 - - [02/Dec/2025:09:44:43 +0500] "GET /swagger.json HTTP/1.0" 301 4011 "-" "Mozilla/5.0 (l9scan/2.0.5353e26343e2031323e2539313; +https://leakix.net)"
207.154.197.113 - - [02/Dec/2025:09:44:44 +0500] "GET /swagger/v1/swagger.json HTTP/1.0" 301 4022 "-" "Mozilla/5.0 (l9scan/2.0.5353e26343e2031323e2539313; +https://leakix.net)"
207.154.197.113 - - [02/Dec/2025:09:44:45 +0500] "GET /v2/api-docs HTTP/1.0" 301 4010 "-" "Mozilla/5.0 (l9scan/2.0.5353e26343e2031323e2539313; +https://leakix.net)"
207.154.197.113 - - [02/Dec/2025:09:44:46 +0500] "GET /v3/api-docs HTTP/1.0" 301 4010 "-" "Mozilla/5.0 (l9scan/2.0.5353e26343e2031323e2539313; +https://leakix.net)"
207.154.197.113 - - [02/Dec/2025:09:44:47 +0500] "GET /api-docs/swagger.json HTTP/1.0" 301 4020 "-" "Mozilla/5.0 (l9scan/2.0.5353e26343e2031323e2539313; +https://leakix.net)"
207.154.197.113 - - [02/Dec/2025:09:44:48 +0500] "GET /api/swagger.json HTTP/1.0" 301 4015 "-" "Mozilla/5.0 (l9scan/2.0.5353e26343e2031323e2539313; +https://leakix.net)"
207.154.197.113 - - [02/Dec/2025:09:44:49 +0500] "GET /@vite/env HTTP/1.0" 301 4008 "-" "Mozilla/5.0 (l9scan/2.0.5353e26343e2031323e2539313; +https://leakix.net)"
207.154.197.113 - - [02/Dec/2025:09:44:50 +0500] "GET /actuator/env HTTP/1.0" 301 4011 "-" "Mozilla/5.0 (l9scan/2.0.5353e26343e2031323e2539313; +https://leakix.net)"
207.154.197.113 - - [02/Dec/2025:09:44:51 +0500] "POST /php-cgi/php-cgi.exe?%ADd+cgi.force_redirect%3D0+%ADd+disable_functions%3D\"\"+%ADd+allow_url_include%3D1+%ADd+auto_prepend_file%3Dphp://input HTTP/1.0" 200 20875709 "-" "Mozilla/5.0 (l9scan/2.0.5353e26343e2031323e2539313; +https://leakix.net)"
207.154.197.113 - - [02/Dec/2025:09:44:54 +0500] "GET /server HTTP/1.0" 301 4005 "-" "Mozilla/5.0 (l9scan/2.0.5353e26343e2031323e2539313; +https://leakix.net)"
207.154.197.113 - - [02/Dec/2025:09:44:55 +0500] "GET /.vscode/sftp.json HTTP/1.0" 301 4016 "-" "Mozilla/5.0 (l9scan/2.0.5353e26343e2031323e2539313; +https://leakix.net)"
207.154.197.113 - - [02/Dec/2025:09:44:57 +0500] "GET /about HTTP/1.0" 301 4004 "-" "Mozilla/5.0 (l9scan/2.0.5353e26343e2031323e2539313; +https://leakix.net)"
207.154.197.113 - - [02/Dec/2025:09:44:58 +0500] "GET /debug/default/view?panel=config HTTP/1.0" 301 4030 "-" "Mozilla/5.0 (l9scan/2.0.5353e26343e2031323e2539313; +https://leakix.net)"
207.154.197.113 - - [02/Dec/2025:09:44:59 +0500] "GET /v2/_catalog HTTP/1.0" 301 4010 "-" "Mozilla/5.0 (l9scan/2.0.5353e26343e2031323e2539313; +https://leakix.net)"
207.154.197.113 - - [02/Dec/2025:09:45:00 +0500] "GET /ecp/Current/exporttool/microsoft.exchange.ediscovery.exporttool.application HTTP/1.0" 301 4074 "-" "Mozilla/5.0 (l9scan/2.0.5353e26343e2031323e2539313; +https://leakix.net)"
207.154.197.113 - - [02/Dec/2025:09:45:01 +0500] "GET /server-status HTTP/1.0" 403 4802 "-" "Mozilla/5.0 (l9scan/2.0.5353e26343e2031323e2539313; +https://leakix.net)"
207.154.197.113 - - [02/Dec/2025:09:45:02 +0500] "GET /login.action HTTP/1.0" 301 4011 "-" "Mozilla/5.0 (l9scan/2.0.5353e26343e2031323e2539313; +https://leakix.net)"
207.154.197.113 - - [02/Dec/2025:09:45:03 +0500] "GET /_all_dbs HTTP/1.0" 301 4007 "-" "Mozilla/5.0 (l9scan/2.0.5353e26343e2031323e2539313; +https://leakix.net)"
207.154.197.113 - - [02/Dec/2025:09:45:04 +0500] "GET /.DS_Store HTTP/1.0" 301 4008 "-" "Mozilla/5.0 (l9scan/2.0.5353e26343e2031323e2539313; +https://leakix.net)"
207.154.197.113 - - [02/Dec/2025:09:45:06 +0500] "GET /.env HTTP/1.0" 301 4003 "-" "Mozilla/5.0 (l9scan/2.0.5353e26343e2031323e2539313; +https://leakix.net)"
207.154.197.113 - - [02/Dec/2025:09:45:09 +0500] "GET /s/5353e26343e2031323e2539313/_/;/META-INF/maven/com.atlassian.jira/jira-webapp-dist/pom.properties HTTP/1.0" 301 4097 "-" "Mozilla/5.0 (l9scan/2.0.5353e26343e2031323e2539313; +https://leakix.net)"
207.154.197.113 - - [02/Dec/2025:09:45:10 +0500] "GET /config.json HTTP/1.0" 301 4010 "-" "Mozilla/5.0 (l9scan/2.0.5353e26343e2031323e2539313; +https://leakix.net)"
207.154.197.113 - - [02/Dec/2025:09:45:11 +0500] "GET /telescope/requests HTTP/1.0" 301 4017 "-" "Mozilla/5.0 (l9scan/2.0.5353e26343e2031323e2539313; +https://leakix.net)"
207.154.197.113 - - [02/Dec/2025:09:45:12 +0500] "GET /info.php HTTP/1.0" 403 4802 "-" "Mozilla/5.0 (l9scan/2.0.5353e26343e2031323e2539313; +https://leakix.net)"
207.154.197.113 - - [02/Dec/2025:09:45:13 +0500] "GET /?rest_route=/wp/v2/users/ HTTP/1.0" 200 5210 "-" "Mozilla/5.0 (l9scan/2.0.5353e26343e2031323e2539313; +https://leakix.net)"
159.89.122.163 - - [02/Dec/2025:10:23:45 +0500] "GET /wp-login.php HTTP/1.0" 200 15661 "-" "Mozilla/5.0"
2a00:5da0:1000::128 - - [02/Dec/2025:10:23:47 +0500] "POST /wp-cron.php?doing_wp_cron=1764653027.6533350944519042968750 HTTP/1.0" 200 4011 "-" "WordPress/6.8.3; https://med.greenclinic.kz"
159.89.122.163 - - [02/Dec/2025:10:23:49 +0500] "GET /?author=1 HTTP/1.0" 200 35085 "-" "Mozilla/5.0"
159.89.122.163 - - [02/Dec/2025:10:23:51 +0500] "GET /?feed=rss2 HTTP/1.0" 200 6080 "-" "Mozilla/5.0"
159.89.122.163 - - [02/Dec/2025:11:12:51 +0500] "POST /wp-login.php HTTP/1.0" 200 16136 "-" "Mozilla/5.0"
2a00:5da0:1000::128 - - [02/Dec/2025:11:12:53 +0500] "POST /wp-cron.php?doing_wp_cron=1764655973.7937390804290771484375 HTTP/1.0" 200 4011 "-" "WordPress/6.8.3; https://med.greenclinic.kz"
159.89.122.163 - - [02/Dec/2025:11:18:26 +0500] "POST /wp-login.php HTTP/1.0" 200 16136 "-" "Mozilla/5.0"
159.89.122.163 - - [02/Dec/2025:11:24:43 +0500] "POST /wp-login.php HTTP/1.0" 200 16136 "-" "Mozilla/5.0"
