52.208.151.205 - - [22/Nov/2025:07:58:33 +0500] "GET / HTTP/1.0" 200 20876699 "-" "Mozilla/5.0 (Macintosh; Intel Mac OS X 10.15; rv:121.0) Gecko/20100101 Firefox/121.0"
2a00:5da0:1000::128 - - [22/Nov/2025:10:11:31 +0500] "POST /wp-cron.php?doing_wp_cron=1763788291.8520700931549072265625 HTTP/1.0" 200 4011 "-" "WordPress/6.8.3; https://med.greenclinic.kz"
178.62.205.105 - - [22/Nov/2025:10:11:29 +0500] "GET / HTTP/1.0" 500 11960 "-" "Mozilla/5.0 (X11; Linux x86_64) AppleWebKit/537.36 (KHTML, like Gecko) Chrome/139.0.0.0 Safari/537.36"
85.11.167.4 - - [22/Nov/2025:13:48:22 +0500] "GET / HTTP/1.0" 200 20874675 "-" "Mozilla/5.0 (Windows NT 10.0; Win64; x64) AppleWebKit/537.36 (KHTML, like Gecko) Chrome/58.0.3029.110 Safari/537.3"
2a00:5da0:1000::128 - - [22/Nov/2025:13:48:25 +0500] "POST /wp-cron.php?doing_wp_cron=1763801305.1905510425567626953125 HTTP/1.0" 200 4011 "-" "WordPress/6.8.3; https://med.greenclinic.kz"
2a00:5da0:1000::128 - - [22/Nov/2025:18:12:48 +0500] "POST /wp-cron.php?doing_wp_cron=1763817168.1599709987640380859375 HTTP/1.0" 200 4011 "-" "WordPress/6.8.3; https://med.greenclinic.kz"
45.154.98.144 - - [22/Nov/2025:18:12:45 +0500] "GET / HTTP/1.0" 200 20879097 "-" "Mozilla/5.0 (Windows NT 10.0; Win64; x64) AppleWebKit/537.36 (KHTML, like Gecko) Chrome/78.0.3904.108 Safari/537.36"
45.154.98.144 - - [22/Nov/2025:18:12:56 +0500] "GET //wp-includes/wlwmanifest.xml HTTP/1.0" 301 4026 "-" "Mozilla/5.0 (Windows NT 10.0; Win64; x64) AppleWebKit/537.36 (KHTML, like Gecko) Chrome/78.0.3904.108 Safari/537.36"
45.154.98.144 - - [22/Nov/2025:18:12:57 +0500] "GET / HTTP/1.0" 200 20873597 "-" "Mozilla/5.0 (Windows NT 10.0; Win64; x64) AppleWebKit/537.36 (KHTML, like Gecko) Chrome/78.0.3904.108 Safari/537.36"
45.154.98.144 - - [22/Nov/2025:18:13:03 +0500] "GET //?author=1 HTTP/1.0" 301 4007 "-" "Mozilla/5.0 (Windows NT 10.0; Win64; x64) AppleWebKit/537.36 (KHTML, like Gecko) Chrome/78.0.3904.108 Safari/537.36"
45.154.98.144 - - [22/Nov/2025:18:13:04 +0500] "GET //?author=2 HTTP/1.0" 301 4007 "-" "Mozilla/5.0 (Windows NT 10.0; Win64; x64) AppleWebKit/537.36 (KHTML, like Gecko) Chrome/78.0.3904.108 Safari/537.36"
45.154.98.144 - - [22/Nov/2025:18:13:04 +0500] "GET //wp-json/wp/v2/users/ HTTP/1.0" 301 4018 "-" "Mozilla/5.0 (Windows NT 10.0; Win64; x64) AppleWebKit/537.36 (KHTML, like Gecko) Chrome/78.0.3904.108 Safari/537.36"
45.154.98.144 - - [22/Nov/2025:18:13:05 +0500] "GET //wp-json/oembed/1.0/embed?url=https://med.greenclinic.kz/ HTTP/1.0" 301 4055 "-" "Mozilla/5.0 (Windows NT 10.0; Win64; x64) AppleWebKit/537.36 (KHTML, like Gecko) Chrome/78.0.3904.108 Safari/537.36"
2.57.122.173 - - [23/Nov/2025:01:24:39 +0500] "GET /.env HTTP/1.0" 301 4003 "-" "Mozilla/5.0 (SS; Linux x86_64) AppleWebKit/537.36 (KHTML, like Gecko) Chrome/121.0.0.0 Safari/537.36"
2a00:5da0:1000::128 - - [23/Nov/2025:01:24:42 +0500] "POST /wp-cron.php?doing_wp_cron=1763843082.2543749809265136718750 HTTP/1.0" 200 4011 "-" "WordPress/6.8.3; https://med.greenclinic.kz"
2a00:5da0:1000::128 - - [23/Nov/2025:02:50:11 +0500] "POST /wp-cron.php?doing_wp_cron=1763848211.6271860599517822265625 HTTP/1.0" 200 4011 "-" "WordPress/6.8.3; https://med.greenclinic.kz"
194.180.49.167 - - [23/Nov/2025:02:50:08 +0500] "GET / HTTP/1.0" 500 11960 "-" "python-httpx/0.28.1"
2a00:5da0:1000::128 - - [23/Nov/2025:04:42:15 +0500] "POST /wp-cron.php?doing_wp_cron=1763854935.5010170936584472656250 HTTP/1.0" 200 4011 "-" "WordPress/6.8.3; https://med.greenclinic.kz"
2a00:5da0:1000::128 - - [23/Nov/2025:09:17:51 +0500] "POST /wp-cron.php?doing_wp_cron=1763871471.7918000221252441406250 HTTP/1.0" 200 4011 "-" "WordPress/6.8.3; https://med.greenclinic.kz"
54.217.83.13 - - [23/Nov/2025:09:17:48 +0500] "GET / HTTP/1.0" 200 20879581 "-" "Mozilla/5.0 (Macintosh; Intel Mac OS X 10_15_7) AppleWebKit/605.1.15 (KHTML, like Gecko) Version/17.1 Safari/605.1.15"
169.150.203.36 - - [23/Nov/2025:09:26:33 +0500] "GET / HTTP/1.0" 200 20873509 "-" "Mozilla/5.0 (Windows NT 10.0; Win64; x64) AppleWebKit/537.36 (KHTML, like Gecko) Chrome/137.0.0.0 Safari/537.36"
169.150.203.36 - - [23/Nov/2025:09:26:54 +0500] "GET /favicon.ico HTTP/1.0" 301 4010 "-" "Mozilla/5.0 (Windows NT 10.0; Win64; x64) AppleWebKit/537.36 (KHTML, like Gecko) Chrome/137.0.0.0 Safari/537.36"
169.150.203.36 - - [23/Nov/2025:09:26:56 +0500] "GET /favicon.ico/ HTTP/1.0" 200 20875599 "-" "Mozilla/5.0 (Windows NT 10.0; Win64; x64) AppleWebKit/537.36 (KHTML, like Gecko) Chrome/137.0.0.0 Safari/537.36"
34.19.125.194 - - [23/Nov/2025:09:28:38 +0500] "GET / HTTP/1.0" 200 20873575 "http://med.greenclinic.kz" "Mozilla/5.0 (compatible; CMS-Checker/1.0; +https://example.com)"
208.84.101.102 - - [23/Nov/2025:15:53:20 +0500] "GET / HTTP/1.0" 200 20875269 "-" "Mozilla/5.0 (Windows NT 10.0; Win64; x64) AppleWebKit/537.36 (KHTML, like Gecko) Chrome/78.0.3904.108 Safari/537.36"
2a00:5da0:1000::128 - - [23/Nov/2025:15:53:22 +0500] "POST /wp-cron.php?doing_wp_cron=1763895202.5899789333343505859375 HTTP/1.0" 200 4011 "-" "WordPress/6.8.3; https://med.greenclinic.kz"
208.84.101.102 - - [23/Nov/2025:15:53:28 +0500] "GET //wp-includes/wlwmanifest.xml HTTP/1.0" 301 4026 "-" "Mozilla/5.0 (Windows NT 10.0; Win64; x64) AppleWebKit/537.36 (KHTML, like Gecko) Chrome/78.0.3904.108 Safari/537.36"
208.84.101.102 - - [23/Nov/2025:15:53:29 +0500] "GET / HTTP/1.0" 200 20879361 "-" "Mozilla/5.0 (Windows NT 10.0; Win64; x64) AppleWebKit/537.36 (KHTML, like Gecko) Chrome/78.0.3904.108 Safari/537.36"
208.84.101.102 - - [23/Nov/2025:15:53:33 +0500] "GET //?author=1 HTTP/1.0" 301 4007 "-" "Mozilla/5.0 (Windows NT 10.0; Win64; x64) AppleWebKit/537.36 (KHTML, like Gecko) Chrome/78.0.3904.108 Safari/537.36"
208.84.101.102 - - [23/Nov/2025:15:53:34 +0500] "GET //?author=2 HTTP/1.0" 301 4007 "-" "Mozilla/5.0 (Windows NT 10.0; Win64; x64) AppleWebKit/537.36 (KHTML, like Gecko) Chrome/78.0.3904.108 Safari/537.36"
208.84.101.102 - - [23/Nov/2025:15:53:34 +0500] "GET //wp-json/wp/v2/users/ HTTP/1.0" 301 4018 "-" "Mozilla/5.0 (Windows NT 10.0; Win64; x64) AppleWebKit/537.36 (KHTML, like Gecko) Chrome/78.0.3904.108 Safari/537.36"
208.84.101.102 - - [23/Nov/2025:15:53:35 +0500] "GET //wp-json/oembed/1.0/embed?url=https://med.greenclinic.kz/ HTTP/1.0" 301 4055 "-" "Mozilla/5.0 (Windows NT 10.0; Win64; x64) AppleWebKit/537.36 (KHTML, like Gecko) Chrome/78.0.3904.108 Safari/537.36"
74.7.228.52 - - [23/Nov/2025:17:25:31 +0500] "GET /robots.txt HTTP/1.0" 301 4009 "-" "Mozilla/5.0 (Macintosh; Intel Mac OS X 10_15_7) AppleWebKit/537.36 (KHTML, like Gecko) Chrome/131.0.0.0 Safari/537.36; compatible; OAI-SearchBot/1.3; robots.txt; +https://openai.com/searchbot"
2a00:5da0:1000::128 - - [23/Nov/2025:17:25:33 +0500] "POST /wp-cron.php?doing_wp_cron=1763900733.7029778957366943359375 HTTP/1.0" 200 4011 "-" "WordPress/6.8.3; https://med.greenclinic.kz"
74.7.228.52 - - [23/Nov/2025:17:25:35 +0500] "GET /robots.txt/ HTTP/1.0" 200 20874323 "https://med.greenclinic.kz/robots.txt" "Mozilla/5.0 (Macintosh; Intel Mac OS X 10_15_7) AppleWebKit/537.36 (KHTML, like Gecko) Chrome/131.0.0.0 Safari/537.36; compatible; OAI-SearchBot/1.3; robots.txt; +https://openai.com/searchbot"
2a00:5da0:1000::128 - - [23/Nov/2025:20:35:49 +0500] "POST /wp-cron.php?doing_wp_cron=1763912149.5834560394287109375000 HTTP/1.0" 200 4011 "-" "WordPress/6.8.3; https://med.greenclinic.kz"
188.166.108.93 - - [23/Nov/2025:20:35:47 +0500] "GET / HTTP/1.0" 500 11960 "-" "-"
188.166.108.93 - - [23/Nov/2025:20:35:48 +0500] "GET / HTTP/1.0" 200 20875643 "-" "Mozilla/5.0 (l9scan/2.0.5353e26343e2031323e2539313; +https://leakix.net)"
188.166.108.93 - - [23/Nov/2025:20:35:53 +0500] "POST /graphql HTTP/1.0" 200 20879713 "-" "Mozilla/5.0 (l9scan/2.0.5353e26343e2031323e2539313; +https://leakix.net)"
188.166.108.93 - - [23/Nov/2025:20:35:55 +0500] "POST /api HTTP/1.0" 200 20876721 "-" "Mozilla/5.0 (l9scan/2.0.5353e26343e2031323e2539313; +https://leakix.net)"
188.166.108.93 - - [23/Nov/2025:20:35:58 +0500] "POST /api/graphql HTTP/1.0" 200 20874741 "-" "Mozilla/5.0 (l9scan/2.0.5353e26343e2031323e2539313; +https://leakix.net)"
188.166.108.93 - - [23/Nov/2025:20:36:00 +0500] "POST /graphql/api HTTP/1.0" 200 20874235 "-" "Mozilla/5.0 (l9scan/2.0.5353e26343e2031323e2539313; +https://leakix.net)"
188.166.108.93 - - [23/Nov/2025:20:36:03 +0500] "GET /swagger-ui.html HTTP/1.0" 301 4014 "-" "Mozilla/5.0 (l9scan/2.0.5353e26343e2031323e2539313; +https://leakix.net)"
188.166.108.93 - - [23/Nov/2025:20:36:04 +0500] "GET /swagger/index.html HTTP/1.0" 301 4017 "-" "Mozilla/5.0 (l9scan/2.0.5353e26343e2031323e2539313; +https://leakix.net)"
188.166.108.93 - - [23/Nov/2025:20:36:05 +0500] "GET /swagger/swagger-ui.html HTTP/1.0" 301 4022 "-" "Mozilla/5.0 (l9scan/2.0.5353e26343e2031323e2539313; +https://leakix.net)"
188.166.108.93 - - [23/Nov/2025:20:36:06 +0500] "GET /webjars/swagger-ui/index.html HTTP/1.0" 301 4028 "-" "Mozilla/5.0 (l9scan/2.0.5353e26343e2031323e2539313; +https://leakix.net)"
188.166.108.93 - - [23/Nov/2025:20:36:07 +0500] "GET /swagger.json HTTP/1.0" 301 4011 "-" "Mozilla/5.0 (l9scan/2.0.5353e26343e2031323e2539313; +https://leakix.net)"
188.166.108.93 - - [23/Nov/2025:20:36:08 +0500] "GET /swagger/v1/swagger.json HTTP/1.0" 301 4022 "-" "Mozilla/5.0 (l9scan/2.0.5353e26343e2031323e2539313; +https://leakix.net)"
188.166.108.93 - - [23/Nov/2025:20:36:10 +0500] "GET /v2/api-docs HTTP/1.0" 301 4010 "-" "Mozilla/5.0 (l9scan/2.0.5353e26343e2031323e2539313; +https://leakix.net)"
188.166.108.93 - - [23/Nov/2025:20:36:11 +0500] "GET /v3/api-docs HTTP/1.0" 301 4010 "-" "Mozilla/5.0 (l9scan/2.0.5353e26343e2031323e2539313; +https://leakix.net)"
188.166.108.93 - - [23/Nov/2025:20:36:12 +0500] "GET /api-docs/swagger.json HTTP/1.0" 301 4020 "-" "Mozilla/5.0 (l9scan/2.0.5353e26343e2031323e2539313; +https://leakix.net)"
188.166.108.93 - - [23/Nov/2025:20:36:13 +0500] "GET /@vite/env HTTP/1.0" 301 4008 "-" "Mozilla/5.0 (l9scan/2.0.5353e26343e2031323e2539313; +https://leakix.net)"
188.166.108.93 - - [23/Nov/2025:20:36:14 +0500] "GET /actuator/env HTTP/1.0" 301 4011 "-" "Mozilla/5.0 (l9scan/2.0.5353e26343e2031323e2539313; +https://leakix.net)"
188.166.108.93 - - [23/Nov/2025:20:36:15 +0500] "POST /php-cgi/php-cgi.exe?%ADd+cgi.force_redirect%3D0+%ADd+disable_functions%3D\"\"+%ADd+allow_url_include%3D1+%ADd+auto_prepend_file%3Dphp://input HTTP/1.0" 200 20877139 "-" "Mozilla/5.0 (l9scan/2.0.5353e26343e2031323e2539313; +https://leakix.net)"
188.166.108.93 - - [23/Nov/2025:20:36:17 +0500] "GET /server HTTP/1.0" 301 4005 "-" "Mozilla/5.0 (l9scan/2.0.5353e26343e2031323e2539313; +https://leakix.net)"
188.166.108.93 - - [23/Nov/2025:20:36:19 +0500] "GET /.vscode/sftp.json HTTP/1.0" 301 4016 "-" "Mozilla/5.0 (l9scan/2.0.5353e26343e2031323e2539313; +https://leakix.net)"
188.166.108.93 - - [23/Nov/2025:20:36:20 +0500] "GET /about HTTP/1.0" 301 4004 "-" "Mozilla/5.0 (l9scan/2.0.5353e26343e2031323e2539313; +https://leakix.net)"
188.166.108.93 - - [23/Nov/2025:20:36:21 +0500] "GET /debug/default/view?panel=config HTTP/1.0" 301 4030 "-" "Mozilla/5.0 (l9scan/2.0.5353e26343e2031323e2539313; +https://leakix.net)"
188.166.108.93 - - [23/Nov/2025:20:36:22 +0500] "GET /v2/_catalog HTTP/1.0" 301 4010 "-" "Mozilla/5.0 (l9scan/2.0.5353e26343e2031323e2539313; +https://leakix.net)"
188.166.108.93 - - [23/Nov/2025:20:36:23 +0500] "GET /ecp/Current/exporttool/microsoft.exchange.ediscovery.exporttool.application HTTP/1.0" 301 4074 "-" "Mozilla/5.0 (l9scan/2.0.5353e26343e2031323e2539313; +https://leakix.net)"
188.166.108.93 - - [23/Nov/2025:20:36:25 +0500] "GET /server-status HTTP/1.0" 403 4802 "-" "Mozilla/5.0 (l9scan/2.0.5353e26343e2031323e2539313; +https://leakix.net)"
188.166.108.93 - - [23/Nov/2025:20:36:25 +0500] "GET /login.action HTTP/1.0" 301 4011 "-" "Mozilla/5.0 (l9scan/2.0.5353e26343e2031323e2539313; +https://leakix.net)"
188.166.108.93 - - [23/Nov/2025:20:36:27 +0500] "GET /_all_dbs HTTP/1.0" 301 4007 "-" "Mozilla/5.0 (l9scan/2.0.5353e26343e2031323e2539313; +https://leakix.net)"
188.166.108.93 - - [23/Nov/2025:20:36:28 +0500] "GET /.DS_Store HTTP/1.0" 301 4008 "-" "Mozilla/5.0 (l9scan/2.0.5353e26343e2031323e2539313; +https://leakix.net)"
188.166.108.93 - - [23/Nov/2025:20:36:29 +0500] "GET /.env HTTP/1.0" 301 4003 "-" "Mozilla/5.0 (l9scan/2.0.5353e26343e2031323e2539313; +https://leakix.net)"
188.166.108.93 - - [23/Nov/2025:20:36:30 +0500] "GET /s/5353e26343e2031323e2539313/_/;/META-INF/maven/com.atlassian.jira/jira-webapp-dist/pom.properties HTTP/1.0" 301 4097 "-" "Mozilla/5.0 (l9scan/2.0.5353e26343e2031323e2539313; +https://leakix.net)"
188.166.108.93 - - [23/Nov/2025:20:36:31 +0500] "GET /config.json HTTP/1.0" 301 4010 "-" "Mozilla/5.0 (l9scan/2.0.5353e26343e2031323e2539313; +https://leakix.net)"
188.166.108.93 - - [23/Nov/2025:20:36:33 +0500] "GET /telescope/requests HTTP/1.0" 301 4017 "-" "Mozilla/5.0 (l9scan/2.0.5353e26343e2031323e2539313; +https://leakix.net)"
188.166.108.93 - - [23/Nov/2025:20:36:34 +0500] "GET /info.php HTTP/1.0" 403 4802 "-" "Mozilla/5.0 (l9scan/2.0.5353e26343e2031323e2539313; +https://leakix.net)"
188.166.108.93 - - [23/Nov/2025:20:36:34 +0500] "GET /?rest_route=/wp/v2/users/ HTTP/1.0" 200 5210 "-" "Mozilla/5.0 (l9scan/2.0.5353e26343e2031323e2539313; +https://leakix.net)"
54.86.115.253 - - [23/Nov/2025:20:50:53 +0500] "GET / HTTP/1.0" 200 20875423 "-" "RecordedFuture Global Inventory Crawler"
2a00:5da0:1000::128 - - [23/Nov/2025:22:39:03 +0500] "POST /wp-cron.php?doing_wp_cron=1763919543.1694459915161132812500 HTTP/1.0" 200 4011 "-" "WordPress/6.8.3; https://med.greenclinic.kz"
136.112.4.106 - - [23/Nov/2025:22:39:00 +0500] "GET / HTTP/1.0" 200 20874235 "http://med.greenclinic.kz" "Mozilla/5.0 (compatible; CMS-Checker/1.0; +https://example.com)"
2a00:5da0:1000::128 - - [24/Nov/2025:04:42:27 +0500] "POST /wp-cron.php?doing_wp_cron=1763941347.6366720199584960937500 HTTP/1.0" 200 4011 "-" "WordPress/6.8.3; https://med.greenclinic.kz"
2a00:5da0:1000::128 - - [24/Nov/2025:07:50:59 +0500] "POST /wp-cron.php?doing_wp_cron=1763952659.6707460880279541015625 HTTP/1.0" 200 4011 "-" "WordPress/6.8.3; https://med.greenclinic.kz"
99.81.216.206 - - [24/Nov/2025:07:50:57 +0500] "GET / HTTP/1.0" 200 20877975 "-" "Mozilla/5.0 (iPad; CPU OS 17_1 like Mac OS X) AppleWebKit/605.1.15 (KHTML, like Gecko) Version/17.1 Mobile/15E148 Safari/604.1"
2a00:5da0:1000::128 - - [24/Nov/2025:08:11:47 +0500] "POST /wp-cron.php?doing_wp_cron=1763953906.9761888980865478515625 HTTP/1.0" 200 4011 "-" "WordPress/6.8.3; https://med.greenclinic.kz"
198.235.24.26 - - [24/Nov/2025:08:11:45 +0500] "GET / HTTP/1.0" 200 20875841 "http://195.210.46.55:80/" "-"
2a00:5da0:1000::128 - - [24/Nov/2025:09:26:11 +0500] "POST /wp-cron.php?doing_wp_cron=1763958371.6348071098327636718750 HTTP/1.0" 200 4011 "-" "WordPress/6.8.3; https://med.greenclinic.kz"
208.84.101.102 - - [24/Nov/2025:09:26:08 +0500] "GET / HTTP/1.0" 200 20875467 "-" "Mozilla/5.0 (Windows NT 10.0; Win64; x64) AppleWebKit/537.36 (KHTML, like Gecko) Chrome/78.0.3904.108 Safari/537.36"
208.84.101.102 - - [24/Nov/2025:09:26:21 +0500] "GET //wp-includes/wlwmanifest.xml HTTP/1.0" 301 4026 "-" "Mozilla/5.0 (Windows NT 10.0; Win64; x64) AppleWebKit/537.36 (KHTML, like Gecko) Chrome/78.0.3904.108 Safari/537.36"
208.84.101.102 - - [24/Nov/2025:09:26:22 +0500] "GET / HTTP/1.0" 200 20875335 "-" "Mozilla/5.0 (Windows NT 10.0; Win64; x64) AppleWebKit/537.36 (KHTML, like Gecko) Chrome/78.0.3904.108 Safari/537.36"
208.84.101.102 - - [24/Nov/2025:09:26:26 +0500] "GET //?author=1 HTTP/1.0" 301 4007 "-" "Mozilla/5.0 (Windows NT 10.0; Win64; x64) AppleWebKit/537.36 (KHTML, like Gecko) Chrome/78.0.3904.108 Safari/537.36"
208.84.101.102 - - [24/Nov/2025:09:26:27 +0500] "GET //?author=2 HTTP/1.0" 301 4007 "-" "Mozilla/5.0 (Windows NT 10.0; Win64; x64) AppleWebKit/537.36 (KHTML, like Gecko) Chrome/78.0.3904.108 Safari/537.36"
208.84.101.102 - - [24/Nov/2025:09:26:28 +0500] "GET //wp-json/wp/v2/users/ HTTP/1.0" 301 4018 "-" "Mozilla/5.0 (Windows NT 10.0; Win64; x64) AppleWebKit/537.36 (KHTML, like Gecko) Chrome/78.0.3904.108 Safari/537.36"
208.84.101.102 - - [24/Nov/2025:09:26:29 +0500] "GET //wp-json/oembed/1.0/embed?url=https://med.greenclinic.kz/ HTTP/1.0" 301 4055 "-" "Mozilla/5.0 (Windows NT 10.0; Win64; x64) AppleWebKit/537.36 (KHTML, like Gecko) Chrome/78.0.3904.108 Safari/537.36"
103.196.9.172 - - [24/Nov/2025:10:48:38 +0500] "GET / HTTP/1.0" 200 20873487 "-" "Mozilla/5.0 (Windows NT 10.0; Win64; x64) AppleWebKit/537.36 (KHTML, like Gecko) Chrome/116.0.0.0 Safari/537.36"
103.4.250.158 - - [24/Nov/2025:10:48:38 +0500] "GET / HTTP/1.0" 200 20879185 "-" "Mozilla/5.0 (Macintosh; Intel Mac OS X 10_15_7) AppleWebKit/537.36 (KHTML, like Gecko) Chrome/117.0.0.0 Safari/537.36"
2a00:5da0:1000::128 - - [24/Nov/2025:10:48:40 +0500] "POST /wp-cron.php?doing_wp_cron=1763963320.5869719982147216796875 HTTP/1.0" 200 4011 "-" "WordPress/6.8.3; https://med.greenclinic.kz"
104.164.173.251 - - [24/Nov/2025:10:49:09 +0500] "GET / HTTP/1.0" 200 20873575 "-" "Mozilla/5.0 (Macintosh; Intel Mac OS X 10_15_7) AppleWebKit/537.36 (KHTML, like Gecko) Chrome/117.0.0.0 Safari/537.36"
2a00:5da0:1000::128 - - [24/Nov/2025:12:07:12 +0500] "POST /wp-cron.php?doing_wp_cron=1763968032.2455708980560302734375 HTTP/1.0" 200 4011 "-" "WordPress/6.8.3; https://med.greenclinic.kz"
208.84.101.102 - - [24/Nov/2025:12:07:10 +0500] "GET / HTTP/1.0" 200 20876765 "-" "Mozilla/5.0 (Windows NT 10.0; Win64; x64) AppleWebKit/537.36 (KHTML, like Gecko) Chrome/78.0.3904.108 Safari/537.36"
208.84.101.102 - - [24/Nov/2025:12:07:19 +0500] "GET //wp-includes/wlwmanifest.xml HTTP/1.0" 301 4026 "-" "Mozilla/5.0 (Windows NT 10.0; Win64; x64) AppleWebKit/537.36 (KHTML, like Gecko) Chrome/78.0.3904.108 Safari/537.36"
208.84.101.102 - - [24/Nov/2025:12:07:20 +0500] "GET / HTTP/1.0" 200 20876809 "-" "Mozilla/5.0 (Windows NT 10.0; Win64; x64) AppleWebKit/537.36 (KHTML, like Gecko) Chrome/78.0.3904.108 Safari/537.36"
208.84.101.102 - - [24/Nov/2025:12:07:24 +0500] "GET //?author=1 HTTP/1.0" 301 4007 "-" "Mozilla/5.0 (Windows NT 10.0; Win64; x64) AppleWebKit/537.36 (KHTML, like Gecko) Chrome/78.0.3904.108 Safari/537.36"
208.84.101.102 - - [24/Nov/2025:12:07:25 +0500] "GET //?author=2 HTTP/1.0" 301 4007 "-" "Mozilla/5.0 (Windows NT 10.0; Win64; x64) AppleWebKit/537.36 (KHTML, like Gecko) Chrome/78.0.3904.108 Safari/537.36"
208.84.101.102 - - [24/Nov/2025:12:07:25 +0500] "GET //wp-json/wp/v2/users/ HTTP/1.0" 301 4018 "-" "Mozilla/5.0 (Windows NT 10.0; Win64; x64) AppleWebKit/537.36 (KHTML, like Gecko) Chrome/78.0.3904.108 Safari/537.36"
208.84.101.102 - - [24/Nov/2025:12:07:27 +0500] "GET //wp-json/oembed/1.0/embed?url=https://med.greenclinic.kz/ HTTP/1.0" 301 4055 "-" "Mozilla/5.0 (Windows NT 10.0; Win64; x64) AppleWebKit/537.36 (KHTML, like Gecko) Chrome/78.0.3904.108 Safari/537.36"
154.28.229.132 - - [24/Nov/2025:12:17:26 +0500] "GET / HTTP/1.0" 200 20875621 "-" "Mozilla/5.0 (Windows NT 10.0; Win64; x64) AppleWebKit/537.36 (KHTML, like Gecko) Chrome/116.0.0.0 Safari/537.36"
103.4.251.156 - - [24/Nov/2025:12:17:30 +0500] "GET / HTTP/1.0" 200 20874059 "-" "Mozilla/5.0 (Macintosh; Intel Mac OS X 10_15_7) AppleWebKit/537.36 (KHTML, like Gecko) Chrome/117.0.0.0 Safari/537.36"
154.28.229.157 - - [24/Nov/2025:12:18:00 +0500] "GET / HTTP/1.0" 200 20873487 "-" "Mozilla/5.0 (X11; Linux x86_64) AppleWebKit/537.36 (KHTML, like Gecko) Chrome/116.0.0.0 Safari/537.36"
13.57.224.248 - - [24/Nov/2025:12:42:05 +0500] "GET / HTTP/1.0" 200 20873487 "-" "Mozilla/5.0 (Windows NT 10.0; Win64; x64) Chrome/91.0.4472.124"
2a00:5da0:1000::128 - - [24/Nov/2025:15:05:30 +0500] "POST /wp-cron.php?doing_wp_cron=1763978730.3668849468231201171875 HTTP/1.0" 200 4011 "-" "WordPress/6.8.3; https://med.greenclinic.kz"
45.154.98.144 - - [24/Nov/2025:15:05:28 +0500] "GET / HTTP/1.0" 200 20874433 "-" "Mozilla/5.0 (Windows NT 10.0; Win64; x64) AppleWebKit/537.36 (KHTML, like Gecko) Chrome/78.0.3904.108 Safari/537.36"
45.154.98.144 - - [24/Nov/2025:15:05:35 +0500] "GET //wp-includes/wlwmanifest.xml HTTP/1.0" 301 4026 "-" "Mozilla/5.0 (Windows NT 10.0; Win64; x64) AppleWebKit/537.36 (KHTML, like Gecko) Chrome/78.0.3904.108 Safari/537.36"
45.154.98.144 - - [24/Nov/2025:15:05:36 +0500] "GET / HTTP/1.0" 200 20879185 "-" "Mozilla/5.0 (Windows NT 10.0; Win64; x64) AppleWebKit/537.36 (KHTML, like Gecko) Chrome/78.0.3904.108 Safari/537.36"
45.154.98.144 - - [24/Nov/2025:15:05:39 +0500] "GET //?author=1 HTTP/1.0" 301 4007 "-" "Mozilla/5.0 (Windows NT 10.0; Win64; x64) AppleWebKit/537.36 (KHTML, like Gecko) Chrome/78.0.3904.108 Safari/537.36"
45.154.98.144 - - [24/Nov/2025:15:05:40 +0500] "GET //?author=2 HTTP/1.0" 301 4007 "-" "Mozilla/5.0 (Windows NT 10.0; Win64; x64) AppleWebKit/537.36 (KHTML, like Gecko) Chrome/78.0.3904.108 Safari/537.36"
45.154.98.144 - - [24/Nov/2025:15:05:41 +0500] "GET //wp-json/wp/v2/users/ HTTP/1.0" 301 4018 "-" "Mozilla/5.0 (Windows NT 10.0; Win64; x64) AppleWebKit/537.36 (KHTML, like Gecko) Chrome/78.0.3904.108 Safari/537.36"
45.154.98.144 - - [24/Nov/2025:15:05:41 +0500] "GET //wp-json/oembed/1.0/embed?url=https://med.greenclinic.kz/ HTTP/1.0" 301 4055 "-" "Mozilla/5.0 (Windows NT 10.0; Win64; x64) AppleWebKit/537.36 (KHTML, like Gecko) Chrome/78.0.3904.108 Safari/537.36"
2a00:5da0:1000::128 - - [25/Nov/2025:03:28:50 +0500] "POST /wp-cron.php?doing_wp_cron=1764023330.4913840293884277343750 HTTP/1.0" 200 4011 "-" "WordPress/6.8.3; https://med.greenclinic.kz"
2a00:5da0:1000::128 - - [25/Nov/2025:03:28:50 +0500] "POST /wp-cron.php?doing_wp_cron=1764023330.4913470745086669921875 HTTP/1.0" 200 4011 "-" "WordPress/6.8.3; https://med.greenclinic.kz"
104.252.191.157 - - [25/Nov/2025:03:28:47 +0500] "GET / HTTP/1.0" 200 20879471 "-" "Mozilla/5.0 (X11; Linux x86_64) AppleWebKit/537.36 (KHTML, like Gecko) Chrome/116.0.0.0 Safari/537.36"
154.28.229.195 - - [25/Nov/2025:03:28:47 +0500] "GET / HTTP/1.0" 200 20879537 "-" "Mozilla/5.0 (X11; Linux x86_64) AppleWebKit/537.36 (KHTML, like Gecko) Chrome/116.0.0.0 Safari/537.36"
154.28.229.34 - - [25/Nov/2025:03:29:22 +0500] "GET / HTTP/1.0" 200 20879295 "-" "Mozilla/5.0 (Macintosh; Intel Mac OS X 10_15_7) AppleWebKit/537.36 (KHTML, like Gecko) Chrome/116.0.0.0 Safari/537.36"
2a00:5da0:1000::128 - - [25/Nov/2025:04:42:26 +0500] "POST /wp-cron.php?doing_wp_cron=1764027746.9327099323272705078125 HTTP/1.0" 200 4011 "-" "WordPress/6.8.3; https://med.greenclinic.kz"
2a00:5da0:1000::128 - - [25/Nov/2025:07:10:45 +0500] "POST /wp-cron.php?doing_wp_cron=1764036645.9262590408325195312500 HTTP/1.0" 200 4011 "-" "WordPress/6.8.3; https://med.greenclinic.kz"
52.208.151.205 - - [25/Nov/2025:07:10:43 +0500] "GET / HTTP/1.0" 200 20874147 "-" "Mozilla/5.0 (Windows NT 10.0; Win64; x64) AppleWebKit/537.36 (KHTML, like Gecko) Chrome/118.0.0.0 Safari/537.36"
2a00:5da0:1000::128 - - [25/Nov/2025:08:54:47 +0500] "POST /wp-cron.php?doing_wp_cron=1764042887.5863111019134521484375 HTTP/1.0" 200 4011 "-" "WordPress/6.8.3; https://med.greenclinic.kz"
138.197.191.87 - - [25/Nov/2025:08:54:45 +0500] "GET / HTTP/1.0" 500 11960 "-" "-"
2a03:b0c0:3:d0::e89:e001 - - [25/Nov/2025:08:54:45 +0500] "GET / HTTP/1.0" 500 11960 "-" "-"
138.197.191.87 - - [25/Nov/2025:08:54:46 +0500] "GET / HTTP/1.0" 200 20874257 "-" "Mozilla/5.0 (l9scan/2.0.5353e26343e2031323e2539313; +https://leakix.net)"
2a03:b0c0:3:d0::e89:e001 - - [25/Nov/2025:08:54:46 +0500] "GET / HTTP/1.0" 200 20878019 "-" "Mozilla/5.0 (l9scan/2.0.832313a3a303030313a303164653a303031623; +https://leakix.net)"
138.197.191.87 - - [25/Nov/2025:08:54:52 +0500] "POST /graphql HTTP/1.0" 200 20875709 "-" "Mozilla/5.0 (l9scan/2.0.5353e26343e2031323e2539313; +https://leakix.net)"
138.197.191.87 - - [25/Nov/2025:08:54:54 +0500] "POST /api HTTP/1.0" 200 20875929 "-" "Mozilla/5.0 (l9scan/2.0.5353e26343e2031323e2539313; +https://leakix.net)"
138.197.191.87 - - [25/Nov/2025:08:54:57 +0500] "POST /api/graphql HTTP/1.0" 200 20875071 "-" "Mozilla/5.0 (l9scan/2.0.5353e26343e2031323e2539313; +https://leakix.net)"
138.197.191.87 - - [25/Nov/2025:08:54:59 +0500] "POST /graphql/api HTTP/1.0" 500 11960 "-" "Mozilla/5.0 (l9scan/2.0.5353e26343e2031323e2539313; +https://leakix.net)"
138.197.191.87 - - [25/Nov/2025:08:55:02 +0500] "GET /swagger-ui.html HTTP/1.0" 301 4014 "-" "Mozilla/5.0 (l9scan/2.0.5353e26343e2031323e2539313; +https://leakix.net)"
138.197.191.87 - - [25/Nov/2025:08:55:03 +0500] "GET /swagger/index.html HTTP/1.0" 301 4017 "-" "Mozilla/5.0 (l9scan/2.0.5353e26343e2031323e2539313; +https://leakix.net)"
138.197.191.87 - - [25/Nov/2025:08:55:04 +0500] "GET /swagger/swagger-ui.html HTTP/1.0" 301 4022 "-" "Mozilla/5.0 (l9scan/2.0.5353e26343e2031323e2539313; +https://leakix.net)"
138.197.191.87 - - [25/Nov/2025:08:55:05 +0500] "GET /webjars/swagger-ui/index.html HTTP/1.0" 301 4028 "-" "Mozilla/5.0 (l9scan/2.0.5353e26343e2031323e2539313; +https://leakix.net)"
138.197.191.87 - - [25/Nov/2025:08:55:07 +0500] "GET /swagger.json HTTP/1.0" 301 4011 "-" "Mozilla/5.0 (l9scan/2.0.5353e26343e2031323e2539313; +https://leakix.net)"
138.197.191.87 - - [25/Nov/2025:08:55:08 +0500] "GET /swagger/v1/swagger.json HTTP/1.0" 301 4022 "-" "Mozilla/5.0 (l9scan/2.0.5353e26343e2031323e2539313; +https://leakix.net)"
138.197.191.87 - - [25/Nov/2025:08:55:09 +0500] "GET /v2/api-docs HTTP/1.0" 301 4010 "-" "Mozilla/5.0 (l9scan/2.0.5353e26343e2031323e2539313; +https://leakix.net)"
138.197.191.87 - - [25/Nov/2025:08:55:10 +0500] "GET /v3/api-docs HTTP/1.0" 301 4010 "-" "Mozilla/5.0 (l9scan/2.0.5353e26343e2031323e2539313; +https://leakix.net)"
138.197.191.87 - - [25/Nov/2025:08:55:11 +0500] "GET /api-docs/swagger.json HTTP/1.0" 301 4020 "-" "Mozilla/5.0 (l9scan/2.0.5353e26343e2031323e2539313; +https://leakix.net)"
138.197.191.87 - - [25/Nov/2025:08:55:12 +0500] "GET /@vite/env HTTP/1.0" 301 4008 "-" "Mozilla/5.0 (l9scan/2.0.5353e26343e2031323e2539313; +https://leakix.net)"
138.197.191.87 - - [25/Nov/2025:08:55:13 +0500] "GET /actuator/env HTTP/1.0" 301 4011 "-" "Mozilla/5.0 (l9scan/2.0.5353e26343e2031323e2539313; +https://leakix.net)"
138.197.191.87 - - [25/Nov/2025:08:55:14 +0500] "POST /php-cgi/php-cgi.exe?%ADd+cgi.force_redirect%3D0+%ADd+disable_functions%3D\"\"+%ADd+allow_url_include%3D1+%ADd+auto_prepend_file%3Dphp://input HTTP/1.0" 200 20877447 "-" "Mozilla/5.0 (l9scan/2.0.5353e26343e2031323e2539313; +https://leakix.net)"
138.197.191.87 - - [25/Nov/2025:08:55:16 +0500] "GET /server HTTP/1.0" 301 4005 "-" "Mozilla/5.0 (l9scan/2.0.5353e26343e2031323e2539313; +https://leakix.net)"
138.197.191.87 - - [25/Nov/2025:08:55:18 +0500] "GET /.vscode/sftp.json HTTP/1.0" 301 4016 "-" "Mozilla/5.0 (l9scan/2.0.5353e26343e2031323e2539313; +https://leakix.net)"
138.197.191.87 - - [25/Nov/2025:08:55:19 +0500] "GET /about HTTP/1.0" 301 4004 "-" "Mozilla/5.0 (l9scan/2.0.5353e26343e2031323e2539313; +https://leakix.net)"
138.197.191.87 - - [25/Nov/2025:08:55:20 +0500] "GET /debug/default/view?panel=config HTTP/1.0" 301 4030 "-" "Mozilla/5.0 (l9scan/2.0.5353e26343e2031323e2539313; +https://leakix.net)"
138.197.191.87 - - [25/Nov/2025:08:55:21 +0500] "GET /v2/_catalog HTTP/1.0" 301 4010 "-" "Mozilla/5.0 (l9scan/2.0.5353e26343e2031323e2539313; +https://leakix.net)"
138.197.191.87 - - [25/Nov/2025:08:55:22 +0500] "GET /ecp/Current/exporttool/microsoft.exchange.ediscovery.exporttool.application HTTP/1.0" 301 4074 "-" "Mozilla/5.0 (l9scan/2.0.5353e26343e2031323e2539313; +https://leakix.net)"
138.197.191.87 - - [25/Nov/2025:08:55:23 +0500] "GET /server-status HTTP/1.0" 403 4802 "-" "Mozilla/5.0 (l9scan/2.0.5353e26343e2031323e2539313; +https://leakix.net)"
138.197.191.87 - - [25/Nov/2025:08:55:23 +0500] "GET /login.action HTTP/1.0" 301 4011 "-" "Mozilla/5.0 (l9scan/2.0.5353e26343e2031323e2539313; +https://leakix.net)"
138.197.191.87 - - [25/Nov/2025:08:55:24 +0500] "GET /_all_dbs HTTP/1.0" 301 4007 "-" "Mozilla/5.0 (l9scan/2.0.5353e26343e2031323e2539313; +https://leakix.net)"
138.197.191.87 - - [25/Nov/2025:08:55:25 +0500] "GET /.DS_Store HTTP/1.0" 301 4008 "-" "Mozilla/5.0 (l9scan/2.0.5353e26343e2031323e2539313; +https://leakix.net)"
138.197.191.87 - - [25/Nov/2025:08:55:26 +0500] "GET /.env HTTP/1.0" 301 4003 "-" "Mozilla/5.0 (l9scan/2.0.5353e26343e2031323e2539313; +https://leakix.net)"
138.197.191.87 - - [25/Nov/2025:08:55:28 +0500] "GET /s/5353e26343e2031323e2539313/_/;/META-INF/maven/com.atlassian.jira/jira-webapp-dist/pom.properties HTTP/1.0" 301 4097 "-" "Mozilla/5.0 (l9scan/2.0.5353e26343e2031323e2539313; +https://leakix.net)"
138.197.191.87 - - [25/Nov/2025:08:55:29 +0500] "GET /config.json HTTP/1.0" 301 4010 "-" "Mozilla/5.0 (l9scan/2.0.5353e26343e2031323e2539313; +https://leakix.net)"
138.197.191.87 - - [25/Nov/2025:08:55:30 +0500] "GET /telescope/requests HTTP/1.0" 301 4017 "-" "Mozilla/5.0 (l9scan/2.0.5353e26343e2031323e2539313; +https://leakix.net)"
138.197.191.87 - - [25/Nov/2025:08:55:31 +0500] "GET /info.php HTTP/1.0" 403 4802 "-" "Mozilla/5.0 (l9scan/2.0.5353e26343e2031323e2539313; +https://leakix.net)"
138.197.191.87 - - [25/Nov/2025:08:55:32 +0500] "GET /?rest_route=/wp/v2/users/ HTTP/1.0" 200 5210 "-" "Mozilla/5.0 (l9scan/2.0.5353e26343e2031323e2539313; +https://leakix.net)"
74.7.228.52 - - [25/Nov/2025:12:17:51 +0500] "GET /robots.txt HTTP/1.0" 301 4009 "-" "Mozilla/5.0 (Macintosh; Intel Mac OS X 10_15_7) AppleWebKit/537.36 (KHTML, like Gecko) Chrome/131.0.0.0 Safari/537.36; compatible; OAI-SearchBot/1.3; robots.txt; +https://openai.com/searchbot"
2a00:5da0:1000::128 - - [25/Nov/2025:12:17:53 +0500] "POST /wp-cron.php?doing_wp_cron=1764055073.8381059169769287109375 HTTP/1.0" 200 4011 "-" "WordPress/6.8.3; https://med.greenclinic.kz"
74.7.228.52 - - [25/Nov/2025:12:17:55 +0500] "GET /robots.txt/ HTTP/1.0" 500 11960 "https://med.greenclinic.kz/robots.txt" "Mozilla/5.0 (Macintosh; Intel Mac OS X 10_15_7) AppleWebKit/537.36 (KHTML, like Gecko) Chrome/131.0.0.0 Safari/537.36; compatible; OAI-SearchBot/1.3; robots.txt; +https://openai.com/searchbot"
2a00:5da0:1000::128 - - [25/Nov/2025:20:01:48 +0500] "POST /wp-cron.php?doing_wp_cron=1764082908.7620460987091064453125 HTTP/1.0" 200 4011 "-" "WordPress/6.8.3; https://med.greenclinic.kz"
34.142.165.190 - - [25/Nov/2025:20:01:45 +0500] "GET / HTTP/1.0" 500 11960 "-" "Mozilla/5.0 (compatible; Googlebot/2.1; +http://www.google.com/bot.html)"
103.4.251.222 - - [25/Nov/2025:21:26:27 +0500] "GET / HTTP/1.0" 200 20879537 "-" "Mozilla/5.0 (Macintosh; Intel Mac OS X 10_15_7) AppleWebKit/537.36 (KHTML, like Gecko) Chrome/116.0.0.0 Safari/537.36"
103.4.251.60 - - [25/Nov/2025:21:26:27 +0500] "GET / HTTP/1.0" 200 20876259 "-" "Mozilla/5.0 (Macintosh; Intel Mac OS X 10_15_7) AppleWebKit/537.36 (KHTML, like Gecko) Chrome/117.0.0.0 Safari/537.36"
2a00:5da0:1000::128 - - [25/Nov/2025:21:26:35 +0500] "POST /wp-cron.php HTTP/1.0" 200 4011 "-" "WordPress/6.8.3; https://med.greenclinic.kz"
103.4.251.60 - - [25/Nov/2025:21:26:35 +0500] "GET / HTTP/1.0" 200 20879361 "-" "Mozilla/5.0 (X11; Linux x86_64) AppleWebKit/537.36 (KHTML, like Gecko) Chrome/116.0.0.0 Safari/537.36"
2a00:5da0:1000::128 - - [25/Nov/2025:21:26:35 +0500] "GET / HTTP/1.0" 200 20877909 "-" "WordPress/6.8.3; https://med.greenclinic.kz"
2a00:5da0:1000::128 - - [25/Nov/2025:21:26:38 +0500] "GET / HTTP/1.0" 200 20874631 "-" "WordPress/6.8.3; https://med.greenclinic.kz"
103.4.251.60 - - [25/Nov/2025:21:26:40 +0500] "GET /https%3A/gmpg.org/xfn/11 HTTP/1.0" 301 4023 "-" "Mozilla/5.0 (X11; Linux x86_64) AppleWebKit/537.36 (KHTML, like Gecko) Chrome/116.0.0.0 Safari/537.36"
103.4.251.60 - - [25/Nov/2025:21:26:41 +0500] "GET /https%3A/fonts.googleapis.com/css%3Ffamily%3DLato%3A100%2C100italic%2C200%2C200italic%2C300%2C300italic%2C400%2C400italic%2C500%2C500italic%2C600%2C600italic%2C700%2C700italic%2C800%2C800italic%2C900%2C900italic%26display%3Dswap%26subset%3Dcyrillic HTTP/1.0" 301 4247 "-" "Mozilla/5.0 (X11; Linux x86_64) AppleWebKit/537.36 (KHTML, like Gecko) Chrome/116.0.0.0 Safari/537.36"
103.4.251.60 - - [25/Nov/2025:21:26:41 +0500] "GET /https%3A/med.greenclinic.kz/wp-content/plugins/elementor/assets/css/frontend.min.css%3Fver%3D3.32.2 HTTP/1.0" 301 4098 "-" "Mozilla/5.0 (X11; Linux x86_64) AppleWebKit/537.36 (KHTML, like Gecko) Chrome/116.0.0.0 Safari/537.36"
103.4.251.60 - - [25/Nov/2025:21:26:41 +0500] "GET /https%3A/med.greenclinic.kz/wp-content/themes/hello-elementor/assets/css/header-footer.css%3Fver%3D3.4.4 HTTP/1.0" 301 4103 "-" "Mozilla/5.0 (X11; Linux x86_64) AppleWebKit/537.36 (KHTML, like Gecko) Chrome/116.0.0.0 Safari/537.36"
103.4.251.60 - - [25/Nov/2025:21:26:40 +0500] "GET /https%3A/med.greenclinic.kz/wp-content/plugins/elementor-pro/assets/css/widget-nav-menu.min.css%3Fver%3D3.26.3 HTTP/1.0" 301 4109 "-" "Mozilla/5.0 (X11; Linux x86_64) AppleWebKit/537.36 (KHTML, like Gecko) Chrome/116.0.0.0 Safari/537.36"
103.4.251.60 - - [25/Nov/2025:21:26:40 +0500] "GET /https%3A/med.greenclinic.kz/wp-content/plugins/elementor/assets/css/widget-nested-accordion.min.css%3Fver%3D3.32.2 HTTP/1.0" 301 4113 "-" "Mozilla/5.0 (X11; Linux x86_64) AppleWebKit/537.36 (KHTML, like Gecko) Chrome/116.0.0.0 Safari/537.36"
103.4.251.60 - - [25/Nov/2025:21:26:40 +0500] "GET /https%3A/med.greenclinic.kz/wp-content/uploads/elementor/css/post-28.css%3Fver%3D1758603058 HTTP/1.0" 301 4090 "-" "Mozilla/5.0 (X11; Linux x86_64) AppleWebKit/537.36 (KHTML, like Gecko) Chrome/116.0.0.0 Safari/537.36"
103.4.251.60 - - [25/Nov/2025:21:26:40 +0500] "GET /https%3A/med.greenclinic.kz/%3Ffeed%3Dcomments-rss2 HTTP/1.0" 301 4050 "-" "Mozilla/5.0 (X11; Linux x86_64) AppleWebKit/537.36 (KHTML, like Gecko) Chrome/116.0.0.0 Safari/537.36"
2a00:5da0:1000::128 - - [25/Nov/2025:21:26:41 +0500] "GET / HTTP/1.0" 200 20875819 "-" "WordPress/6.8.3; https://med.greenclinic.kz"
103.4.251.60 - - [25/Nov/2025:21:26:40 +0500] "GET /%23content HTTP/1.0" 301 4009 "-" "Mozilla/5.0 (X11; Linux x86_64) AppleWebKit/537.36 (KHTML, like Gecko) Chrome/116.0.0.0 Safari/537.36"
103.4.251.60 - - [25/Nov/2025:21:26:40 +0500] "GET /https%3A/med.greenclinic.kz/index.php%3Frest_route%3D/oembed/1.0/embed%26url%3Dhttps%3A/med.greenclinic.kz/%26format%3Dxml HTTP/1.0" 301 4121 "-" "Mozilla/5.0 (X11; Linux x86_64) AppleWebKit/537.36 (KHTML, like Gecko) Chrome/116.0.0.0 Safari/537.36"
103.4.251.60 - - [25/Nov/2025:21:26:40 +0500] "GET /https%3A/med.greenclinic.kz/wp-content/plugins/elementor/assets/css/widget-heading.min.css%3Fver%3D3.32.2 HTTP/1.0" 301 4104 "-" "Mozilla/5.0 (X11; Linux x86_64) AppleWebKit/537.36 (KHTML, like Gecko) Chrome/116.0.0.0 Safari/537.36"
103.4.251.60 - - [25/Nov/2025:21:26:40 +0500] "GET /https%3A/med.greenclinic.kz/wp-content/uploads/elementor/css/post-78.css%3Fver%3D1758603058 HTTP/1.0" 301 4090 "-" "Mozilla/5.0 (X11; Linux x86_64) AppleWebKit/537.36 (KHTML, like Gecko) Chrome/116.0.0.0 Safari/537.36"
103.4.251.60 - - [25/Nov/2025:21:26:40 +0500] "GET /https%3A/med.greenclinic.kz/wp-content/plugins/elementor/assets/css/widget-image.min.css%3Fver%3D3.32.2 HTTP/1.0" 301 4102 "-" "Mozilla/5.0 (X11; Linux x86_64) AppleWebKit/537.36 (KHTML, like Gecko) Chrome/116.0.0.0 Safari/537.36"
2a00:5da0:1000::128 - - [25/Nov/2025:21:26:45 +0500] "GET / HTTP/1.0" 200 20876545 "-" "WordPress/6.8.3; https://med.greenclinic.kz"
2a00:5da0:1000::128 - - [25/Nov/2025:21:26:29 +0500] "POST /wp-cron.php?doing_wp_cron=1764087989.4866299629211425781250 HTTP/1.0" 200 4011 "-" "WordPress/6.8.3; https://med.greenclinic.kz"
103.4.251.60 - - [25/Nov/2025:21:26:40 +0500] "GET /https%3A/med.greenclinic.kz/index.php%3Frest_route%3D/ HTTP/1.0" 200 20876699 "-" "Mozilla/5.0 (X11; Linux x86_64) AppleWebKit/537.36 (KHTML, like Gecko) Chrome/116.0.0.0 Safari/537.36"
103.4.251.60 - - [25/Nov/2025:21:26:40 +0500] "GET /https%3A/med.greenclinic.kz/wp-content/themes/hello-elementor/assets/css/theme.css%3Fver%3D3.4.4 HTTP/1.0" 301 4095 "-" "Mozilla/5.0 (X11; Linux x86_64) AppleWebKit/537.36 (KHTML, like Gecko) Chrome/116.0.0.0 Safari/537.36"
103.4.251.60 - - [25/Nov/2025:21:26:40 +0500] "GET /https%3A/med.greenclinic.kz HTTP/1.0" 301 4026 "-" "Mozilla/5.0 (X11; Linux x86_64) AppleWebKit/537.36 (KHTML, like Gecko) Chrome/116.0.0.0 Safari/537.36"
103.4.251.60 - - [25/Nov/2025:21:26:40 +0500] "GET /https%3A/med.greenclinic.kz/wp-content/uploads/elementor/css/post-13.css%3Fver%3D1758603233 HTTP/1.0" 301 4090 "-" "Mozilla/5.0 (X11; Linux x86_64) AppleWebKit/537.36 (KHTML, like Gecko) Chrome/116.0.0.0 Safari/537.36"
103.4.251.60 - - [25/Nov/2025:21:26:40 +0500] "GET /https%3A/med.greenclinic.kz/index.php%3Frest_route%3D/wp/v2/pages/13 HTTP/1.0" 301 4067 "-" "Mozilla/5.0 (X11; Linux x86_64) AppleWebKit/537.36 (KHTML, like Gecko) Chrome/116.0.0.0 Safari/537.36"
103.4.251.60 - - [25/Nov/2025:21:26:40 +0500] "GET /https%3A/med.greenclinic.kz/%3Ffeed%3Drss2 HTTP/1.0" 301 4041 "-" "Mozilla/5.0 (X11; Linux x86_64) AppleWebKit/537.36 (KHTML, like Gecko) Chrome/116.0.0.0 Safari/537.36"
103.4.251.60 - - [25/Nov/2025:21:26:40 +0500] "GET /%23 HTTP/1.0" 301 4002 "-" "Mozilla/5.0 (X11; Linux x86_64) AppleWebKit/537.36 (KHTML, like Gecko) Chrome/116.0.0.0 Safari/537.36"
103.4.251.60 - - [25/Nov/2025:21:26:40 +0500] "GET /https%3A/med.greenclinic.kz/wp-content/themes/hello-elementor/assets/css/reset.css%3Fver%3D3.4.4 HTTP/1.0" 301 4095 "-" "Mozilla/5.0 (X11; Linux x86_64) AppleWebKit/537.36 (KHTML, like Gecko) Chrome/116.0.0.0 Safari/537.36"
103.4.251.60 - - [25/Nov/2025:21:26:40 +0500] "GET /https%3A/med.greenclinic.kz/index.php%3Frest_route%3D/oembed/1.0/embed%26url%3Dhttps%3A/med.greenclinic.kz/ HTTP/1.0" 200 20876237 "-" "Mozilla/5.0 (X11; Linux x86_64) AppleWebKit/537.36 (KHTML, like Gecko) Chrome/116.0.0.0 Safari/537.36"
103.4.251.60 - - [25/Nov/2025:21:26:40 +0500] "GET /https%3A/med.greenclinic.kz/wp-content/uploads/elementor/css/post-6.css%3Fver%3D1758603055 HTTP/1.0" 301 4089 "-" "Mozilla/5.0 (X11; Linux x86_64) AppleWebKit/537.36 (KHTML, like Gecko) Chrome/116.0.0.0 Safari/537.36"
103.4.251.60 - - [25/Nov/2025:21:26:40 +0500] "GET /https%3A/med.greenclinic.kz/xmlrpc.php%3Frsd HTTP/1.0" 301 4043 "-" "Mozilla/5.0 (X11; Linux x86_64) AppleWebKit/537.36 (KHTML, like Gecko) Chrome/116.0.0.0 Safari/537.36"
103.4.251.60 - - [25/Nov/2025:21:26:40 +0500] "GET /https%3A/med.greenclinic.kz/ HTTP/1.0" 200 20878129 "-" "Mozilla/5.0 (X11; Linux x86_64) AppleWebKit/537.36 (KHTML, like Gecko) Chrome/116.0.0.0 Safari/537.36"
35.229.19.117 - - [25/Nov/2025:21:40:44 +0500] "GET / HTTP/1.0" 200 20876985 "http://med.greenclinic.kz" "Mozilla/5.0 (compatible; CMS-Checker/1.0; +https://example.com)"
35.229.19.117 - - [25/Nov/2025:22:06:41 +0500] "GET / HTTP/1.0" 200 20879141 "-" "Mozilla/5.0 (Windows NT 10.0; Win64; x64) AppleWebKit/537.36 (KHTML, like Gecko) Chrome/78.0.3904.108 Safari/537.36"
35.229.19.117 - - [25/Nov/2025:22:07:12 +0500] "GET //wp-includes/wlwmanifest.xml HTTP/1.0" 301 4026 "-" "Mozilla/5.0 (Windows NT 10.0; Win64; x64) AppleWebKit/537.36 (KHTML, like Gecko) Chrome/78.0.3904.108 Safari/537.36"
2a00:5da0:1000::128 - - [25/Nov/2025:22:07:13 +0500] "POST /wp-cron.php?doing_wp_cron=1764090433.3685019016265869140625 HTTP/1.0" 200 4011 "-" "WordPress/6.8.3; https://med.greenclinic.kz"
35.229.19.117 - - [25/Nov/2025:22:07:14 +0500] "GET / HTTP/1.0" 200 20876919 "-" "Mozilla/5.0 (Windows NT 10.0; Win64; x64) AppleWebKit/537.36 (KHTML, like Gecko) Chrome/78.0.3904.108 Safari/537.36"
35.229.19.117 - - [25/Nov/2025:22:07:31 +0500] "GET //?author=1 HTTP/1.0" 301 4007 "-" "Mozilla/5.0 (Windows NT 10.0; Win64; x64) AppleWebKit/537.36 (KHTML, like Gecko) Chrome/78.0.3904.108 Safari/537.36"
35.229.19.117 - - [25/Nov/2025:22:07:31 +0500] "GET //?author=2 HTTP/1.0" 301 4007 "-" "Mozilla/5.0 (Windows NT 10.0; Win64; x64) AppleWebKit/537.36 (KHTML, like Gecko) Chrome/78.0.3904.108 Safari/537.36"
35.229.19.117 - - [25/Nov/2025:22:07:32 +0500] "GET //wp-json/wp/v2/users/ HTTP/1.0" 301 4018 "-" "Mozilla/5.0 (Windows NT 10.0; Win64; x64) AppleWebKit/537.36 (KHTML, like Gecko) Chrome/78.0.3904.108 Safari/537.36"
35.229.19.117 - - [25/Nov/2025:22:07:33 +0500] "GET //wp-json/oembed/1.0/embed?url=https://med.greenclinic.kz/ HTTP/1.0" 301 4055 "-" "Mozilla/5.0 (Windows NT 10.0; Win64; x64) AppleWebKit/537.36 (KHTML, like Gecko) Chrome/78.0.3904.108 Safari/537.36"
34.75.14.201 - - [26/Nov/2025:02:11:32 +0500] "GET / HTTP/1.0" 200 20874213 "-" "Mozilla/5.0 (Windows NT 10.0; Win64; x64) AppleWebKit/537.36 (KHTML, like Gecko) Chrome/78.0.3904.108 Safari/537.36"
2a00:5da0:1000::128 - - [26/Nov/2025:02:11:34 +0500] "POST /wp-cron.php?doing_wp_cron=1764105094.6800489425659179687500 HTTP/1.0" 200 4011 "-" "WordPress/6.8.3; https://med.greenclinic.kz"
34.75.14.201 - - [26/Nov/2025:02:11:46 +0500] "GET //wp-includes/wlwmanifest.xml HTTP/1.0" 301 4026 "-" "Mozilla/5.0 (Windows NT 10.0; Win64; x64) AppleWebKit/537.36 (KHTML, like Gecko) Chrome/78.0.3904.108 Safari/537.36"
34.75.14.201 - - [26/Nov/2025:02:11:48 +0500] "GET / HTTP/1.0" 200 20879493 "-" "Mozilla/5.0 (Windows NT 10.0; Win64; x64) AppleWebKit/537.36 (KHTML, like Gecko) Chrome/78.0.3904.108 Safari/537.36"
34.75.14.201 - - [26/Nov/2025:02:11:53 +0500] "GET //?author=1 HTTP/1.0" 301 4007 "-" "Mozilla/5.0 (Windows NT 10.0; Win64; x64) AppleWebKit/537.36 (KHTML, like Gecko) Chrome/78.0.3904.108 Safari/537.36"
34.75.14.201 - - [26/Nov/2025:02:11:54 +0500] "GET //?author=2 HTTP/1.0" 301 4007 "-" "Mozilla/5.0 (Windows NT 10.0; Win64; x64) AppleWebKit/537.36 (KHTML, like Gecko) Chrome/78.0.3904.108 Safari/537.36"
34.75.14.201 - - [26/Nov/2025:02:11:55 +0500] "GET //wp-json/wp/v2/users/ HTTP/1.0" 301 4018 "-" "Mozilla/5.0 (Windows NT 10.0; Win64; x64) AppleWebKit/537.36 (KHTML, like Gecko) Chrome/78.0.3904.108 Safari/537.36"
34.75.14.201 - - [26/Nov/2025:02:11:55 +0500] "GET //wp-json/oembed/1.0/embed?url=https://med.greenclinic.kz/ HTTP/1.0" 301 4055 "-" "Mozilla/5.0 (Windows NT 10.0; Win64; x64) AppleWebKit/537.36 (KHTML, like Gecko) Chrome/78.0.3904.108 Safari/537.36"
2a00:5da0:1000::128 - - [26/Nov/2025:04:46:23 +0500] "POST /wp-cron.php?doing_wp_cron=1764114383.0578711032867431640625 HTTP/1.0" 200 4011 "-" "WordPress/6.8.3; https://med.greenclinic.kz"
2a00:5da0:1000::128 - - [26/Nov/2025:05:52:18 +0500] "POST /wp-cron.php?doing_wp_cron=1764118338.7841849327087402343750 HTTP/1.0" 200 4011 "-" "WordPress/6.8.3; https://med.greenclinic.kz"
137.184.37.61 - - [26/Nov/2025:05:52:16 +0500] "GET / HTTP/1.0" 200 20873531 "-" "Mozilla/5.0 (X11; Linux x86_64; rv:139.0) Gecko/20100101 Firefox/139.0"
2a00:5da0:1000::128 - - [26/Nov/2025:07:13:08 +0500] "POST /wp-cron.php?doing_wp_cron=1764123188.2902278900146484375000 HTTP/1.0" 200 4011 "-" "WordPress/6.8.3; https://med.greenclinic.kz"
99.81.216.206 - - [26/Nov/2025:07:13:06 +0500] "GET / HTTP/1.0" 200 20873487 "-" "Mozilla/5.0 (Macintosh; Intel Mac OS X 10.15; rv:121.0) Gecko/20100101 Firefox/121.0"
2.57.122.173 - - [26/Nov/2025:13:39:07 +0500] "GET /.env HTTP/1.0" 301 4003 "-" "Mozilla/5.0 (Macintosh; Intel Mac OS X 10_13_6) AppleWebKit/605.1.15 (KHTML, like Gecko) Version/11.1.2 Safari/605.1.15"
2a00:5da0:1000::128 - - [26/Nov/2025:13:39:11 +0500] "POST /wp-cron.php?doing_wp_cron=1764146350.9640259742736816406250 HTTP/1.0" 200 4011 "-" "WordPress/6.8.3; https://med.greenclinic.kz"
2a00:5da0:1000::128 - - [26/Nov/2025:14:07:50 +0500] "POST /wp-cron.php?doing_wp_cron=1764148070.4571430683135986328125 HTTP/1.0" 200 4011 "-" "WordPress/6.8.3; https://med.greenclinic.kz"
52.65.225.174 - - [26/Nov/2025:14:07:48 +0500] "GET / HTTP/1.0" 500 11960 "-" "Mozilla/5.0 (Windows NT 10.0; Win64; x64) Chrome/91.0.4472.124"
2a00:5da0:1000::128 - - [26/Nov/2025:15:30:55 +0500] "POST /wp-cron.php?doing_wp_cron=1764153055.1006710529327392578125 HTTP/1.0" 200 4011 "-" "WordPress/6.8.3; https://med.greenclinic.kz"
52.65.225.174 - - [26/Nov/2025:15:30:53 +0500] "GET / HTTP/1.0" 200 20878393 "-" "Mozilla/5.0 (Windows NT 10.0; Win64; x64) Chrome/91.0.4472.124"
2a00:5da0:1000::128 - - [26/Nov/2025:17:13:41 +0500] "POST /wp-cron.php?doing_wp_cron=1764159221.1321380138397216796875 HTTP/1.0" 200 4011 "-" "WordPress/6.8.3; https://med.greenclinic.kz"
136.118.161.67 - - [26/Nov/2025:17:13:38 +0500] "GET / HTTP/1.0" 200 20878129 "http://med.greenclinic.kz" "Mozilla/5.0 (compatible; CMS-Checker/1.0; +https://example.com)"
2a00:5da0:1000::128 - - [26/Nov/2025:18:29:52 +0500] "POST /wp-cron.php?doing_wp_cron=1764163792.6910419464111328125000 HTTP/1.0" 200 4011 "-" "WordPress/6.8.3; https://med.greenclinic.kz"
195.178.110.201 - - [26/Nov/2025:18:29:50 +0500] "GET / HTTP/1.0" 200 20874829 "-" "Go-http-client/1.1"
2a00:5da0:1000::128 - - [26/Nov/2025:21:11:58 +0500] "POST /wp-cron.php?doing_wp_cron=1764173518.7544760704040527343750 HTTP/1.0" 200 4011 "-" "WordPress/6.8.3; https://med.greenclinic.kz"
34.75.135.75 - - [26/Nov/2025:21:11:56 +0500] "GET / HTTP/1.0" 200 20879713 "http://med.greenclinic.kz" "Mozilla/5.0 (compatible; CMS-Checker/1.0; +https://example.com)"
2a00:5da0:1000::128 - - [26/Nov/2025:21:46:50 +0500] "POST /wp-cron.php?doing_wp_cron=1764175610.7384939193725585937500 HTTP/1.0" 200 4011 "-" "WordPress/6.8.3; https://med.greenclinic.kz"
23.234.88.185 - - [26/Nov/2025:21:46:48 +0500] "GET / HTTP/1.0" 200 20873487 "-" "Mozilla/5.0 (Windows NT 10.0; Win64; x64) AppleWebKit/537.36 (KHTML, like Gecko) Chrome/137.0.0.0 Safari/537.36"
23.234.88.185 - - [26/Nov/2025:21:47:04 +0500] "GET /favicon.ico HTTP/1.0" 301 4010 "-" "Mozilla/5.0 (Windows NT 10.0; Win64; x64) AppleWebKit/537.36 (KHTML, like Gecko) Chrome/137.0.0.0 Safari/537.36"
23.234.88.185 - - [26/Nov/2025:21:47:05 +0500] "GET /favicon.ico/ HTTP/1.0" 200 20874741 "-" "Mozilla/5.0 (Windows NT 10.0; Win64; x64) AppleWebKit/537.36 (KHTML, like Gecko) Chrome/137.0.0.0 Safari/537.36"
74.7.228.52 - - [26/Nov/2025:22:13:36 +0500] "GET /robots.txt HTTP/1.0" 301 4009 "-" "Mozilla/5.0 (Macintosh; Intel Mac OS X 10_15_7) AppleWebKit/537.36 (KHTML, like Gecko) Chrome/131.0.0.0 Safari/537.36; compatible; OAI-SearchBot/1.3; robots.txt; +https://openai.com/searchbot"
2a00:5da0:1000::128 - - [26/Nov/2025:22:13:39 +0500] "POST /wp-cron.php?doing_wp_cron=1764177219.3307480812072753906250 HTTP/1.0" 200 4011 "-" "WordPress/6.8.3; https://med.greenclinic.kz"
74.7.228.52 - - [26/Nov/2025:22:13:40 +0500] "GET /robots.txt/ HTTP/1.0" 200 20878019 "https://med.greenclinic.kz/robots.txt" "Mozilla/5.0 (Macintosh; Intel Mac OS X 10_15_7) AppleWebKit/537.36 (KHTML, like Gecko) Chrome/131.0.0.0 Safari/537.36; compatible; OAI-SearchBot/1.3; robots.txt; +https://openai.com/searchbot"
208.84.101.102 - - [27/Nov/2025:00:07:17 +0500] "GET / HTTP/1.0" 200 20879361 "-" "Mozilla/5.0 (Windows NT 10.0; Win64; x64) AppleWebKit/537.36 (KHTML, like Gecko) Chrome/78.0.3904.108 Safari/537.36"
2a00:5da0:1000::128 - - [27/Nov/2025:00:07:19 +0500] "POST /wp-cron.php?doing_wp_cron=1764184039.3879930973052978515625 HTTP/1.0" 200 4011 "-" "WordPress/6.8.3; https://med.greenclinic.kz"
208.84.101.102 - - [27/Nov/2025:00:07:25 +0500] "GET //wp-includes/wlwmanifest.xml HTTP/1.0" 301 4026 "-" "Mozilla/5.0 (Windows NT 10.0; Win64; x64) AppleWebKit/537.36 (KHTML, like Gecko) Chrome/78.0.3904.108 Safari/537.36"
208.84.101.102 - - [27/Nov/2025:00:07:26 +0500] "GET / HTTP/1.0" 200 20877315 "-" "Mozilla/5.0 (Windows NT 10.0; Win64; x64) AppleWebKit/537.36 (KHTML, like Gecko) Chrome/78.0.3904.108 Safari/537.36"
208.84.101.102 - - [27/Nov/2025:00:07:29 +0500] "GET //?author=1 HTTP/1.0" 301 4007 "-" "Mozilla/5.0 (Windows NT 10.0; Win64; x64) AppleWebKit/537.36 (KHTML, like Gecko) Chrome/78.0.3904.108 Safari/537.36"
208.84.101.102 - - [27/Nov/2025:00:07:30 +0500] "GET //?author=2 HTTP/1.0" 301 4007 "-" "Mozilla/5.0 (Windows NT 10.0; Win64; x64) AppleWebKit/537.36 (KHTML, like Gecko) Chrome/78.0.3904.108 Safari/537.36"
208.84.101.102 - - [27/Nov/2025:00:07:31 +0500] "GET //wp-json/wp/v2/users/ HTTP/1.0" 301 4018 "-" "Mozilla/5.0 (Windows NT 10.0; Win64; x64) AppleWebKit/537.36 (KHTML, like Gecko) Chrome/78.0.3904.108 Safari/537.36"
208.84.101.102 - - [27/Nov/2025:00:07:32 +0500] "GET //wp-json/oembed/1.0/embed?url=https://med.greenclinic.kz/ HTTP/1.0" 301 4055 "-" "Mozilla/5.0 (Windows NT 10.0; Win64; x64) AppleWebKit/537.36 (KHTML, like Gecko) Chrome/78.0.3904.108 Safari/537.36"
2a00:5da0:1000::128 - - [27/Nov/2025:01:17:47 +0500] "POST /wp-cron.php?doing_wp_cron=1764188267.6054010391235351562500 HTTP/1.0" 200 4011 "-" "WordPress/6.8.3; https://med.greenclinic.kz"
198.235.24.197 - - [27/Nov/2025:01:17:46 +0500] "GET / HTTP/1.0" 200 20876039 "-" "Hello from Palo Alto Networks, find out more about our scans in https://docs-cortex.paloaltonetworks.com/r/1/Cortex-Xpanse/Scanning-activity"
2a00:5da0:1000::128 - - [27/Nov/2025:02:59:53 +0500] "POST /wp-cron.php?doing_wp_cron=1764194393.6795990467071533203125 HTTP/1.0" 200 4011 "-" "WordPress/6.8.3; https://med.greenclinic.kz"
34.121.233.146 - - [27/Nov/2025:02:59:51 +0500] "GET / HTTP/1.0" 500 11960 "-" "Mozilla/5.0 (Windows NT 6.3; WOW64) AppleWebKit/537.36 (KHTML, like Gecko) Chrome/41.0.2225.0 Safari/537.36"
2a00:5da0:1000::128 - - [27/Nov/2025:04:42:57 +0500] "POST /wp-cron.php?doing_wp_cron=1764200577.8771219253540039062500 HTTP/1.0" 200 4011 "-" "WordPress/6.8.3; https://med.greenclinic.kz"
205.210.31.77 - - [27/Nov/2025:05:12:23 +0500] "GET /wp-login.php HTTP/1.0" 200 15661 "-" "Hello from Palo Alto Networks, find out more about our scans in https://docs-cortex.paloaltonetworks.com/r/1/Cortex-Xpanse/Scanning-activity"
2a00:5da0:1000::128 - - [27/Nov/2025:05:12:26 +0500] "POST /wp-cron.php?doing_wp_cron=1764202346.0379660129547119140625 HTTP/1.0" 200 4011 "-" "WordPress/6.8.3; https://med.greenclinic.kz"
2a00:5da0:1000::128 - - [27/Nov/2025:06:57:07 +0500] "POST /wp-cron.php?doing_wp_cron=1764208627.1630089282989501953125 HTTP/1.0" 200 4011 "-" "WordPress/6.8.3; https://med.greenclinic.kz"
195.178.110.223 - - [27/Nov/2025:06:57:05 +0500] "GET / HTTP/1.0" 500 11960 "-" "Mozilla/5.0 (Windows NT 6.1; rv:2.0.1) Gecko/20100101 Firefox/4.0.1"
2a00:5da0:1000::128 - - [27/Nov/2025:07:18:11 +0500] "POST /wp-cron.php?doing_wp_cron=1764209891.3801779747009277343750 HTTP/1.0" 200 4011 "-" "WordPress/6.8.3; https://med.greenclinic.kz"
