159.89.122.163 - - [02/Dec/2025:11:40:10 +0500] "POST /wp-login.php HTTP/1.0" 200 16136 "-" "Mozilla/5.0"
159.89.122.163 - - [02/Dec/2025:11:48:17 +0500] "POST /wp-login.php HTTP/1.0" 200 16136 "-" "Mozilla/5.0"
159.89.122.163 - - [02/Dec/2025:11:56:22 +0500] "POST /wp-login.php HTTP/1.0" 200 16136 "-" "Mozilla/5.0"
159.89.122.163 - - [02/Dec/2025:12:04:53 +0500] "POST /wp-login.php HTTP/1.0" 200 16136 "-" "Mozilla/5.0"
159.89.122.163 - - [02/Dec/2025:12:14:37 +0500] "POST /wp-login.php HTTP/1.0" 200 16136 "-" "Mozilla/5.0"
2a00:5da0:1000::128 - - [02/Dec/2025:12:14:39 +0500] "POST /wp-cron.php?doing_wp_cron=1764659679.3139650821685791015625 HTTP/1.0" 200 4011 "-" "WordPress/6.8.3; https://med.greenclinic.kz"
159.89.122.163 - - [02/Dec/2025:12:24:41 +0500] "POST /wp-login.php HTTP/1.0" 200 16136 "-" "Mozilla/5.0"
13.62.226.55 - - [02/Dec/2025:12:24:55 +0500] "GET / HTTP/1.0" 200 20877183 "-" "Mozilla/5.0 (Windows NT 10.0; Win64; x64) Chrome/91.0.4472.124"
13.62.226.55 - - [02/Dec/2025:12:25:00 +0500] "GET /phpinfo.php HTTP/1.0" 403 4802 "-" "python-httpx/0.28.1"
13.62.226.55 - - [02/Dec/2025:12:25:00 +0500] "GET /info.php HTTP/1.0" 403 4802 "-" "python-httpx/0.28.1"
13.62.226.55 - - [02/Dec/2025:12:25:00 +0500] "GET /php_info.php HTTP/1.0" 403 4802 "-" "python-httpx/0.28.1"
13.62.226.55 - - [02/Dec/2025:12:25:00 +0500] "GET /phpinfo HTTP/1.0" 301 4006 "-" "python-httpx/0.28.1"
13.62.226.55 - - [02/Dec/2025:12:25:01 +0500] "GET /test.php HTTP/1.0" 403 4802 "-" "python-httpx/0.28.1"
13.62.226.55 - - [02/Dec/2025:12:25:01 +0500] "GET /info1.php HTTP/1.0" 403 4802 "-" "python-httpx/0.28.1"
13.62.226.55 - - [02/Dec/2025:12:25:01 +0500] "GET /info2.php HTTP/1.0" 403 4802 "-" "python-httpx/0.28.1"
13.62.226.55 - - [02/Dec/2025:12:25:01 +0500] "GET /info3.php HTTP/1.0" 403 4802 "-" "python-httpx/0.28.1"
13.62.226.55 - - [02/Dec/2025:12:25:01 +0500] "GET /php.php HTTP/1.0" 403 4802 "-" "python-httpx/0.28.1"
13.62.226.55 - - [02/Dec/2025:12:25:02 +0500] "GET /pi.php HTTP/1.0" 403 4802 "-" "python-httpx/0.28.1"
13.62.226.55 - - [02/Dec/2025:12:25:02 +0500] "GET /i.php HTTP/1.0" 403 4802 "-" "python-httpx/0.28.1"
13.62.226.55 - - [02/Dec/2025:12:25:02 +0500] "GET /phpversion.php HTTP/1.0" 403 4802 "-" "python-httpx/0.28.1"
159.89.122.163 - - [02/Dec/2025:12:35:25 +0500] "POST /wp-login.php HTTP/1.0" 200 16136 "-" "Mozilla/5.0"
159.89.122.163 - - [02/Dec/2025:12:46:12 +0500] "POST /wp-login.php HTTP/1.0" 200 16136 "-" "Mozilla/5.0"
159.89.122.163 - - [02/Dec/2025:12:57:11 +0500] "POST /wp-login.php HTTP/1.0" 200 16136 "-" "Mozilla/5.0"
159.89.122.163 - - [02/Dec/2025:13:08:19 +0500] "POST /wp-login.php HTTP/1.0" 200 16136 "-" "Mozilla/5.0"
2a00:5da0:1000::128 - - [02/Dec/2025:13:08:21 +0500] "POST /wp-cron.php?doing_wp_cron=1764662901.7366740703582763671875 HTTP/1.0" 200 4011 "-" "WordPress/6.8.3; https://med.greenclinic.kz"
159.89.122.163 - - [02/Dec/2025:13:19:43 +0500] "POST /wp-login.php HTTP/1.0" 200 16136 "-" "Mozilla/5.0"
159.89.122.163 - - [02/Dec/2025:13:31:24 +0500] "POST /wp-login.php HTTP/1.0" 200 16136 "-" "Mozilla/5.0"
159.89.122.163 - - [02/Dec/2025:13:43:00 +0500] "POST /wp-login.php HTTP/1.0" 200 16136 "-" "Mozilla/5.0"
159.89.122.163 - - [02/Dec/2025:13:54:39 +0500] "POST /wp-login.php HTTP/1.0" 200 16136 "-" "Mozilla/5.0"
159.89.122.163 - - [02/Dec/2025:14:06:09 +0500] "POST /wp-login.php HTTP/1.0" 200 16136 "-" "Mozilla/5.0"
159.89.122.163 - - [02/Dec/2025:14:17:49 +0500] "POST /wp-login.php HTTP/1.0" 200 16136 "-" "Mozilla/5.0"
2a00:5da0:1000::128 - - [02/Dec/2025:14:17:52 +0500] "POST /wp-cron.php?doing_wp_cron=1764667072.4878060817718505859375 HTTP/1.0" 200 4011 "-" "WordPress/6.8.3; https://med.greenclinic.kz"
159.89.122.163 - - [02/Dec/2025:14:29:32 +0500] "POST /wp-login.php HTTP/1.0" 200 16136 "-" "Mozilla/5.0"
195.178.110.201 - - [02/Dec/2025:14:37:53 +0500] "GET / HTTP/1.0" 200 20879053 "-" "Mozilla/5.0 (Windows NT 10.0; Win64; x64) AppleWebKit/537.36 (KHTML, like Gecko) Chrome/120.0.0.0 Safari/537.36"
159.89.122.163 - - [02/Dec/2025:14:41:20 +0500] "POST /wp-login.php HTTP/1.0" 200 16136 "-" "Mozilla/5.0"
159.89.122.163 - - [02/Dec/2025:14:53:38 +0500] "POST /wp-login.php HTTP/1.0" 200 16136 "-" "Mozilla/5.0"
159.89.122.163 - - [02/Dec/2025:15:05:52 +0500] "POST /wp-login.php HTTP/1.0" 200 16136 "-" "Mozilla/5.0"
159.89.122.163 - - [02/Dec/2025:15:17:55 +0500] "POST /wp-login.php HTTP/1.0" 200 16136 "-" "Mozilla/5.0"
2a00:5da0:1000::128 - - [02/Dec/2025:15:17:59 +0500] "POST /wp-cron.php?doing_wp_cron=1764670679.0060958862304687500000 HTTP/1.0" 200 4011 "-" "WordPress/6.8.3; https://med.greenclinic.kz"
159.89.122.163 - - [02/Dec/2025:15:30:10 +0500] "POST /wp-login.php HTTP/1.0" 200 16136 "-" "Mozilla/5.0"
159.89.122.163 - - [02/Dec/2025:15:42:28 +0500] "POST /wp-login.php HTTP/1.0" 200 16136 "-" "Mozilla/5.0"
159.89.122.163 - - [02/Dec/2025:15:54:58 +0500] "POST /wp-login.php HTTP/1.0" 200 16136 "-" "Mozilla/5.0"
159.89.122.163 - - [02/Dec/2025:16:07:21 +0500] "POST /wp-login.php HTTP/1.0" 200 16136 "-" "Mozilla/5.0"
2a00:5da0:1000::128 - - [02/Dec/2025:16:07:24 +0500] "POST /wp-cron.php?doing_wp_cron=1764673644.3136730194091796875000 HTTP/1.0" 200 4011 "-" "WordPress/6.8.3; https://med.greenclinic.kz"
159.89.122.163 - - [02/Dec/2025:16:19:48 +0500] "POST /wp-login.php HTTP/1.0" 200 16136 "-" "Mozilla/5.0"
159.89.122.163 - - [02/Dec/2025:16:32:38 +0500] "POST /wp-login.php HTTP/1.0" 200 16136 "-" "Mozilla/5.0"
159.89.122.163 - - [02/Dec/2025:16:46:03 +0500] "POST /wp-login.php HTTP/1.0" 200 16136 "-" "Mozilla/5.0"
159.89.122.163 - - [02/Dec/2025:16:59:37 +0500] "POST /wp-login.php HTTP/1.0" 200 16136 "-" "Mozilla/5.0"
159.89.122.163 - - [02/Dec/2025:17:12:37 +0500] "POST /wp-login.php HTTP/1.0" 200 16136 "-" "Mozilla/5.0"
2a00:5da0:1000::128 - - [02/Dec/2025:17:12:39 +0500] "POST /wp-cron.php?doing_wp_cron=1764677559.7002511024475097656250 HTTP/1.0" 200 4011 "-" "WordPress/6.8.3; https://med.greenclinic.kz"
159.89.122.163 - - [02/Dec/2025:17:25:36 +0500] "POST /wp-login.php HTTP/1.0" 200 16136 "-" "Mozilla/5.0"
159.89.122.163 - - [02/Dec/2025:17:38:29 +0500] "POST /wp-login.php HTTP/1.0" 200 16136 "-" "Mozilla/5.0"
159.89.122.163 - - [02/Dec/2025:17:51:28 +0500] "POST /wp-login.php HTTP/1.0" 200 16136 "-" "Mozilla/5.0"
159.89.122.163 - - [02/Dec/2025:18:04:27 +0500] "POST /wp-login.php HTTP/1.0" 200 16136 "-" "Mozilla/5.0"
159.89.122.163 - - [02/Dec/2025:18:17:33 +0500] "POST /wp-login.php HTTP/1.0" 200 16136 "-" "Mozilla/5.0"
2a00:5da0:1000::128 - - [02/Dec/2025:18:17:35 +0500] "POST /wp-cron.php?doing_wp_cron=1764681455.6678869724273681640625 HTTP/1.0" 200 4011 "-" "WordPress/6.8.3; https://med.greenclinic.kz"
159.89.122.163 - - [02/Dec/2025:18:30:38 +0500] "POST /wp-login.php HTTP/1.0" 200 16136 "-" "Mozilla/5.0"
159.89.122.163 - - [02/Dec/2025:18:43:50 +0500] "POST /wp-login.php HTTP/1.0" 200 16136 "-" "Mozilla/5.0"
159.89.122.163 - - [02/Dec/2025:18:57:08 +0500] "POST /wp-login.php HTTP/1.0" 200 16136 "-" "Mozilla/5.0"
159.89.122.163 - - [02/Dec/2025:19:10:22 +0500] "POST /wp-login.php HTTP/1.0" 200 16136 "-" "Mozilla/5.0"
2a00:5da0:1000::128 - - [02/Dec/2025:19:10:24 +0500] "POST /wp-cron.php?doing_wp_cron=1764684624.6234819889068603515625 HTTP/1.0" 200 4011 "-" "WordPress/6.8.3; https://med.greenclinic.kz"
159.89.122.163 - - [02/Dec/2025:19:23:27 +0500] "POST /wp-login.php HTTP/1.0" 200 16136 "-" "Mozilla/5.0"
159.89.122.163 - - [02/Dec/2025:19:36:29 +0500] "POST /wp-login.php HTTP/1.0" 200 16136 "-" "Mozilla/5.0"
159.89.122.163 - - [02/Dec/2025:19:49:41 +0500] "POST /wp-login.php HTTP/1.0" 200 16136 "-" "Mozilla/5.0"
159.89.122.163 - - [02/Dec/2025:20:03:00 +0500] "POST /wp-login.php HTTP/1.0" 200 16136 "-" "Mozilla/5.0"
159.89.122.163 - - [02/Dec/2025:20:16:19 +0500] "POST /wp-login.php HTTP/1.0" 200 16136 "-" "Mozilla/5.0"
2a00:5da0:1000::128 - - [02/Dec/2025:20:16:22 +0500] "POST /wp-cron.php?doing_wp_cron=1764688582.2035400867462158203125 HTTP/1.0" 200 4011 "-" "WordPress/6.8.3; https://med.greenclinic.kz"
159.89.122.163 - - [02/Dec/2025:20:29:38 +0500] "POST /wp-login.php HTTP/1.0" 200 16136 "-" "Mozilla/5.0"
159.89.122.163 - - [02/Dec/2025:20:42:58 +0500] "POST /wp-login.php HTTP/1.0" 200 16136 "-" "Mozilla/5.0"
159.89.122.163 - - [02/Dec/2025:20:56:22 +0500] "POST /wp-login.php HTTP/1.0" 200 16136 "-" "Mozilla/5.0"
34.150.229.222 - - [02/Dec/2025:21:08:44 +0500] "GET / HTTP/1.0" 200 20874125 "http://med.greenclinic.kz" "Mozilla/5.0 (compatible; CMS-Checker/1.0; +https://example.com)"
2a00:5da0:1000::128 - - [02/Dec/2025:21:08:53 +0500] "POST /wp-cron.php HTTP/1.0" 200 4011 "-" "WordPress/6.8.3; https://med.greenclinic.kz"
2a00:5da0:1000::128 - - [02/Dec/2025:21:08:53 +0500] "GET / HTTP/1.0" 200 20879361 "-" "WordPress/6.8.3; https://med.greenclinic.kz"
2a00:5da0:1000::128 - - [02/Dec/2025:21:08:55 +0500] "GET / HTTP/1.0" 200 20878305 "-" "WordPress/6.8.3; https://med.greenclinic.kz"
2a00:5da0:1000::128 - - [02/Dec/2025:21:08:58 +0500] "GET / HTTP/1.0" 200 20876567 "-" "WordPress/6.8.3; https://med.greenclinic.kz"
2a00:5da0:1000::128 - - [02/Dec/2025:21:09:01 +0500] "GET / HTTP/1.0" 200 20877403 "-" "WordPress/6.8.3; https://med.greenclinic.kz"
2a00:5da0:1000::128 - - [02/Dec/2025:21:08:46 +0500] "POST /wp-cron.php?doing_wp_cron=1764691726.6747450828552246093750 HTTP/1.0" 200 4011 "-" "WordPress/6.8.3; https://med.greenclinic.kz"
159.89.122.163 - - [02/Dec/2025:21:10:01 +0500] "POST /wp-login.php HTTP/1.0" 200 16136 "-" "Mozilla/5.0"
159.89.122.163 - - [02/Dec/2025:21:23:51 +0500] "POST /wp-login.php HTTP/1.0" 200 16136 "-" "Mozilla/5.0"
2a00:5da0:1000::128 - - [02/Dec/2025:21:23:54 +0500] "POST /wp-cron.php?doing_wp_cron=1764692634.2156291007995605468750 HTTP/1.0" 200 4011 "-" "WordPress/6.8.3; https://med.greenclinic.kz"
199.45.155.73 - - [02/Dec/2025:21:25:37 +0500] "GET / HTTP/1.0" 200 20878063 "-" "Mozilla/5.0 (compatible; CensysInspect/1.1; +https://about.censys.io/)"
2602:80d:1004::19 - - [02/Dec/2025:21:25:51 +0500] "GET /favicon.ico HTTP/1.0" 301 4010 "-" "Mozilla/5.0 (compatible; CensysInspect/1.1; +https://about.censys.io/)"
159.89.122.163 - - [02/Dec/2025:21:37:22 +0500] "POST /wp-login.php HTTP/1.0" 200 16136 "-" "Mozilla/5.0"
159.89.122.163 - - [02/Dec/2025:21:50:49 +0500] "POST /wp-login.php HTTP/1.0" 200 16136 "-" "Mozilla/5.0"
159.89.122.163 - - [02/Dec/2025:22:04:15 +0500] "POST /wp-login.php HTTP/1.0" 200 16136 "-" "Mozilla/5.0"
159.89.122.163 - - [02/Dec/2025:22:17:43 +0500] "POST /wp-login.php HTTP/1.0" 200 16136 "-" "Mozilla/5.0"
2a00:5da0:1000::128 - - [02/Dec/2025:22:17:45 +0500] "POST /wp-cron.php?doing_wp_cron=1764695865.2567679882049560546875 HTTP/1.0" 200 4011 "-" "WordPress/6.8.3; https://med.greenclinic.kz"
159.89.122.163 - - [02/Dec/2025:22:31:14 +0500] "POST /wp-login.php HTTP/1.0" 200 16136 "-" "Mozilla/5.0"
159.89.122.163 - - [02/Dec/2025:22:44:41 +0500] "POST /wp-login.php HTTP/1.0" 200 16136 "-" "Mozilla/5.0"
2a00:5da0:1000::128 - - [02/Dec/2025:22:44:43 +0500] "POST /wp-cron.php?doing_wp_cron=1764697483.9475131034851074218750 HTTP/1.0" 200 4011 "-" "WordPress/6.8.3; https://med.greenclinic.kz"
159.89.122.163 - - [02/Dec/2025:22:58:10 +0500] "POST /wp-login.php HTTP/1.0" 200 16136 "-" "Mozilla/5.0"
159.89.122.163 - - [02/Dec/2025:23:11:40 +0500] "POST /wp-login.php HTTP/1.0" 200 16136 "-" "Mozilla/5.0"
2a00:5da0:1000::128 - - [02/Dec/2025:23:11:42 +0500] "POST /wp-cron.php?doing_wp_cron=1764699102.3665370941162109375000 HTTP/1.0" 200 4011 "-" "WordPress/6.8.3; https://med.greenclinic.kz"
159.89.122.163 - - [02/Dec/2025:23:25:10 +0500] "POST /wp-login.php HTTP/1.0" 200 16136 "-" "Mozilla/5.0"
34.91.125.183 - - [02/Dec/2025:23:35:50 +0500] "GET / HTTP/1.0" 200 20879251 "-" "Scrapy/2.13.3 (+https://scrapy.org)"
159.89.122.163 - - [02/Dec/2025:23:37:40 +0500] "POST /wp-login.php HTTP/1.0" 200 16136 "-" "Mozilla/5.0"
159.89.122.163 - - [02/Dec/2025:23:50:39 +0500] "POST /wp-login.php HTTP/1.0" 200 16136 "-" "Mozilla/5.0"
159.89.122.163 - - [03/Dec/2025:00:04:12 +0500] "POST /wp-login.php HTTP/1.0" 200 16136 "-" "Mozilla/5.0"
159.89.122.163 - - [03/Dec/2025:00:17:56 +0500] "POST /wp-login.php HTTP/1.0" 200 16136 "-" "Mozilla/5.0"
2a00:5da0:1000::128 - - [03/Dec/2025:00:17:58 +0500] "POST /wp-cron.php?doing_wp_cron=1764703078.1352510452270507812500 HTTP/1.0" 200 4011 "-" "WordPress/6.8.3; https://med.greenclinic.kz"
159.89.122.163 - - [03/Dec/2025:00:31:31 +0500] "POST /wp-login.php HTTP/1.0" 200 16136 "-" "Mozilla/5.0"
159.89.122.163 - - [03/Dec/2025:00:44:56 +0500] "POST /wp-login.php HTTP/1.0" 200 16136 "-" "Mozilla/5.0"
159.89.122.163 - - [03/Dec/2025:00:58:22 +0500] "POST /wp-login.php HTTP/1.0" 200 16136 "-" "Mozilla/5.0"
159.89.122.163 - - [03/Dec/2025:01:11:52 +0500] "POST /wp-login.php HTTP/1.0" 200 16136 "-" "Mozilla/5.0"
2a00:5da0:1000::128 - - [03/Dec/2025:01:11:55 +0500] "POST /wp-cron.php?doing_wp_cron=1764706315.9021079540252685546875 HTTP/1.0" 200 4011 "-" "WordPress/6.8.3; https://med.greenclinic.kz"
159.89.122.163 - - [03/Dec/2025:01:25:25 +0500] "POST /wp-login.php HTTP/1.0" 200 16136 "-" "Mozilla/5.0"
159.89.122.163 - - [03/Dec/2025:01:38:46 +0500] "POST /wp-login.php HTTP/1.0" 200 16136 "-" "Mozilla/5.0"
159.89.122.163 - - [03/Dec/2025:01:52:27 +0500] "POST /wp-login.php HTTP/1.0" 200 16136 "-" "Mozilla/5.0"
159.89.122.163 - - [03/Dec/2025:02:06:22 +0500] "POST /wp-login.php HTTP/1.0" 200 16136 "-" "Mozilla/5.0"
159.89.122.163 - - [03/Dec/2025:02:20:10 +0500] "POST /wp-login.php HTTP/1.0" 200 16136 "-" "Mozilla/5.0"
2a00:5da0:1000::128 - - [03/Dec/2025:02:20:13 +0500] "POST /wp-cron.php?doing_wp_cron=1764710413.8565030097961425781250 HTTP/1.0" 200 4011 "-" "WordPress/6.8.3; https://med.greenclinic.kz"
45.139.104.171 - - [03/Dec/2025:02:31:14 +0500] "GET /.env HTTP/1.0" 301 4003 "-" "Mozilla/5.0 (X11; Linux x86_64) AppleWebKit/537.36 (KHTML, like Gecko) Chrome/66.0.3359.181 Safari/537.36"
159.89.122.163 - - [03/Dec/2025:02:33:39 +0500] "POST /wp-login.php HTTP/1.0" 200 16136 "-" "Mozilla/5.0"
159.89.122.163 - - [03/Dec/2025:02:47:08 +0500] "POST /wp-login.php HTTP/1.0" 200 16136 "-" "Mozilla/5.0"
159.89.122.163 - - [03/Dec/2025:03:00:35 +0500] "POST /wp-login.php HTTP/1.0" 200 16136 "-" "Mozilla/5.0"
74.7.228.52 - - [03/Dec/2025:03:02:15 +0500] "GET /robots.txt HTTP/1.0" 301 4009 "-" "Mozilla/5.0 (Macintosh; Intel Mac OS X 10_15_7) AppleWebKit/537.36 (KHTML, like Gecko) Chrome/131.0.0.0 Safari/537.36; compatible; OAI-SearchBot/1.3; robots.txt; +https://openai.com/searchbot"
74.7.228.52 - - [03/Dec/2025:03:02:17 +0500] "GET /robots.txt/ HTTP/1.0" 200 20878877 "https://med.greenclinic.kz/robots.txt" "Mozilla/5.0 (Macintosh; Intel Mac OS X 10_15_7) AppleWebKit/537.36 (KHTML, like Gecko) Chrome/131.0.0.0 Safari/537.36; compatible; OAI-SearchBot/1.3; robots.txt; +https://openai.com/searchbot"
159.89.122.163 - - [03/Dec/2025:03:14:00 +0500] "POST /wp-login.php HTTP/1.0" 200 16136 "-" "Mozilla/5.0"
2a00:5da0:1000::128 - - [03/Dec/2025:03:14:03 +0500] "POST /wp-cron.php?doing_wp_cron=1764713643.0547549724578857421875 HTTP/1.0" 200 4011 "-" "WordPress/6.8.3; https://med.greenclinic.kz"
159.89.122.163 - - [03/Dec/2025:03:27:31 +0500] "POST /wp-login.php HTTP/1.0" 200 16136 "-" "Mozilla/5.0"
159.89.122.163 - - [03/Dec/2025:03:40:54 +0500] "POST /wp-login.php HTTP/1.0" 200 16136 "-" "Mozilla/5.0"
159.89.122.163 - - [03/Dec/2025:03:54:20 +0500] "POST /wp-login.php HTTP/1.0" 200 16136 "-" "Mozilla/5.0"
159.89.122.163 - - [03/Dec/2025:04:07:49 +0500] "POST /wp-login.php HTTP/1.0" 200 16136 "-" "Mozilla/5.0"
2a00:5da0:1000::128 - - [03/Dec/2025:04:07:51 +0500] "POST /wp-cron.php?doing_wp_cron=1764716871.5771679878234863281250 HTTP/1.0" 200 4011 "-" "WordPress/6.8.3; https://med.greenclinic.kz"
159.89.122.163 - - [03/Dec/2025:04:21:32 +0500] "POST /wp-login.php HTTP/1.0" 200 16136 "-" "Mozilla/5.0"
2a00:5da0:1000::128 - - [03/Dec/2025:05:10:03 +0500] "POST /wp-cron.php?doing_wp_cron=1764720603.3224220275878906250000 HTTP/1.0" 200 4011 "-" "WordPress/6.8.3; https://med.greenclinic.kz"
2a14:7c1::2 - - [03/Dec/2025:05:09:59 +0500] "GET / HTTP/1.0" 200 20876061 "-" "Mozilla/5.0 (Windows NT 10.0; Win64; x64) AppleWebKit/537.36 (KHTML, like Gecko) Chrome/134.0.0.0 Safari/537.3"
195.210.46.55 - - [03/Dec/2025:05:27:46 +0500] "HEAD / HTTP/1.0" 200 4153 "-" "-"
2a00:5da0:1000::128 - - [03/Dec/2025:05:28:00 +0500] "POST /wp-admin/upgrade.php?step=upgrade_db HTTP/1.0" 403 4802 "-" "WordPress/6.8.3; https://med.greenclinic.kz"
195.210.46.55 - - [03/Dec/2025:05:28:13 +0500] "HEAD / HTTP/1.0" 200 4153 "-" "-"
2.57.122.173 - - [03/Dec/2025:13:16:22 +0500] "GET /.env HTTP/1.0" 301 4003 "-" "Mozilla/5.0 (X11; Linux x86_64; rv:132.0) Gecko/20100101 Firefox/132.0"
2a00:5da0:1000::128 - - [03/Dec/2025:13:16:25 +0500] "POST /wp-cron.php?doing_wp_cron=1764749785.1877539157867431640625 HTTP/1.0" 200 4011 "-" "WordPress/6.9; https://med.greenclinic.kz"
2a00:5da0:1000::128 - - [04/Dec/2025:04:48:56 +0500] "POST /wp-cron.php?doing_wp_cron=1764805736.5473890304565429687500 HTTP/1.0" 200 4011 "-" "WordPress/6.9; https://med.greenclinic.kz"
45.139.104.171 - - [04/Dec/2025:05:24:36 +0500] "GET /.env HTTP/1.0" 301 4003 "-" "Mozilla/5.0 (Linux; Android 9; Pixel 2) AppleWebKit/537.36 (KHTML, like Gecko) Chrome/76.0.3809.89 Mobile Safari/537.36"
2a00:5da0:1000::128 - - [04/Dec/2025:05:24:41 +0500] "POST /wp-cron.php?doing_wp_cron=1764807881.4517118930816650390625 HTTP/1.0" 200 4011 "-" "WordPress/6.9; https://med.greenclinic.kz"
45.139.104.171 - - [05/Dec/2025:02:40:52 +0500] "GET /.env HTTP/1.0" 301 4003 "-" "Mozilla/5.0 (Linux; Android 9; Pixel 3 XL) AppleWebKit/537.36 (KHTML, like Gecko) Chrome/76.0.3809.89 Mobile Safari/537.36"
2a00:5da0:1000::128 - - [05/Dec/2025:02:40:55 +0500] "POST /wp-cron.php?doing_wp_cron=1764884455.9170150756835937500000 HTTP/1.0" 200 4011 "-" "WordPress/6.9; https://med.greenclinic.kz"
74.7.230.51 - - [05/Dec/2025:03:38:52 +0500] "GET /robots.txt HTTP/1.0" 301 4009 "-" "Mozilla/5.0 (Macintosh; Intel Mac OS X 10_15_7) AppleWebKit/537.36 (KHTML, like Gecko) Chrome/131.0.0.0 Safari/537.36; compatible; OAI-SearchBot/1.3; robots.txt; +https://openai.com/searchbot"
2a00:5da0:1000::128 - - [05/Dec/2025:03:38:56 +0500] "POST /wp-cron.php?doing_wp_cron=1764887935.9585781097412109375000 HTTP/1.0" 200 4011 "-" "WordPress/6.9; https://med.greenclinic.kz"
74.7.230.51 - - [05/Dec/2025:03:38:57 +0500] "GET /robots.txt/ HTTP/1.0" 500 11960 "https://med.greenclinic.kz/robots.txt" "Mozilla/5.0 (Macintosh; Intel Mac OS X 10_15_7) AppleWebKit/537.36 (KHTML, like Gecko) Chrome/131.0.0.0 Safari/537.36; compatible; OAI-SearchBot/1.3; robots.txt; +https://openai.com/searchbot"
2a00:5da0:1000::128 - - [05/Dec/2025:04:57:33 +0500] "POST /wp-cron.php?doing_wp_cron=1764892653.2117760181427001953125 HTTP/1.0" 200 4011 "-" "WordPress/6.9; https://med.greenclinic.kz"
45.45.237.207 - - [05/Dec/2025:07:20:51 +0500] "GET / HTTP/1.0" 200 20876306 "-" "Mozilla/5.0 (Windows NT 10.0; Win64; x64) AppleWebKit/537.36 (KHTML, like Gecko) Chrome/78.0.3904.108 Safari/537.36"
2a00:5da0:1000::128 - - [05/Dec/2025:07:21:00 +0500] "POST /wp-cron.php?doing_wp_cron=1764901260.4428489208221435546875 HTTP/1.0" 200 4011 "-" "WordPress/6.9; https://med.greenclinic.kz"
45.45.237.207 - - [05/Dec/2025:07:24:48 +0500] "GET //wp-includes/wlwmanifest.xml HTTP/1.0" 301 4026 "-" "Mozilla/5.0 (Windows NT 10.0; Win64; x64) AppleWebKit/537.36 (KHTML, like Gecko) Chrome/78.0.3904.108 Safari/537.36"
45.45.237.207 - - [05/Dec/2025:07:24:51 +0500] "GET / HTTP/1.0" 200 20877164 "-" "Mozilla/5.0 (Windows NT 10.0; Win64; x64) AppleWebKit/537.36 (KHTML, like Gecko) Chrome/78.0.3904.108 Safari/537.36"
45.45.237.207 - - [05/Dec/2025:07:28:35 +0500] "GET //wp-login.php HTTP/1.0" 200 16081 "-" "Mozilla/5.0 (Windows NT 10.0; Win64; x64) AppleWebKit/537.36 (KHTML, like Gecko) Chrome/78.0.3904.108 Safari/537.36"
45.45.237.207 - - [05/Dec/2025:07:28:38 +0500] "GET //?author=1 HTTP/1.0" 301 4007 "-" "Mozilla/5.0 (Windows NT 10.0; Win64; x64) AppleWebKit/537.36 (KHTML, like Gecko) Chrome/78.0.3904.108 Safari/537.36"
45.45.237.207 - - [05/Dec/2025:07:28:39 +0500] "GET //?author=2 HTTP/1.0" 301 4007 "-" "Mozilla/5.0 (Windows NT 10.0; Win64; x64) AppleWebKit/537.36 (KHTML, like Gecko) Chrome/78.0.3904.108 Safari/537.36"
45.45.237.207 - - [05/Dec/2025:07:28:40 +0500] "GET //wp-json/wp/v2/users/ HTTP/1.0" 301 4018 "-" "Mozilla/5.0 (Windows NT 10.0; Win64; x64) AppleWebKit/537.36 (KHTML, like Gecko) Chrome/78.0.3904.108 Safari/537.36"
45.45.237.207 - - [05/Dec/2025:07:28:41 +0500] "GET //wp-json/oembed/1.0/embed?url=https://med.greenclinic.kz/ HTTP/1.0" 301 4055 "-" "Mozilla/5.0 (Windows NT 10.0; Win64; x64) AppleWebKit/537.36 (KHTML, like Gecko) Chrome/78.0.3904.108 Safari/537.36"
45.154.98.45 - - [05/Dec/2025:16:33:22 +0500] "GET /wp-admin/install.php?step=1 HTTP/1.0" 403 4802 "-" "Mozilla/5.0 (Macintosh; Intel Mac OS X 10_9_3) AppleWebKit/537.75.14 (KHTML, like Gecko) Version/7.0.3 Safari/7046A194A"
2a00:5da0:1000::128 - - [06/Dec/2025:04:48:36 +0500] "POST /wp-cron.php?doing_wp_cron=1764978516.0995550155639648437500 HTTP/1.0" 200 4011 "-" "WordPress/6.9; https://med.greenclinic.kz"
159.203.56.229 - - [06/Dec/2025:14:00:49 +0500] "GET / HTTP/1.0" 500 11960 "-" "Mozilla/5.0 (X11; Linux x86_64) AppleWebKit/537.36 (KHTML, like Gecko) Chrome/139.0.0.0 Safari/537.36"
74.7.228.9 - - [06/Dec/2025:14:18:53 +0500] "GET /robots.txt HTTP/1.0" 301 4009 "-" "Mozilla/5.0 (Macintosh; Intel Mac OS X 10_15_7) AppleWebKit/537.36 (KHTML, like Gecko) Chrome/131.0.0.0 Safari/537.36; compatible; OAI-SearchBot/1.3; robots.txt; +https://openai.com/searchbot"
2a00:5da0:1000::128 - - [06/Dec/2025:14:18:55 +0500] "POST /wp-cron.php?doing_wp_cron=1765012735.3506979942321777343750 HTTP/1.0" 200 4011 "-" "WordPress/6.9; https://med.greenclinic.kz"
74.7.228.9 - - [06/Dec/2025:14:18:56 +0500] "GET /robots.txt/ HTTP/1.0" 200 20874502 "https://med.greenclinic.kz/robots.txt" "Mozilla/5.0 (Macintosh; Intel Mac OS X 10_15_7) AppleWebKit/537.36 (KHTML, like Gecko) Chrome/131.0.0.0 Safari/537.36; compatible; OAI-SearchBot/1.3; robots.txt; +https://openai.com/searchbot"
143.198.2.244 - - [06/Dec/2025:15:33:50 +0500] "GET / HTTP/1.0" 200 20875250 "-" "Mozilla/5.0 (Windows NT 10.0; Win64; x64) AppleWebKit/537.36 (KHTML, like Gecko) Chrome/101.0.4951.64 Safari/537.36 Edg/101.0.1210.47"
2a00:5da0:1000::128 - - [06/Dec/2025:15:33:54 +0500] "POST /wp-cron.php?doing_wp_cron=1765017234.3542640209197998046875 HTTP/1.0" 200 4011 "-" "WordPress/6.9; https://med.greenclinic.kz"
216.106.187.123 - - [06/Dec/2025:21:13:54 +0500] "GET / HTTP/1.0" 200 20875030 "-" "Mozilla/5.0 (Windows NT 10.0; Win64; x64) AppleWebKit/537.36 (KHTML, like Gecko) Chrome/58.0.3029.110 Safari/537.3"
2a00:5da0:1000::128 - - [06/Dec/2025:21:13:57 +0500] "POST /wp-cron.php?doing_wp_cron=1765037637.8747630119323730468750 HTTP/1.0" 200 4011 "-" "WordPress/6.9; https://med.greenclinic.kz"
198.235.24.55 - - [06/Dec/2025:23:32:17 +0500] "GET / HTTP/1.0" 200 20879540 "-" "Hello from Palo Alto Networks, find out more about our scans in https://docs-cortex.paloaltonetworks.com/r/1/Cortex-Xpanse/Scanning-activity"
2a00:5da0:1000::128 - - [06/Dec/2025:23:32:21 +0500] "POST /wp-cron.php?doing_wp_cron=1765045941.6344189643859863281250 HTTP/1.0" 200 4011 "-" "WordPress/6.9; https://med.greenclinic.kz"
205.210.31.23 - - [07/Dec/2025:02:11:10 +0500] "GET /wp-login.php HTTP/1.0" 200 16081 "-" "Hello from Palo Alto Networks, find out more about our scans in https://docs-cortex.paloaltonetworks.com/r/1/Cortex-Xpanse/Scanning-activity"
2a00:5da0:1000::128 - - [07/Dec/2025:02:11:12 +0500] "POST /wp-cron.php?doing_wp_cron=1765055472.9476349353790283203125 HTTP/1.0" 200 4011 "-" "WordPress/6.9; https://med.greenclinic.kz"
2a00:5da0:1000::128 - - [07/Dec/2025:04:49:49 +0500] "POST /wp-cron.php?doing_wp_cron=1765064989.9065389633178710937500 HTTP/1.0" 200 4011 "-" "WordPress/6.9; https://med.greenclinic.kz"
74.7.228.61 - - [07/Dec/2025:14:23:56 +0500] "GET /robots.txt HTTP/1.0" 301 4009 "-" "Mozilla/5.0 (Macintosh; Intel Mac OS X 10_15_7) AppleWebKit/537.36 (KHTML, like Gecko) Chrome/131.0.0.0 Safari/537.36; compatible; OAI-SearchBot/1.3; robots.txt; +https://openai.com/searchbot"
205.210.31.246 - - [07/Dec/2025:15:11:18 +0500] "GET /.well-known/security.txt HTTP/1.0" 301 4023 "-" "Hello from Palo Alto Networks, find out more about our scans in https://docs-cortex.paloaltonetworks.com/r/1/Cortex-Xpanse/Scanning-activity"
2a00:5da0:1000::128 - - [07/Dec/2025:15:11:21 +0500] "POST /wp-cron.php?doing_wp_cron=1765102280.9900169372558593750000 HTTP/1.0" 200 4011 "-" "WordPress/6.9; https://med.greenclinic.kz"
205.210.31.246 - - [07/Dec/2025:15:11:23 +0500] "GET /.well-known/security.txt/ HTTP/1.0" 200 20874172 "-" "Hello from Palo Alto Networks, find out more about our scans in https://docs-cortex.paloaltonetworks.com/r/1/Cortex-Xpanse/Scanning-activity"
45.139.104.171 - - [08/Dec/2025:04:01:55 +0500] "GET /.env HTTP/1.0" 301 4003 "-" "Mozilla/5.0 (Linux; Android 9; RMX1851) AppleWebKit/537.36 (KHTML, like Gecko) Chrome/76.0.3809.111 Mobile Safari/537.36"
2a00:5da0:1000::128 - - [08/Dec/2025:04:02:01 +0500] "POST /wp-cron.php?doing_wp_cron=1765148521.3133869171142578125000 HTTP/1.0" 200 4011 "-" "WordPress/6.9; https://med.greenclinic.kz"
2a00:5da0:1000::128 - - [08/Dec/2025:04:47:17 +0500] "POST /wp-cron.php?doing_wp_cron=1765151237.8700320720672607421875 HTTP/1.0" 200 4011 "-" "WordPress/6.9; https://med.greenclinic.kz"
198.235.24.25 - - [08/Dec/2025:15:15:21 +0500] "GET / HTTP/1.0" 200 20874414 "-" "-"
2a00:5da0:1000::128 - - [08/Dec/2025:15:15:28 +0500] "POST /wp-cron.php?doing_wp_cron=1765188928.9015779495239257812500 HTTP/1.0" 200 4011 "-" "WordPress/6.9; https://med.greenclinic.kz"
74.7.230.55 - - [08/Dec/2025:23:50:41 +0500] "GET /robots.txt HTTP/1.0" 301 4009 "-" "Mozilla/5.0 (Macintosh; Intel Mac OS X 10_15_7) AppleWebKit/537.36 (KHTML, like Gecko) Chrome/131.0.0.0 Safari/537.36; compatible; OAI-SearchBot/1.3; robots.txt; +https://openai.com/searchbot"
2a00:5da0:1000::128 - - [08/Dec/2025:23:50:44 +0500] "POST /wp-cron.php?doing_wp_cron=1765219844.5238420963287353515625 HTTP/1.0" 200 4011 "-" "WordPress/6.9; https://med.greenclinic.kz"
74.7.230.55 - - [08/Dec/2025:23:50:45 +0500] "GET /robots.txt/ HTTP/1.0" 200 20874832 "https://med.greenclinic.kz/robots.txt" "Mozilla/5.0 (Macintosh; Intel Mac OS X 10_15_7) AppleWebKit/537.36 (KHTML, like Gecko) Chrome/131.0.0.0 Safari/537.36; compatible; OAI-SearchBot/1.3; robots.txt; +https://openai.com/searchbot"
198.235.24.143 - - [09/Dec/2025:01:20:24 +0500] "GET / HTTP/1.0" 200 20879210 "http://195.210.46.55:80/" "-"
2a00:5da0:1000::128 - - [09/Dec/2025:01:20:28 +0500] "POST /wp-cron.php?doing_wp_cron=1765225228.7883958816528320312500 HTTP/1.0" 200 4011 "-" "WordPress/6.9; https://med.greenclinic.kz"
147.185.132.255 - - [09/Dec/2025:01:24:33 +0500] "GET / HTTP/1.0" 200 20874348 "-" "Hello from Palo Alto Networks, find out more about our scans in https://docs-cortex.paloaltonetworks.com/r/1/Cortex-Xpanse/Scanning-activity"
2a00:5da0:1000::128 - - [09/Dec/2025:04:49:32 +0500] "POST /wp-cron.php?doing_wp_cron=1765237772.6851658821105957031250 HTTP/1.0" 200 4011 "-" "WordPress/6.9; https://med.greenclinic.kz"
198.235.24.135 - - [09/Dec/2025:05:13:56 +0500] "GET /wp-login.php HTTP/1.0" 200 16081 "-" "Hello from Palo Alto Networks, find out more about our scans in https://docs-cortex.paloaltonetworks.com/r/1/Cortex-Xpanse/Scanning-activity"
2a00:5da0:1000::128 - - [09/Dec/2025:05:13:59 +0500] "POST /wp-cron.php?doing_wp_cron=1765239239.4223759174346923828125 HTTP/1.0" 200 4011 "-" "WordPress/6.9; https://med.greenclinic.kz"
216.73.216.167 - - [09/Dec/2025:05:26:51 +0500] "GET /robots.txt HTTP/1.0" 301 4009 "-" "Mozilla/5.0 AppleWebKit/537.36 (KHTML, like Gecko; compatible; ClaudeBot/1.0; +claudebot@anthropic.com)"
216.73.216.167 - - [09/Dec/2025:05:26:56 +0500] "GET /robots.txt/ HTTP/1.0" 200 20877076 "https://med.greenclinic.kz/robots.txt" "Mozilla/5.0 AppleWebKit/537.36 (KHTML, like Gecko; compatible; ClaudeBot/1.0; +claudebot@anthropic.com)"
34.73.248.2 - - [09/Dec/2025:18:08:16 +0500] "GET / HTTP/1.0" 200 20874436 "-" "Mozilla/5.0 (Windows NT 10.0; Win64; x64) AppleWebKit/537.36 (KHTML, like Gecko) Chrome/78.0.3904.108 Safari/537.36"
2a00:5da0:1000::128 - - [09/Dec/2025:18:08:24 +0500] "POST /wp-cron.php?doing_wp_cron=1765285704.8334970474243164062500 HTTP/1.0" 200 4011 "-" "WordPress/6.9; https://med.greenclinic.kz"
34.73.248.2 - - [09/Dec/2025:18:08:27 +0500] "GET //wp-includes/wlwmanifest.xml HTTP/1.0" 301 4026 "-" "Mozilla/5.0 (Windows NT 10.0; Win64; x64) AppleWebKit/537.36 (KHTML, like Gecko) Chrome/78.0.3904.108 Safari/537.36"
34.73.248.2 - - [09/Dec/2025:18:08:30 +0500] "GET / HTTP/1.0" 200 20874590 "-" "Mozilla/5.0 (Windows NT 10.0; Win64; x64) AppleWebKit/537.36 (KHTML, like Gecko) Chrome/78.0.3904.108 Safari/537.36"
34.73.248.2 - - [09/Dec/2025:18:08:34 +0500] "GET //?author=1 HTTP/1.0" 301 4007 "-" "Mozilla/5.0 (Windows NT 10.0; Win64; x64) AppleWebKit/537.36 (KHTML, like Gecko) Chrome/78.0.3904.108 Safari/537.36"
34.73.248.2 - - [09/Dec/2025:18:08:35 +0500] "GET //?author=2 HTTP/1.0" 301 4007 "-" "Mozilla/5.0 (Windows NT 10.0; Win64; x64) AppleWebKit/537.36 (KHTML, like Gecko) Chrome/78.0.3904.108 Safari/537.36"
34.73.248.2 - - [09/Dec/2025:18:08:36 +0500] "GET //wp-json/wp/v2/users/ HTTP/1.0" 301 4018 "-" "Mozilla/5.0 (Windows NT 10.0; Win64; x64) AppleWebKit/537.36 (KHTML, like Gecko) Chrome/78.0.3904.108 Safari/537.36"
34.73.248.2 - - [09/Dec/2025:18:08:37 +0500] "GET //wp-json/oembed/1.0/embed?url=https://med.greenclinic.kz/ HTTP/1.0" 301 4055 "-" "Mozilla/5.0 (Windows NT 10.0; Win64; x64) AppleWebKit/537.36 (KHTML, like Gecko) Chrome/78.0.3904.108 Safari/537.36"
34.250.215.96 - - [10/Dec/2025:00:23:14 +0500] "GET / HTTP/1.0" 500 20855539 "-" "Mozilla/5.0 (compatible; NetcraftSurveyAgent/1.0; +info@netcraft.com)"
2a00:5da0:1000::128 - - [10/Dec/2025:00:23:24 +0500] "POST /wp-cron.php HTTP/1.0" 200 4011 "-" "WordPress/6.9; https://med.greenclinic.kz"
2a00:5da0:1000::128 - - [10/Dec/2025:00:23:26 +0500] "GET / HTTP/1.0" 200 20877934 "-" "WordPress/6.9; https://med.greenclinic.kz"
2a00:5da0:1000::128 - - [10/Dec/2025:00:23:30 +0500] "GET / HTTP/1.0" 200 20875008 "-" "WordPress/6.9; https://med.greenclinic.kz"
2a00:5da0:1000::128 - - [10/Dec/2025:00:23:32 +0500] "GET / HTTP/1.0" 200 20879540 "-" "WordPress/6.9; https://med.greenclinic.kz"
2a00:5da0:1000::128 - - [10/Dec/2025:00:23:35 +0500] "GET / HTTP/1.0" 200 20879826 "-" "WordPress/6.9; https://med.greenclinic.kz"
2a00:5da0:1000::128 - - [10/Dec/2025:00:23:19 +0500] "POST /wp-cron.php?doing_wp_cron=1765308199.3423120975494384765625 HTTP/1.0" 200 4011 "-" "WordPress/6.9; https://med.greenclinic.kz"
2a00:5da0:1000::128 - - [10/Dec/2025:04:52:23 +0500] "POST /wp-cron.php?doing_wp_cron=1765324343.6328709125518798828125 HTTP/1.0" 200 4011 "-" "WordPress/6.9; https://med.greenclinic.kz"
2a00:5da0:1000::128 - - [11/Dec/2025:04:46:50 +0500] "POST /wp-cron.php?doing_wp_cron=1765410410.4675109386444091796875 HTTP/1.0" 200 4011 "-" "WordPress/6.9; https://med.greenclinic.kz"
3.254.159.7 - - [11/Dec/2025:12:31:38 +0500] "GET / HTTP/1.0" 200 20875932 "-" "Mozilla/5.0 (compatible; NetcraftSurveyAgent/1.0; +info@netcraft.com)"
2a00:5da0:1000::128 - - [11/Dec/2025:12:31:49 +0500] "POST /wp-cron.php?doing_wp_cron=1765438309.3550369739532470703125 HTTP/1.0" 200 4011 "-" "WordPress/6.9; https://med.greenclinic.kz"
209.38.248.17 - - [11/Dec/2025:16:26:38 +0500] "GET / HTTP/1.0" 500 11960 "-" "-"
209.38.248.17 - - [11/Dec/2025:16:26:39 +0500] "GET / HTTP/1.0" 500 20055057 "-" "Mozilla/5.0 (l9scan/2.0.5353e26343e2031323e2539313; +https://leakix.net)"
2a00:5da0:1000::128 - - [11/Dec/2025:16:26:46 +0500] "POST /wp-cron.php?doing_wp_cron=1765452406.8824648857116699218750 HTTP/1.0" 200 4011 "-" "WordPress/6.9; https://med.greenclinic.kz"
209.38.248.17 - - [11/Dec/2025:16:26:44 +0500] "POST /graphql HTTP/1.0" 500 20861927 "-" "Mozilla/5.0 (l9scan/2.0.5353e26343e2031323e2539313; +https://leakix.net)"
209.38.248.17 - - [11/Dec/2025:16:26:47 +0500] "POST /api HTTP/1.0" 500 11960 "-" "Mozilla/5.0 (l9scan/2.0.5353e26343e2031323e2539313; +https://leakix.net)"
209.38.248.17 - - [11/Dec/2025:16:26:50 +0500] "POST /api/graphql HTTP/1.0" 200 20878836 "-" "Mozilla/5.0 (l9scan/2.0.5353e26343e2031323e2539313; +https://leakix.net)"
209.38.248.17 - - [11/Dec/2025:16:26:53 +0500] "POST /graphql/api HTTP/1.0" 200 20874502 "-" "Mozilla/5.0 (l9scan/2.0.5353e26343e2031323e2539313; +https://leakix.net)"
209.38.248.17 - - [11/Dec/2025:16:26:56 +0500] "POST /api/gql HTTP/1.0" 200 20873798 "-" "Mozilla/5.0 (l9scan/2.0.5353e26343e2031323e2539313; +https://leakix.net)"
209.38.248.17 - - [11/Dec/2025:16:26:59 +0500] "GET /swagger-ui.html HTTP/1.0" 301 4014 "-" "Mozilla/5.0 (l9scan/2.0.5353e26343e2031323e2539313; +https://leakix.net)"
209.38.248.17 - - [11/Dec/2025:16:27:00 +0500] "GET /swagger/index.html HTTP/1.0" 301 4017 "-" "Mozilla/5.0 (l9scan/2.0.5353e26343e2031323e2539313; +https://leakix.net)"
209.38.248.17 - - [11/Dec/2025:16:27:02 +0500] "GET /swagger/swagger-ui.html HTTP/1.0" 301 4022 "-" "Mozilla/5.0 (l9scan/2.0.5353e26343e2031323e2539313; +https://leakix.net)"
209.38.248.17 - - [11/Dec/2025:16:27:03 +0500] "GET /webjars/swagger-ui/index.html HTTP/1.0" 301 4028 "-" "Mozilla/5.0 (l9scan/2.0.5353e26343e2031323e2539313; +https://leakix.net)"
209.38.248.17 - - [11/Dec/2025:16:27:05 +0500] "GET /swagger.json HTTP/1.0" 301 4011 "-" "Mozilla/5.0 (l9scan/2.0.5353e26343e2031323e2539313; +https://leakix.net)"
209.38.248.17 - - [11/Dec/2025:16:27:07 +0500] "GET /swagger/v1/swagger.json HTTP/1.0" 301 4022 "-" "Mozilla/5.0 (l9scan/2.0.5353e26343e2031323e2539313; +https://leakix.net)"
209.38.248.17 - - [11/Dec/2025:16:27:09 +0500] "GET /v2/api-docs HTTP/1.0" 301 4010 "-" "Mozilla/5.0 (l9scan/2.0.5353e26343e2031323e2539313; +https://leakix.net)"
209.38.248.17 - - [11/Dec/2025:16:27:10 +0500] "GET /v3/api-docs HTTP/1.0" 301 4010 "-" "Mozilla/5.0 (l9scan/2.0.5353e26343e2031323e2539313; +https://leakix.net)"
209.38.248.17 - - [11/Dec/2025:16:27:12 +0500] "GET /api-docs/swagger.json HTTP/1.0" 301 4020 "-" "Mozilla/5.0 (l9scan/2.0.5353e26343e2031323e2539313; +https://leakix.net)"
209.38.248.17 - - [11/Dec/2025:16:27:13 +0500] "GET /api/swagger.json HTTP/1.0" 301 4015 "-" "Mozilla/5.0 (l9scan/2.0.5353e26343e2031323e2539313; +https://leakix.net)"
209.38.248.17 - - [11/Dec/2025:16:27:15 +0500] "GET /@vite/env HTTP/1.0" 301 4008 "-" "Mozilla/5.0 (l9scan/2.0.5353e26343e2031323e2539313; +https://leakix.net)"
209.38.248.17 - - [11/Dec/2025:16:27:16 +0500] "GET /actuator/env HTTP/1.0" 301 4011 "-" "Mozilla/5.0 (l9scan/2.0.5353e26343e2031323e2539313; +https://leakix.net)"
209.38.248.17 - - [11/Dec/2025:16:27:18 +0500] "POST /php-cgi/php-cgi.exe?%ADd+cgi.force_redirect%3D0+%ADd+disable_functions%3D\"\"+%ADd+allow_url_include%3D1+%ADd+auto_prepend_file%3Dphp://input HTTP/1.0" 200 20880002 "-" "Mozilla/5.0 (l9scan/2.0.5353e26343e2031323e2539313; +https://leakix.net)"
209.38.248.17 - - [11/Dec/2025:16:27:20 +0500] "GET /server HTTP/1.0" 301 4005 "-" "Mozilla/5.0 (l9scan/2.0.5353e26343e2031323e2539313; +https://leakix.net)"
209.38.248.17 - - [11/Dec/2025:16:27:21 +0500] "GET /.vscode/sftp.json HTTP/1.0" 301 4016 "-" "Mozilla/5.0 (l9scan/2.0.5353e26343e2031323e2539313; +https://leakix.net)"
209.38.248.17 - - [11/Dec/2025:16:27:24 +0500] "GET /about HTTP/1.0" 301 4004 "-" "Mozilla/5.0 (l9scan/2.0.5353e26343e2031323e2539313; +https://leakix.net)"
209.38.248.17 - - [11/Dec/2025:16:27:25 +0500] "GET /debug/default/view?panel=config HTTP/1.0" 301 4030 "-" "Mozilla/5.0 (l9scan/2.0.5353e26343e2031323e2539313; +https://leakix.net)"
209.38.248.17 - - [11/Dec/2025:16:27:27 +0500] "GET /v2/_catalog HTTP/1.0" 301 4010 "-" "Mozilla/5.0 (l9scan/2.0.5353e26343e2031323e2539313; +https://leakix.net)"
209.38.248.17 - - [11/Dec/2025:16:27:28 +0500] "GET /ecp/Current/exporttool/microsoft.exchange.ediscovery.exporttool.application HTTP/1.0" 301 4074 "-" "Mozilla/5.0 (l9scan/2.0.5353e26343e2031323e2539313; +https://leakix.net)"
209.38.248.17 - - [11/Dec/2025:16:27:30 +0500] "GET /server-status HTTP/1.0" 403 4802 "-" "Mozilla/5.0 (l9scan/2.0.5353e26343e2031323e2539313; +https://leakix.net)"
209.38.248.17 - - [11/Dec/2025:16:27:31 +0500] "GET /login.action HTTP/1.0" 301 4011 "-" "Mozilla/5.0 (l9scan/2.0.5353e26343e2031323e2539313; +https://leakix.net)"
209.38.248.17 - - [11/Dec/2025:16:27:32 +0500] "GET /_all_dbs HTTP/1.0" 301 4007 "-" "Mozilla/5.0 (l9scan/2.0.5353e26343e2031323e2539313; +https://leakix.net)"
209.38.248.17 - - [11/Dec/2025:16:27:34 +0500] "GET /.DS_Store HTTP/1.0" 301 4008 "-" "Mozilla/5.0 (l9scan/2.0.5353e26343e2031323e2539313; +https://leakix.net)"
209.38.248.17 - - [11/Dec/2025:16:27:35 +0500] "GET /.env HTTP/1.0" 301 4003 "-" "Mozilla/5.0 (l9scan/2.0.5353e26343e2031323e2539313; +https://leakix.net)"
209.38.248.17 - - [11/Dec/2025:16:27:39 +0500] "GET /s/5353e26343e2031323e2539313/_/;/META-INF/maven/com.atlassian.jira/jira-webapp-dist/pom.properties HTTP/1.0" 301 4097 "-" "Mozilla/5.0 (l9scan/2.0.5353e26343e2031323e2539313; +https://leakix.net)"
209.38.248.17 - - [11/Dec/2025:16:27:41 +0500] "GET /config.json HTTP/1.0" 301 4010 "-" "Mozilla/5.0 (l9scan/2.0.5353e26343e2031323e2539313; +https://leakix.net)"
209.38.248.17 - - [11/Dec/2025:16:27:42 +0500] "GET /telescope/requests HTTP/1.0" 301 4017 "-" "Mozilla/5.0 (l9scan/2.0.5353e26343e2031323e2539313; +https://leakix.net)"
209.38.248.17 - - [11/Dec/2025:16:27:43 +0500] "GET /info.php HTTP/1.0" 403 4802 "-" "Mozilla/5.0 (l9scan/2.0.5353e26343e2031323e2539313; +https://leakix.net)"
209.38.248.17 - - [11/Dec/2025:16:27:45 +0500] "GET /?rest_route=/wp/v2/users/ HTTP/1.0" 200 5210 "-" "Mozilla/5.0 (l9scan/2.0.5353e26343e2031323e2539313; +https://leakix.net)"
74.7.230.56 - - [11/Dec/2025:16:31:21 +0500] "GET /robots.txt HTTP/1.0" 301 4009 "-" "Mozilla/5.0 (Macintosh; Intel Mac OS X 10_15_7) AppleWebKit/537.36 (KHTML, like Gecko) Chrome/131.0.0.0 Safari/537.36; compatible; OAI-SearchBot/1.3; robots.txt; +https://openai.com/searchbot"
74.7.230.56 - - [11/Dec/2025:16:31:23 +0500] "GET /robots.txt/ HTTP/1.0" 200 20878440 "https://med.greenclinic.kz/robots.txt" "Mozilla/5.0 (Macintosh; Intel Mac OS X 10_15_7) AppleWebKit/537.36 (KHTML, like Gecko) Chrome/131.0.0.0 Safari/537.36; compatible; OAI-SearchBot/1.3; robots.txt; +https://openai.com/searchbot"
16.171.198.158 - - [11/Dec/2025:20:37:35 +0500] "GET / HTTP/1.0" 200 20874018 "-" "Mozilla/5.0 (Windows NT 10.0; Win64; x64) AppleWebKit/537.36 (KHTML, like Gecko) Chrome/60.0.3112.113 Safari/537.36 Assetnote/1.0.0"
2a00:5da0:1000::128 - - [11/Dec/2025:20:37:40 +0500] "POST /wp-cron.php?doing_wp_cron=1765467460.7455990314483642578125 HTTP/1.0" 200 4011 "-" "WordPress/6.9; https://med.greenclinic.kz"
16.171.198.158 - - [11/Dec/2025:20:37:42 +0500] "HEAD /apps HTTP/1.0" 301 3984 "-" "Mozilla/5.0 (Windows NT 10.0; Win64; x64) AppleWebKit/537.36 (KHTML, like Gecko) Chrome/60.0.3112.113 Safari/537.36 Assetnote/1.0.0"
16.171.198.158 - - [11/Dec/2025:20:37:44 +0500] "POST /apps HTTP/1.0" 200 20878946 "-" "Mozilla/5.0 (Windows NT 10.0; Win64; x64) AppleWebKit/537.36 (KHTML, like Gecko) Chrome/60.0.3112.113 Safari/537.36 Assetnote/1.0.0"
87.236.176.83 - - [12/Dec/2025:04:01:11 +0500] "GET / HTTP/1.0" 500 20841649 "http://med.greenclinic.kz" "Mozilla/5.0 (compatible; InternetMeasurement/1.0; +https://internet-measurement.com/)"
2a00:5da0:1000::128 - - [12/Dec/2025:04:01:19 +0500] "POST /wp-cron.php?doing_wp_cron=1765494079.0893099308013916015625 HTTP/1.0" 200 4011 "-" "WordPress/6.9; https://med.greenclinic.kz"
185.247.137.211 - - [12/Dec/2025:04:01:20 +0500] "GET /favicon.ico HTTP/1.0" 301 4010 "-" "Mozilla/5.0 (compatible; InternetMeasurement/1.0; +https://internet-measurement.com/)"
185.247.137.211 - - [12/Dec/2025:04:01:24 +0500] "GET /favicon.ico/ HTTP/1.0" 200 20879650 "https://med.greenclinic.kz/favicon.ico" "Mozilla/5.0 (compatible; InternetMeasurement/1.0; +https://internet-measurement.com/)"
2a00:5da0:1000::128 - - [12/Dec/2025:04:56:18 +0500] "POST /wp-cron.php?doing_wp_cron=1765497377.9709620475769042968750 HTTP/1.0" 200 4011 "-" "WordPress/6.9; https://med.greenclinic.kz"
185.247.137.132 - - [12/Dec/2025:09:54:16 +0500] "GET / HTTP/1.0" 200 20877692 "-" "Mozilla/5.0 (compatible; InternetMeasurement/1.0; +https://internet-measurement.com/)"
2a00:5da0:1000::128 - - [12/Dec/2025:09:54:22 +0500] "POST /wp-cron.php?doing_wp_cron=1765515262.5518329143524169921875 HTTP/1.0" 200 4011 "-" "WordPress/6.9; https://med.greenclinic.kz"
74.7.241.185 - - [12/Dec/2025:19:43:38 +0500] "GET /robots.txt HTTP/1.0" 301 4009 "-" "Mozilla/5.0 (Macintosh; Intel Mac OS X 10_15_7) AppleWebKit/537.36 (KHTML, like Gecko) Chrome/131.0.0.0 Safari/537.36; compatible; OAI-SearchBot/1.3; robots.txt; +https://openai.com/searchbot"
2a00:5da0:1000::128 - - [12/Dec/2025:19:43:42 +0500] "POST /wp-cron.php?doing_wp_cron=1765550622.0823879241943359375000 HTTP/1.0" 200 4011 "-" "WordPress/6.9; https://med.greenclinic.kz"
74.7.241.185 - - [12/Dec/2025:19:43:43 +0500] "GET /robots.txt/ HTTP/1.0" 500 11960 "https://med.greenclinic.kz/robots.txt" "Mozilla/5.0 (Macintosh; Intel Mac OS X 10_15_7) AppleWebKit/537.36 (KHTML, like Gecko) Chrome/131.0.0.0 Safari/537.36; compatible; OAI-SearchBot/1.3; robots.txt; +https://openai.com/searchbot"
2a00:5da0:1000::128 - - [13/Dec/2025:04:49:07 +0500] "POST /wp-cron.php?doing_wp_cron=1765583347.5018610954284667968750 HTTP/1.0" 200 4011 "-" "WordPress/6.9; https://med.greenclinic.kz"
98.93.89.236 - - [13/Dec/2025:12:57:29 +0500] "GET / HTTP/1.0" 200 20877736 "-" "Mozilla/5.0 (Windows NT 10.0; Win64; x64) AppleWebKit/537.36 (KHTML, like Gecko) Chrome/60.0.3112.113 Safari/537.36 Assetnote/1.0.0"
2a00:5da0:1000::128 - - [13/Dec/2025:12:57:36 +0500] "POST /wp-cron.php?doing_wp_cron=1765612655.9648408889770507812500 HTTP/1.0" 200 4011 "-" "WordPress/6.9; https://med.greenclinic.kz"
98.93.89.236 - - [13/Dec/2025:12:57:39 +0500] "HEAD /apps HTTP/1.0" 301 3984 "-" "Mozilla/5.0 (Windows NT 10.0; Win64; x64) AppleWebKit/537.36 (KHTML, like Gecko) Chrome/60.0.3112.113 Safari/537.36 Assetnote/1.0.0"
98.93.89.236 - - [13/Dec/2025:12:57:40 +0500] "POST /apps HTTP/1.0" 200 20879606 "-" "Mozilla/5.0 (Windows NT 10.0; Win64; x64) AppleWebKit/537.36 (KHTML, like Gecko) Chrome/60.0.3112.113 Safari/537.36 Assetnote/1.0.0"
157.245.204.205 - - [13/Dec/2025:16:08:45 +0500] "GET / HTTP/1.0" 500 11960 "-" "-"
2a00:5da0:1000::128 - - [13/Dec/2025:16:08:52 +0500] "POST /wp-cron.php?doing_wp_cron=1765624132.0956199169158935546875 HTTP/1.0" 200 4011 "-" "WordPress/6.9; https://med.greenclinic.kz"
157.245.204.205 - - [13/Dec/2025:16:08:47 +0500] "GET / HTTP/1.0" 500 20834639 "-" "Mozilla/5.0 (l9scan/2.0.5353e26343e2031323e2539313; +https://leakix.net)"
157.245.204.205 - - [13/Dec/2025:16:08:53 +0500] "POST /graphql HTTP/1.0" 200 20875668 "-" "Mozilla/5.0 (l9scan/2.0.5353e26343e2031323e2539313; +https://leakix.net)"
157.245.204.205 - - [13/Dec/2025:16:08:56 +0500] "POST /api HTTP/1.0" 200 20875910 "-" "Mozilla/5.0 (l9scan/2.0.5353e26343e2031323e2539313; +https://leakix.net)"
157.245.204.205 - - [13/Dec/2025:16:08:59 +0500] "POST /api/graphql HTTP/1.0" 200 20873798 "-" "Mozilla/5.0 (l9scan/2.0.5353e26343e2031323e2539313; +https://leakix.net)"
157.245.204.205 - - [13/Dec/2025:16:09:02 +0500] "POST /graphql/api HTTP/1.0" 500 11960 "-" "Mozilla/5.0 (l9scan/2.0.5353e26343e2031323e2539313; +https://leakix.net)"
157.245.204.205 - - [13/Dec/2025:16:09:05 +0500] "POST /api/gql HTTP/1.0" 200 20874568 "-" "Mozilla/5.0 (l9scan/2.0.5353e26343e2031323e2539313; +https://leakix.net)"
157.245.204.205 - - [13/Dec/2025:16:09:09 +0500] "GET /swagger-ui.html HTTP/1.0" 301 4014 "-" "Mozilla/5.0 (l9scan/2.0.5353e26343e2031323e2539313; +https://leakix.net)"
157.245.204.205 - - [13/Dec/2025:16:09:10 +0500] "GET /swagger/index.html HTTP/1.0" 301 4017 "-" "Mozilla/5.0 (l9scan/2.0.5353e26343e2031323e2539313; +https://leakix.net)"
157.245.204.205 - - [13/Dec/2025:16:09:12 +0500] "GET /swagger/swagger-ui.html HTTP/1.0" 301 4022 "-" "Mozilla/5.0 (l9scan/2.0.5353e26343e2031323e2539313; +https://leakix.net)"
157.245.204.205 - - [13/Dec/2025:16:09:13 +0500] "GET /webjars/swagger-ui/index.html HTTP/1.0" 301 4028 "-" "Mozilla/5.0 (l9scan/2.0.5353e26343e2031323e2539313; +https://leakix.net)"
157.245.204.205 - - [13/Dec/2025:16:09:15 +0500] "GET /swagger.json HTTP/1.0" 301 4011 "-" "Mozilla/5.0 (l9scan/2.0.5353e26343e2031323e2539313; +https://leakix.net)"
157.245.204.205 - - [13/Dec/2025:16:09:17 +0500] "GET /swagger/v1/swagger.json HTTP/1.0" 301 4022 "-" "Mozilla/5.0 (l9scan/2.0.5353e26343e2031323e2539313; +https://leakix.net)"
157.245.204.205 - - [13/Dec/2025:16:09:18 +0500] "GET /v2/api-docs HTTP/1.0" 301 4010 "-" "Mozilla/5.0 (l9scan/2.0.5353e26343e2031323e2539313; +https://leakix.net)"
157.245.204.205 - - [13/Dec/2025:16:09:20 +0500] "GET /v3/api-docs HTTP/1.0" 301 4010 "-" "Mozilla/5.0 (l9scan/2.0.5353e26343e2031323e2539313; +https://leakix.net)"
157.245.204.205 - - [13/Dec/2025:16:09:21 +0500] "GET /api-docs/swagger.json HTTP/1.0" 301 4020 "-" "Mozilla/5.0 (l9scan/2.0.5353e26343e2031323e2539313; +https://leakix.net)"
157.245.204.205 - - [13/Dec/2025:16:09:23 +0500] "GET /api/swagger.json HTTP/1.0" 301 4015 "-" "Mozilla/5.0 (l9scan/2.0.5353e26343e2031323e2539313; +https://leakix.net)"
157.245.204.205 - - [13/Dec/2025:16:09:24 +0500] "GET /@vite/env HTTP/1.0" 301 4008 "-" "Mozilla/5.0 (l9scan/2.0.5353e26343e2031323e2539313; +https://leakix.net)"
157.245.204.205 - - [13/Dec/2025:16:09:26 +0500] "GET /actuator/env HTTP/1.0" 301 4011 "-" "Mozilla/5.0 (l9scan/2.0.5353e26343e2031323e2539313; +https://leakix.net)"
157.245.204.205 - - [13/Dec/2025:16:09:27 +0500] "POST /php-cgi/php-cgi.exe?%ADd+cgi.force_redirect%3D0+%ADd+disable_functions%3D\"\"+%ADd+allow_url_include%3D1+%ADd+auto_prepend_file%3Dphp://input HTTP/1.0" 200 20874436 "-" "Mozilla/5.0 (l9scan/2.0.5353e26343e2031323e2539313; +https://leakix.net)"
157.245.204.205 - - [13/Dec/2025:16:09:30 +0500] "GET /server HTTP/1.0" 301 4005 "-" "Mozilla/5.0 (l9scan/2.0.5353e26343e2031323e2539313; +https://leakix.net)"
157.245.204.205 - - [13/Dec/2025:16:09:32 +0500] "GET /.vscode/sftp.json HTTP/1.0" 301 4016 "-" "Mozilla/5.0 (l9scan/2.0.5353e26343e2031323e2539313; +https://leakix.net)"
157.245.204.205 - - [13/Dec/2025:16:09:34 +0500] "GET /about HTTP/1.0" 301 4004 "-" "Mozilla/5.0 (l9scan/2.0.5353e26343e2031323e2539313; +https://leakix.net)"
157.245.204.205 - - [13/Dec/2025:16:09:36 +0500] "GET /debug/default/view?panel=config HTTP/1.0" 301 4030 "-" "Mozilla/5.0 (l9scan/2.0.5353e26343e2031323e2539313; +https://leakix.net)"
157.245.204.205 - - [13/Dec/2025:16:09:37 +0500] "GET /v2/_catalog HTTP/1.0" 301 4010 "-" "Mozilla/5.0 (l9scan/2.0.5353e26343e2031323e2539313; +https://leakix.net)"
157.245.204.205 - - [13/Dec/2025:16:09:39 +0500] "GET /ecp/Current/exporttool/microsoft.exchange.ediscovery.exporttool.application HTTP/1.0" 301 4074 "-" "Mozilla/5.0 (l9scan/2.0.5353e26343e2031323e2539313; +https://leakix.net)"
157.245.204.205 - - [13/Dec/2025:16:09:40 +0500] "GET /server-status HTTP/1.0" 403 4802 "-" "Mozilla/5.0 (l9scan/2.0.5353e26343e2031323e2539313; +https://leakix.net)"
157.245.204.205 - - [13/Dec/2025:16:09:41 +0500] "GET /login.action HTTP/1.0" 301 4011 "-" "Mozilla/5.0 (l9scan/2.0.5353e26343e2031323e2539313; +https://leakix.net)"
157.245.204.205 - - [13/Dec/2025:16:09:43 +0500] "GET /_all_dbs HTTP/1.0" 301 4007 "-" "Mozilla/5.0 (l9scan/2.0.5353e26343e2031323e2539313; +https://leakix.net)"
157.245.204.205 - - [13/Dec/2025:16:09:44 +0500] "GET /.DS_Store HTTP/1.0" 301 4008 "-" "Mozilla/5.0 (l9scan/2.0.5353e26343e2031323e2539313; +https://leakix.net)"
157.245.204.205 - - [13/Dec/2025:16:09:46 +0500] "GET /.env HTTP/1.0" 301 4003 "-" "Mozilla/5.0 (l9scan/2.0.5353e26343e2031323e2539313; +https://leakix.net)"
157.245.204.205 - - [13/Dec/2025:16:09:50 +0500] "GET /s/5353e26343e2031323e2539313/_/;/META-INF/maven/com.atlassian.jira/jira-webapp-dist/pom.properties HTTP/1.0" 301 4097 "-" "Mozilla/5.0 (l9scan/2.0.5353e26343e2031323e2539313; +https://leakix.net)"
157.245.204.205 - - [13/Dec/2025:16:09:51 +0500] "GET /config.json HTTP/1.0" 301 4010 "-" "Mozilla/5.0 (l9scan/2.0.5353e26343e2031323e2539313; +https://leakix.net)"
157.245.204.205 - - [13/Dec/2025:16:09:53 +0500] "GET /telescope/requests HTTP/1.0" 301 4017 "-" "Mozilla/5.0 (l9scan/2.0.5353e26343e2031323e2539313; +https://leakix.net)"
157.245.204.205 - - [13/Dec/2025:16:09:54 +0500] "GET /info.php HTTP/1.0" 403 4802 "-" "Mozilla/5.0 (l9scan/2.0.5353e26343e2031323e2539313; +https://leakix.net)"
157.245.204.205 - - [13/Dec/2025:16:09:55 +0500] "GET /?rest_route=/wp/v2/users/ HTTP/1.0" 200 5210 "-" "Mozilla/5.0 (l9scan/2.0.5353e26343e2031323e2539313; +https://leakix.net)"
205.210.31.105 - - [14/Dec/2025:01:37:13 +0500] "GET / HTTP/1.0" 200 20874172 "-" "Hello from Palo Alto Networks, find out more about our scans in https://docs-cortex.paloaltonetworks.com/r/1/Cortex-Xpanse/Scanning-activity"
2a00:5da0:1000::128 - - [14/Dec/2025:01:37:21 +0500] "POST /wp-cron.php?doing_wp_cron=1765658241.1336491107940673828125 HTTP/1.0" 200 4011 "-" "WordPress/6.9; https://med.greenclinic.kz"
2a00:5da0:1000::128 - - [14/Dec/2025:04:47:13 +0500] "POST /wp-cron.php?doing_wp_cron=1765669633.1392779350280761718750 HTTP/1.0" 200 4011 "-" "WordPress/6.9; https://med.greenclinic.kz"
2a14:7c1::2 - - [14/Dec/2025:05:06:41 +0500] "GET /.env HTTP/1.0" 301 4003 "-" "Mozilla/5.0 (Windows NT 10.0; Win64; x64) AppleWebKit/537.36 (KHTML, like Gecko) Chrome/134.0.0.0 Safari/537.3"
2a14:7c1::2 - - [14/Dec/2025:05:06:45 +0500] "GET /.env/ HTTP/1.0" 200 20874964 "-" "Mozilla/5.0 (Windows NT 10.0; Win64; x64) AppleWebKit/537.36 (KHTML, like Gecko) Chrome/134.0.0.0 Safari/537.3"
198.235.24.241 - - [14/Dec/2025:05:12:04 +0500] "GET /wp-login.php HTTP/1.0" 200 16081 "-" "Hello from Palo Alto Networks, find out more about our scans in https://docs-cortex.paloaltonetworks.com/r/1/Cortex-Xpanse/Scanning-activity"
