2a00:5da0:1000::128 - - [10/Oct/2025:06:41:22 +0500] "POST /wp-cron.php?doing_wp_cron=1760060482.7098329067230224609375 HTTP/1.0" 200 4011 "-" "WordPress/6.8.3; https://med.greenclinic.kz"
52.208.151.205 - - [10/Oct/2025:06:41:18 +0500] "GET / HTTP/1.0" 200 20878789 "-" "Mozilla/5.0 (Macintosh; Intel Mac OS X 10_15_7) AppleWebKit/537.36 (KHTML, like Gecko) Chrome/120.0.0.0 Safari/537.36"
2a00:5da0:1000::128 - - [11/Oct/2025:04:58:06 +0500] "POST /wp-cron.php?doing_wp_cron=1760140686.4884650707244873046875 HTTP/1.0" 200 4011 "-" "WordPress/6.8.3; https://med.greenclinic.kz"
2a00:5da0:1000::128 - - [11/Oct/2025:07:10:30 +0500] "POST /wp-cron.php?doing_wp_cron=1760148630.4196829795837402343750 HTTP/1.0" 200 4011 "-" "WordPress/6.8.3; https://med.greenclinic.kz"
52.208.151.205 - - [11/Oct/2025:07:10:27 +0500] "GET / HTTP/1.0" 200 20878833 "-" "Mozilla/5.0 (Macintosh; Intel Mac OS X 10.15; rv:121.0) Gecko/20100101 Firefox/121.0"
2a00:5da0:1000::128 - - [11/Oct/2025:08:34:06 +0500] "POST /wp-cron.php?doing_wp_cron=1760153646.5841920375823974609375 HTTP/1.0" 200 4011 "-" "WordPress/6.8.3; https://med.greenclinic.kz"
198.235.24.158 - - [11/Oct/2025:08:34:04 +0500] "GET / HTTP/1.0" 200 20879207 "-" "-"
142.93.129.190 - - [11/Oct/2025:12:11:21 +0500] "GET / HTTP/1.0" 500 11960 "-" "-"
142.93.129.190 - - [11/Oct/2025:12:11:22 +0500] "GET / HTTP/1.0" 200 20876853 "-" "Mozilla/5.0 (Linux; Android 6.0; HTC One M9 Build/MRA334945) AppleWebKit/537.36 (KHTML, like Gecko) Chrome/52.0.3285.98 Mobile Safari/537.3"
142.93.129.190 - - [11/Oct/2025:12:11:27 +0500] "GET /@vite/env HTTP/1.0" 404 4815 "-" "Go-http-client/1.1"
142.93.129.190 - - [11/Oct/2025:12:11:27 +0500] "GET /actuator/env HTTP/1.0" 404 4815 "-" "Go-http-client/1.1"
142.93.129.190 - - [11/Oct/2025:12:11:28 +0500] "POST /php-cgi/php-cgi.exe?%ADd+cgi.force_redirect%3D0+%ADd+disable_functions%3D\"\"+%ADd+allow_url_include%3D1+%ADd+auto_prepend_file%3Dphp://input HTTP/1.0" 404 4815 "-" "Go-http-client/1.1"
2a00:5da0:1000::128 - - [11/Oct/2025:12:11:24 +0500] "POST /wp-cron.php?doing_wp_cron=1760166684.0662250518798828125000 HTTP/1.0" 200 4011 "-" "WordPress/6.8.3; https://med.greenclinic.kz"
142.93.129.190 - - [11/Oct/2025:12:11:28 +0500] "GET /server HTTP/1.0" 404 4815 "-" "Go-http-client/1.1"
142.93.129.190 - - [11/Oct/2025:12:11:28 +0500] "GET /.vscode/sftp.json HTTP/1.0" 404 4815 "-" "Go-http-client/1.1"
142.93.129.190 - - [11/Oct/2025:12:11:29 +0500] "GET /about HTTP/1.0" 404 4815 "-" "Go-http-client/1.1"
142.93.129.190 - - [11/Oct/2025:12:11:29 +0500] "GET /debug/default/view?panel=config HTTP/1.0" 404 4815 "-" "Go-http-client/1.1"
142.93.129.190 - - [11/Oct/2025:12:11:29 +0500] "GET /v2/_catalog HTTP/1.0" 404 4815 "-" "Go-http-client/1.1"
142.93.129.190 - - [11/Oct/2025:12:11:29 +0500] "GET /ecp/Current/exporttool/microsoft.exchange.ediscovery.exporttool.application HTTP/1.0" 404 4815 "-" "Go-http-client/1.1"
142.93.129.190 - - [11/Oct/2025:12:11:30 +0500] "GET /server-status HTTP/1.0" 403 4802 "-" "Go-http-client/1.1"
142.93.129.190 - - [11/Oct/2025:12:11:30 +0500] "GET /login.action HTTP/1.0" 404 4815 "-" "Go-http-client/1.1"
142.93.129.190 - - [11/Oct/2025:12:11:30 +0500] "GET /_all_dbs HTTP/1.0" 404 4815 "-" "Mozilla/5.0 (l9scan/2.0.5353e26343e2031323e2539313; +https://leakix.net)"
142.93.129.190 - - [11/Oct/2025:12:11:31 +0500] "GET /.DS_Store HTTP/1.0" 404 4815 "-" "Go-http-client/1.1"
142.93.129.190 - - [11/Oct/2025:12:11:31 +0500] "GET /.env HTTP/1.0" 404 4815 "-" "Go-http-client/1.1"
142.93.129.190 - - [11/Oct/2025:12:11:32 +0500] "GET /s/5353e26343e2031323e2539313/_/;/META-INF/maven/com.atlassian.jira/jira-webapp-dist/pom.properties HTTP/1.0" 404 4815 "-" "Go-http-client/1.1"
142.93.129.190 - - [11/Oct/2025:12:11:32 +0500] "GET /config.json HTTP/1.0" 404 4815 "-" "Go-http-client/1.1"
142.93.129.190 - - [11/Oct/2025:12:11:32 +0500] "GET /telescope/requests HTTP/1.0" 404 4815 "-" "Go-http-client/1.1"
142.93.129.190 - - [11/Oct/2025:12:11:32 +0500] "GET /info.php HTTP/1.0" 404 4815 "-" "Go-http-client/1.1"
142.93.129.190 - - [11/Oct/2025:12:11:33 +0500] "GET /?rest_route=/wp/v2/users/ HTTP/1.0" 200 5210 "-" "Go-http-client/1.1"
64.225.9.54 - - [11/Oct/2025:13:33:01 +0500] "GET / HTTP/1.0" 500 11960 "-" "Mozilla/5.0 (X11; Linux x86_64) AppleWebKit/537.36 (KHTML, like Gecko) Chrome/139.0.0.0 Safari/537.36"
2a00:5da0:1000::128 - - [11/Oct/2025:13:33:04 +0500] "POST /wp-cron.php?doing_wp_cron=1760171584.1896789073944091796875 HTTP/1.0" 200 4011 "-" "WordPress/6.8.3; https://med.greenclinic.kz"
34.255.181.39 - - [11/Oct/2025:19:02:03 +0500] "GET / HTTP/1.0" 200 20877777 "-" "Mozilla/5.0 (compatible; NetcraftSurveyAgent/1.0; +info@netcraft.com)"
2a00:5da0:1000::128 - - [11/Oct/2025:19:02:06 +0500] "POST /wp-cron.php?doing_wp_cron=1760191325.9642319679260253906250 HTTP/1.0" 200 4011 "-" "WordPress/6.8.3; https://med.greenclinic.kz"
2a00:5da0:1000::128 - - [12/Oct/2025:04:50:56 +0500] "POST /wp-cron.php?doing_wp_cron=1760226656.6041989326477050781250 HTTP/1.0" 200 4011 "-" "WordPress/6.8.3; https://med.greenclinic.kz"
2a00:5da0:1000::128 - - [12/Oct/2025:07:19:09 +0500] "POST /wp-cron.php?doing_wp_cron=1760235549.0199339389801025390625 HTTP/1.0" 200 4011 "-" "WordPress/6.8.3; https://med.greenclinic.kz"
52.208.151.205 - - [12/Oct/2025:07:19:06 +0500] "GET / HTTP/1.0" 200 20876435 "-" "Mozilla/5.0 (Linux; Android 13; Pixel 7) AppleWebKit/537.36 (KHTML, like Gecko) Chrome/119.0.0.0 Mobile Safari/537.36"
198.235.24.176 - - [12/Oct/2025:16:08:39 +0500] "GET / HTTP/1.0" 200 20879537 "http://195.210.46.55:80/" "-"
2a00:5da0:1000::128 - - [12/Oct/2025:16:08:41 +0500] "POST /wp-cron.php?doing_wp_cron=1760267321.8961760997772216796875 HTTP/1.0" 200 4011 "-" "WordPress/6.8.3; https://med.greenclinic.kz"
2a00:5da0:1000::128 - - [13/Oct/2025:04:49:45 +0500] "POST /wp-cron.php?doing_wp_cron=1760312985.7205879688262939453125 HTTP/1.0" 200 4011 "-" "WordPress/6.8.3; https://med.greenclinic.kz"
2a00:5da0:1000::128 - - [13/Oct/2025:05:58:20 +0500] "POST /wp-cron.php?doing_wp_cron=1760317100.0339820384979248046875 HTTP/1.0" 200 4011 "-" "WordPress/6.8.3; https://med.greenclinic.kz"
3.249.209.47 - - [13/Oct/2025:05:58:17 +0500] "GET / HTTP/1.0" 200 20874059 "-" "Mozilla/5.0 (compatible; NetcraftSurveyAgent/1.0; +info@netcraft.com)"
2a00:5da0:1000::128 - - [13/Oct/2025:07:14:27 +0500] "POST /wp-cron.php?doing_wp_cron=1760321667.5555810928344726562500 HTTP/1.0" 200 4011 "-" "WordPress/6.8.3; https://med.greenclinic.kz"
52.208.151.205 - - [13/Oct/2025:07:14:25 +0500] "GET / HTTP/1.0" 200 20873487 "-" "Mozilla/5.0 (Windows NT 10.0; Win64; x64; rv:120.0) Gecko/20100101 Firefox/120.0"
2a00:5da0:1000::128 - - [13/Oct/2025:10:08:04 +0500] "POST /wp-cron.php?doing_wp_cron=1760332084.3203039169311523437500 HTTP/1.0" 200 4011 "-" "WordPress/6.8.3; https://med.greenclinic.kz"
206.189.233.36 - - [13/Oct/2025:10:08:01 +0500] "GET / HTTP/1.0" 500 11960 "-" "-"
206.189.233.36 - - [13/Oct/2025:10:08:02 +0500] "GET / HTTP/1.0" 200 20875929 "-" "Mozilla/5.0 (Linux; Android 6.0; HTC One M9 Build/MRA334945) AppleWebKit/537.36 (KHTML, like Gecko) Chrome/52.0.3285.98 Mobile Safari/537.3"
206.189.233.36 - - [13/Oct/2025:10:08:11 +0500] "GET /@vite/env HTTP/1.0" 404 4815 "-" "Go-http-client/1.1"
206.189.233.36 - - [13/Oct/2025:10:08:12 +0500] "GET /actuator/env HTTP/1.0" 404 4815 "-" "Go-http-client/1.1"
206.189.233.36 - - [13/Oct/2025:10:08:12 +0500] "POST /php-cgi/php-cgi.exe?%ADd+cgi.force_redirect%3D0+%ADd+disable_functions%3D\"\"+%ADd+allow_url_include%3D1+%ADd+auto_prepend_file%3Dphp://input HTTP/1.0" 404 4815 "-" "Go-http-client/1.1"
206.189.233.36 - - [13/Oct/2025:10:08:13 +0500] "GET /server HTTP/1.0" 404 4815 "-" "Go-http-client/1.1"
206.189.233.36 - - [13/Oct/2025:10:08:13 +0500] "GET /.vscode/sftp.json HTTP/1.0" 404 4815 "-" "Go-http-client/1.1"
206.189.233.36 - - [13/Oct/2025:10:08:14 +0500] "GET /about HTTP/1.0" 404 4815 "-" "Go-http-client/1.1"
206.189.233.36 - - [13/Oct/2025:10:08:14 +0500] "GET /debug/default/view?panel=config HTTP/1.0" 404 4815 "-" "Go-http-client/1.1"
206.189.233.36 - - [13/Oct/2025:10:08:15 +0500] "GET /v2/_catalog HTTP/1.0" 404 4815 "-" "Go-http-client/1.1"
206.189.233.36 - - [13/Oct/2025:10:08:16 +0500] "GET /ecp/Current/exporttool/microsoft.exchange.ediscovery.exporttool.application HTTP/1.0" 404 4815 "-" "Go-http-client/1.1"
206.189.233.36 - - [13/Oct/2025:10:08:16 +0500] "GET /server-status HTTP/1.0" 403 4802 "-" "Go-http-client/1.1"
206.189.233.36 - - [13/Oct/2025:10:08:17 +0500] "GET /login.action HTTP/1.0" 404 4815 "-" "Go-http-client/1.1"
206.189.233.36 - - [13/Oct/2025:10:08:17 +0500] "GET /_all_dbs HTTP/1.0" 404 4815 "-" "Mozilla/5.0 (l9scan/2.0.5353e26343e2031323e2539313; +https://leakix.net)"
206.189.233.36 - - [13/Oct/2025:10:08:18 +0500] "GET /.DS_Store HTTP/1.0" 404 4815 "-" "Go-http-client/1.1"
206.189.233.36 - - [13/Oct/2025:10:08:18 +0500] "GET /.env HTTP/1.0" 404 4815 "-" "Go-http-client/1.1"
206.189.233.36 - - [13/Oct/2025:10:08:19 +0500] "GET /s/5353e26343e2031323e2539313/_/;/META-INF/maven/com.atlassian.jira/jira-webapp-dist/pom.properties HTTP/1.0" 404 4815 "-" "Go-http-client/1.1"
206.189.233.36 - - [13/Oct/2025:10:08:20 +0500] "GET /config.json HTTP/1.0" 404 4815 "-" "Go-http-client/1.1"
206.189.233.36 - - [13/Oct/2025:10:08:20 +0500] "GET /telescope/requests HTTP/1.0" 404 4815 "-" "Go-http-client/1.1"
206.189.233.36 - - [13/Oct/2025:10:08:21 +0500] "GET /info.php HTTP/1.0" 404 4815 "-" "Go-http-client/1.1"
206.189.233.36 - - [13/Oct/2025:10:08:22 +0500] "GET /?rest_route=/wp/v2/users/ HTTP/1.0" 200 5210 "-" "Go-http-client/1.1"
45.148.10.203 - - [13/Oct/2025:12:51:06 +0500] "GET / HTTP/1.0" 500 11960 "-" "-"
2a00:5da0:1000::128 - - [13/Oct/2025:12:51:10 +0500] "POST /wp-cron.php?doing_wp_cron=1760341870.2775719165802001953125 HTTP/1.0" 200 4011 "-" "WordPress/6.8.3; https://med.greenclinic.kz"
45.148.10.203 - - [13/Oct/2025:12:51:15 +0500] "GET / HTTP/1.0" 200 20877139 "-" "-"
2a00:5da0:1000::128 - - [14/Oct/2025:04:55:10 +0500] "POST /wp-cron.php?doing_wp_cron=1760399710.4337739944458007812500 HTTP/1.0" 200 4011 "-" "WordPress/6.8.3; https://med.greenclinic.kz"
2a00:5da0:1000::128 - - [14/Oct/2025:07:27:15 +0500] "POST /wp-cron.php?doing_wp_cron=1760408835.4040958881378173828125 HTTP/1.0" 200 4011 "-" "WordPress/6.8.3; https://med.greenclinic.kz"
52.208.151.205 - - [14/Oct/2025:07:27:12 +0500] "GET / HTTP/1.0" 200 20874323 "-" "Mozilla/5.0 (Linux; Android 13; Pixel 7) AppleWebKit/537.36 (KHTML, like Gecko) Chrome/119.0.0.0 Mobile Safari/537.36"
2a00:5da0:1000::128 - - [14/Oct/2025:09:37:59 +0500] "POST /wp-cron.php?doing_wp_cron=1760416679.1623649597167968750000 HTTP/1.0" 200 4011 "-" "WordPress/6.8.3; https://med.greenclinic.kz"
3.250.179.249 - - [14/Oct/2025:09:37:55 +0500] "GET / HTTP/1.0" 200 20875753 "-" "Mozilla/5.0 (compatible; NetcraftSurveyAgent/1.0; +info@netcraft.com)"
44.248.166.114 - - [15/Oct/2025:01:15:12 +0500] "GET /robots.txt HTTP/1.0" 404 4815 "-" "Mozilla/5.0 (compatible; wpbot/1.3; +https://forms.gle/ajBaxygz9jSR8p8G9)"
44.248.166.114 - - [15/Oct/2025:01:15:13 +0500] "GET / HTTP/1.0" 200 20875247 "-" "Mozilla/5.0 (compatible; wpbot/1.3; +https://forms.gle/ajBaxygz9jSR8p8G9)"
2a00:5da0:1000::128 - - [15/Oct/2025:01:15:26 +0500] "POST /wp-cron.php HTTP/1.0" 200 4011 "-" "WordPress/6.8.3; https://med.greenclinic.kz"
2a00:5da0:1000::128 - - [15/Oct/2025:01:15:26 +0500] "GET / HTTP/1.0" 200 20877711 "-" "WordPress/6.8.3; https://med.greenclinic.kz"
2a00:5da0:1000::128 - - [15/Oct/2025:01:15:29 +0500] "GET / HTTP/1.0" 200 20879185 "-" "WordPress/6.8.3; https://med.greenclinic.kz"
2a00:5da0:1000::128 - - [15/Oct/2025:01:15:33 +0500] "GET / HTTP/1.0" 200 20879075 "-" "WordPress/6.8.3; https://med.greenclinic.kz"
2a00:5da0:1000::128 - - [15/Oct/2025:01:15:37 +0500] "GET / HTTP/1.0" 200 20879361 "-" "WordPress/6.8.3; https://med.greenclinic.kz"
2a00:5da0:1000::128 - - [15/Oct/2025:01:15:16 +0500] "POST /wp-cron.php?doing_wp_cron=1760472916.8881559371948242187500 HTTP/1.0" 200 4011 "-" "WordPress/6.8.3; https://med.greenclinic.kz"
2a00:5da0:1000::128 - - [15/Oct/2025:04:53:14 +0500] "POST /wp-cron.php?doing_wp_cron=1760485994.7925970554351806640625 HTTP/1.0" 200 4011 "-" "WordPress/6.8.3; https://med.greenclinic.kz"
2a00:5da0:1000::128 - - [15/Oct/2025:07:56:12 +0500] "POST /wp-cron.php?doing_wp_cron=1760496972.5679929256439208984375 HTTP/1.0" 200 4011 "-" "WordPress/6.8.3; https://med.greenclinic.kz"
54.217.83.13 - - [15/Oct/2025:07:56:10 +0500] "GET / HTTP/1.0" 200 20876303 "-" "Mozilla/5.0 (Macintosh; Intel Mac OS X 10_15_7) AppleWebKit/605.1.15 (KHTML, like Gecko) Version/17.1 Safari/605.1.15"
2a00:5da0:1000::128 - - [15/Oct/2025:10:21:08 +0500] "POST /wp-cron.php?doing_wp_cron=1760505668.4950480461120605468750 HTTP/1.0" 200 4011 "-" "WordPress/6.8.3; https://med.greenclinic.kz"
159.223.132.86 - - [15/Oct/2025:10:21:05 +0500] "GET / HTTP/1.0" 500 11960 "-" "-"
159.223.132.86 - - [15/Oct/2025:10:21:06 +0500] "GET / HTTP/1.0" 200 20874719 "-" "Mozilla/5.0 (Linux; Android 6.0; HTC One M9 Build/MRA334945) AppleWebKit/537.36 (KHTML, like Gecko) Chrome/52.0.3285.98 Mobile Safari/537.3"
159.223.132.86 - - [15/Oct/2025:10:21:13 +0500] "GET /swagger-ui.html HTTP/1.0" 301 4014 "-" "Mozilla/5.0 (l9scan/2.0.5353e26343e2031323e2539313; +https://leakix.net)"
159.223.132.86 - - [15/Oct/2025:10:21:14 +0500] "GET /swagger/index.html HTTP/1.0" 301 4017 "-" "Mozilla/5.0 (l9scan/2.0.5353e26343e2031323e2539313; +https://leakix.net)"
159.223.132.86 - - [15/Oct/2025:10:21:16 +0500] "GET /swagger/swagger-ui.html HTTP/1.0" 301 4022 "-" "Mozilla/5.0 (l9scan/2.0.5353e26343e2031323e2539313; +https://leakix.net)"
159.223.132.86 - - [15/Oct/2025:10:21:17 +0500] "GET /webjars/swagger-ui/index.html HTTP/1.0" 301 4028 "-" "Mozilla/5.0 (l9scan/2.0.5353e26343e2031323e2539313; +https://leakix.net)"
159.223.132.86 - - [15/Oct/2025:10:21:19 +0500] "GET /swagger.json HTTP/1.0" 301 4011 "-" "Mozilla/5.0 (l9scan/2.0.5353e26343e2031323e2539313; +https://leakix.net)"
159.223.132.86 - - [15/Oct/2025:10:21:21 +0500] "GET /swagger/v1/swagger.json HTTP/1.0" 301 4022 "-" "Mozilla/5.0 (l9scan/2.0.5353e26343e2031323e2539313; +https://leakix.net)"
159.223.132.86 - - [15/Oct/2025:10:21:22 +0500] "GET /v2/api-docs HTTP/1.0" 301 4010 "-" "Mozilla/5.0 (l9scan/2.0.5353e26343e2031323e2539313; +https://leakix.net)"
159.223.132.86 - - [15/Oct/2025:10:21:23 +0500] "GET /@vite/env HTTP/1.0" 301 4008 "-" "Go-http-client/1.1"
159.223.132.86 - - [15/Oct/2025:10:21:24 +0500] "GET /actuator/env HTTP/1.0" 301 4011 "-" "Go-http-client/1.1"
159.223.132.86 - - [15/Oct/2025:10:21:26 +0500] "POST /php-cgi/php-cgi.exe?%ADd+cgi.force_redirect%3D0+%ADd+disable_functions%3D\"\"+%ADd+allow_url_include%3D1+%ADd+auto_prepend_file%3Dphp://input HTTP/1.0" 500 11960 "-" "Go-http-client/1.1"
159.223.132.86 - - [15/Oct/2025:10:21:29 +0500] "GET /server HTTP/1.0" 301 4005 "-" "Go-http-client/1.1"
159.223.132.86 - - [15/Oct/2025:10:21:30 +0500] "GET /.vscode/sftp.json HTTP/1.0" 301 4016 "-" "Go-http-client/1.1"
159.223.132.86 - - [15/Oct/2025:10:21:32 +0500] "GET /about HTTP/1.0" 301 4004 "-" "Go-http-client/1.1"
159.223.132.86 - - [15/Oct/2025:10:21:33 +0500] "GET /debug/default/view?panel=config HTTP/1.0" 301 4030 "-" "Go-http-client/1.1"
159.223.132.86 - - [15/Oct/2025:10:21:35 +0500] "GET /v2/_catalog HTTP/1.0" 301 4010 "-" "Go-http-client/1.1"
159.223.132.86 - - [15/Oct/2025:10:21:36 +0500] "GET /ecp/Current/exporttool/microsoft.exchange.ediscovery.exporttool.application HTTP/1.0" 301 4074 "-" "Go-http-client/1.1"
159.223.132.86 - - [15/Oct/2025:10:21:38 +0500] "GET /server-status HTTP/1.0" 403 4802 "-" "Go-http-client/1.1"
159.223.132.86 - - [15/Oct/2025:10:21:38 +0500] "GET /login.action HTTP/1.0" 301 4011 "-" "Go-http-client/1.1"
159.223.132.86 - - [15/Oct/2025:10:21:40 +0500] "GET /_all_dbs HTTP/1.0" 301 4007 "-" "Mozilla/5.0 (l9scan/2.0.5353e26343e2031323e2539313; +https://leakix.net)"
159.223.132.86 - - [15/Oct/2025:10:21:41 +0500] "GET /.DS_Store HTTP/1.0" 301 4008 "-" "Go-http-client/1.1"
159.223.132.86 - - [15/Oct/2025:10:21:42 +0500] "GET /.env HTTP/1.0" 301 4003 "-" "Go-http-client/1.1"
159.223.132.86 - - [15/Oct/2025:10:21:44 +0500] "GET /s/5353e26343e2031323e2539313/_/;/META-INF/maven/com.atlassian.jira/jira-webapp-dist/pom.properties HTTP/1.0" 301 4097 "-" "Go-http-client/1.1"
159.223.132.86 - - [15/Oct/2025:10:21:46 +0500] "GET /config.json HTTP/1.0" 301 4010 "-" "Go-http-client/1.1"
159.223.132.86 - - [15/Oct/2025:10:21:47 +0500] "GET /telescope/requests HTTP/1.0" 301 4017 "-" "Go-http-client/1.1"
159.223.132.86 - - [15/Oct/2025:10:21:48 +0500] "GET /info.php HTTP/1.0" 403 4802 "-" "Go-http-client/1.1"
159.223.132.86 - - [15/Oct/2025:10:21:49 +0500] "GET /?rest_route=/wp/v2/users/ HTTP/1.0" 200 5210 "-" "Go-http-client/1.1"
2a00:5da0:1000::128 - - [16/Oct/2025:04:53:31 +0500] "POST /wp-cron.php?doing_wp_cron=1760572411.8185510635375976562500 HTTP/1.0" 200 4011 "-" "WordPress/6.8.3; https://med.greenclinic.kz"
45.204.10.81 - - [16/Oct/2025:05:31:35 +0500] "GET /postnews.php HTTP/1.0" 200 3907 "https://www.google.com" "Mozilla/5.0 (Windows NT 10.0; Win64; x64) AppleWebKit/537.36 (KHTML, like Gecko) Chrome/114.0.0.0 Safari/537.36 Edg/114.0.1823.43"
154.205.6.229 - - [16/Oct/2025:06:23:18 +0500] "GET /postnews.php HTTP/1.0" 200 3907 "https://www.google.com" "Mozilla/5.0 (Windows NT 10.0; Win64; x64) AppleWebKit/537.36 (KHTML, like Gecko) Chrome/114.0.0.0 Safari/537.36 Edg/114.0.1823.43"
2a00:5da0:1000::128 - - [16/Oct/2025:07:18:22 +0500] "POST /wp-cron.php?doing_wp_cron=1760581102.2797329425811767578125 HTTP/1.0" 200 4011 "-" "WordPress/6.8.3; https://med.greenclinic.kz"
54.217.83.13 - - [16/Oct/2025:07:18:19 +0500] "GET / HTTP/1.0" 200 20874323 "-" "Mozilla/5.0 (Windows NT 10.0; Win64; x64) AppleWebKit/537.36 (KHTML, like Gecko) Chrome/119.0.0.0 Safari/537.36"
2a00:5da0:1000::128 - - [17/Oct/2025:04:58:06 +0500] "POST /wp-cron.php?doing_wp_cron=1760659086.2080540657043457031250 HTTP/1.0" 200 4011 "-" "WordPress/6.8.3; https://med.greenclinic.kz"
2a00:5da0:1000::128 - - [17/Oct/2025:07:47:21 +0500] "POST /wp-cron.php?doing_wp_cron=1760669241.2959868907928466796875 HTTP/1.0" 200 4011 "-" "WordPress/6.8.3; https://med.greenclinic.kz"
52.208.151.205 - - [17/Oct/2025:07:47:17 +0500] "GET / HTTP/1.0" 200 20879185 "-" "Mozilla/5.0 (Macintosh; Intel Mac OS X 10_15_7) AppleWebKit/537.36 (KHTML, like Gecko) Chrome/120.0.0.0 Safari/537.36"
207.154.212.47 - - [17/Oct/2025:10:39:41 +0500] "GET / HTTP/1.0" 200 20875643 "-" "Mozilla/5.0 (Linux; Android 6.0; HTC One M9 Build/MRA334945) AppleWebKit/537.36 (KHTML, like Gecko) Chrome/52.0.3285.98 Mobile Safari/537.3"
2a00:5da0:1000::128 - - [17/Oct/2025:10:39:43 +0500] "POST /wp-cron.php?doing_wp_cron=1760679583.5488889217376708984375 HTTP/1.0" 200 4011 "-" "WordPress/6.8.3; https://med.greenclinic.kz"
207.154.212.47 - - [17/Oct/2025:10:39:40 +0500] "GET / HTTP/1.0" 500 11960 "-" "-"
207.154.212.47 - - [17/Oct/2025:10:39:47 +0500] "POST /graphql HTTP/1.0" 500 3290145 "-" "Mozilla/5.0 (l9scan/2.0.5353e26343e2031323e2539313; +https://leakix.net)"
207.154.212.47 - - [17/Oct/2025:10:39:50 +0500] "POST /api HTTP/1.0" 200 20875181 "-" "Mozilla/5.0 (l9scan/2.0.5353e26343e2031323e2539313; +https://leakix.net)"
207.154.212.47 - - [17/Oct/2025:10:39:52 +0500] "POST /api/graphql HTTP/1.0" 200 20875247 "-" "Mozilla/5.0 (l9scan/2.0.5353e26343e2031323e2539313; +https://leakix.net)"
207.154.212.47 - - [17/Oct/2025:10:39:54 +0500] "POST /graphql/api HTTP/1.0" 200 20875379 "-" "Mozilla/5.0 (l9scan/2.0.5353e26343e2031323e2539313; +https://leakix.net)"
207.154.212.47 - - [17/Oct/2025:10:39:57 +0500] "GET /swagger-ui.html HTTP/1.0" 301 4014 "-" "Mozilla/5.0 (l9scan/2.0.5353e26343e2031323e2539313; +https://leakix.net)"
207.154.212.47 - - [17/Oct/2025:10:39:58 +0500] "GET /swagger/index.html HTTP/1.0" 301 4017 "-" "Mozilla/5.0 (l9scan/2.0.5353e26343e2031323e2539313; +https://leakix.net)"
207.154.212.47 - - [17/Oct/2025:10:39:59 +0500] "GET /swagger/swagger-ui.html HTTP/1.0" 301 4022 "-" "Mozilla/5.0 (l9scan/2.0.5353e26343e2031323e2539313; +https://leakix.net)"
207.154.212.47 - - [17/Oct/2025:10:40:00 +0500] "GET /webjars/swagger-ui/index.html HTTP/1.0" 301 4028 "-" "Mozilla/5.0 (l9scan/2.0.5353e26343e2031323e2539313; +https://leakix.net)"
207.154.212.47 - - [17/Oct/2025:10:40:01 +0500] "GET /swagger.json HTTP/1.0" 301 4011 "-" "Mozilla/5.0 (l9scan/2.0.5353e26343e2031323e2539313; +https://leakix.net)"
207.154.212.47 - - [17/Oct/2025:10:40:03 +0500] "GET /swagger/v1/swagger.json HTTP/1.0" 301 4022 "-" "Mozilla/5.0 (l9scan/2.0.5353e26343e2031323e2539313; +https://leakix.net)"
207.154.212.47 - - [17/Oct/2025:10:40:04 +0500] "GET /v2/api-docs HTTP/1.0" 301 4010 "-" "Mozilla/5.0 (l9scan/2.0.5353e26343e2031323e2539313; +https://leakix.net)"
207.154.212.47 - - [17/Oct/2025:10:40:06 +0500] "GET /v3/api-docs HTTP/1.0" 301 4010 "-" "Mozilla/5.0 (l9scan/2.0.5353e26343e2031323e2539313; +https://leakix.net)"
207.154.212.47 - - [17/Oct/2025:10:40:07 +0500] "GET /@vite/env HTTP/1.0" 301 4008 "-" "Go-http-client/1.1"
207.154.212.47 - - [17/Oct/2025:10:40:09 +0500] "GET /actuator/env HTTP/1.0" 301 4011 "-" "Go-http-client/1.1"
207.154.212.47 - - [17/Oct/2025:10:40:11 +0500] "POST /php-cgi/php-cgi.exe?%ADd+cgi.force_redirect%3D0+%ADd+disable_functions%3D\"\"+%ADd+allow_url_include%3D1+%ADd+auto_prepend_file%3Dphp://input HTTP/1.0" 200 20873839 "-" "Go-http-client/1.1"
207.154.212.47 - - [17/Oct/2025:10:40:13 +0500] "GET /server HTTP/1.0" 301 4005 "-" "Go-http-client/1.1"
207.154.212.47 - - [17/Oct/2025:10:40:14 +0500] "GET /.vscode/sftp.json HTTP/1.0" 301 4016 "-" "Go-http-client/1.1"
207.154.212.47 - - [17/Oct/2025:10:40:16 +0500] "GET /about HTTP/1.0" 301 4004 "-" "Go-http-client/1.1"
207.154.212.47 - - [17/Oct/2025:10:40:17 +0500] "GET /debug/default/view?panel=config HTTP/1.0" 301 4030 "-" "Go-http-client/1.1"
207.154.212.47 - - [17/Oct/2025:10:40:18 +0500] "GET /v2/_catalog HTTP/1.0" 301 4010 "-" "Go-http-client/1.1"
207.154.212.47 - - [17/Oct/2025:10:40:19 +0500] "GET /ecp/Current/exporttool/microsoft.exchange.ediscovery.exporttool.application HTTP/1.0" 301 4074 "-" "Go-http-client/1.1"
207.154.212.47 - - [17/Oct/2025:10:40:20 +0500] "GET /server-status HTTP/1.0" 403 4802 "-" "Go-http-client/1.1"
207.154.212.47 - - [17/Oct/2025:10:40:21 +0500] "GET /login.action HTTP/1.0" 301 4011 "-" "Go-http-client/1.1"
207.154.212.47 - - [17/Oct/2025:10:40:22 +0500] "GET /_all_dbs HTTP/1.0" 301 4007 "-" "Mozilla/5.0 (l9scan/2.0.5353e26343e2031323e2539313; +https://leakix.net)"
207.154.212.47 - - [17/Oct/2025:10:40:23 +0500] "GET /.DS_Store HTTP/1.0" 301 4008 "-" "Go-http-client/1.1"
207.154.212.47 - - [17/Oct/2025:10:40:25 +0500] "GET /.env HTTP/1.0" 301 4003 "-" "Go-http-client/1.1"
207.154.212.47 - - [17/Oct/2025:10:40:26 +0500] "GET /s/5353e26343e2031323e2539313/_/;/META-INF/maven/com.atlassian.jira/jira-webapp-dist/pom.properties HTTP/1.0" 301 4097 "-" "Go-http-client/1.1"
207.154.212.47 - - [17/Oct/2025:10:40:28 +0500] "GET /config.json HTTP/1.0" 301 4010 "-" "Go-http-client/1.1"
207.154.212.47 - - [17/Oct/2025:10:40:29 +0500] "GET /telescope/requests HTTP/1.0" 301 4017 "-" "Go-http-client/1.1"
207.154.212.47 - - [17/Oct/2025:10:40:30 +0500] "GET /info.php HTTP/1.0" 403 4802 "-" "Go-http-client/1.1"
207.154.212.47 - - [17/Oct/2025:10:40:30 +0500] "GET /?rest_route=/wp/v2/users/ HTTP/1.0" 200 5210 "-" "Go-http-client/1.1"
167.94.138.200 - - [18/Oct/2025:01:12:47 +0500] "GET / HTTP/1.0" 200 20873487 "-" "Mozilla/5.0 (compatible; CensysInspect/1.1; +https://about.censys.io/)"
2a00:5da0:1000::128 - - [18/Oct/2025:01:12:50 +0500] "POST /wp-cron.php?doing_wp_cron=1760731970.3947379589080810546875 HTTP/1.0" 200 4011 "-" "WordPress/6.8.3; https://med.greenclinic.kz"
2602:80d:1006::78 - - [18/Oct/2025:01:13:10 +0500] "GET /favicon.ico HTTP/1.0" 301 4010 "-" "Mozilla/5.0 (compatible; CensysInspect/1.1; +https://about.censys.io/)"
2602:80d:1006::78 - - [18/Oct/2025:01:13:13 +0500] "GET /favicon.ico/ HTTP/1.0" 200 20874829 "https://med.greenclinic.kz/favicon.ico" "Mozilla/5.0 (compatible; CensysInspect/1.1; +https://about.censys.io/)"
2602:80d:1006::78 - - [18/Oct/2025:01:13:50 +0500] "GET /favicon.ico HTTP/1.0" 301 4010 "-" "Mozilla/5.0 (compatible; CensysInspect/1.1; +https://about.censys.io/)"
2602:80d:1006::78 - - [18/Oct/2025:01:13:54 +0500] "GET /favicon.ico/ HTTP/1.0" 200 20874235 "https://med.greenclinic.kz/favicon.ico" "Mozilla/5.0 (compatible; CensysInspect/1.1; +https://about.censys.io/)"
2a00:5da0:1000::128 - - [18/Oct/2025:04:59:19 +0500] "POST /wp-cron.php?doing_wp_cron=1760745559.8593089580535888671875 HTTP/1.0" 200 4011 "-" "WordPress/6.8.3; https://med.greenclinic.kz"
2a00:5da0:1000::128 - - [18/Oct/2025:07:47:14 +0500] "POST /wp-cron.php?doing_wp_cron=1760755634.5295519828796386718750 HTTP/1.0" 200 4011 "-" "WordPress/6.8.3; https://med.greenclinic.kz"
52.208.151.205 - - [18/Oct/2025:07:47:11 +0500] "GET / HTTP/1.0" 200 20875335 "-" "Mozilla/5.0 (iPhone; CPU iPhone OS 17_1 like Mac OS X) AppleWebKit/605.1.15 (KHTML, like Gecko) Version/17.1 Mobile/15E148 Safari/604.1"
2a00:5da0:1000::128 - - [19/Oct/2025:04:52:07 +0500] "POST /wp-cron.php?doing_wp_cron=1760831527.0301449298858642578125 HTTP/1.0" 200 4011 "-" "WordPress/6.8.3; https://med.greenclinic.kz"
2a00:5da0:1000::128 - - [19/Oct/2025:07:44:04 +0500] "POST /wp-cron.php?doing_wp_cron=1760841844.8336141109466552734375 HTTP/1.0" 200 4011 "-" "WordPress/6.8.3; https://med.greenclinic.kz"
99.81.216.206 - - [19/Oct/2025:07:44:01 +0500] "GET / HTTP/1.0" 200 20875929 "-" "Mozilla/5.0 (Macintosh; Intel Mac OS X 10.15; rv:121.0) Gecko/20100101 Firefox/121.0"
146.190.103.103 - - [19/Oct/2025:17:58:21 +0500] "GET / HTTP/1.0" 500 11960 "-" "-"
2a00:5da0:1000::128 - - [19/Oct/2025:17:58:24 +0500] "POST /wp-cron.php?doing_wp_cron=1760878704.1946790218353271484375 HTTP/1.0" 200 4011 "-" "WordPress/6.8.3; https://med.greenclinic.kz"
146.190.103.103 - - [19/Oct/2025:17:58:23 +0500] "GET / HTTP/1.0" 200 20876479 "-" "Mozilla/5.0 (Linux; Android 6.0; HTC One M9 Build/MRA334945) AppleWebKit/537.36 (KHTML, like Gecko) Chrome/52.0.3285.98 Mobile Safari/537.3"
146.190.103.103 - - [19/Oct/2025:17:58:29 +0500] "POST /graphql HTTP/1.0" 500 11960 "-" "Mozilla/5.0 (l9scan/2.0.5353e26343e2031323e2539313; +https://leakix.net)"
146.190.103.103 - - [19/Oct/2025:17:58:32 +0500] "POST /api HTTP/1.0" 200 20874565 "-" "Mozilla/5.0 (l9scan/2.0.5353e26343e2031323e2539313; +https://leakix.net)"
146.190.103.103 - - [19/Oct/2025:17:58:35 +0500] "POST /api/graphql HTTP/1.0" 500 20095511 "-" "Mozilla/5.0 (l9scan/2.0.5353e26343e2031323e2539313; +https://leakix.net)"
146.190.103.103 - - [19/Oct/2025:17:58:39 +0500] "GET /swagger-ui.html HTTP/1.0" 301 4014 "-" "Mozilla/5.0 (l9scan/2.0.5353e26343e2031323e2539313; +https://leakix.net)"
146.190.103.103 - - [19/Oct/2025:17:58:38 +0500] "POST /graphql/api HTTP/1.0" 500 11960 "-" "Mozilla/5.0 (l9scan/2.0.5353e26343e2031323e2539313; +https://leakix.net)"
146.190.103.103 - - [19/Oct/2025:17:58:41 +0500] "GET /swagger/index.html HTTP/1.0" 301 4017 "-" "Mozilla/5.0 (l9scan/2.0.5353e26343e2031323e2539313; +https://leakix.net)"
146.190.103.103 - - [19/Oct/2025:17:58:42 +0500] "GET /swagger/swagger-ui.html HTTP/1.0" 301 4022 "-" "Mozilla/5.0 (l9scan/2.0.5353e26343e2031323e2539313; +https://leakix.net)"
146.190.103.103 - - [19/Oct/2025:17:58:44 +0500] "GET /webjars/swagger-ui/index.html HTTP/1.0" 301 4028 "-" "Mozilla/5.0 (l9scan/2.0.5353e26343e2031323e2539313; +https://leakix.net)"
146.190.103.103 - - [19/Oct/2025:17:58:45 +0500] "GET /swagger.json HTTP/1.0" 301 4011 "-" "Mozilla/5.0 (l9scan/2.0.5353e26343e2031323e2539313; +https://leakix.net)"
146.190.103.103 - - [19/Oct/2025:17:58:47 +0500] "GET /swagger/v1/swagger.json HTTP/1.0" 301 4022 "-" "Mozilla/5.0 (l9scan/2.0.5353e26343e2031323e2539313; +https://leakix.net)"
146.190.103.103 - - [19/Oct/2025:17:58:49 +0500] "GET /@vite/env HTTP/1.0" 301 4008 "-" "Go-http-client/1.1"
146.190.103.103 - - [19/Oct/2025:17:58:51 +0500] "GET /actuator/env HTTP/1.0" 301 4011 "-" "Go-http-client/1.1"
146.190.103.103 - - [19/Oct/2025:17:58:52 +0500] "POST /php-cgi/php-cgi.exe?%ADd+cgi.force_redirect%3D0+%ADd+disable_functions%3D\"\"+%ADd+allow_url_include%3D1+%ADd+auto_prepend_file%3Dphp://input HTTP/1.0" 500 11960 "-" "Go-http-client/1.1"
146.190.103.103 - - [19/Oct/2025:17:58:55 +0500] "GET /server HTTP/1.0" 301 4005 "-" "Go-http-client/1.1"
146.190.103.103 - - [19/Oct/2025:17:58:57 +0500] "GET /.vscode/sftp.json HTTP/1.0" 301 4016 "-" "Go-http-client/1.1"
146.190.103.103 - - [19/Oct/2025:17:58:58 +0500] "GET /about HTTP/1.0" 301 4004 "-" "Go-http-client/1.1"
146.190.103.103 - - [19/Oct/2025:17:59:00 +0500] "GET /debug/default/view?panel=config HTTP/1.0" 301 4030 "-" "Go-http-client/1.1"
146.190.103.103 - - [19/Oct/2025:17:59:01 +0500] "GET /v2/_catalog HTTP/1.0" 301 4010 "-" "Go-http-client/1.1"
146.190.103.103 - - [19/Oct/2025:17:59:03 +0500] "GET /ecp/Current/exporttool/microsoft.exchange.ediscovery.exporttool.application HTTP/1.0" 301 4074 "-" "Go-http-client/1.1"
146.190.103.103 - - [19/Oct/2025:17:59:05 +0500] "GET /server-status HTTP/1.0" 403 4802 "-" "Go-http-client/1.1"
146.190.103.103 - - [19/Oct/2025:17:59:06 +0500] "GET /login.action HTTP/1.0" 301 4011 "-" "Go-http-client/1.1"
146.190.103.103 - - [19/Oct/2025:17:59:07 +0500] "GET /_all_dbs HTTP/1.0" 301 4007 "-" "Mozilla/5.0 (l9scan/2.0.5353e26343e2031323e2539313; +https://leakix.net)"
146.190.103.103 - - [19/Oct/2025:17:59:09 +0500] "GET /.DS_Store HTTP/1.0" 301 4008 "-" "Go-http-client/1.1"
146.190.103.103 - - [19/Oct/2025:17:59:11 +0500] "GET /.env HTTP/1.0" 301 4003 "-" "Go-http-client/1.1"
146.190.103.103 - - [19/Oct/2025:17:59:13 +0500] "GET /s/5353e26343e2031323e2539313/_/;/META-INF/maven/com.atlassian.jira/jira-webapp-dist/pom.properties HTTP/1.0" 301 4097 "-" "Go-http-client/1.1"
146.190.103.103 - - [19/Oct/2025:17:59:14 +0500] "GET /config.json HTTP/1.0" 301 4010 "-" "Go-http-client/1.1"
146.190.103.103 - - [19/Oct/2025:17:59:16 +0500] "GET /telescope/requests HTTP/1.0" 301 4017 "-" "Go-http-client/1.1"
146.190.103.103 - - [19/Oct/2025:17:59:18 +0500] "GET /info.php HTTP/1.0" 403 4802 "-" "Go-http-client/1.1"
146.190.103.103 - - [19/Oct/2025:17:59:19 +0500] "GET /?rest_route=/wp/v2/users/ HTTP/1.0" 200 5210 "-" "Go-http-client/1.1"
2a00:5da0:1000::128 - - [19/Oct/2025:18:07:50 +0500] "POST /wp-cron.php?doing_wp_cron=1760879270.4067399501800537109375 HTTP/1.0" 200 4011 "-" "WordPress/6.8.3; https://med.greenclinic.kz"
199.45.154.124 - - [19/Oct/2025:18:07:48 +0500] "GET / HTTP/1.0" 200 20877337 "-" "Mozilla/5.0 (compatible; CensysInspect/1.1; +https://about.censys.io/)"
2602:80d:1003::1c - - [19/Oct/2025:18:08:11 +0500] "GET /favicon.ico HTTP/1.0" 301 4010 "-" "Mozilla/5.0 (compatible; CensysInspect/1.1; +https://about.censys.io/)"
2602:80d:1003::1c - - [19/Oct/2025:18:08:17 +0500] "GET /favicon.ico/ HTTP/1.0" 200 20875599 "https://med.greenclinic.kz/favicon.ico" "Mozilla/5.0 (compatible; CensysInspect/1.1; +https://about.censys.io/)"
2a00:5da0:1000::128 - - [20/Oct/2025:04:58:16 +0500] "POST /wp-cron.php?doing_wp_cron=1760918296.4212799072265625000000 HTTP/1.0" 200 4011 "-" "WordPress/6.8.3; https://med.greenclinic.kz"
2a00:5da0:1000::128 - - [20/Oct/2025:07:40:33 +0500] "POST /wp-cron.php?doing_wp_cron=1760928033.4317240715026855468750 HTTP/1.0" 200 4011 "-" "WordPress/6.8.3; https://med.greenclinic.kz"
52.208.151.205 - - [20/Oct/2025:07:40:30 +0500] "GET / HTTP/1.0" 200 20875775 "-" "Mozilla/5.0 (Windows NT 10.0; Win64; x64; rv:121.0) Gecko/20100101 Firefox/121.0"
2a00:5da0:1000::128 - - [20/Oct/2025:10:59:14 +0500] "POST /wp-cron.php?doing_wp_cron=1760939954.8131461143493652343750 HTTP/1.0" 200 4011 "-" "WordPress/6.8.3; https://med.greenclinic.kz"
198.235.24.184 - - [20/Oct/2025:10:59:10 +0500] "GET / HTTP/1.0" 500 11960 "-" "-"
2a00:5da0:1000::128 - - [21/Oct/2025:05:01:53 +0500] "POST /wp-cron.php?doing_wp_cron=1761004913.6221210956573486328125 HTTP/1.0" 200 4011 "-" "WordPress/6.8.3; https://med.greenclinic.kz"
2a00:5da0:1000::128 - - [21/Oct/2025:05:08:03 +0500] "POST /wp-cron.php?doing_wp_cron=1761005283.8035509586334228515625 HTTP/1.0" 200 4011 "-" "WordPress/6.8.3; https://med.greenclinic.kz"
2a00:5da0:1000::128 - - [21/Oct/2025:07:08:41 +0500] "POST /wp-cron.php?doing_wp_cron=1761012521.0800490379333496093750 HTTP/1.0" 200 4011 "-" "WordPress/6.8.3; https://med.greenclinic.kz"
198.235.24.60 - - [21/Oct/2025:07:08:38 +0500] "GET / HTTP/1.0" 200 20873487 "http://195.210.46.55:80/" "-"
2a00:5da0:1000::128 - - [21/Oct/2025:19:28:37 +0500] "POST /wp-cron.php?doing_wp_cron=1761056917.4811561107635498046875 HTTP/1.0" 200 4011 "-" "WordPress/6.8.3; https://med.greenclinic.kz"
188.166.108.93 - - [21/Oct/2025:19:28:32 +0500] "GET / HTTP/1.0" 500 11960 "-" "-"
188.166.108.93 - - [21/Oct/2025:19:28:37 +0500] "GET / HTTP/1.0" 200 20877953 "-" "Mozilla/5.0 (Linux; Android 6.0; HTC One M9 Build/MRA334945) AppleWebKit/537.36 (KHTML, like Gecko) Chrome/52.0.3285.98 Mobile Safari/537.3"
188.166.108.93 - - [21/Oct/2025:19:28:46 +0500] "POST /graphql HTTP/1.0" 500 11960 "-" "Mozilla/5.0 (l9scan/2.0.5353e26343e2031323e2539313; +https://leakix.net)"
188.166.108.93 - - [21/Oct/2025:19:28:49 +0500] "POST /api HTTP/1.0" 500 11960 "-" "Mozilla/5.0 (l9scan/2.0.5353e26343e2031323e2539313; +https://leakix.net)"
188.166.108.93 - - [21/Oct/2025:19:28:52 +0500] "POST /api/graphql HTTP/1.0" 500 11960 "-" "Mozilla/5.0 (l9scan/2.0.5353e26343e2031323e2539313; +https://leakix.net)"
188.166.108.93 - - [21/Oct/2025:19:28:56 +0500] "GET /swagger-ui.html HTTP/1.0" 301 4014 "-" "Mozilla/5.0 (l9scan/2.0.5353e26343e2031323e2539313; +https://leakix.net)"
188.166.108.93 - - [21/Oct/2025:19:28:55 +0500] "POST /graphql/api HTTP/1.0" 500 11960 "-" "Mozilla/5.0 (l9scan/2.0.5353e26343e2031323e2539313; +https://leakix.net)"
188.166.108.93 - - [21/Oct/2025:19:28:58 +0500] "GET /swagger/index.html HTTP/1.0" 301 4017 "-" "Mozilla/5.0 (l9scan/2.0.5353e26343e2031323e2539313; +https://leakix.net)"
188.166.108.93 - - [21/Oct/2025:19:29:00 +0500] "GET /swagger/swagger-ui.html HTTP/1.0" 301 4022 "-" "Mozilla/5.0 (l9scan/2.0.5353e26343e2031323e2539313; +https://leakix.net)"
188.166.108.93 - - [21/Oct/2025:19:29:02 +0500] "GET /webjars/swagger-ui/index.html HTTP/1.0" 301 4028 "-" "Mozilla/5.0 (l9scan/2.0.5353e26343e2031323e2539313; +https://leakix.net)"
188.166.108.93 - - [21/Oct/2025:19:29:04 +0500] "GET /swagger.json HTTP/1.0" 301 4011 "-" "Mozilla/5.0 (l9scan/2.0.5353e26343e2031323e2539313; +https://leakix.net)"
188.166.108.93 - - [21/Oct/2025:19:29:06 +0500] "GET /@vite/env HTTP/1.0" 301 4008 "-" "Go-http-client/1.1"
188.166.108.93 - - [21/Oct/2025:19:29:08 +0500] "GET /actuator/env HTTP/1.0" 301 4011 "-" "Go-http-client/1.1"
188.166.108.93 - - [21/Oct/2025:19:29:10 +0500] "POST /php-cgi/php-cgi.exe?%ADd+cgi.force_redirect%3D0+%ADd+disable_functions%3D\"\"+%ADd+allow_url_include%3D1+%ADd+auto_prepend_file%3Dphp://input HTTP/1.0" 500 11960 "-" "Go-http-client/1.1"
188.166.108.93 - - [21/Oct/2025:19:29:13 +0500] "GET /server HTTP/1.0" 301 4005 "-" "Go-http-client/1.1"
188.166.108.93 - - [21/Oct/2025:19:29:15 +0500] "GET /.vscode/sftp.json HTTP/1.0" 301 4016 "-" "Go-http-client/1.1"
188.166.108.93 - - [21/Oct/2025:19:29:17 +0500] "GET /about HTTP/1.0" 301 4004 "-" "Go-http-client/1.1"
188.166.108.93 - - [21/Oct/2025:19:29:18 +0500] "GET /debug/default/view?panel=config HTTP/1.0" 301 4030 "-" "Go-http-client/1.1"
188.166.108.93 - - [21/Oct/2025:19:29:20 +0500] "GET /v2/_catalog HTTP/1.0" 301 4010 "-" "Go-http-client/1.1"
188.166.108.93 - - [21/Oct/2025:19:29:22 +0500] "GET /ecp/Current/exporttool/microsoft.exchange.ediscovery.exporttool.application HTTP/1.0" 301 4074 "-" "Go-http-client/1.1"
188.166.108.93 - - [21/Oct/2025:19:29:24 +0500] "GET /server-status HTTP/1.0" 403 4802 "-" "Go-http-client/1.1"
188.166.108.93 - - [21/Oct/2025:19:29:24 +0500] "GET /login.action HTTP/1.0" 301 4011 "-" "Go-http-client/1.1"
188.166.108.93 - - [21/Oct/2025:19:29:26 +0500] "GET /_all_dbs HTTP/1.0" 301 4007 "-" "Mozilla/5.0 (l9scan/2.0.5353e26343e2031323e2539313; +https://leakix.net)"
188.166.108.93 - - [21/Oct/2025:19:29:28 +0500] "GET /.DS_Store HTTP/1.0" 301 4008 "-" "Go-http-client/1.1"
188.166.108.93 - - [21/Oct/2025:19:29:29 +0500] "GET /.env HTTP/1.0" 301 4003 "-" "Go-http-client/1.1"
188.166.108.93 - - [21/Oct/2025:19:29:32 +0500] "GET /s/5353e26343e2031323e2539313/_/;/META-INF/maven/com.atlassian.jira/jira-webapp-dist/pom.properties HTTP/1.0" 301 4097 "-" "Go-http-client/1.1"
188.166.108.93 - - [21/Oct/2025:19:29:34 +0500] "GET /config.json HTTP/1.0" 301 4010 "-" "Go-http-client/1.1"
188.166.108.93 - - [21/Oct/2025:19:29:36 +0500] "GET /telescope/requests HTTP/1.0" 301 4017 "-" "Go-http-client/1.1"
188.166.108.93 - - [21/Oct/2025:19:29:38 +0500] "GET /info.php HTTP/1.0" 403 4802 "-" "Go-http-client/1.1"
188.166.108.93 - - [21/Oct/2025:19:29:38 +0500] "GET /?rest_route=/wp/v2/users/ HTTP/1.0" 200 5210 "-" "Go-http-client/1.1"
138.199.35.3 - - [22/Oct/2025:00:02:32 +0500] "GET / HTTP/1.0" 200 20875841 "-" "Mozilla/5.0 (Windows NT 10.0; Win64; x64) AppleWebKit/537.36 (KHTML, like Gecko) Chrome/78.0.3904.108 Safari/537.36"
2a00:5da0:1000::128 - - [22/Oct/2025:00:02:40 +0500] "POST /wp-cron.php HTTP/1.0" 200 4011 "-" "WordPress/6.8.3; https://med.greenclinic.kz"
2a00:5da0:1000::128 - - [22/Oct/2025:00:02:40 +0500] "GET / HTTP/1.0" 200 20876875 "-" "WordPress/6.8.3; https://med.greenclinic.kz"
138.199.35.3 - - [22/Oct/2025:00:02:40 +0500] "GET //wp-includes/wlwmanifest.xml HTTP/1.0" 301 4026 "-" "Mozilla/5.0 (Windows NT 10.0; Win64; x64) AppleWebKit/537.36 (KHTML, like Gecko) Chrome/78.0.3904.108 Safari/537.36"
2a00:5da0:1000::128 - - [22/Oct/2025:00:02:43 +0500] "GET / HTTP/1.0" 200 20878327 "-" "WordPress/6.8.3; https://med.greenclinic.kz"
138.199.35.3 - - [22/Oct/2025:00:02:44 +0500] "GET / HTTP/1.0" 200 20873487 "-" "Mozilla/5.0 (Windows NT 10.0; Win64; x64) AppleWebKit/537.36 (KHTML, like Gecko) Chrome/78.0.3904.108 Safari/537.36"
138.199.35.3 - - [22/Oct/2025:00:02:48 +0500] "GET //?author=1 HTTP/1.0" 301 4007 "-" "Mozilla/5.0 (Windows NT 10.0; Win64; x64) AppleWebKit/537.36 (KHTML, like Gecko) Chrome/78.0.3904.108 Safari/537.36"
2a00:5da0:1000::128 - - [22/Oct/2025:00:02:47 +0500] "GET / HTTP/1.0" 200 20877227 "-" "WordPress/6.8.3; https://med.greenclinic.kz"
138.199.35.3 - - [22/Oct/2025:00:02:49 +0500] "GET //?author=2 HTTP/1.0" 301 4007 "-" "Mozilla/5.0 (Windows NT 10.0; Win64; x64) AppleWebKit/537.36 (KHTML, like Gecko) Chrome/78.0.3904.108 Safari/537.36"
138.199.35.3 - - [22/Oct/2025:00:02:50 +0500] "GET //wp-json/wp/v2/users/ HTTP/1.0" 301 4018 "-" "Mozilla/5.0 (Windows NT 10.0; Win64; x64) AppleWebKit/537.36 (KHTML, like Gecko) Chrome/78.0.3904.108 Safari/537.36"
138.199.35.3 - - [22/Oct/2025:00:02:51 +0500] "GET //wp-json/oembed/1.0/embed?url=https://med.greenclinic.kz/ HTTP/1.0" 301 4055 "-" "Mozilla/5.0 (Windows NT 10.0; Win64; x64) AppleWebKit/537.36 (KHTML, like Gecko) Chrome/78.0.3904.108 Safari/537.36"
2a00:5da0:1000::128 - - [22/Oct/2025:00:02:50 +0500] "GET / HTTP/1.0" 200 20878085 "-" "WordPress/6.8.3; https://med.greenclinic.kz"
2a00:5da0:1000::128 - - [22/Oct/2025:00:02:34 +0500] "POST /wp-cron.php?doing_wp_cron=1761073354.6529030799865722656250 HTTP/1.0" 200 4011 "-" "WordPress/6.8.3; https://med.greenclinic.kz"
2a00:5da0:1000::128 - - [22/Oct/2025:04:56:50 +0500] "POST /wp-cron.php?doing_wp_cron=1761091010.1858799457550048828125 HTTP/1.0" 200 4011 "-" "WordPress/6.8.3; https://med.greenclinic.kz"
20.57.67.37 - - [22/Oct/2025:21:05:50 +0500] "GET /robots.txt HTTP/1.0" 301 4009 "-" "Mozilla/5.0 AppleWebKit/537.36 (KHTML, like Gecko; compatible; GPTBot/1.0; +https://openai.com/gptbot)"
2a00:5da0:1000::128 - - [22/Oct/2025:21:05:53 +0500] "POST /wp-cron.php?doing_wp_cron=1761149153.5504560470581054687500 HTTP/1.0" 200 4011 "-" "WordPress/6.8.3; https://med.greenclinic.kz"
172.182.204.108 - - [22/Oct/2025:21:05:56 +0500] "GET /robots.txt HTTP/1.0" 301 4009 "-" "Mozilla/5.0 AppleWebKit/537.36 (KHTML, like Gecko; compatible; GPTBot/1.0; +https://openai.com/gptbot)"
20.57.67.35 - - [22/Oct/2025:21:05:59 +0500] "GET /robots.txt/ HTTP/1.0" 500 11960 "-" "Mozilla/5.0 AppleWebKit/537.36 (KHTML, like Gecko; compatible; GPTBot/1.0; +https://openai.com/gptbot)"
2a00:5da0:1000::128 - - [22/Oct/2025:21:59:25 +0500] "POST /wp-cron.php?doing_wp_cron=1761152365.7008531093597412109375 HTTP/1.0" 200 4011 "-" "WordPress/6.8.3; https://med.greenclinic.kz"
34.1.20.182 - - [22/Oct/2025:21:59:23 +0500] "GET / HTTP/1.0" 200 20877997 "http://med.greenclinic.kz/" "Mozilla/5.0 (Macintosh; Intel Mac OS X 10_15_7) AppleWebKit/537.36 (KHTML, like Gecko) Chrome/135.0.0.0 Safari/537.36"
2a00:5da0:1000::128 - - [23/Oct/2025:05:07:28 +0500] "POST /wp-cron.php?doing_wp_cron=1761178048.4419760704040527343750 HTTP/1.0" 200 4011 "-" "WordPress/6.8.3; https://med.greenclinic.kz"
2a00:5da0:1000::128 - - [23/Oct/2025:07:04:35 +0500] "POST /wp-cron.php?doing_wp_cron=1761185075.5533540248870849609375 HTTP/1.0" 200 4011 "-" "WordPress/6.8.3; https://med.greenclinic.kz"
23.27.145.243 - - [23/Oct/2025:07:04:32 +0500] "GET / HTTP/1.0" 200 20876919 "-" "Mozilla/5.0 (X11; Linux i686; rv:109.0) Gecko/20100101 Firefox/120.0"
2a00:5da0:1000::128 - - [23/Oct/2025:08:04:52 +0500] "POST /wp-cron.php?doing_wp_cron=1761188692.2020618915557861328125 HTTP/1.0" 200 4011 "-" "WordPress/6.8.3; https://med.greenclinic.kz"
23.27.145.226 - - [23/Oct/2025:08:04:49 +0500] "GET / HTTP/1.0" 200 20875775 "-" "Mozilla/5.0 (X11; Linux i686; rv:109.0) Gecko/20100101 Firefox/120.0"
2a00:5da0:1000::128 - - [23/Oct/2025:08:35:09 +0500] "POST /wp-cron.php?doing_wp_cron=1761190508.9995460510253906250000 HTTP/1.0" 200 4011 "-" "WordPress/6.8.3; https://med.greenclinic.kz"
23.27.145.72 - - [23/Oct/2025:08:35:04 +0500] "GET / HTTP/1.0" 200 20877051 "-" "Mozilla/5.0 (X11; Linux i686; rv:109.0) Gecko/20100101 Firefox/120.0"
149.57.180.77 - - [23/Oct/2025:09:04:51 +0500] "GET / HTTP/1.0" 200 20877579 "-" "Mozilla/5.0 (X11; Linux i686; rv:109.0) Gecko/20100101 Firefox/120.0"
2a00:5da0:1000::128 - - [23/Oct/2025:09:34:33 +0500] "POST /wp-cron.php?doing_wp_cron=1761194073.0697450637817382812500 HTTP/1.0" 200 4011 "-" "WordPress/6.8.3; https://med.greenclinic.kz"
149.57.180.126 - - [23/Oct/2025:09:34:29 +0500] "GET / HTTP/1.0" 200 20879471 "-" "Mozilla/5.0 (X11; Linux i686; rv:109.0) Gecko/20100101 Firefox/120.0"
2a00:5da0:1000::128 - - [23/Oct/2025:21:18:40 +0500] "POST /wp-cron.php?doing_wp_cron=1761236320.3431520462036132812500 HTTP/1.0" 200 4011 "-" "WordPress/6.8.3; https://med.greenclinic.kz"
138.68.86.32 - - [23/Oct/2025:21:18:34 +0500] "GET / HTTP/1.0" 500 11960 "-" "-"
138.68.86.32 - - [23/Oct/2025:21:18:41 +0500] "GET / HTTP/1.0" 500 11960 "-" "Mozilla/5.0 (Linux; Android 6.0; HTC One M9 Build/MRA334945) AppleWebKit/537.36 (KHTML, like Gecko) Chrome/52.0.3285.98 Mobile Safari/537.3"
138.68.86.32 - - [23/Oct/2025:21:18:51 +0500] "POST /graphql HTTP/1.0" 500 11960 "-" "Mozilla/5.0 (l9scan/2.0.5353e26343e2031323e2539313; +https://leakix.net)"
138.68.86.32 - - [23/Oct/2025:21:18:54 +0500] "POST /api HTTP/1.0" 500 11960 "-" "Mozilla/5.0 (l9scan/2.0.5353e26343e2031323e2539313; +https://leakix.net)"
138.68.86.32 - - [23/Oct/2025:21:18:57 +0500] "POST /api/graphql HTTP/1.0" 500 11960 "-" "Mozilla/5.0 (l9scan/2.0.5353e26343e2031323e2539313; +https://leakix.net)"
138.68.86.32 - - [23/Oct/2025:21:19:01 +0500] "GET /swagger-ui.html HTTP/1.0" 301 4014 "-" "Mozilla/5.0 (l9scan/2.0.5353e26343e2031323e2539313; +https://leakix.net)"
138.68.86.32 - - [23/Oct/2025:21:19:01 +0500] "POST /graphql/api HTTP/1.0" 500 11960 "-" "Mozilla/5.0 (l9scan/2.0.5353e26343e2031323e2539313; +https://leakix.net)"
138.68.86.32 - - [23/Oct/2025:21:19:03 +0500] "GET /swagger/index.html HTTP/1.0" 301 4017 "-" "Mozilla/5.0 (l9scan/2.0.5353e26343e2031323e2539313; +https://leakix.net)"
138.68.86.32 - - [23/Oct/2025:21:19:06 +0500] "GET /swagger/swagger-ui.html HTTP/1.0" 301 4022 "-" "Mozilla/5.0 (l9scan/2.0.5353e26343e2031323e2539313; +https://leakix.net)"
138.68.86.32 - - [23/Oct/2025:21:19:08 +0500] "GET /webjars/swagger-ui/index.html HTTP/1.0" 301 4028 "-" "Mozilla/5.0 (l9scan/2.0.5353e26343e2031323e2539313; +https://leakix.net)"
138.68.86.32 - - [23/Oct/2025:21:19:10 +0500] "GET /swagger.json HTTP/1.0" 301 4011 "-" "Mozilla/5.0 (l9scan/2.0.5353e26343e2031323e2539313; +https://leakix.net)"
138.68.86.32 - - [23/Oct/2025:21:19:11 +0500] "GET /@vite/env HTTP/1.0" 301 4008 "-" "Go-http-client/1.1"
138.68.86.32 - - [23/Oct/2025:21:19:14 +0500] "GET /actuator/env HTTP/1.0" 301 4011 "-" "Go-http-client/1.1"
138.68.86.32 - - [23/Oct/2025:21:19:16 +0500] "GET /server HTTP/1.0" 301 4005 "-" "Go-http-client/1.1"
138.68.86.32 - - [23/Oct/2025:21:19:17 +0500] "GET /.vscode/sftp.json HTTP/1.0" 301 4016 "-" "Go-http-client/1.1"
138.68.86.32 - - [23/Oct/2025:21:19:20 +0500] "GET /about HTTP/1.0" 301 4004 "-" "Go-http-client/1.1"
138.68.86.32 - - [23/Oct/2025:21:19:22 +0500] "GET /debug/default/view?panel=config HTTP/1.0" 301 4030 "-" "Go-http-client/1.1"
138.68.86.32 - - [23/Oct/2025:21:19:24 +0500] "GET /v2/_catalog HTTP/1.0" 301 4010 "-" "Go-http-client/1.1"
138.68.86.32 - - [23/Oct/2025:21:19:26 +0500] "GET /ecp/Current/exporttool/microsoft.exchange.ediscovery.exporttool.application HTTP/1.0" 301 4074 "-" "Go-http-client/1.1"
138.68.86.32 - - [23/Oct/2025:21:19:28 +0500] "GET /server-status HTTP/1.0" 403 4802 "-" "Go-http-client/1.1"
138.68.86.32 - - [23/Oct/2025:21:19:28 +0500] "GET /login.action HTTP/1.0" 301 4011 "-" "Go-http-client/1.1"
138.68.86.32 - - [23/Oct/2025:21:19:30 +0500] "GET /_all_dbs HTTP/1.0" 301 4007 "-" "Mozilla/5.0 (l9scan/2.0.5353e26343e2031323e2539313; +https://leakix.net)"
138.68.86.32 - - [23/Oct/2025:21:19:33 +0500] "GET /.DS_Store HTTP/1.0" 301 4008 "-" "Go-http-client/1.1"
138.68.86.32 - - [23/Oct/2025:21:19:35 +0500] "GET /.env HTTP/1.0" 301 4003 "-" "Go-http-client/1.1"
138.68.86.32 - - [23/Oct/2025:21:19:37 +0500] "GET /s/5353e26343e2031323e2539313/_/;/META-INF/maven/com.atlassian.jira/jira-webapp-dist/pom.properties HTTP/1.0" 301 4097 "-" "Go-http-client/1.1"
138.68.86.32 - - [23/Oct/2025:21:19:40 +0500] "GET /config.json HTTP/1.0" 301 4010 "-" "Go-http-client/1.1"
138.68.86.32 - - [23/Oct/2025:21:19:42 +0500] "GET /telescope/requests HTTP/1.0" 301 4017 "-" "Go-http-client/1.1"
138.68.86.32 - - [23/Oct/2025:21:19:43 +0500] "GET /info.php HTTP/1.0" 403 4802 "-" "Go-http-client/1.1"
138.68.86.32 - - [23/Oct/2025:21:19:44 +0500] "GET /?rest_route=/wp/v2/users/ HTTP/1.0" 200 5210 "-" "Go-http-client/1.1"
2a00:5da0:1000::128 - - [24/Oct/2025:05:06:41 +0500] "POST /wp-cron.php?doing_wp_cron=1761264401.0819330215454101562500 HTTP/1.0" 200 4011 "-" "WordPress/6.8.3; https://med.greenclinic.kz"
2a00:5da0:1000::128 - - [24/Oct/2025:05:07:05 +0500] "POST /wp-cron.php?doing_wp_cron=1761264425.1945869922637939453125 HTTP/1.0" 200 4011 "-" "WordPress/6.8.3; https://med.greenclinic.kz"
2a00:5da0:1000::128 - - [25/Oct/2025:05:05:53 +0500] "POST /wp-cron.php?doing_wp_cron=1761350753.2380659580230712890625 HTTP/1.0" 200 4011 "-" "WordPress/6.8.3; https://med.greenclinic.kz"
2a00:5da0:1000::128 - - [25/Oct/2025:05:11:56 +0500] "POST /wp-cron.php?doing_wp_cron=1761351116.3330969810485839843750 HTTP/1.0" 200 4011 "-" "WordPress/6.8.3; https://med.greenclinic.kz"
2a00:5da0:1000::128 - - [25/Oct/2025:16:19:14 +0500] "POST /wp-cron.php?doing_wp_cron=1761391154.3874471187591552734375 HTTP/1.0" 200 4011 "-" "WordPress/6.8.3; https://med.greenclinic.kz"
159.89.12.166 - - [25/Oct/2025:16:19:11 +0500] "GET / HTTP/1.0" 500 11960 "-" "-"
159.89.12.166 - - [25/Oct/2025:16:19:12 +0500] "GET / HTTP/1.0" 500 11960 "-" "Mozilla/5.0 (Linux; Android 6.0; HTC One M9 Build/MRA334945) AppleWebKit/537.36 (KHTML, like Gecko) Chrome/52.0.3285.98 Mobile Safari/537.3"
159.89.12.166 - - [25/Oct/2025:16:19:22 +0500] "POST /graphql HTTP/1.0" 500 11960 "-" "Mozilla/5.0 (l9scan/2.0.5353e26343e2031323e2539313; +https://leakix.net)"
159.89.12.166 - - [25/Oct/2025:16:19:25 +0500] "POST /api HTTP/1.0" 500 11960 "-" "Mozilla/5.0 (l9scan/2.0.5353e26343e2031323e2539313; +https://leakix.net)"
159.89.12.166 - - [25/Oct/2025:16:19:28 +0500] "POST /api/graphql HTTP/1.0" 200 20874235 "-" "Mozilla/5.0 (l9scan/2.0.5353e26343e2031323e2539313; +https://leakix.net)"
159.89.12.166 - - [25/Oct/2025:16:19:30 +0500] "POST /graphql/api HTTP/1.0" 500 11960 "-" "Mozilla/5.0 (l9scan/2.0.5353e26343e2031323e2539313; +https://leakix.net)"
159.89.12.166 - - [25/Oct/2025:16:19:32 +0500] "GET /swagger-ui.html HTTP/1.0" 301 4014 "-" "Mozilla/5.0 (l9scan/2.0.5353e26343e2031323e2539313; +https://leakix.net)"
159.89.12.166 - - [25/Oct/2025:16:19:33 +0500] "GET /swagger/index.html HTTP/1.0" 301 4017 "-" "Mozilla/5.0 (l9scan/2.0.5353e26343e2031323e2539313; +https://leakix.net)"
159.89.12.166 - - [25/Oct/2025:16:19:35 +0500] "GET /swagger/swagger-ui.html HTTP/1.0" 301 4022 "-" "Mozilla/5.0 (l9scan/2.0.5353e26343e2031323e2539313; +https://leakix.net)"
159.89.12.166 - - [25/Oct/2025:16:19:37 +0500] "GET /webjars/swagger-ui/index.html HTTP/1.0" 301 4028 "-" "Mozilla/5.0 (l9scan/2.0.5353e26343e2031323e2539313; +https://leakix.net)"
159.89.12.166 - - [25/Oct/2025:16:19:38 +0500] "GET /swagger.json HTTP/1.0" 301 4011 "-" "Mozilla/5.0 (l9scan/2.0.5353e26343e2031323e2539313; +https://leakix.net)"
159.89.12.166 - - [25/Oct/2025:16:19:40 +0500] "GET /swagger/v1/swagger.json HTTP/1.0" 301 4022 "-" "Mozilla/5.0 (l9scan/2.0.5353e26343e2031323e2539313; +https://leakix.net)"
159.89.12.166 - - [25/Oct/2025:16:19:41 +0500] "GET /v2/api-docs HTTP/1.0" 301 4010 "-" "Mozilla/5.0 (l9scan/2.0.5353e26343e2031323e2539313; +https://leakix.net)"
159.89.12.166 - - [25/Oct/2025:16:19:42 +0500] "GET /@vite/env HTTP/1.0" 301 4008 "-" "Go-http-client/1.1"
159.89.12.166 - - [25/Oct/2025:16:19:43 +0500] "GET /actuator/env HTTP/1.0" 301 4011 "-" "Go-http-client/1.1"
159.89.12.166 - - [25/Oct/2025:16:19:45 +0500] "GET /server HTTP/1.0" 301 4005 "-" "Go-http-client/1.1"
