2a00:5da0:1000::128 - - [14/Dec/2025:05:12:07 +0500] "POST /wp-cron.php?doing_wp_cron=1765671127.1301159858703613281250 HTTP/1.0" 200 4011 "-" "WordPress/6.9; https://med.greenclinic.kz"
147.185.132.78 - - [14/Dec/2025:12:38:05 +0500] "GET /.well-known/security.txt HTTP/1.0" 301 4023 "-" "Hello from Palo Alto Networks, find out more about our scans in https://docs-cortex.paloaltonetworks.com/r/1/Cortex-Xpanse/Scanning-activity"
2a00:5da0:1000::128 - - [14/Dec/2025:12:38:08 +0500] "POST /wp-cron.php?doing_wp_cron=1765697888.1887490749359130859375 HTTP/1.0" 200 4011 "-" "WordPress/6.9; https://med.greenclinic.kz"
147.185.132.78 - - [14/Dec/2025:12:38:09 +0500] "GET /.well-known/security.txt/ HTTP/1.0" 200 20874634 "-" "Hello from Palo Alto Networks, find out more about our scans in https://docs-cortex.paloaltonetworks.com/r/1/Cortex-Xpanse/Scanning-activity"
198.235.24.180 - - [14/Dec/2025:13:21:09 +0500] "GET / HTTP/1.0" 200 20877538 "http://195.210.46.55:80/" "-"
2a00:5da0:1000::128 - - [14/Dec/2025:13:21:12 +0500] "POST /wp-cron.php?doing_wp_cron=1765700472.7678980827331542968750 HTTP/1.0" 200 4011 "-" "WordPress/6.9; https://med.greenclinic.kz"
74.7.230.13 - - [15/Dec/2025:02:58:25 +0500] "GET /robots.txt HTTP/1.0" 301 4009 "-" "Mozilla/5.0 (Macintosh; Intel Mac OS X 10_15_7) AppleWebKit/537.36 (KHTML, like Gecko) Chrome/131.0.0.0 Safari/537.36; compatible; OAI-SearchBot/1.3; robots.txt; +https://openai.com/searchbot"
2a00:5da0:1000::128 - - [15/Dec/2025:02:58:30 +0500] "POST /wp-cron.php?doing_wp_cron=1765749510.6960239410400390625000 HTTP/1.0" 200 4011 "-" "WordPress/6.9; https://med.greenclinic.kz"
74.7.230.13 - - [15/Dec/2025:02:58:32 +0500] "GET /robots.txt/ HTTP/1.0" 500 11960 "https://med.greenclinic.kz/robots.txt" "Mozilla/5.0 (Macintosh; Intel Mac OS X 10_15_7) AppleWebKit/537.36 (KHTML, like Gecko) Chrome/131.0.0.0 Safari/537.36; compatible; OAI-SearchBot/1.3; robots.txt; +https://openai.com/searchbot"
2a00:5da0:1000::128 - - [15/Dec/2025:04:52:44 +0500] "POST /wp-cron.php?doing_wp_cron=1765756364.4116671085357666015625 HTTP/1.0" 200 4011 "-" "WordPress/6.9; https://med.greenclinic.kz"
44.221.70.185 - - [15/Dec/2025:05:25:17 +0500] "GET / HTTP/1.0" 500 20853985 "-" "Mozilla/5.0 (X11; Linux i686; rv:124.0) Gecko/20100101 Firefox/124.0"
2a00:5da0:1000::128 - - [15/Dec/2025:05:25:22 +0500] "POST /wp-cron.php?doing_wp_cron=1765758322.7117290496826171875000 HTTP/1.0" 200 4011 "-" "WordPress/6.9; https://med.greenclinic.kz"
100.30.248.17 - - [15/Dec/2025:14:53:19 +0500] "GET / HTTP/1.0" 500 20860043 "-" "Mozilla/5.0 (Windows NT 10.0; Win64; x64) AppleWebKit/537.36 (KHTML, like Gecko) Chrome/119.0.0.0 Safari/537.36"
2a00:5da0:1000::128 - - [15/Dec/2025:14:53:24 +0500] "POST /wp-cron.php?doing_wp_cron=1765792404.5456728935241699218750 HTTP/1.0" 200 4011 "-" "WordPress/6.9; https://med.greenclinic.kz"
2a00:5da0:1000::128 - - [16/Dec/2025:04:54:33 +0500] "POST /wp-cron.php?doing_wp_cron=1765842873.5004858970642089843750 HTTP/1.0" 200 4011 "-" "WordPress/6.9; https://med.greenclinic.kz"
74.7.244.51 - - [16/Dec/2025:06:54:06 +0500] "GET /robots.txt HTTP/1.0" 301 4009 "-" "Mozilla/5.0 (Macintosh; Intel Mac OS X 10_15_7) AppleWebKit/537.36 (KHTML, like Gecko) Chrome/131.0.0.0 Safari/537.36; compatible; OAI-SearchBot/1.3; robots.txt; +https://openai.com/searchbot"
2a00:5da0:1000::128 - - [16/Dec/2025:06:54:11 +0500] "POST /wp-cron.php?doing_wp_cron=1765850051.6523389816284179687500 HTTP/1.0" 200 4011 "-" "WordPress/6.9; https://med.greenclinic.kz"
74.7.244.51 - - [16/Dec/2025:06:54:13 +0500] "GET /robots.txt/ HTTP/1.0" 500 11960 "https://med.greenclinic.kz/robots.txt" "Mozilla/5.0 (Macintosh; Intel Mac OS X 10_15_7) AppleWebKit/537.36 (KHTML, like Gecko) Chrome/131.0.0.0 Safari/537.36; compatible; OAI-SearchBot/1.3; robots.txt; +https://openai.com/searchbot"
2a14:7c1::2 - - [16/Dec/2025:19:16:22 +0500] "GET / HTTP/1.0" 500 20860021 "-" "Mozilla/5.0 (Windows NT 10.0; Win64; x64) AppleWebKit/537.36 (KHTML, like Gecko) Chrome/134.0.0.0 Safari/537.3"
2a00:5da0:1000::128 - - [16/Dec/2025:19:16:27 +0500] "POST /wp-cron.php?doing_wp_cron=1765894587.4158270359039306640625 HTTP/1.0" 200 4011 "-" "WordPress/6.9; https://med.greenclinic.kz"
100.30.248.17 - - [17/Dec/2025:01:14:50 +0500] "GET / HTTP/1.0" 200 20874238 "-" "Mozilla/5.0 (Windows NT 10.0; Win64; x64) AppleWebKit/537.36 (KHTML, like Gecko) Chrome/103.0.0.0 Safari/537.36"
2a00:5da0:1000::128 - - [17/Dec/2025:01:15:00 +0500] "POST /wp-cron.php HTTP/1.0" 200 4011 "-" "WordPress/6.9; https://med.greenclinic.kz"
2a00:5da0:1000::128 - - [17/Dec/2025:01:15:01 +0500] "GET / HTTP/1.0" 200 20876834 "-" "WordPress/6.9; https://med.greenclinic.kz"
2a00:5da0:1000::128 - - [17/Dec/2025:01:15:06 +0500] "GET / HTTP/1.0" 200 20878770 "-" "WordPress/6.9; https://med.greenclinic.kz"
2a00:5da0:1000::128 - - [17/Dec/2025:01:15:09 +0500] "GET / HTTP/1.0" 200 20880002 "-" "WordPress/6.9; https://med.greenclinic.kz"
2a00:5da0:1000::128 - - [17/Dec/2025:01:15:12 +0500] "GET / HTTP/1.0" 200 20877252 "-" "WordPress/6.9; https://med.greenclinic.kz"
2a00:5da0:1000::128 - - [17/Dec/2025:01:14:55 +0500] "POST /wp-cron.php?doing_wp_cron=1765916095.1124720573425292968750 HTTP/1.0" 200 4011 "-" "WordPress/6.9; https://med.greenclinic.kz"
64.226.65.160 - - [17/Dec/2025:02:03:06 +0500] "GET / HTTP/1.0" 500 11960 "-" "-"
64.226.65.160 - - [17/Dec/2025:02:03:07 +0500] "GET / HTTP/1.0" 200 20876108 "-" "Mozilla/5.0 (l9scan/2.0.5353e26343e2031323e2539313; +https://leakix.net)"
64.226.65.160 - - [17/Dec/2025:02:03:13 +0500] "POST /graphql HTTP/1.0" 200 20874744 "-" "Mozilla/5.0 (l9scan/2.0.5353e26343e2031323e2539313; +https://leakix.net)"
64.226.65.160 - - [17/Dec/2025:02:03:15 +0500] "POST /api HTTP/1.0" 500 11960 "-" "Mozilla/5.0 (l9scan/2.0.5353e26343e2031323e2539313; +https://leakix.net)"
64.226.65.160 - - [17/Dec/2025:02:03:18 +0500] "POST /api/graphql HTTP/1.0" 500 11960 "-" "Mozilla/5.0 (l9scan/2.0.5353e26343e2031323e2539313; +https://leakix.net)"
64.226.65.160 - - [17/Dec/2025:02:03:21 +0500] "POST /graphql/api HTTP/1.0" 500 11960 "-" "Mozilla/5.0 (l9scan/2.0.5353e26343e2031323e2539313; +https://leakix.net)"
64.226.65.160 - - [17/Dec/2025:02:03:24 +0500] "POST /api/gql HTTP/1.0" 500 11960 "-" "Mozilla/5.0 (l9scan/2.0.5353e26343e2031323e2539313; +https://leakix.net)"
64.226.65.160 - - [17/Dec/2025:02:03:28 +0500] "GET /swagger-ui.html HTTP/1.0" 301 4014 "-" "Mozilla/5.0 (l9scan/2.0.5353e26343e2031323e2539313; +https://leakix.net)"
64.226.65.160 - - [17/Dec/2025:02:03:30 +0500] "GET /swagger/index.html HTTP/1.0" 301 4017 "-" "Mozilla/5.0 (l9scan/2.0.5353e26343e2031323e2539313; +https://leakix.net)"
64.226.65.160 - - [17/Dec/2025:02:03:31 +0500] "GET /swagger/swagger-ui.html HTTP/1.0" 301 4022 "-" "Mozilla/5.0 (l9scan/2.0.5353e26343e2031323e2539313; +https://leakix.net)"
64.226.65.160 - - [17/Dec/2025:02:03:32 +0500] "GET /webjars/swagger-ui/index.html HTTP/1.0" 301 4028 "-" "Mozilla/5.0 (l9scan/2.0.5353e26343e2031323e2539313; +https://leakix.net)"
64.226.65.160 - - [17/Dec/2025:02:03:33 +0500] "GET /swagger.json HTTP/1.0" 301 4011 "-" "Mozilla/5.0 (l9scan/2.0.5353e26343e2031323e2539313; +https://leakix.net)"
64.226.65.160 - - [17/Dec/2025:02:03:34 +0500] "GET /swagger/v1/swagger.json HTTP/1.0" 301 4022 "-" "Mozilla/5.0 (l9scan/2.0.5353e26343e2031323e2539313; +https://leakix.net)"
64.226.65.160 - - [17/Dec/2025:02:03:35 +0500] "GET /v2/api-docs HTTP/1.0" 301 4010 "-" "Mozilla/5.0 (l9scan/2.0.5353e26343e2031323e2539313; +https://leakix.net)"
64.226.65.160 - - [17/Dec/2025:02:03:36 +0500] "GET /v3/api-docs HTTP/1.0" 301 4010 "-" "Mozilla/5.0 (l9scan/2.0.5353e26343e2031323e2539313; +https://leakix.net)"
64.226.65.160 - - [17/Dec/2025:02:03:37 +0500] "GET /api-docs/swagger.json HTTP/1.0" 301 4020 "-" "Mozilla/5.0 (l9scan/2.0.5353e26343e2031323e2539313; +https://leakix.net)"
64.226.65.160 - - [17/Dec/2025:02:03:38 +0500] "GET /api/swagger.json HTTP/1.0" 301 4015 "-" "Mozilla/5.0 (l9scan/2.0.5353e26343e2031323e2539313; +https://leakix.net)"
64.226.65.160 - - [17/Dec/2025:02:03:40 +0500] "GET /@vite/env HTTP/1.0" 301 4008 "-" "Mozilla/5.0 (l9scan/2.0.5353e26343e2031323e2539313; +https://leakix.net)"
64.226.65.160 - - [17/Dec/2025:02:03:41 +0500] "GET /actuator/env HTTP/1.0" 301 4011 "-" "Mozilla/5.0 (l9scan/2.0.5353e26343e2031323e2539313; +https://leakix.net)"
64.226.65.160 - - [17/Dec/2025:02:03:42 +0500] "POST /php-cgi/php-cgi.exe?%ADd+cgi.force_redirect%3D0+%ADd+disable_functions%3D\"\"+%ADd+allow_url_include%3D1+%ADd+auto_prepend_file%3Dphp://input HTTP/1.0" 200 20878880 "-" "Mozilla/5.0 (l9scan/2.0.5353e26343e2031323e2539313; +https://leakix.net)"
64.226.65.160 - - [17/Dec/2025:02:03:44 +0500] "GET /server HTTP/1.0" 301 4005 "-" "Mozilla/5.0 (l9scan/2.0.5353e26343e2031323e2539313; +https://leakix.net)"
64.226.65.160 - - [17/Dec/2025:02:03:45 +0500] "GET /.vscode/sftp.json HTTP/1.0" 301 4016 "-" "Mozilla/5.0 (l9scan/2.0.5353e26343e2031323e2539313; +https://leakix.net)"
64.226.65.160 - - [17/Dec/2025:02:03:48 +0500] "GET /about HTTP/1.0" 301 4004 "-" "Mozilla/5.0 (l9scan/2.0.5353e26343e2031323e2539313; +https://leakix.net)"
64.226.65.160 - - [17/Dec/2025:02:03:49 +0500] "GET /debug/default/view?panel=config HTTP/1.0" 301 4030 "-" "Mozilla/5.0 (l9scan/2.0.5353e26343e2031323e2539313; +https://leakix.net)"
64.226.65.160 - - [17/Dec/2025:02:03:50 +0500] "GET /v2/_catalog HTTP/1.0" 301 4010 "-" "Mozilla/5.0 (l9scan/2.0.5353e26343e2031323e2539313; +https://leakix.net)"
64.226.65.160 - - [17/Dec/2025:02:03:51 +0500] "GET /ecp/Current/exporttool/microsoft.exchange.ediscovery.exporttool.application HTTP/1.0" 301 4074 "-" "Mozilla/5.0 (l9scan/2.0.5353e26343e2031323e2539313; +https://leakix.net)"
64.226.65.160 - - [17/Dec/2025:02:03:52 +0500] "GET /server-status HTTP/1.0" 403 4802 "-" "Mozilla/5.0 (l9scan/2.0.5353e26343e2031323e2539313; +https://leakix.net)"
64.226.65.160 - - [17/Dec/2025:02:03:53 +0500] "GET /login.action HTTP/1.0" 301 4011 "-" "Mozilla/5.0 (l9scan/2.0.5353e26343e2031323e2539313; +https://leakix.net)"
64.226.65.160 - - [17/Dec/2025:02:03:54 +0500] "GET /_all_dbs HTTP/1.0" 301 4007 "-" "Mozilla/5.0 (l9scan/2.0.5353e26343e2031323e2539313; +https://leakix.net)"
64.226.65.160 - - [17/Dec/2025:02:03:55 +0500] "GET /.DS_Store HTTP/1.0" 301 4008 "-" "Mozilla/5.0 (l9scan/2.0.5353e26343e2031323e2539313; +https://leakix.net)"
64.226.65.160 - - [17/Dec/2025:02:03:56 +0500] "GET /.env HTTP/1.0" 301 4003 "-" "Mozilla/5.0 (l9scan/2.0.5353e26343e2031323e2539313; +https://leakix.net)"
64.226.65.160 - - [17/Dec/2025:02:03:59 +0500] "GET /s/5353e26343e2031323e2539313/_/;/META-INF/maven/com.atlassian.jira/jira-webapp-dist/pom.properties HTTP/1.0" 301 4097 "-" "Mozilla/5.0 (l9scan/2.0.5353e26343e2031323e2539313; +https://leakix.net)"
64.226.65.160 - - [17/Dec/2025:02:04:00 +0500] "GET /config.json HTTP/1.0" 301 4010 "-" "Mozilla/5.0 (l9scan/2.0.5353e26343e2031323e2539313; +https://leakix.net)"
64.226.65.160 - - [17/Dec/2025:02:04:01 +0500] "GET /telescope/requests HTTP/1.0" 301 4017 "-" "Mozilla/5.0 (l9scan/2.0.5353e26343e2031323e2539313; +https://leakix.net)"
64.226.65.160 - - [17/Dec/2025:02:04:03 +0500] "GET /info.php HTTP/1.0" 403 4802 "-" "Mozilla/5.0 (l9scan/2.0.5353e26343e2031323e2539313; +https://leakix.net)"
64.226.65.160 - - [17/Dec/2025:02:04:04 +0500] "GET /?rest_route=/wp/v2/users/ HTTP/1.0" 200 5210 "-" "Mozilla/5.0 (l9scan/2.0.5353e26343e2031323e2539313; +https://leakix.net)"
2a00:5da0:1000::128 - - [17/Dec/2025:04:58:05 +0500] "POST /wp-cron.php?doing_wp_cron=1765929485.3133831024169921875000 HTTP/1.0" 200 4011 "-" "WordPress/6.9; https://med.greenclinic.kz"
54.217.83.13 - - [17/Dec/2025:08:34:33 +0500] "GET / HTTP/1.0" 200 20875976 "-" "Mozilla/5.0 (Windows NT 10.0; Win64; x64) AppleWebKit/537.36 (KHTML, like Gecko) Chrome/120.0.0.0 Safari/537.36 Edg/120.0.0.0"
2a00:5da0:1000::128 - - [17/Dec/2025:08:34:45 +0500] "POST /wp-cron.php?doing_wp_cron=1765942485.1481568813323974609375 HTTP/1.0" 200 4011 "-" "WordPress/6.9; https://med.greenclinic.kz"
74.7.230.22 - - [17/Dec/2025:16:27:55 +0500] "GET /robots.txt HTTP/1.0" 301 4009 "-" "Mozilla/5.0 (Macintosh; Intel Mac OS X 10_15_7) AppleWebKit/537.36 (KHTML, like Gecko) Chrome/131.0.0.0 Safari/537.36; compatible; OAI-SearchBot/1.3; robots.txt; +https://openai.com/searchbot"
2a00:5da0:1000::128 - - [17/Dec/2025:16:27:57 +0500] "POST /wp-cron.php?doing_wp_cron=1765970877.7751049995422363281250 HTTP/1.0" 200 4011 "-" "WordPress/6.9; https://med.greenclinic.kz"
74.7.230.22 - - [17/Dec/2025:16:27:58 +0500] "GET /robots.txt/ HTTP/1.0" 200 20879826 "https://med.greenclinic.kz/robots.txt" "Mozilla/5.0 (Macintosh; Intel Mac OS X 10_15_7) AppleWebKit/537.36 (KHTML, like Gecko) Chrome/131.0.0.0 Safari/537.36; compatible; OAI-SearchBot/1.3; robots.txt; +https://openai.com/searchbot"
74.7.230.22 - - [17/Dec/2025:16:28:05 +0500] "GET /robots.txt HTTP/1.0" 301 4009 "-" "Mozilla/5.0 (Macintosh; Intel Mac OS X 10_15_7) AppleWebKit/537.36 (KHTML, like Gecko) Chrome/131.0.0.0 Safari/537.36; compatible; OAI-SearchBot/1.3; robots.txt; +https://openai.com/searchbot"
74.7.230.22 - - [17/Dec/2025:16:28:06 +0500] "GET /robots.txt/ HTTP/1.0" 200 20876284 "https://med.greenclinic.kz/robots.txt" "Mozilla/5.0 (Macintosh; Intel Mac OS X 10_15_7) AppleWebKit/537.36 (KHTML, like Gecko) Chrome/131.0.0.0 Safari/537.36; compatible; OAI-SearchBot/1.3; robots.txt; +https://openai.com/searchbot"
2a00:5da0:1000::128 - - [18/Dec/2025:04:48:38 +0500] "POST /wp-cron.php?doing_wp_cron=1766015318.0796890258789062500000 HTTP/1.0" 200 4011 "-" "WordPress/6.9; https://med.greenclinic.kz"
52.208.151.205 - - [18/Dec/2025:08:29:01 +0500] "GET / HTTP/1.0" 200 20873798 "-" "Mozilla/5.0 (Windows NT 10.0; Win64; x64; rv:121.0) Gecko/20100101 Firefox/121.0"
2a00:5da0:1000::128 - - [18/Dec/2025:08:29:09 +0500] "POST /wp-cron.php?doing_wp_cron=1766028549.1669321060180664062500 HTTP/1.0" 200 4011 "-" "WordPress/6.9; https://med.greenclinic.kz"
35.78.175.84 - - [18/Dec/2025:20:56:37 +0500] "GET / HTTP/1.0" 200 20877538 "-" "Mozilla/5.0 (Windows NT 10.0; Win64; x64) AppleWebKit/537.36 (KHTML, like Gecko) Chrome/60.0.3112.113 Safari/537.36 Assetnote/1.0.0"
2a00:5da0:1000::128 - - [18/Dec/2025:20:56:43 +0500] "POST /wp-cron.php?doing_wp_cron=1766073403.7714750766754150390625 HTTP/1.0" 200 4011 "-" "WordPress/6.9; https://med.greenclinic.kz"
35.78.175.84 - - [18/Dec/2025:20:56:49 +0500] "HEAD /apps HTTP/1.0" 301 3984 "-" "Mozilla/5.0 (Windows NT 10.0; Win64; x64) AppleWebKit/537.36 (KHTML, like Gecko) Chrome/60.0.3112.113 Safari/537.36 Assetnote/1.0.0"
35.78.175.84 - - [18/Dec/2025:20:56:50 +0500] "POST /apps HTTP/1.0" 200 20878088 "-" "Mozilla/5.0 (Windows NT 10.0; Win64; x64) AppleWebKit/537.36 (KHTML, like Gecko) Chrome/60.0.3112.113 Safari/537.36 Assetnote/1.0.0"
35.78.105.177 - - [18/Dec/2025:22:25:28 +0500] "GET / HTTP/1.0" 200 20876504 "-" "Mozilla/5.0 (Windows NT 10.0; Win64; x64) AppleWebKit/537.36 (KHTML, like Gecko) Chrome/60.0.3112.113 Safari/537.36 Assetnote/1.0.0"
2a00:5da0:1000::128 - - [18/Dec/2025:22:25:32 +0500] "POST /wp-cron.php?doing_wp_cron=1766078732.3120670318603515625000 HTTP/1.0" 200 4011 "-" "WordPress/6.9; https://med.greenclinic.kz"
35.78.105.177 - - [18/Dec/2025:22:25:37 +0500] "HEAD /apps HTTP/1.0" 301 3984 "-" "Mozilla/5.0 (Windows NT 10.0; Win64; x64) AppleWebKit/537.36 (KHTML, like Gecko) Chrome/60.0.3112.113 Safari/537.36 Assetnote/1.0.0"
35.78.105.177 - - [18/Dec/2025:22:25:39 +0500] "POST /apps HTTP/1.0" 200 20875822 "-" "Mozilla/5.0 (Windows NT 10.0; Win64; x64) AppleWebKit/537.36 (KHTML, like Gecko) Chrome/60.0.3112.113 Safari/537.36 Assetnote/1.0.0"
35.78.105.177 - - [18/Dec/2025:22:48:02 +0500] "GET / HTTP/1.0" 200 20875954 "-" "Mozilla/5.0 (Windows NT 10.0; Win64; x64) AppleWebKit/537.36 (KHTML, like Gecko) Chrome/60.0.3112.113 Safari/537.36 Assetnote/1.0.0"
2a00:5da0:1000::128 - - [18/Dec/2025:22:48:06 +0500] "POST /wp-cron.php?doing_wp_cron=1766080086.8772718906402587890625 HTTP/1.0" 200 4011 "-" "WordPress/6.9; https://med.greenclinic.kz"
35.78.105.177 - - [18/Dec/2025:22:48:12 +0500] "HEAD /apps HTTP/1.0" 301 3984 "-" "Mozilla/5.0 (Windows NT 10.0; Win64; x64) AppleWebKit/537.36 (KHTML, like Gecko) Chrome/60.0.3112.113 Safari/537.36 Assetnote/1.0.0"
35.78.105.177 - - [18/Dec/2025:22:48:13 +0500] "POST /apps HTTP/1.0" 200 20875470 "-" "Mozilla/5.0 (Windows NT 10.0; Win64; x64) AppleWebKit/537.36 (KHTML, like Gecko) Chrome/60.0.3112.113 Safari/537.36 Assetnote/1.0.0"
35.78.81.205 - - [19/Dec/2025:00:08:37 +0500] "GET / HTTP/1.0" 200 20880002 "-" "Mozilla/5.0 (Windows NT 10.0; Win64; x64) AppleWebKit/537.36 (KHTML, like Gecko) Chrome/60.0.3112.113 Safari/537.36 Assetnote/1.0.0"
2a00:5da0:1000::128 - - [19/Dec/2025:00:08:40 +0500] "POST /wp-cron.php?doing_wp_cron=1766084920.4062900543212890625000 HTTP/1.0" 200 4011 "-" "WordPress/6.9; https://med.greenclinic.kz"
35.78.81.205 - - [19/Dec/2025:00:08:46 +0500] "HEAD /apps HTTP/1.0" 301 3984 "-" "Mozilla/5.0 (Windows NT 10.0; Win64; x64) AppleWebKit/537.36 (KHTML, like Gecko) Chrome/60.0.3112.113 Safari/537.36 Assetnote/1.0.0"
35.78.81.205 - - [19/Dec/2025:00:08:47 +0500] "POST /apps HTTP/1.0" 200 20877406 "-" "Mozilla/5.0 (Windows NT 10.0; Win64; x64) AppleWebKit/537.36 (KHTML, like Gecko) Chrome/60.0.3112.113 Safari/537.36 Assetnote/1.0.0"
74.7.230.22 - - [19/Dec/2025:00:51:08 +0500] "GET /robots.txt HTTP/1.0" 301 4009 "-" "Mozilla/5.0 (Macintosh; Intel Mac OS X 10_15_7) AppleWebKit/537.36 (KHTML, like Gecko) Chrome/131.0.0.0 Safari/537.36; compatible; OAI-SearchBot/1.3; robots.txt; +https://openai.com/searchbot"
74.7.230.22 - - [19/Dec/2025:00:51:10 +0500] "GET /robots.txt/ HTTP/1.0" 200 20875866 "https://med.greenclinic.kz/robots.txt" "Mozilla/5.0 (Macintosh; Intel Mac OS X 10_15_7) AppleWebKit/537.36 (KHTML, like Gecko) Chrome/131.0.0.0 Safari/537.36; compatible; OAI-SearchBot/1.3; robots.txt; +https://openai.com/searchbot"
209.38.89.131 - - [19/Dec/2025:01:23:17 +0500] "HEAD / HTTP/1.0" 200 4153 "-" "Mozilla/5.0 (Windows NT 10.0; Win64; x64) AppleWebKit/537.36 (KHTML, like Gecko) Chrome/125.0.0.0 Safari/537.36"
2a00:5da0:1000::128 - - [19/Dec/2025:01:23:19 +0500] "POST /wp-cron.php?doing_wp_cron=1766089399.1736750602722167968750 HTTP/1.0" 200 4011 "-" "WordPress/6.9; https://med.greenclinic.kz"
209.38.89.131 - - [19/Dec/2025:01:23:20 +0500] "GET / HTTP/1.0" 200 20876262 "-" "Mozilla/5.0 (Windows NT 10.0; Win64; x64) AppleWebKit/537.36 (KHTML, like Gecko) Chrome/125.0.0.0 Safari/537.36"
2a00:5da0:1000::128 - - [19/Dec/2025:04:54:28 +0500] "POST /wp-cron.php?doing_wp_cron=1766102068.0703690052032470703125 HTTP/1.0" 200 4011 "-" "WordPress/6.9; https://med.greenclinic.kz"
159.89.174.87 - - [19/Dec/2025:07:04:12 +0500] "GET / HTTP/1.0" 500 11960 "-" "-"
159.89.174.87 - - [19/Dec/2025:07:04:14 +0500] "GET / HTTP/1.0" 200 20875734 "-" "Mozilla/5.0 (l9scan/2.0.5353e26343e2031323e2539313; +https://leakix.net)"
2a00:5da0:1000::128 - - [19/Dec/2025:07:04:23 +0500] "POST /wp-cron.php?doing_wp_cron=1766109863.0635058879852294921875 HTTP/1.0" 200 4011 "-" "WordPress/6.9; https://med.greenclinic.kz"
159.89.174.87 - - [19/Dec/2025:07:04:23 +0500] "POST /graphql HTTP/1.0" 500 11960 "-" "Mozilla/5.0 (l9scan/2.0.5353e26343e2031323e2539313; +https://leakix.net)"
159.89.174.87 - - [19/Dec/2025:07:04:26 +0500] "POST /api HTTP/1.0" 500 7713969 "-" "Mozilla/5.0 (l9scan/2.0.5353e26343e2031323e2539313; +https://leakix.net)"
159.89.174.87 - - [19/Dec/2025:07:04:29 +0500] "POST /api/graphql HTTP/1.0" 500 17431377 "-" "Mozilla/5.0 (l9scan/2.0.5353e26343e2031323e2539313; +https://leakix.net)"
159.89.174.87 - - [19/Dec/2025:07:04:32 +0500] "POST /graphql/api HTTP/1.0" 500 11960 "-" "Mozilla/5.0 (l9scan/2.0.5353e26343e2031323e2539313; +https://leakix.net)"
159.89.174.87 - - [19/Dec/2025:07:04:35 +0500] "POST /api/gql HTTP/1.0" 500 11960 "-" "Mozilla/5.0 (l9scan/2.0.5353e26343e2031323e2539313; +https://leakix.net)"
159.89.174.87 - - [19/Dec/2025:07:04:39 +0500] "GET /swagger-ui.html HTTP/1.0" 301 4014 "-" "Mozilla/5.0 (l9scan/2.0.5353e26343e2031323e2539313; +https://leakix.net)"
159.89.174.87 - - [19/Dec/2025:07:04:41 +0500] "GET /swagger/index.html HTTP/1.0" 301 4017 "-" "Mozilla/5.0 (l9scan/2.0.5353e26343e2031323e2539313; +https://leakix.net)"
159.89.174.87 - - [19/Dec/2025:07:04:43 +0500] "GET /swagger/swagger-ui.html HTTP/1.0" 301 4022 "-" "Mozilla/5.0 (l9scan/2.0.5353e26343e2031323e2539313; +https://leakix.net)"
159.89.174.87 - - [19/Dec/2025:07:04:45 +0500] "GET /webjars/swagger-ui/index.html HTTP/1.0" 301 4028 "-" "Mozilla/5.0 (l9scan/2.0.5353e26343e2031323e2539313; +https://leakix.net)"
159.89.174.87 - - [19/Dec/2025:07:04:46 +0500] "GET /swagger.json HTTP/1.0" 301 4011 "-" "Mozilla/5.0 (l9scan/2.0.5353e26343e2031323e2539313; +https://leakix.net)"
159.89.174.87 - - [19/Dec/2025:07:04:48 +0500] "GET /swagger/v1/swagger.json HTTP/1.0" 301 4022 "-" "Mozilla/5.0 (l9scan/2.0.5353e26343e2031323e2539313; +https://leakix.net)"
159.89.174.87 - - [19/Dec/2025:07:04:49 +0500] "GET /v2/api-docs HTTP/1.0" 301 4010 "-" "Mozilla/5.0 (l9scan/2.0.5353e26343e2031323e2539313; +https://leakix.net)"
159.89.174.87 - - [19/Dec/2025:07:04:51 +0500] "GET /v3/api-docs HTTP/1.0" 301 4010 "-" "Mozilla/5.0 (l9scan/2.0.5353e26343e2031323e2539313; +https://leakix.net)"
159.89.174.87 - - [19/Dec/2025:07:04:53 +0500] "GET /api-docs/swagger.json HTTP/1.0" 301 4020 "-" "Mozilla/5.0 (l9scan/2.0.5353e26343e2031323e2539313; +https://leakix.net)"
159.89.174.87 - - [19/Dec/2025:07:04:55 +0500] "GET /api/swagger.json HTTP/1.0" 301 4015 "-" "Mozilla/5.0 (l9scan/2.0.5353e26343e2031323e2539313; +https://leakix.net)"
159.89.174.87 - - [19/Dec/2025:07:04:56 +0500] "GET /@vite/env HTTP/1.0" 301 4008 "-" "Mozilla/5.0 (l9scan/2.0.5353e26343e2031323e2539313; +https://leakix.net)"
159.89.174.87 - - [19/Dec/2025:07:04:58 +0500] "GET /actuator/env HTTP/1.0" 301 4011 "-" "Mozilla/5.0 (l9scan/2.0.5353e26343e2031323e2539313; +https://leakix.net)"
159.89.174.87 - - [19/Dec/2025:07:05:00 +0500] "POST /php-cgi/php-cgi.exe?%ADd+cgi.force_redirect%3D0+%ADd+disable_functions%3D\"\"+%ADd+allow_url_include%3D1+%ADd+auto_prepend_file%3Dphp://input HTTP/1.0" 500 11960 "-" "Mozilla/5.0 (l9scan/2.0.5353e26343e2031323e2539313; +https://leakix.net)"
159.89.174.87 - - [19/Dec/2025:07:05:03 +0500] "GET /server HTTP/1.0" 301 4005 "-" "Mozilla/5.0 (l9scan/2.0.5353e26343e2031323e2539313; +https://leakix.net)"
159.89.174.87 - - [19/Dec/2025:07:05:06 +0500] "GET /.vscode/sftp.json HTTP/1.0" 301 4016 "-" "Mozilla/5.0 (l9scan/2.0.5353e26343e2031323e2539313; +https://leakix.net)"
159.89.174.87 - - [19/Dec/2025:07:05:09 +0500] "GET /about HTTP/1.0" 301 4004 "-" "Mozilla/5.0 (l9scan/2.0.5353e26343e2031323e2539313; +https://leakix.net)"
159.89.174.87 - - [19/Dec/2025:07:05:11 +0500] "GET /debug/default/view?panel=config HTTP/1.0" 301 4030 "-" "Mozilla/5.0 (l9scan/2.0.5353e26343e2031323e2539313; +https://leakix.net)"
159.89.174.87 - - [19/Dec/2025:07:05:13 +0500] "GET /v2/_catalog HTTP/1.0" 301 4010 "-" "Mozilla/5.0 (l9scan/2.0.5353e26343e2031323e2539313; +https://leakix.net)"
159.89.174.87 - - [19/Dec/2025:07:05:15 +0500] "GET /ecp/Current/exporttool/microsoft.exchange.ediscovery.exporttool.application HTTP/1.0" 301 4074 "-" "Mozilla/5.0 (l9scan/2.0.5353e26343e2031323e2539313; +https://leakix.net)"
159.89.174.87 - - [19/Dec/2025:07:05:17 +0500] "GET /server-status HTTP/1.0" 403 4802 "-" "Mozilla/5.0 (l9scan/2.0.5353e26343e2031323e2539313; +https://leakix.net)"
159.89.174.87 - - [19/Dec/2025:07:05:18 +0500] "GET /login.action HTTP/1.0" 301 4011 "-" "Mozilla/5.0 (l9scan/2.0.5353e26343e2031323e2539313; +https://leakix.net)"
159.89.174.87 - - [19/Dec/2025:07:05:20 +0500] "GET /_all_dbs HTTP/1.0" 301 4007 "-" "Mozilla/5.0 (l9scan/2.0.5353e26343e2031323e2539313; +https://leakix.net)"
159.89.174.87 - - [19/Dec/2025:07:05:21 +0500] "GET /.DS_Store HTTP/1.0" 301 4008 "-" "Mozilla/5.0 (l9scan/2.0.5353e26343e2031323e2539313; +https://leakix.net)"
159.89.174.87 - - [19/Dec/2025:07:05:23 +0500] "GET /.env HTTP/1.0" 301 4003 "-" "Mozilla/5.0 (l9scan/2.0.5353e26343e2031323e2539313; +https://leakix.net)"
159.89.174.87 - - [19/Dec/2025:07:05:27 +0500] "GET /s/5353e26343e2031323e2539313/_/;/META-INF/maven/com.atlassian.jira/jira-webapp-dist/pom.properties HTTP/1.0" 301 4097 "-" "Mozilla/5.0 (l9scan/2.0.5353e26343e2031323e2539313; +https://leakix.net)"
159.89.174.87 - - [19/Dec/2025:07:05:29 +0500] "GET /config.json HTTP/1.0" 301 4010 "-" "Mozilla/5.0 (l9scan/2.0.5353e26343e2031323e2539313; +https://leakix.net)"
159.89.174.87 - - [19/Dec/2025:07:05:31 +0500] "GET /telescope/requests HTTP/1.0" 301 4017 "-" "Mozilla/5.0 (l9scan/2.0.5353e26343e2031323e2539313; +https://leakix.net)"
159.89.174.87 - - [19/Dec/2025:07:05:33 +0500] "GET /info.php HTTP/1.0" 403 4802 "-" "Mozilla/5.0 (l9scan/2.0.5353e26343e2031323e2539313; +https://leakix.net)"
159.89.174.87 - - [19/Dec/2025:07:05:34 +0500] "GET /?rest_route=/wp/v2/users/ HTTP/1.0" 200 5210 "-" "Mozilla/5.0 (l9scan/2.0.5353e26343e2031323e2539313; +https://leakix.net)"
54.217.83.13 - - [19/Dec/2025:08:41:17 +0500] "GET / HTTP/1.0" 200 20874524 "-" "Mozilla/5.0 (Linux; Android 13; Pixel 7) AppleWebKit/537.36 (KHTML, like Gecko) Chrome/119.0.0.0 Mobile Safari/537.36"
2a00:5da0:1000::128 - - [19/Dec/2025:08:41:23 +0500] "POST /wp-cron.php?doing_wp_cron=1766115683.5896470546722412109375 HTTP/1.0" 200 4011 "-" "WordPress/6.9; https://med.greenclinic.kz"
170.64.129.112 - - [19/Dec/2025:18:48:49 +0500] "HEAD / HTTP/1.0" 200 4153 "-" "Mozilla/5.0 (Windows NT 10.0; Win64; x64) AppleWebKit/537.36 (KHTML, like Gecko) Chrome/125.0.0.0 Safari/537.36"
2a00:5da0:1000::128 - - [19/Dec/2025:18:48:54 +0500] "POST /wp-cron.php?doing_wp_cron=1766152134.0109369754791259765625 HTTP/1.0" 200 4011 "-" "WordPress/6.9; https://med.greenclinic.kz"
170.64.129.112 - - [19/Dec/2025:18:48:55 +0500] "GET / HTTP/1.0" 200 20873798 "-" "Mozilla/5.0 (Windows NT 10.0; Win64; x64) AppleWebKit/537.36 (KHTML, like Gecko) Chrome/125.0.0.0 Safari/537.36"
2a00:5da0:1000::128 - - [20/Dec/2025:04:53:10 +0500] "POST /wp-cron.php?doing_wp_cron=1766188390.3237590789794921875000 HTTP/1.0" 200 4011 "-" "WordPress/6.9; https://med.greenclinic.kz"
2a14:7c1::2 - - [20/Dec/2025:06:23:19 +0500] "GET /.env HTTP/1.0" 301 4003 "-" "Mozilla/5.0 (Windows NT 10.0; Win64; x64) AppleWebKit/537.36 (KHTML, like Gecko) Chrome/134.0.0.0 Safari/537.3"
2a00:5da0:1000::128 - - [20/Dec/2025:06:23:25 +0500] "POST /wp-cron.php?doing_wp_cron=1766193805.2201669216156005859375 HTTP/1.0" 200 4011 "-" "WordPress/6.9; https://med.greenclinic.kz"
2a14:7c1::2 - - [20/Dec/2025:06:23:26 +0500] "GET /.env/ HTTP/1.0" 200 20876240 "-" "Mozilla/5.0 (Windows NT 10.0; Win64; x64) AppleWebKit/537.36 (KHTML, like Gecko) Chrome/134.0.0.0 Safari/537.3"
52.208.151.205 - - [20/Dec/2025:08:14:29 +0500] "GET / HTTP/1.0" 200 20877274 "-" "Mozilla/5.0 (Windows NT 10.0; Win64; x64; rv:120.0) Gecko/20100101 Firefox/120.0"
2a00:5da0:1000::128 - - [20/Dec/2025:08:14:35 +0500] "POST /wp-cron.php?doing_wp_cron=1766200475.6780540943145751953125 HTTP/1.0" 200 4011 "-" "WordPress/6.9; https://med.greenclinic.kz"
206.189.134.128 - - [20/Dec/2025:12:45:26 +0500] "GET / HTTP/1.0" 500 20853317 "-" "Mozilla/5.0 (X11; Linux x86_64) AppleWebKit/537.36 (KHTML, like Gecko) Chrome/139.0.0.0 Safari/537.36"
2a00:5da0:1000::128 - - [20/Dec/2025:12:45:31 +0500] "POST /wp-cron.php?doing_wp_cron=1766216731.2107129096984863281250 HTTP/1.0" 200 4011 "-" "WordPress/6.9; https://med.greenclinic.kz"
205.210.31.175 - - [21/Dec/2025:01:50:00 +0500] "GET / HTTP/1.0" 200 20878462 "-" "-"
2a00:5da0:1000::128 - - [21/Dec/2025:01:50:06 +0500] "POST /wp-cron.php?doing_wp_cron=1766263806.6474759578704833984375 HTTP/1.0" 200 4011 "-" "WordPress/6.9; https://med.greenclinic.kz"
2a00:5da0:1000::128 - - [21/Dec/2025:04:50:45 +0500] "POST /wp-cron.php?doing_wp_cron=1766274645.1333749294281005859375 HTTP/1.0" 200 4011 "-" "WordPress/6.9; https://med.greenclinic.kz"
54.217.83.13 - - [21/Dec/2025:08:20:54 +0500] "GET / HTTP/1.0" 200 20878308 "-" "Mozilla/5.0 (Windows NT 10.0; Win64; x64) AppleWebKit/537.36 (KHTML, like Gecko) Chrome/120.0.0.0 Safari/537.36"
2a00:5da0:1000::128 - - [21/Dec/2025:08:21:05 +0500] "POST /wp-cron.php?doing_wp_cron=1766287265.0390529632568359375000 HTTP/1.0" 200 4011 "-" "WordPress/6.9; https://med.greenclinic.kz"
138.68.86.32 - - [21/Dec/2025:11:39:37 +0500] "GET / HTTP/1.0" 500 11960 "-" "-"
138.68.86.32 - - [21/Dec/2025:11:39:38 +0500] "GET / HTTP/1.0" 500 20824577 "-" "Mozilla/5.0 (l9scan/2.0.5353e26343e2031323e2539313; +https://leakix.net)"
2a00:5da0:1000::128 - - [21/Dec/2025:11:39:43 +0500] "POST /wp-cron.php?doing_wp_cron=1766299183.5217669010162353515625 HTTP/1.0" 200 4011 "-" "WordPress/6.9; https://med.greenclinic.kz"
138.68.86.32 - - [21/Dec/2025:11:39:43 +0500] "POST /graphql HTTP/1.0" 500 11960 "-" "Mozilla/5.0 (l9scan/2.0.5353e26343e2031323e2539313; +https://leakix.net)"
138.68.86.32 - - [21/Dec/2025:11:39:46 +0500] "POST /api HTTP/1.0" 200 20878968 "-" "Mozilla/5.0 (l9scan/2.0.5353e26343e2031323e2539313; +https://leakix.net)"
138.68.86.32 - - [21/Dec/2025:11:39:49 +0500] "POST /api/graphql HTTP/1.0" 200 20876482 "-" "Mozilla/5.0 (l9scan/2.0.5353e26343e2031323e2539313; +https://leakix.net)"
138.68.86.32 - - [21/Dec/2025:11:39:52 +0500] "POST /graphql/api HTTP/1.0" 200 20879298 "-" "Mozilla/5.0 (l9scan/2.0.5353e26343e2031323e2539313; +https://leakix.net)"
138.68.86.32 - - [21/Dec/2025:11:39:54 +0500] "POST /api/gql HTTP/1.0" 200 20877824 "-" "Mozilla/5.0 (l9scan/2.0.5353e26343e2031323e2539313; +https://leakix.net)"
138.68.86.32 - - [21/Dec/2025:11:39:58 +0500] "GET /swagger-ui.html HTTP/1.0" 301 4014 "-" "Mozilla/5.0 (l9scan/2.0.5353e26343e2031323e2539313; +https://leakix.net)"
138.68.86.32 - - [21/Dec/2025:11:39:59 +0500] "GET /swagger/index.html HTTP/1.0" 301 4017 "-" "Mozilla/5.0 (l9scan/2.0.5353e26343e2031323e2539313; +https://leakix.net)"
138.68.86.32 - - [21/Dec/2025:11:40:00 +0500] "GET /swagger/swagger-ui.html HTTP/1.0" 301 4022 "-" "Mozilla/5.0 (l9scan/2.0.5353e26343e2031323e2539313; +https://leakix.net)"
138.68.86.32 - - [21/Dec/2025:11:40:01 +0500] "GET /webjars/swagger-ui/index.html HTTP/1.0" 301 4028 "-" "Mozilla/5.0 (l9scan/2.0.5353e26343e2031323e2539313; +https://leakix.net)"
138.68.86.32 - - [21/Dec/2025:11:40:02 +0500] "GET /swagger.json HTTP/1.0" 301 4011 "-" "Mozilla/5.0 (l9scan/2.0.5353e26343e2031323e2539313; +https://leakix.net)"
138.68.86.32 - - [21/Dec/2025:11:40:04 +0500] "GET /swagger/v1/swagger.json HTTP/1.0" 301 4022 "-" "Mozilla/5.0 (l9scan/2.0.5353e26343e2031323e2539313; +https://leakix.net)"
138.68.86.32 - - [21/Dec/2025:11:40:05 +0500] "GET /v2/api-docs HTTP/1.0" 301 4010 "-" "Mozilla/5.0 (l9scan/2.0.5353e26343e2031323e2539313; +https://leakix.net)"
138.68.86.32 - - [21/Dec/2025:11:40:06 +0500] "GET /v3/api-docs HTTP/1.0" 301 4010 "-" "Mozilla/5.0 (l9scan/2.0.5353e26343e2031323e2539313; +https://leakix.net)"
138.68.86.32 - - [21/Dec/2025:11:40:07 +0500] "GET /api-docs/swagger.json HTTP/1.0" 301 4020 "-" "Mozilla/5.0 (l9scan/2.0.5353e26343e2031323e2539313; +https://leakix.net)"
138.68.86.32 - - [21/Dec/2025:11:40:08 +0500] "GET /api/swagger.json HTTP/1.0" 301 4015 "-" "Mozilla/5.0 (l9scan/2.0.5353e26343e2031323e2539313; +https://leakix.net)"
138.68.86.32 - - [21/Dec/2025:11:40:09 +0500] "GET /@vite/env HTTP/1.0" 301 4008 "-" "Mozilla/5.0 (l9scan/2.0.5353e26343e2031323e2539313; +https://leakix.net)"
138.68.86.32 - - [21/Dec/2025:11:40:10 +0500] "GET /actuator/env HTTP/1.0" 301 4011 "-" "Mozilla/5.0 (l9scan/2.0.5353e26343e2031323e2539313; +https://leakix.net)"
138.68.86.32 - - [21/Dec/2025:11:40:11 +0500] "POST /php-cgi/php-cgi.exe?%ADd+cgi.force_redirect%3D0+%ADd+disable_functions%3D\"\"+%ADd+allow_url_include%3D1+%ADd+auto_prepend_file%3Dphp://input HTTP/1.0" 200 20878132 "-" "Mozilla/5.0 (l9scan/2.0.5353e26343e2031323e2539313; +https://leakix.net)"
138.68.86.32 - - [21/Dec/2025:11:40:14 +0500] "GET /server HTTP/1.0" 301 4005 "-" "Mozilla/5.0 (l9scan/2.0.5353e26343e2031323e2539313; +https://leakix.net)"
138.68.86.32 - - [21/Dec/2025:11:40:15 +0500] "GET /.vscode/sftp.json HTTP/1.0" 301 4016 "-" "Mozilla/5.0 (l9scan/2.0.5353e26343e2031323e2539313; +https://leakix.net)"
138.68.86.32 - - [21/Dec/2025:11:40:17 +0500] "GET /about HTTP/1.0" 301 4004 "-" "Mozilla/5.0 (l9scan/2.0.5353e26343e2031323e2539313; +https://leakix.net)"
138.68.86.32 - - [21/Dec/2025:11:40:18 +0500] "GET /debug/default/view?panel=config HTTP/1.0" 301 4030 "-" "Mozilla/5.0 (l9scan/2.0.5353e26343e2031323e2539313; +https://leakix.net)"
138.68.86.32 - - [21/Dec/2025:11:40:19 +0500] "GET /v2/_catalog HTTP/1.0" 301 4010 "-" "Mozilla/5.0 (l9scan/2.0.5353e26343e2031323e2539313; +https://leakix.net)"
138.68.86.32 - - [21/Dec/2025:11:40:21 +0500] "GET /ecp/Current/exporttool/microsoft.exchange.ediscovery.exporttool.application HTTP/1.0" 301 4074 "-" "Mozilla/5.0 (l9scan/2.0.5353e26343e2031323e2539313; +https://leakix.net)"
138.68.86.32 - - [21/Dec/2025:11:40:22 +0500] "GET /server-status HTTP/1.0" 403 4802 "-" "Mozilla/5.0 (l9scan/2.0.5353e26343e2031323e2539313; +https://leakix.net)"
138.68.86.32 - - [21/Dec/2025:11:40:23 +0500] "GET /login.action HTTP/1.0" 301 4011 "-" "Mozilla/5.0 (l9scan/2.0.5353e26343e2031323e2539313; +https://leakix.net)"
138.68.86.32 - - [21/Dec/2025:11:40:24 +0500] "GET /_all_dbs HTTP/1.0" 301 4007 "-" "Mozilla/5.0 (l9scan/2.0.5353e26343e2031323e2539313; +https://leakix.net)"
138.68.86.32 - - [21/Dec/2025:11:40:25 +0500] "GET /.DS_Store HTTP/1.0" 301 4008 "-" "Mozilla/5.0 (l9scan/2.0.5353e26343e2031323e2539313; +https://leakix.net)"
138.68.86.32 - - [21/Dec/2025:11:40:26 +0500] "GET /.env HTTP/1.0" 301 4003 "-" "Mozilla/5.0 (l9scan/2.0.5353e26343e2031323e2539313; +https://leakix.net)"
138.68.86.32 - - [21/Dec/2025:11:40:29 +0500] "GET /s/5353e26343e2031323e2539313/_/;/META-INF/maven/com.atlassian.jira/jira-webapp-dist/pom.properties HTTP/1.0" 301 4097 "-" "Mozilla/5.0 (l9scan/2.0.5353e26343e2031323e2539313; +https://leakix.net)"
138.68.86.32 - - [21/Dec/2025:11:40:30 +0500] "GET /config.json HTTP/1.0" 301 4010 "-" "Mozilla/5.0 (l9scan/2.0.5353e26343e2031323e2539313; +https://leakix.net)"
138.68.86.32 - - [21/Dec/2025:11:40:31 +0500] "GET /telescope/requests HTTP/1.0" 301 4017 "-" "Mozilla/5.0 (l9scan/2.0.5353e26343e2031323e2539313; +https://leakix.net)"
138.68.86.32 - - [21/Dec/2025:11:40:33 +0500] "GET /info.php HTTP/1.0" 403 4802 "-" "Mozilla/5.0 (l9scan/2.0.5353e26343e2031323e2539313; +https://leakix.net)"
138.68.86.32 - - [21/Dec/2025:11:40:34 +0500] "GET /?rest_route=/wp/v2/users/ HTTP/1.0" 200 5210 "-" "Mozilla/5.0 (l9scan/2.0.5353e26343e2031323e2539313; +https://leakix.net)"
74.7.228.16 - - [21/Dec/2025:17:27:54 +0500] "GET /robots.txt HTTP/1.0" 301 4009 "-" "Mozilla/5.0 (Macintosh; Intel Mac OS X 10_15_7) AppleWebKit/537.36 (KHTML, like Gecko) Chrome/131.0.0.0 Safari/537.36; compatible; OAI-SearchBot/1.3; robots.txt; +https://openai.com/searchbot"
2a00:5da0:1000::128 - - [21/Dec/2025:17:27:57 +0500] "POST /wp-cron.php?doing_wp_cron=1766320077.4297809600830078125000 HTTP/1.0" 200 4011 "-" "WordPress/6.9; https://med.greenclinic.kz"
74.7.228.16 - - [21/Dec/2025:17:27:59 +0500] "GET /robots.txt/ HTTP/1.0" 200 20873798 "https://med.greenclinic.kz/robots.txt" "Mozilla/5.0 (Macintosh; Intel Mac OS X 10_15_7) AppleWebKit/537.36 (KHTML, like Gecko) Chrome/131.0.0.0 Safari/537.36; compatible; OAI-SearchBot/1.3; robots.txt; +https://openai.com/searchbot"
74.7.228.16 - - [21/Dec/2025:17:28:04 +0500] "GET /robots.txt HTTP/1.0" 301 4009 "-" "Mozilla/5.0 (Macintosh; Intel Mac OS X 10_15_7) AppleWebKit/537.36 (KHTML, like Gecko) Chrome/131.0.0.0 Safari/537.36; compatible; OAI-SearchBot/1.3; robots.txt; +https://openai.com/searchbot"
74.7.228.16 - - [21/Dec/2025:17:28:05 +0500] "GET /robots.txt/ HTTP/1.0" 200 20874678 "https://med.greenclinic.kz/robots.txt" "Mozilla/5.0 (Macintosh; Intel Mac OS X 10_15_7) AppleWebKit/537.36 (KHTML, like Gecko) Chrome/131.0.0.0 Safari/537.36; compatible; OAI-SearchBot/1.3; robots.txt; +https://openai.com/searchbot"
138.68.79.50 - - [21/Dec/2025:18:51:27 +0500] "POST / HTTP/1.0" 500 20841253 "-" "Python/3.14 aiohttp/3.13.2"
2a00:5da0:1000::128 - - [21/Dec/2025:18:51:32 +0500] "POST /wp-cron.php?doing_wp_cron=1766325092.0294840335845947265625 HTTP/1.0" 200 4011 "-" "WordPress/6.9; https://med.greenclinic.kz"
64.226.126.21 - - [22/Dec/2025:00:08:40 +0500] "POST / HTTP/1.0" 500 20848837 "-" "Python/3.14 aiohttp/3.13.2"
2a00:5da0:1000::128 - - [22/Dec/2025:00:08:45 +0500] "POST /wp-cron.php?doing_wp_cron=1766344124.9856450557708740234375 HTTP/1.0" 200 4011 "-" "WordPress/6.9; https://med.greenclinic.kz"
207.154.229.205 - - [22/Dec/2025:04:10:49 +0500] "POST / HTTP/1.0" 200 20874483 "-" "Python/3.14 aiohttp/3.13.2"
2a00:5da0:1000::128 - - [22/Dec/2025:04:10:57 +0500] "POST /wp-cron.php?doing_wp_cron=1766358657.6028978824615478515625 HTTP/1.0" 200 4011 "-" "WordPress/6.9; https://med.greenclinic.kz"
54.217.83.13 - - [22/Dec/2025:07:36:53 +0500] "GET / HTTP/1.0" 200 20878132 "-" "Mozilla/5.0 (Macintosh; Intel Mac OS X 10.15; rv:121.0) Gecko/20100101 Firefox/121.0"
2a00:5da0:1000::128 - - [22/Dec/2025:07:36:58 +0500] "POST /wp-cron.php?doing_wp_cron=1766371018.6388990879058837890625 HTTP/1.0" 200 4011 "-" "WordPress/6.9; https://med.greenclinic.kz"
161.35.16.250 - - [22/Dec/2025:08:17:36 +0500] "POST / HTTP/1.0" 500 20848829 "-" "Python/3.14 aiohttp/3.13.2"
2a00:5da0:1000::128 - - [22/Dec/2025:08:17:41 +0500] "POST /wp-cron.php?doing_wp_cron=1766373461.3974440097808837890625 HTTP/1.0" 200 4011 "-" "WordPress/6.9; https://med.greenclinic.kz"
45.86.83.20 - - [22/Dec/2025:09:29:42 +0500] "GET / HTTP/1.0" 500 11960 "-" "Mozilla/5.0 (Windows NT 10.0; Win64; x64) AppleWebKit/537.36 (KHTML, like Gecko) Chrome/143.0.0.0 Safari/537.36 Edg/143.0.0.0"
2a00:5da0:1000::128 - - [22/Dec/2025:09:29:51 +0500] "POST /wp-cron.php?doing_wp_cron=1766377791.5794069766998291015625 HTTP/1.0" 200 4011 "-" "WordPress/6.9; https://med.greenclinic.kz"
45.86.83.20 - - [22/Dec/2025:09:29:44 +0500] "GET / HTTP/1.0" 200 20874788 "-" "Mozilla/5.0 (Windows NT 10.0; Win64; x64) AppleWebKit/537.36 (KHTML, like Gecko) Chrome/143.0.0.0 Safari/537.36 Edg/143.0.0.0"
198.235.24.176 - - [22/Dec/2025:12:06:37 +0500] "GET / HTTP/1.0" 200 20876174 "http://195.210.46.55:80/" "-"
2a00:5da0:1000::128 - - [22/Dec/2025:12:06:43 +0500] "POST /wp-cron.php?doing_wp_cron=1766387203.0295150279998779296875 HTTP/1.0" 200 4011 "-" "WordPress/6.9; https://med.greenclinic.kz"
2a14:7c1::2 - - [22/Dec/2025:20:15:13 +0500] "GET / HTTP/1.0" 500 20856963 "-" "Mozilla/5.0 (Windows NT 10.0; Win64; x64) AppleWebKit/537.36 (KHTML, like Gecko) Chrome/134.0.0.0 Safari/537.3"
2a00:5da0:1000::128 - - [22/Dec/2025:20:15:19 +0500] "POST /wp-cron.php?doing_wp_cron=1766416518.9612619876861572265625 HTTP/1.0" 200 4011 "-" "WordPress/6.9; https://med.greenclinic.kz"
34.141.176.7 - - [23/Dec/2025:00:33:17 +0500] "GET / HTTP/1.0" 500 20865895 "-" "Scrapy/2.13.4 (+https://scrapy.org)"
2a00:5da0:1000::128 - - [23/Dec/2025:00:33:22 +0500] "POST /wp-cron.php?doing_wp_cron=1766432002.2184491157531738281250 HTTP/1.0" 200 4011 "-" "WordPress/6.9; https://med.greenclinic.kz"
74.7.228.16 - - [23/Dec/2025:03:09:07 +0500] "GET /robots.txt HTTP/1.0" 301 4009 "-" "Mozilla/5.0 (Macintosh; Intel Mac OS X 10_15_7) AppleWebKit/537.36 (KHTML, like Gecko) Chrome/131.0.0.0 Safari/537.36; compatible; OAI-SearchBot/1.3; robots.txt; +https://openai.com/searchbot"
2a00:5da0:1000::128 - - [23/Dec/2025:03:09:14 +0500] "POST /wp-cron.php?doing_wp_cron=1766441353.9693470001220703125000 HTTP/1.0" 200 4011 "-" "WordPress/6.9; https://med.greenclinic.kz"
74.7.228.16 - - [23/Dec/2025:03:09:15 +0500] "GET /robots.txt/ HTTP/1.0" 500 11960 "https://med.greenclinic.kz/robots.txt" "Mozilla/5.0 (Macintosh; Intel Mac OS X 10_15_7) AppleWebKit/537.36 (KHTML, like Gecko) Chrome/131.0.0.0 Safari/537.36; compatible; OAI-SearchBot/1.3; robots.txt; +https://openai.com/searchbot"
2a00:5da0:1000::128 - - [23/Dec/2025:04:50:41 +0500] "POST /wp-cron.php?doing_wp_cron=1766447441.2254180908203125000000 HTTP/1.0" 200 4011 "-" "WordPress/6.9; https://med.greenclinic.kz"
54.176.239.14 - - [23/Dec/2025:06:04:43 +0500] "GET / HTTP/1.0" 200 20877846 "-" "Mozilla/5.0 (Windows NT 10.0; Win64; x64) AppleWebKit/537.36 (KHTML, like Gecko) Chrome/60.0.3112.113 Safari/537.36 Assetnote/1.0.0"
2a00:5da0:1000::128 - - [23/Dec/2025:06:04:49 +0500] "POST /wp-cron.php?doing_wp_cron=1766451889.2518930435180664062500 HTTP/1.0" 200 4011 "-" "WordPress/6.9; https://med.greenclinic.kz"
54.176.239.14 - - [23/Dec/2025:06:04:52 +0500] "HEAD /apps HTTP/1.0" 301 3984 "-" "Mozilla/5.0 (Windows NT 10.0; Win64; x64) AppleWebKit/537.36 (KHTML, like Gecko) Chrome/60.0.3112.113 Safari/537.36 Assetnote/1.0.0"
54.176.239.14 - - [23/Dec/2025:06:04:53 +0500] "POST /apps HTTP/1.0" 200 20876592 "-" "Mozilla/5.0 (Windows NT 10.0; Win64; x64) AppleWebKit/537.36 (KHTML, like Gecko) Chrome/60.0.3112.113 Safari/537.36 Assetnote/1.0.0"
54.217.83.13 - - [23/Dec/2025:07:45:34 +0500] "GET / HTTP/1.0" 200 20875294 "-" "Mozilla/5.0 (Macintosh; Intel Mac OS X 10_15_7) AppleWebKit/605.1.15 (KHTML, like Gecko) Version/17.1 Safari/605.1.15"
2a00:5da0:1000::128 - - [23/Dec/2025:07:45:39 +0500] "POST /wp-cron.php?doing_wp_cron=1766457939.4636120796203613281250 HTTP/1.0" 200 4011 "-" "WordPress/6.9; https://med.greenclinic.kz"
216.106.187.123 - - [23/Dec/2025:11:18:42 +0500] "GET / HTTP/1.0" 200 20879782 "-" "Mozilla/5.0 (Windows NT 10.0; Win64; x64) AppleWebKit/537.36 (KHTML, like Gecko) Chrome/58.0.3029.110 Safari/537.3"
2a00:5da0:1000::128 - - [23/Dec/2025:11:18:50 +0500] "POST /wp-cron.php?doing_wp_cron=1766470730.6693658828735351562500 HTTP/1.0" 200 4011 "-" "WordPress/6.9; https://med.greenclinic.kz"
3.82.158.185 - - [23/Dec/2025:12:54:21 +0500] "GET / HTTP/1.0" 500 11960 "-" "Mozilla/5.0 (X11; Linux i686; rv:124.0) Gecko/20100101 Firefox/124.0"
143.110.217.244 - - [23/Dec/2025:13:38:20 +0500] "GET / HTTP/1.0" 500 11960 "-" "-"
2a00:5da0:1000::128 - - [23/Dec/2025:13:38:26 +0500] "POST /wp-cron.php?doing_wp_cron=1766479106.8915760517120361328125 HTTP/1.0" 200 4011 "-" "WordPress/6.9; https://med.greenclinic.kz"
143.110.217.244 - - [23/Dec/2025:13:38:21 +0500] "GET / HTTP/1.0" 500 20840799 "-" "Mozilla/5.0 (l9scan/2.0.5353e26343e2031323e2539313; +https://leakix.net)"
143.110.217.244 - - [23/Dec/2025:13:38:27 +0500] "POST /graphql HTTP/1.0" 500 11960 "-" "Mozilla/5.0 (l9scan/2.0.5353e26343e2031323e2539313; +https://leakix.net)"
143.110.217.244 - - [23/Dec/2025:13:38:30 +0500] "POST /api HTTP/1.0" 200 20875954 "-" "Mozilla/5.0 (l9scan/2.0.5353e26343e2031323e2539313; +https://leakix.net)"
143.110.217.244 - - [23/Dec/2025:13:38:33 +0500] "POST /api/graphql HTTP/1.0" 200 20878110 "-" "Mozilla/5.0 (l9scan/2.0.5353e26343e2031323e2539313; +https://leakix.net)"
143.110.217.244 - - [23/Dec/2025:13:38:36 +0500] "POST /graphql/api HTTP/1.0" 200 20880002 "-" "Mozilla/5.0 (l9scan/2.0.5353e26343e2031323e2539313; +https://leakix.net)"
143.110.217.244 - - [23/Dec/2025:13:38:39 +0500] "POST /api/gql HTTP/1.0" 200 20875382 "-" "Mozilla/5.0 (l9scan/2.0.5353e26343e2031323e2539313; +https://leakix.net)"
143.110.217.244 - - [23/Dec/2025:13:38:43 +0500] "GET /swagger-ui.html HTTP/1.0" 301 4014 "-" "Mozilla/5.0 (l9scan/2.0.5353e26343e2031323e2539313; +https://leakix.net)"
143.110.217.244 - - [23/Dec/2025:13:38:44 +0500] "GET /swagger/index.html HTTP/1.0" 301 4017 "-" "Mozilla/5.0 (l9scan/2.0.5353e26343e2031323e2539313; +https://leakix.net)"
143.110.217.244 - - [23/Dec/2025:13:38:46 +0500] "GET /swagger/swagger-ui.html HTTP/1.0" 301 4022 "-" "Mozilla/5.0 (l9scan/2.0.5353e26343e2031323e2539313; +https://leakix.net)"
143.110.217.244 - - [23/Dec/2025:13:38:47 +0500] "GET /webjars/swagger-ui/index.html HTTP/1.0" 301 4028 "-" "Mozilla/5.0 (l9scan/2.0.5353e26343e2031323e2539313; +https://leakix.net)"
143.110.217.244 - - [23/Dec/2025:13:38:48 +0500] "GET /swagger.json HTTP/1.0" 301 4011 "-" "Mozilla/5.0 (l9scan/2.0.5353e26343e2031323e2539313; +https://leakix.net)"
143.110.217.244 - - [23/Dec/2025:13:38:50 +0500] "GET /swagger/v1/swagger.json HTTP/1.0" 301 4022 "-" "Mozilla/5.0 (l9scan/2.0.5353e26343e2031323e2539313; +https://leakix.net)"
143.110.217.244 - - [23/Dec/2025:13:38:51 +0500] "GET /v2/api-docs HTTP/1.0" 301 4010 "-" "Mozilla/5.0 (l9scan/2.0.5353e26343e2031323e2539313; +https://leakix.net)"
143.110.217.244 - - [23/Dec/2025:13:38:52 +0500] "GET /v3/api-docs HTTP/1.0" 301 4010 "-" "Mozilla/5.0 (l9scan/2.0.5353e26343e2031323e2539313; +https://leakix.net)"
143.110.217.244 - - [23/Dec/2025:13:38:54 +0500] "GET /api-docs/swagger.json HTTP/1.0" 301 4020 "-" "Mozilla/5.0 (l9scan/2.0.5353e26343e2031323e2539313; +https://leakix.net)"
143.110.217.244 - - [23/Dec/2025:13:38:55 +0500] "GET /api/swagger.json HTTP/1.0" 301 4015 "-" "Mozilla/5.0 (l9scan/2.0.5353e26343e2031323e2539313; +https://leakix.net)"
143.110.217.244 - - [23/Dec/2025:13:38:57 +0500] "GET /@vite/env HTTP/1.0" 301 4008 "-" "Mozilla/5.0 (l9scan/2.0.5353e26343e2031323e2539313; +https://leakix.net)"
143.110.217.244 - - [23/Dec/2025:13:38:58 +0500] "GET /actuator/env HTTP/1.0" 301 4011 "-" "Mozilla/5.0 (l9scan/2.0.5353e26343e2031323e2539313; +https://leakix.net)"
143.110.217.244 - - [23/Dec/2025:13:39:00 +0500] "POST /php-cgi/php-cgi.exe?%ADd+cgi.force_redirect%3D0+%ADd+disable_functions%3D\"\"+%ADd+allow_url_include%3D1+%ADd+auto_prepend_file%3Dphp://input HTTP/1.0" 200 20879518 "-" "Mozilla/5.0 (l9scan/2.0.5353e26343e2031323e2539313; +https://leakix.net)"
143.110.217.244 - - [23/Dec/2025:13:39:04 +0500] "GET /server HTTP/1.0" 301 4005 "-" "Mozilla/5.0 (l9scan/2.0.5353e26343e2031323e2539313; +https://leakix.net)"
143.110.217.244 - - [23/Dec/2025:13:39:05 +0500] "GET /.vscode/sftp.json HTTP/1.0" 301 4016 "-" "Mozilla/5.0 (l9scan/2.0.5353e26343e2031323e2539313; +https://leakix.net)"
143.110.217.244 - - [23/Dec/2025:13:39:07 +0500] "GET /about HTTP/1.0" 301 4004 "-" "Mozilla/5.0 (l9scan/2.0.5353e26343e2031323e2539313; +https://leakix.net)"
143.110.217.244 - - [23/Dec/2025:13:39:09 +0500] "GET /debug/default/view?panel=config HTTP/1.0" 301 4030 "-" "Mozilla/5.0 (l9scan/2.0.5353e26343e2031323e2539313; +https://leakix.net)"
143.110.217.244 - - [23/Dec/2025:13:39:10 +0500] "GET /v2/_catalog HTTP/1.0" 301 4010 "-" "Mozilla/5.0 (l9scan/2.0.5353e26343e2031323e2539313; +https://leakix.net)"
143.110.217.244 - - [23/Dec/2025:13:39:11 +0500] "GET /ecp/Current/exporttool/microsoft.exchange.ediscovery.exporttool.application HTTP/1.0" 301 4074 "-" "Mozilla/5.0 (l9scan/2.0.5353e26343e2031323e2539313; +https://leakix.net)"
143.110.217.244 - - [23/Dec/2025:13:39:13 +0500] "GET /server-status HTTP/1.0" 403 4802 "-" "Mozilla/5.0 (l9scan/2.0.5353e26343e2031323e2539313; +https://leakix.net)"
143.110.217.244 - - [23/Dec/2025:13:39:14 +0500] "GET /login.action HTTP/1.0" 301 4011 "-" "Mozilla/5.0 (l9scan/2.0.5353e26343e2031323e2539313; +https://leakix.net)"
143.110.217.244 - - [23/Dec/2025:13:39:15 +0500] "GET /_all_dbs HTTP/1.0" 301 4007 "-" "Mozilla/5.0 (l9scan/2.0.5353e26343e2031323e2539313; +https://leakix.net)"
143.110.217.244 - - [23/Dec/2025:13:39:17 +0500] "GET /.DS_Store HTTP/1.0" 301 4008 "-" "Mozilla/5.0 (l9scan/2.0.5353e26343e2031323e2539313; +https://leakix.net)"
143.110.217.244 - - [23/Dec/2025:13:39:18 +0500] "GET /.env HTTP/1.0" 301 4003 "-" "Mozilla/5.0 (l9scan/2.0.5353e26343e2031323e2539313; +https://leakix.net)"
143.110.217.244 - - [23/Dec/2025:13:39:21 +0500] "GET /s/5353e26343e2031323e2539313/_/;/META-INF/maven/com.atlassian.jira/jira-webapp-dist/pom.properties HTTP/1.0" 301 4097 "-" "Mozilla/5.0 (l9scan/2.0.5353e26343e2031323e2539313; +https://leakix.net)"
143.110.217.244 - - [23/Dec/2025:13:39:23 +0500] "GET /config.json HTTP/1.0" 301 4010 "-" "Mozilla/5.0 (l9scan/2.0.5353e26343e2031323e2539313; +https://leakix.net)"
143.110.217.244 - - [23/Dec/2025:13:39:24 +0500] "GET /telescope/requests HTTP/1.0" 301 4017 "-" "Mozilla/5.0 (l9scan/2.0.5353e26343e2031323e2539313; +https://leakix.net)"
143.110.217.244 - - [23/Dec/2025:13:39:26 +0500] "GET /info.php HTTP/1.0" 403 4802 "-" "Mozilla/5.0 (l9scan/2.0.5353e26343e2031323e2539313; +https://leakix.net)"
143.110.217.244 - - [23/Dec/2025:13:39:27 +0500] "GET /?rest_route=/wp/v2/users/ HTTP/1.0" 200 5210 "-" "Mozilla/5.0 (l9scan/2.0.5353e26343e2031323e2539313; +https://leakix.net)"
3.252.80.218 - - [23/Dec/2025:17:24:26 +0500] "GET / HTTP/1.0" 200 20875162 "-" "Mozilla/5.0 (Windows NT 10.0; Win64; x64) Chrome/91.0.4472.124"
2a00:5da0:1000::128 - - [23/Dec/2025:17:24:31 +0500] "POST /wp-cron.php?doing_wp_cron=1766492671.8967750072479248046875 HTTP/1.0" 200 4011 "-" "WordPress/6.9; https://med.greenclinic.kz"
3.252.80.218 - - [23/Dec/2025:17:24:50 +0500] "GET /index.php?rest_route=/ HTTP/1.0" 200 532139 "-" "python-httpx/0.28.1"
3.252.80.218 - - [23/Dec/2025:17:24:52 +0500] "GET /index.php?rest_route=/wp/v2/pages/13 HTTP/1.0" 200 21247202 "-" "python-httpx/0.28.1"
3.252.80.218 - - [23/Dec/2025:17:25:14 +0500] "GET /index.php?rest_route=%2Foembed%2F1.0%2Fembed& HTTP/1.0" 400 4463 "-" "python-httpx/0.28.1"
3.252.80.218 - - [23/Dec/2025:17:25:15 +0500] "GET /index.php?rest_route=%2Foembed%2F1.0%2Fembed& HTTP/1.0" 400 4463 "-" "python-httpx/0.28.1"
3.252.80.218 - - [23/Dec/2025:17:25:17 +0500] "GET /?feed=comments-rss2 HTTP/1.0" 200 5831 "-" "python-httpx/0.28.1"
3.252.80.218 - - [23/Dec/2025:17:25:18 +0500] "GET /?feed=rss2 HTTP/1.0" 200 6078 "-" "python-httpx/0.28.1"
3.252.80.218 - - [23/Dec/2025:17:25:19 +0500] "GET / HTTP/1.0" 200 20879716 "-" "python-httpx/0.28.1"
34.172.219.131 - - [23/Dec/2025:18:33:30 +0500] "GET / HTTP/1.0" 200 20874458 "http://med.greenclinic.kz" "Mozilla/5.0 (compatible; CMS-Checker/1.0; +https://example.com)"
2a00:5da0:1000::128 - - [23/Dec/2025:18:33:35 +0500] "POST /wp-cron.php?doing_wp_cron=1766496815.5963768959045410156250 HTTP/1.0" 200 4011 "-" "WordPress/6.9; https://med.greenclinic.kz"
46.101.91.35 - - [23/Dec/2025:19:50:44 +0500] "GET /wp-login.php HTTP/1.0" 200 16081 "-" "Mozilla/5.0"
