95.161.239.224 - - [28/Oct/2025:02:17:50 +0500] "GET /phpinfo.php HTTP/1.0" 403 4172 "-" "Mozilla/5.0 (Windows NT 10.0; Win64; x64) AppleWebKit/537.36 (KHTML, like Gecko) Chrome/135.0.0.0 Safari/537.36"
95.161.239.224 - - [28/Oct/2025:02:17:50 +0500] "GET /info.php HTTP/1.0" 403 4172 "-" "Mozilla/5.0 (Windows NT 10.0; Win64; x64) AppleWebKit/537.36 (KHTML, like Gecko) Chrome/135.0.0.0 Safari/537.36"
95.161.239.224 - - [28/Oct/2025:02:17:50 +0500] "GET /p.php HTTP/1.0" 403 4172 "-" "Mozilla/5.0 (Windows NT 10.0; Win64; x64) AppleWebKit/537.36 (KHTML, like Gecko) Chrome/135.0.0.0 Safari/537.36"
95.161.239.224 - - [28/Oct/2025:02:17:50 +0500] "GET /i.php HTTP/1.0" 403 4172 "-" "Mozilla/5.0 (Windows NT 10.0; Win64; x64) AppleWebKit/537.36 (KHTML, like Gecko) Chrome/135.0.0.0 Safari/537.36"
95.161.239.224 - - [28/Oct/2025:02:17:50 +0500] "GET /test.php HTTP/1.0" 403 4172 "-" "Mozilla/5.0 (Windows NT 10.0; Win64; x64) AppleWebKit/537.36 (KHTML, like Gecko) Chrome/135.0.0.0 Safari/537.36"
62.122.209.6 - - [28/Oct/2025:03:43:46 +0500] "GET /mah.php HTTP/1.0" 403 4172 "-" "Mozilla/5.0 (X11; CrOS x86_64 14541.0.0) AppleWebKit/537.36 (KHTML, like Gecko) Chrome/139.0.0.0 Safari/537.36"
62.122.209.6 - - [28/Oct/2025:03:43:46 +0500] "GET /goods.php HTTP/1.0" 403 4172 "-" "Mozilla/5.0 (X11; CrOS x86_64 14541.0.0) AppleWebKit/537.36 (KHTML, like Gecko) Chrome/139.0.0.0 Safari/537.36"
62.122.209.6 - - [28/Oct/2025:03:43:46 +0500] "GET /chosen.php HTTP/1.0" 403 4172 "-" "Mozilla/5.0 (X11; CrOS x86_64 14541.0.0) AppleWebKit/537.36 (KHTML, like Gecko) Chrome/139.0.0.0 Safari/537.36"
104.210.140.143 - - [28/Oct/2025:04:12:46 +0500] "GET /robots.txt HTTP/1.0" 500 4512 "-" "Mozilla/5.0 (Macintosh; Intel Mac OS X 10_15_7) AppleWebKit/537.36 (KHTML, like Gecko) Chrome/131.0.0.0 Safari/537.36; compatible; OAI-SearchBot/1.0; +https://openai.com/searchbot"
40.86.42.69 - - [28/Oct/2025:04:18:34 +0500] "GET /.well-known/ HTTP/1.0" 500 4512 "-" "-"
40.86.42.69 - - [28/Oct/2025:04:18:34 +0500] "GET /a.php HTTP/1.0" 403 4172 "-" "-"
40.86.42.69 - - [28/Oct/2025:04:18:35 +0500] "GET /aa.php HTTP/1.0" 403 4172 "-" "-"
40.86.42.69 - - [28/Oct/2025:04:18:35 +0500] "GET /abcd.php HTTP/1.0" 403 4172 "-" "-"
40.86.42.69 - - [28/Oct/2025:04:18:36 +0500] "GET /about.php HTTP/1.0" 403 4172 "-" "-"
40.86.42.69 - - [28/Oct/2025:04:18:36 +0500] "GET /admin.php HTTP/1.0" 500 4512 "-" "-"
40.86.42.69 - - [28/Oct/2025:04:18:37 +0500] "GET /alfa.php HTTP/1.0" 403 4172 "-" "-"
40.86.42.69 - - [28/Oct/2025:04:18:37 +0500] "GET /atomlib.php HTTP/1.0" 403 4172 "-" "-"
46.0.170.130 - - [28/Oct/2025:05:55:24 +0500] "GET /wp-content/themes/alone/css/sermone.css HTTP/1.0" 500 4512 "-" "Mozilla/5.0 (Windows NT 10.0; Win64; x64) AppleWebKit/537.36 (KHTML, like Gecko) Chrome/141.0.0.0 Safari/537.36"
77.220.52.92 - - [28/Oct/2025:07:52:31 +0500] "GET /wp-content/plugins/drag-and-drop-multiple-file-upload-contact-form-7/assets/js/codedropz-uploader-min.js HTTP/1.0" 500 4512 "-" "Mozilla/5.0 (Windows NT 10.0; Win64; x64) AppleWebKit/537.36 (KHTML, like Gecko) Chrome/79.0.3945.79 Safari/537.36"
45.138.16.228 - - [28/Oct/2025:10:13:39 +0500] "GET /style.php HTTP/1.0" 403 4172 "http://purchases.greenclinic.kz/style.php" "Go-http-client/2.0"
45.138.16.228 - - [28/Oct/2025:10:13:40 +0500] "GET /wp-content/style.php HTTP/1.0" 500 4512 "http://purchases.greenclinic.kz/wp-content/style.php" "Go-http-client/2.0"
45.138.16.228 - - [28/Oct/2025:10:13:41 +0500] "GET /wp-content/themes/style.php HTTP/1.0" 500 4512 "http://purchases.greenclinic.kz/wp-content/themes/style.php" "Go-http-client/2.0"
4.227.36.93 - - [28/Oct/2025:11:34:06 +0500] "GET /robots.txt HTTP/1.0" 500 4512 "-" "Mozilla/5.0 (Macintosh; Intel Mac OS X 10_15_7) AppleWebKit/537.36 (KHTML, like Gecko) Chrome/131.0.0.0 Safari/537.36; compatible; OAI-SearchBot/1.0; robots.txt; +https://openai.com/searchbot"
20.171.207.75 - - [28/Oct/2025:11:34:07 +0500] "GET / HTTP/1.0" 200 6524 "-" "Mozilla/5.0 AppleWebKit/537.36 (KHTML, like Gecko; compatible; GPTBot/1.2; +https://openai.com/gptbot)"
20.171.207.75 - - [28/Oct/2025:11:34:13 +0500] "GET /src/assets/css/swiper.min.css HTTP/1.0" 500 4512 "-" "Mozilla/5.0 AppleWebKit/537.36 (KHTML, like Gecko; compatible; GPTBot/1.2; +https://openai.com/gptbot)"
20.171.207.75 - - [28/Oct/2025:11:34:41 +0500] "GET /src/assets/css/style.css HTTP/1.0" 500 4512 "-" "Mozilla/5.0 AppleWebKit/537.36 (KHTML, like Gecko; compatible; GPTBot/1.2; +https://openai.com/gptbot)"
20.171.207.75 - - [28/Oct/2025:11:34:46 +0500] "GET /src/assets/css/bootstrap.min.css HTTP/1.0" 500 4512 "-" "Mozilla/5.0 AppleWebKit/537.36 (KHTML, like Gecko; compatible; GPTBot/1.2; +https://openai.com/gptbot)"
20.171.207.75 - - [28/Oct/2025:11:36:29 +0500] "GET /src/assets/css/media.css HTTP/1.0" 500 4512 "-" "Mozilla/5.0 AppleWebKit/537.36 (KHTML, like Gecko; compatible; GPTBot/1.2; +https://openai.com/gptbot)"
20.171.207.75 - - [28/Oct/2025:11:37:07 +0500] "GET /js/chunk-2b7be068.6c47dcf4.js.map HTTP/1.0" 200 172777 "-" "Mozilla/5.0 AppleWebKit/537.36 (KHTML, like Gecko; compatible; GPTBot/1.2; +https://openai.com/gptbot)"
20.171.207.75 - - [28/Oct/2025:11:38:08 +0500] "GET /js/app.c30c4fd7.js.map HTTP/1.0" 200 100680 "-" "Mozilla/5.0 AppleWebKit/537.36 (KHTML, like Gecko; compatible; GPTBot/1.2; +https://openai.com/gptbot)"
20.171.207.75 - - [28/Oct/2025:11:39:03 +0500] "GET /js/chunk-724d1a44.06a092d5.js.map HTTP/1.0" 200 9522 "-" "Mozilla/5.0 AppleWebKit/537.36 (KHTML, like Gecko; compatible; GPTBot/1.2; +https://openai.com/gptbot)"
20.171.207.75 - - [28/Oct/2025:11:39:54 +0500] "GET /js/chunk-7d15c844.1bb78ace.js.map HTTP/1.0" 200 197660 "-" "Mozilla/5.0 AppleWebKit/537.36 (KHTML, like Gecko; compatible; GPTBot/1.2; +https://openai.com/gptbot)"
4.227.36.93 - - [28/Oct/2025:11:40:40 +0500] "GET /robots.txt HTTP/1.0" 500 4512 "-" "Mozilla/5.0 (Macintosh; Intel Mac OS X 10_15_7) AppleWebKit/537.36 (KHTML, like Gecko) Chrome/131.0.0.0 Safari/537.36; compatible; OAI-SearchBot/1.0; robots.txt; +https://openai.com/searchbot"
20.171.207.75 - - [28/Oct/2025:11:41:22 +0500] "GET /js/chunk-b7b749b6.ce074877.js.map HTTP/1.0" 200 268275 "-" "Mozilla/5.0 AppleWebKit/537.36 (KHTML, like Gecko; compatible; GPTBot/1.2; +https://openai.com/gptbot)"
20.171.207.75 - - [28/Oct/2025:11:41:58 +0500] "GET /js/chunk-vendors.c8599ea6.js.map HTTP/1.0" 200 1983699 "-" "Mozilla/5.0 AppleWebKit/537.36 (KHTML, like Gecko; compatible; GPTBot/1.2; +https://openai.com/gptbot)"
45.94.31.238 - - [28/Oct/2025:11:42:42 +0500] "GET /wp-content/plugins/fix/up.php HTTP/1.0" 500 4512 "-" "Mozilla/5.0 (Windows NT 10.0; Win64; x64) AppleWebKit/537.36 (KHTML, like Gecko) Chrome/85.0.4183.102 Safari/537.36"
45.94.31.238 - - [28/Oct/2025:11:42:42 +0500] "POST /wp-plain.php HTTP/1.0" 403 4172 "www.google.com" "Mozilla/5.0 (Linux; Android 7.0; SM-G892A Bulid/NRD90M; wv) AppleWebKit/537.36 (KHTML, like Gecko) Version/4.0 Chrome/60.0.3112.107 Moblie Safari/537.36"
45.94.31.238 - - [28/Oct/2025:11:42:42 +0500] "GET / HTTP/1.0" 200 6524 "-" "Mozlila/5.0 (Linux; Android 7.0; SM-G892A Bulid/NRD90M; wv) AppleWebKit/537.36 (KHTML, like Gecko) Version/4.0 Chrome/60.0.3112.107 Moblie Safari/537.36"
45.94.31.238 - - [28/Oct/2025:11:42:42 +0500] "GET /wp-content/themes/seotheme/db.php?u HTTP/1.0" 500 4512 "www.google.com" "Mozlila/5.0 (Linux; Android 7.0; SM-G892A Bulid/NRD90M; wv) AppleWebKit/537.36 (KHTML, like Gecko) Version/4.0 Chrome/60.0.3112.107 Moblie Safari/537.36"
45.94.31.238 - - [28/Oct/2025:11:42:42 +0500] "GET /wp-content/plugins/apikey/apikey.php?test=hello HTTP/1.0" 500 4512 "-" "Mozlila/5.0 (Linux; Android 7.0; SM-G892A Bulid/NRD90M; wv) AppleWebKit/537.36 (KHTML, like Gecko) Version/4.0 Chrome/60.0.3112.107 Moblie Safari/537.36"
45.94.31.238 - - [28/Oct/2025:11:42:42 +0500] "GET /mqyttqhu.php?Fox=d3wL7 HTTP/1.0" 403 4172 "www.google.com" "Mozilla/5.0 (Linux; Android 7.0; SM-G892A Bulid/NRD90M; wv) AppleWebKit/537.36 (KHTML, like Gecko) Version/4.0 Chrome/60.0.3112.107 Moblie Safari/537.36"
45.94.31.238 - - [28/Oct/2025:11:42:42 +0500] "GET /wp-content/themes/seotheme/db.php?u HTTP/1.0" 500 4512 "www.google.com" "Mozlila/5.0 (Linux; Android 7.0; SM-G892A Bulid/NRD90M; wv) AppleWebKit/537.36 (KHTML, like Gecko) Version/4.0 Chrome/60.0.3112.107 Moblie Safari/537.36"
45.94.31.238 - - [28/Oct/2025:11:42:42 +0500] "GET /plugins/content/apismtp/apismtp.php?test=hello HTTP/1.0" 500 4512 "-" "Mozlila/5.0 (Linux; Android 7.0; SM-G892A Bulid/NRD90M; wv) AppleWebKit/537.36 (KHTML, like Gecko) Version/4.0 Chrome/60.0.3112.107 Moblie Safari/537.36"
45.94.31.238 - - [28/Oct/2025:11:42:42 +0500] "GET /wp-content/plugins/apikey/apikey.php.suspected?test=hello HTTP/1.0" 500 4512 "-" "Mozlila/5.0 (Linux; Android 7.0; SM-G892A Bulid/NRD90M; wv) AppleWebKit/537.36 (KHTML, like Gecko) Version/4.0 Chrome/60.0.3112.107 Moblie Safari/537.36"
45.94.31.238 - - [28/Oct/2025:11:42:42 +0500] "GET /plugins/content/apismtp/apismtp.php.suspected?test=hello HTTP/1.0" 500 4512 "-" "Mozlila/5.0 (Linux; Android 7.0; SM-G892A Bulid/NRD90M; wv) AppleWebKit/537.36 (KHTML, like Gecko) Version/4.0 Chrome/60.0.3112.107 Moblie Safari/537.36"
20.171.207.75 - - [28/Oct/2025:11:43:02 +0500] "GET /src/assets/css/component.css HTTP/1.0" 500 4512 "-" "Mozilla/5.0 AppleWebKit/537.36 (KHTML, like Gecko; compatible; GPTBot/1.2; +https://openai.com/gptbot)"
20.171.207.75 - - [28/Oct/2025:11:43:28 +0500] "GET /js/chunk-020e1df6.87982a27.js.map HTTP/1.0" 200 13137 "-" "Mozilla/5.0 AppleWebKit/537.36 (KHTML, like Gecko; compatible; GPTBot/1.2; +https://openai.com/gptbot)"
45.94.31.238 - - [28/Oct/2025:11:44:21 +0500] "POST /ALFA_DATA/alfacgiapi/perl.alfa HTTP/1.0" 500 4512 "www.google.com" "Mozlila/5.0 (Linux; Android 7.0; SM-G892A Bulid/NRD90M; wv) AppleWebKit/537.36 (KHTML, like Gecko) Version/4.0 Chrome/60.0.3112.107 Moblie Safari/537.36"
45.94.31.238 - - [28/Oct/2025:11:44:21 +0500] "POST /alfacgiapi/perl.alfa HTTP/1.0" 500 4512 "www.google.com" "Mozlila/5.0 (Linux; Android 7.0; SM-G892A Bulid/NRD90M; wv) AppleWebKit/537.36 (KHTML, like Gecko) Version/4.0 Chrome/60.0.3112.107 Moblie Safari/537.36"
20.171.207.75 - - [28/Oct/2025:11:46:19 +0500] "GET /%22tel:+7 HTTP/1.0" 500 4512 "-" "Mozilla/5.0 AppleWebKit/537.36 (KHTML, like Gecko; compatible; GPTBot/1.2; +https://openai.com/gptbot)"
20.171.207.75 - - [28/Oct/2025:11:47:03 +0500] "GET /%22 HTTP/1.0" 500 4512 "-" "Mozilla/5.0 AppleWebKit/537.36 (KHTML, like Gecko; compatible; GPTBot/1.2; +https://openai.com/gptbot)"
20.171.207.75 - - [28/Oct/2025:11:48:10 +0500] "GET /js/secure-ls.js.map HTTP/1.0" 500 4512 "-" "Mozilla/5.0 AppleWebKit/537.36 (KHTML, like Gecko; compatible; GPTBot/1.2; +https://openai.com/gptbot)"
20.171.207.75 - - [28/Oct/2025:11:49:14 +0500] "GET /js/%22./fonts/Montserrat-SemiBold.eot HTTP/1.0" 500 4512 "-" "Mozilla/5.0 AppleWebKit/537.36 (KHTML, like Gecko; compatible; GPTBot/1.2; +https://openai.com/gptbot)"
20.171.207.75 - - [28/Oct/2025:11:51:21 +0500] "GET /%22https:/eep.mitwork.kz/%22 HTTP/1.0" 500 4512 "-" "Mozilla/5.0 AppleWebKit/537.36 (KHTML, like Gecko; compatible; GPTBot/1.2; +https://openai.com/gptbot)"
20.171.207.75 - - [28/Oct/2025:11:53:17 +0500] "GET /%22https:/greenclinic.kz/ru/news/%22 HTTP/1.0" 500 4512 "-" "Mozilla/5.0 AppleWebKit/537.36 (KHTML, like Gecko; compatible; GPTBot/1.2; +https://openai.com/gptbot)"
4.227.36.93 - - [28/Oct/2025:11:55:17 +0500] "GET /robots.txt HTTP/1.0" 500 4512 "-" "Mozilla/5.0 (Macintosh; Intel Mac OS X 10_15_7) AppleWebKit/537.36 (KHTML, like Gecko) Chrome/131.0.0.0 Safari/537.36; compatible; OAI-SearchBot/1.0; robots.txt; +https://openai.com/searchbot"
20.171.207.75 - - [28/Oct/2025:11:58:32 +0500] "GET /%22https:/www.instagram.com/greenclinic_astana/%22 HTTP/1.0" 500 4512 "-" "Mozilla/5.0 AppleWebKit/537.36 (KHTML, like Gecko; compatible; GPTBot/1.2; +https://openai.com/gptbot)"
20.171.207.75 - - [28/Oct/2025:12:00:11 +0500] "GET /%22https:/www.facebook.com/greenclinicastana/%22 HTTP/1.0" 500 4512 "-" "Mozilla/5.0 AppleWebKit/537.36 (KHTML, like Gecko; compatible; GPTBot/1.2; +https://openai.com/gptbot)"
4.227.36.93 - - [28/Oct/2025:12:04:46 +0500] "GET /robots.txt HTTP/1.0" 500 4512 "-" "Mozilla/5.0 (Macintosh; Intel Mac OS X 10_15_7) AppleWebKit/537.36 (KHTML, like Gecko) Chrome/131.0.0.0 Safari/537.36; compatible; OAI-SearchBot/1.0; robots.txt; +https://openai.com/searchbot"
20.171.207.75 - - [28/Oct/2025:12:06:03 +0500] "GET /js/%22./fonts/Montserrat-SemiBold.ttf%22 HTTP/1.0" 500 4512 "-" "Mozilla/5.0 AppleWebKit/537.36 (KHTML, like Gecko; compatible; GPTBot/1.2; +https://openai.com/gptbot)"
20.171.207.75 - - [28/Oct/2025:12:07:41 +0500] "GET /js/%22./fonts/Montserrat-SemiBold.eot%22 HTTP/1.0" 500 4512 "-" "Mozilla/5.0 AppleWebKit/537.36 (KHTML, like Gecko; compatible; GPTBot/1.2; +https://openai.com/gptbot)"
20.171.207.75 - - [28/Oct/2025:12:09:41 +0500] "GET /js/%22./fonts/Montserrat-ExtraBold.eot%22 HTTP/1.0" 500 4512 "-" "Mozilla/5.0 AppleWebKit/537.36 (KHTML, like Gecko; compatible; GPTBot/1.2; +https://openai.com/gptbot)"
20.171.207.75 - - [28/Oct/2025:12:10:40 +0500] "GET /js/%22./fonts/Montserrat-ExtraBold.woff%22 HTTP/1.0" 500 4512 "-" "Mozilla/5.0 AppleWebKit/537.36 (KHTML, like Gecko; compatible; GPTBot/1.2; +https://openai.com/gptbot)"
20.171.207.75 - - [28/Oct/2025:12:11:41 +0500] "GET /js/%22./fonts/Montserrat-Regular.woff%22 HTTP/1.0" 500 4512 "-" "Mozilla/5.0 AppleWebKit/537.36 (KHTML, like Gecko; compatible; GPTBot/1.2; +https://openai.com/gptbot)"
20.171.207.75 - - [28/Oct/2025:12:12:43 +0500] "GET /js/%22./fonts/Montserrat-SemiBold.woff%22 HTTP/1.0" 500 4512 "-" "Mozilla/5.0 AppleWebKit/537.36 (KHTML, like Gecko; compatible; GPTBot/1.2; +https://openai.com/gptbot)"
20.171.207.75 - - [28/Oct/2025:12:13:46 +0500] "GET /js/%22./fonts/Montserrat-ExtraBold.ttf%22 HTTP/1.0" 500 4512 "-" "Mozilla/5.0 AppleWebKit/537.36 (KHTML, like Gecko; compatible; GPTBot/1.2; +https://openai.com/gptbot)"
20.171.207.75 - - [28/Oct/2025:12:14:49 +0500] "GET /js/assets/all/green_bg.jpg%22 HTTP/1.0" 500 4512 "-" "Mozilla/5.0 AppleWebKit/537.36 (KHTML, like Gecko; compatible; GPTBot/1.2; +https://openai.com/gptbot)"
4.227.36.93 - - [28/Oct/2025:12:14:50 +0500] "GET /robots.txt HTTP/1.0" 500 4512 "-" "Mozilla/5.0 (Macintosh; Intel Mac OS X 10_15_7) AppleWebKit/537.36 (KHTML, like Gecko) Chrome/131.0.0.0 Safari/537.36; compatible; OAI-SearchBot/1.0; robots.txt; +https://openai.com/searchbot"
20.171.207.75 - - [28/Oct/2025:12:15:54 +0500] "GET /%22tel:+77172797717/%22 HTTP/1.0" 500 4512 "-" "Mozilla/5.0 AppleWebKit/537.36 (KHTML, like Gecko; compatible; GPTBot/1.2; +https://openai.com/gptbot)"
20.171.207.75 - - [28/Oct/2025:12:16:58 +0500] "GET /%22tel:+77710335559/%22 HTTP/1.0" 500 4512 "-" "Mozilla/5.0 AppleWebKit/537.36 (KHTML, like Gecko; compatible; GPTBot/1.2; +https://openai.com/gptbot)"
20.171.207.75 - - [28/Oct/2025:12:17:58 +0500] "GET /js/%22./fonts/Montserrat-Regular.eot%22 HTTP/1.0" 500 4512 "-" "Mozilla/5.0 AppleWebKit/537.36 (KHTML, like Gecko; compatible; GPTBot/1.2; +https://openai.com/gptbot)"
20.171.207.75 - - [28/Oct/2025:12:19:02 +0500] "GET /js/%22./fonts/Montserrat-Regular.ttf%22 HTTP/1.0" 500 4512 "-" "Mozilla/5.0 AppleWebKit/537.36 (KHTML, like Gecko; compatible; GPTBot/1.2; +https://openai.com/gptbot)"
20.171.207.75 - - [28/Oct/2025:12:20:02 +0500] "GET /js/%22./fonts/Montserrat-Italic.woff%22 HTTP/1.0" 500 4512 "-" "Mozilla/5.0 AppleWebKit/537.36 (KHTML, like Gecko; compatible; GPTBot/1.2; +https://openai.com/gptbot)"
20.171.207.75 - - [28/Oct/2025:12:21:05 +0500] "GET /%22https:/zakup.greenclinic.kz/%22 HTTP/1.0" 500 4512 "-" "Mozilla/5.0 AppleWebKit/537.36 (KHTML, like Gecko; compatible; GPTBot/1.2; +https://openai.com/gptbot)"
20.171.207.75 - - [28/Oct/2025:12:23:10 +0500] "GET /%22https:/greenclinic.kz/ru/%22 HTTP/1.0" 500 4512 "-" "Mozilla/5.0 AppleWebKit/537.36 (KHTML, like Gecko; compatible; GPTBot/1.2; +https://openai.com/gptbot)"
20.171.207.75 - - [28/Oct/2025:12:24:05 +0500] "GET /assets/icons/map-pin.svg HTTP/1.0" 500 4512 "-" "Mozilla/5.0 AppleWebKit/537.36 (KHTML, like Gecko; compatible; GPTBot/1.2; +https://openai.com/gptbot)"
20.171.207.75 - - [28/Oct/2025:12:25:07 +0500] "GET /%22tel:+77172797722/%22 HTTP/1.0" 500 4512 "-" "Mozilla/5.0 AppleWebKit/537.36 (KHTML, like Gecko; compatible; GPTBot/1.2; +https://openai.com/gptbot)"
20.171.207.75 - - [28/Oct/2025:12:26:12 +0500] "GET /assets/icons/mail-footer.svg HTTP/1.0" 500 4512 "-" "Mozilla/5.0 AppleWebKit/537.36 (KHTML, like Gecko; compatible; GPTBot/1.2; +https://openai.com/gptbot)"
4.227.36.93 - - [28/Oct/2025:12:26:13 +0500] "GET /robots.txt HTTP/1.0" 500 4512 "-" "Mozilla/5.0 (Macintosh; Intel Mac OS X 10_15_7) AppleWebKit/537.36 (KHTML, like Gecko) Chrome/131.0.0.0 Safari/537.36; compatible; OAI-SearchBot/1.0; robots.txt; +https://openai.com/searchbot"
20.171.207.75 - - [28/Oct/2025:12:27:16 +0500] "GET /%22https:/greenclinic.kz/%22 HTTP/1.0" 500 4512 "-" "Mozilla/5.0 AppleWebKit/537.36 (KHTML, like Gecko; compatible; GPTBot/1.2; +https://openai.com/gptbot)"
20.171.207.75 - - [28/Oct/2025:12:28:20 +0500] "GET /assets/icons/calendar-footer.svg HTTP/1.0" 500 4512 "-" "Mozilla/5.0 AppleWebKit/537.36 (KHTML, like Gecko; compatible; GPTBot/1.2; +https://openai.com/gptbot)"
20.171.207.75 - - [28/Oct/2025:12:29:25 +0500] "GET /js/%22./fonts/Montserrat-Light.woff%22 HTTP/1.0" 500 4512 "-" "Mozilla/5.0 AppleWebKit/537.36 (KHTML, like Gecko; compatible; GPTBot/1.2; +https://openai.com/gptbot)"
20.171.207.75 - - [28/Oct/2025:12:30:28 +0500] "GET /js/%22./fonts/Montserrat-Light.eot%22 HTTP/1.0" 500 4512 "-" "Mozilla/5.0 AppleWebKit/537.36 (KHTML, like Gecko; compatible; GPTBot/1.2; +https://openai.com/gptbot)"
20.171.207.75 - - [28/Oct/2025:12:31:31 +0500] "GET /js/%22./fonts/Montserrat-Italic.eot%22 HTTP/1.0" 500 4512 "-" "Mozilla/5.0 AppleWebKit/537.36 (KHTML, like Gecko; compatible; GPTBot/1.2; +https://openai.com/gptbot)"
20.171.207.75 - - [28/Oct/2025:12:32:31 +0500] "GET /js/%22./fonts/Montserrat-Light.ttf%22 HTTP/1.0" 500 4512 "-" "Mozilla/5.0 AppleWebKit/537.36 (KHTML, like Gecko; compatible; GPTBot/1.2; +https://openai.com/gptbot)"
20.171.207.75 - - [28/Oct/2025:12:33:36 +0500] "GET /%22tel:+77000211211/%22 HTTP/1.0" 500 4512 "-" "Mozilla/5.0 AppleWebKit/537.36 (KHTML, like Gecko; compatible; GPTBot/1.2; +https://openai.com/gptbot)"
20.171.207.75 - - [28/Oct/2025:12:34:39 +0500] "GET /js/%22./fonts/Montserrat-Bold.woff%22 HTTP/1.0" 500 4512 "-" "Mozilla/5.0 AppleWebKit/537.36 (KHTML, like Gecko; compatible; GPTBot/1.2; +https://openai.com/gptbot)"
20.171.207.75 - - [28/Oct/2025:12:35:43 +0500] "GET /js/%22./fonts/Montserrat-ExtraBold.eot HTTP/1.0" 500 4512 "-" "Mozilla/5.0 AppleWebKit/537.36 (KHTML, like Gecko; compatible; GPTBot/1.2; +https://openai.com/gptbot)"
20.171.207.75 - - [28/Oct/2025:12:36:47 +0500] "GET /assets/icons/phone-footer.svg HTTP/1.0" 500 4512 "-" "Mozilla/5.0 AppleWebKit/537.36 (KHTML, like Gecko; compatible; GPTBot/1.2; +https://openai.com/gptbot)"
4.227.36.93 - - [28/Oct/2025:12:36:48 +0500] "GET /robots.txt HTTP/1.0" 500 4512 "-" "Mozilla/5.0 (Macintosh; Intel Mac OS X 10_15_7) AppleWebKit/537.36 (KHTML, like Gecko) Chrome/131.0.0.0 Safari/537.36; compatible; OAI-SearchBot/1.0; robots.txt; +https://openai.com/searchbot"
20.171.207.75 - - [28/Oct/2025:12:37:48 +0500] "GET /assets/all/bar-left.svg/%22 HTTP/1.0" 500 4512 "-" "Mozilla/5.0 AppleWebKit/537.36 (KHTML, like Gecko; compatible; GPTBot/1.2; +https://openai.com/gptbot)"
20.171.207.75 - - [28/Oct/2025:12:38:50 +0500] "GET /js/%22./fonts/Montserrat-Bold.ttf%22 HTTP/1.0" 500 4512 "-" "Mozilla/5.0 AppleWebKit/537.36 (KHTML, like Gecko; compatible; GPTBot/1.2; +https://openai.com/gptbot)"
20.171.207.75 - - [28/Oct/2025:12:39:54 +0500] "GET /assets/icons/insta.svg/%22 HTTP/1.0" 500 4512 "-" "Mozilla/5.0 AppleWebKit/537.36 (KHTML, like Gecko; compatible; GPTBot/1.2; +https://openai.com/gptbot)"
20.171.207.75 - - [28/Oct/2025:12:40:54 +0500] "GET /assets/all/default_logo.svg/%22 HTTP/1.0" 500 4512 "-" "Mozilla/5.0 AppleWebKit/537.36 (KHTML, like Gecko; compatible; GPTBot/1.2; +https://openai.com/gptbot)"
20.171.207.75 - - [28/Oct/2025:12:41:56 +0500] "GET /js/%22./fonts/Montserrat-Regular.eot HTTP/1.0" 500 4512 "-" "Mozilla/5.0 AppleWebKit/537.36 (KHTML, like Gecko; compatible; GPTBot/1.2; +https://openai.com/gptbot)"
20.171.207.75 - - [28/Oct/2025:12:42:59 +0500] "GET /js/%22./fonts/Montserrat-Italic.ttf%22 HTTP/1.0" 500 4512 "-" "Mozilla/5.0 AppleWebKit/537.36 (KHTML, like Gecko; compatible; GPTBot/1.2; +https://openai.com/gptbot)"
20.171.207.75 - - [28/Oct/2025:12:44:00 +0500] "GET /assets/icons/whats-app.svg/%22 HTTP/1.0" 500 4512 "-" "Mozilla/5.0 AppleWebKit/537.36 (KHTML, like Gecko; compatible; GPTBot/1.2; +https://openai.com/gptbot)"
20.171.207.75 - - [28/Oct/2025:12:45:06 +0500] "GET /js/%22./fonts/Montserrat-Bold.eot%22 HTTP/1.0" 500 4512 "-" "Mozilla/5.0 AppleWebKit/537.36 (KHTML, like Gecko; compatible; GPTBot/1.2; +https://openai.com/gptbot)"
20.171.207.75 - - [28/Oct/2025:12:46:12 +0500] "GET /assets/all/icon_down.png/%22 HTTP/1.0" 500 4512 "-" "Mozilla/5.0 AppleWebKit/537.36 (KHTML, like Gecko; compatible; GPTBot/1.2; +https://openai.com/gptbot)"
20.171.207.75 - - [28/Oct/2025:12:47:13 +0500] "GET /assets/all/x.svg/%22 HTTP/1.0" 500 4512 "-" "Mozilla/5.0 AppleWebKit/537.36 (KHTML, like Gecko; compatible; GPTBot/1.2; +https://openai.com/gptbot)"
20.171.207.75 - - [28/Oct/2025:12:48:14 +0500] "GET /assets/all/item_down.svg/%22 HTTP/1.0" 500 4512 "-" "Mozilla/5.0 AppleWebKit/537.36 (KHTML, like Gecko; compatible; GPTBot/1.2; +https://openai.com/gptbot)"
4.227.36.93 - - [28/Oct/2025:12:48:15 +0500] "GET /robots.txt HTTP/1.0" 500 4512 "-" "Mozilla/5.0 (Macintosh; Intel Mac OS X 10_15_7) AppleWebKit/537.36 (KHTML, like Gecko) Chrome/131.0.0.0 Safari/537.36; compatible; OAI-SearchBot/1.0; robots.txt; +https://openai.com/searchbot"
20.171.207.75 - - [28/Oct/2025:12:49:15 +0500] "GET /%22https:/greenclinic.kz/ru/check-up/%22 HTTP/1.0" 500 4512 "-" "Mozilla/5.0 AppleWebKit/537.36 (KHTML, like Gecko; compatible; GPTBot/1.2; +https://openai.com/gptbot)"
20.171.207.75 - - [28/Oct/2025:12:50:15 +0500] "GET /%22https:/greenclinic.kz/ru/contacts/%22 HTTP/1.0" 500 4512 "-" "Mozilla/5.0 AppleWebKit/537.36 (KHTML, like Gecko; compatible; GPTBot/1.2; +https://openai.com/gptbot)"
20.171.207.75 - - [28/Oct/2025:12:51:21 +0500] "GET /%22https:/greenclinic.kz/ru/departments/staczionar/%22 HTTP/1.0" 500 4512 "-" "Mozilla/5.0 AppleWebKit/537.36 (KHTML, like Gecko; compatible; GPTBot/1.2; +https://openai.com/gptbot)"
20.171.207.75 - - [28/Oct/2025:12:52:21 +0500] "GET /%22https:/greenclinic.kz/ru/filial/%22 HTTP/1.0" 500 4512 "-" "Mozilla/5.0 AppleWebKit/537.36 (KHTML, like Gecko; compatible; GPTBot/1.2; +https://openai.com/gptbot)"
20.171.207.75 - - [28/Oct/2025:12:53:22 +0500] "GET /assets/icons/facebook.svg/%22 HTTP/1.0" 500 4512 "-" "Mozilla/5.0 AppleWebKit/537.36 (KHTML, like Gecko; compatible; GPTBot/1.2; +https://openai.com/gptbot)"
20.171.207.75 - - [28/Oct/2025:12:54:24 +0500] "GET /%22https:/greenclinic.kz/ru/korporativnoe-obsluzhivanie/%22 HTTP/1.0" 500 4512 "-" "Mozilla/5.0 AppleWebKit/537.36 (KHTML, like Gecko; compatible; GPTBot/1.2; +https://openai.com/gptbot)"
20.171.207.75 - - [28/Oct/2025:12:55:28 +0500] "GET /%22https:/greenclinic.kz/ru/departments/poliklinika/%22 HTTP/1.0" 500 4512 "-" "Mozilla/5.0 AppleWebKit/537.36 (KHTML, like Gecko; compatible; GPTBot/1.2; +https://openai.com/gptbot)"
20.171.207.75 - - [28/Oct/2025:12:56:32 +0500] "GET /%22https:/greenclinic.kz/ru/departments/otdelenie-luchevoj-diagnostiki/%22 HTTP/1.0" 500 4512 "-" "Mozilla/5.0 AppleWebKit/537.36 (KHTML, like Gecko; compatible; GPTBot/1.2; +https://openai.com/gptbot)"
20.171.207.75 - - [28/Oct/2025:12:57:36 +0500] "GET /js/%22./fonts/Montserrat-Italic.eot HTTP/1.0" 500 4512 "-" "Mozilla/5.0 AppleWebKit/537.36 (KHTML, like Gecko; compatible; GPTBot/1.2; +https://openai.com/gptbot)"
20.171.207.75 - - [28/Oct/2025:12:58:40 +0500] "GET /js/%22./fonts/Montserrat-Bold.eot HTTP/1.0" 500 4512 "-" "Mozilla/5.0 AppleWebKit/537.36 (KHTML, like Gecko; compatible; GPTBot/1.2; +https://openai.com/gptbot)"
4.227.36.93 - - [28/Oct/2025:12:58:41 +0500] "GET /robots.txt HTTP/1.0" 500 4512 "-" "Mozilla/5.0 (Macintosh; Intel Mac OS X 10_15_7) AppleWebKit/537.36 (KHTML, like Gecko) Chrome/131.0.0.0 Safari/537.36; compatible; OAI-SearchBot/1.0; robots.txt; +https://openai.com/searchbot"
20.171.207.75 - - [28/Oct/2025:12:59:45 +0500] "GET /%22https:/greenclinic.kz/ru/o-nas/%22 HTTP/1.0" 500 4512 "-" "Mozilla/5.0 AppleWebKit/537.36 (KHTML, like Gecko; compatible; GPTBot/1.2; +https://openai.com/gptbot)"
20.171.207.75 - - [28/Oct/2025:13:00:49 +0500] "GET /%22https:/greenclinic.kz/ru/vakansii/%22 HTTP/1.0" 500 4512 "-" "Mozilla/5.0 AppleWebKit/537.36 (KHTML, like Gecko; compatible; GPTBot/1.2; +https://openai.com/gptbot)"
20.171.207.75 - - [28/Oct/2025:13:01:55 +0500] "GET /%22https:/greenclinic.kz/ru/departments/stacionar/%22 HTTP/1.0" 500 4512 "-" "Mozilla/5.0 AppleWebKit/537.36 (KHTML, like Gecko; compatible; GPTBot/1.2; +https://openai.com/gptbot)"
20.171.207.75 - - [28/Oct/2025:13:02:55 +0500] "GET /js/%22./fonts/Montserrat-Light.eot HTTP/1.0" 500 4512 "-" "Mozilla/5.0 AppleWebKit/537.36 (KHTML, like Gecko; compatible; GPTBot/1.2; +https://openai.com/gptbot)"
20.171.207.75 - - [28/Oct/2025:13:04:00 +0500] "GET /%22https:/greenclinic.kz/ru/about/%22 HTTP/1.0" 500 4512 "-" "Mozilla/5.0 AppleWebKit/537.36 (KHTML, like Gecko; compatible; GPTBot/1.2; +https://openai.com/gptbot)"
20.171.207.75 - - [28/Oct/2025:13:05:03 +0500] "GET /%22https:/greenclinic.kz/ru/departments/%22 HTTP/1.0" 500 4512 "-" "Mozilla/5.0 AppleWebKit/537.36 (KHTML, like Gecko; compatible; GPTBot/1.2; +https://openai.com/gptbot)"
20.171.207.75 - - [28/Oct/2025:13:06:04 +0500] "GET /%22https:/greenclinic.kz/ru/departments/green-clinic-otbasy/%22 HTTP/1.0" 500 4512 "-" "Mozilla/5.0 AppleWebKit/537.36 (KHTML, like Gecko; compatible; GPTBot/1.2; +https://openai.com/gptbot)"
20.171.207.75 - - [28/Oct/2025:13:07:08 +0500] "GET /%22../assets/all/ico_pdf.jpg/%22 HTTP/1.0" 500 4512 "-" "Mozilla/5.0 AppleWebKit/537.36 (KHTML, like Gecko; compatible; GPTBot/1.2; +https://openai.com/gptbot)"
20.171.207.75 - - [28/Oct/2025:13:08:11 +0500] "GET /%22https:/api.whatsapp.com/send?data=\\%22\\r\\n&phone=77768983800&source=&text= HTTP/1.0" 500 4512 "-" "Mozilla/5.0 AppleWebKit/537.36 (KHTML, like Gecko; compatible; GPTBot/1.2; +https://openai.com/gptbot)"
20.171.207.75 - - [28/Oct/2025:13:09:13 +0500] "GET /%22https:/greenclinic.kz/ru/kontakty/%22 HTTP/1.0" 500 4512 "-" "Mozilla/5.0 AppleWebKit/537.36 (KHTML, like Gecko; compatible; GPTBot/1.2; +https://openai.com/gptbot)"
20.171.207.75 - - [28/Oct/2025:13:10:14 +0500] "GET /%22https:/greenclinic.kz/ru/dokumentacziya/%22 HTTP/1.0" 500 4512 "-" "Mozilla/5.0 AppleWebKit/537.36 (KHTML, like Gecko; compatible; GPTBot/1.2; +https://openai.com/gptbot)"
4.227.36.93 - - [28/Oct/2025:13:10:15 +0500] "GET /robots.txt HTTP/1.0" 500 4512 "-" "Mozilla/5.0 (Macintosh; Intel Mac OS X 10_15_7) AppleWebKit/537.36 (KHTML, like Gecko) Chrome/131.0.0.0 Safari/537.36; compatible; OAI-SearchBot/1.0; robots.txt; +https://openai.com/searchbot"
20.171.207.75 - - [28/Oct/2025:13:12:17 +0500] "GET /%22../assets/all/file.png/%22 HTTP/1.0" 500 4512 "-" "Mozilla/5.0 AppleWebKit/537.36 (KHTML, like Gecko; compatible; GPTBot/1.2; +https://openai.com/gptbot)"
20.171.207.75 - - [28/Oct/2025:13:14:17 +0500] "GET /assets/all/icon_down.png/%22/r/n HTTP/1.0" 500 4512 "-" "Mozilla/5.0 AppleWebKit/537.36 (KHTML, like Gecko; compatible; GPTBot/1.2; +https://openai.com/gptbot)"
20.171.207.75 - - [28/Oct/2025:13:15:13 +0500] "GET /%22https:/greenclinic.kz/ru/departments/luchevaya-diagnostika/%22/r/n HTTP/1.0" 500 4512 "-" "Mozilla/5.0 AppleWebKit/537.36 (KHTML, like Gecko; compatible; GPTBot/1.2; +https://openai.com/gptbot)"
20.171.207.75 - - [28/Oct/2025:13:16:14 +0500] "GET /%22https:/greenclinic.kz/ru/departments/poliklinika/%22/r/n HTTP/1.0" 500 4512 "-" "Mozilla/5.0 AppleWebKit/537.36 (KHTML, like Gecko; compatible; GPTBot/1.2; +https://openai.com/gptbot)"
4.227.36.93 - - [28/Oct/2025:13:20:51 +0500] "GET /robots.txt HTTP/1.0" 500 4512 "-" "Mozilla/5.0 (Macintosh; Intel Mac OS X 10_15_7) AppleWebKit/537.36 (KHTML, like Gecko) Chrome/131.0.0.0 Safari/537.36; compatible; OAI-SearchBot/1.0; robots.txt; +https://openai.com/searchbot"
85.140.112.171 - - [28/Oct/2025:13:49:24 +0500] "GET /wp-content/plugins/WordPressCore/include.php HTTP/1.0" 500 4512 "-" "Mozilla/5.0 (X11; Linux x86_64) AppleWebKit/537.36 (KHTML, like Gecko) Chrome/137.0.0.0 Safari/537.36"
89.23.122.54 - - [28/Oct/2025:14:37:43 +0500] "GET /wp-content/plugins/drag-and-drop-multiple-file-upload-contact-form-7/assets/js/codedropz-uploader-min.js HTTP/1.0" 500 4512 "-" "Mozilla/5.0 (Windows NT 10.0; Win64; x64) AppleWebKit/537.36 (KHTML, like Gecko) Chrome/130.0.0.0 Safari/537.36"
46.229.184.72 - - [28/Oct/2025:17:18:33 +0500] "GET /manager/assets/modext/core/modx.js HTTP/1.0" 500 4512 "-" "Mozilla/5.0 (Windows NT 10.0; Win64; x64) AppleWebKit/537.36 (KHTML, like Gecko) Chrome/137.0.0.0 Safari/537.36 OPR/121.0.0.0"
2a02:2518:11:3a28::1 - - [28/Oct/2025:17:21:16 +0500] "GET /manager/media/script/mootools/mootools.js HTTP/1.0" 500 4512 "-" "Mozilla/5.0 (Windows NT 10.0; Win64; x64) AppleWebKit/537.36 (KHTML, like Gecko) Chrome/139.0.0.0 Safari/537.36 Edg/139.0.0.0"
176.210.110.122 - - [28/Oct/2025:18:19:51 +0500] "GET /wp-content/themes/alone/css/sermone.css HTTP/1.0" 500 4512 "-" "Mozilla/5.0 (X11; CrOS x86_64 14541.0.0) AppleWebKit/537.36 (KHTML, like Gecko) Chrome/138.0.0.0 Safari/537.36"
95.161.239.224 - - [29/Oct/2025:00:48:10 +0500] "GET /rest HTTP/1.0" 500 4512 "-" "Mozilla/5.0 (Macintosh; Intel Mac OS X 10_15_7) AppleWebKit/605.1.15 (KHTML, like Gecko) Version/26.0 Safari/605.1.15"
31.23.14.101 - - [29/Oct/2025:00:53:21 +0500] "GET /tiny.php HTTP/1.0" 403 4172 "-" "Mozilla/5.0 (Macintosh; Intel Mac OS X 10_15_7) AppleWebKit/605.1.15 (KHTML, like Gecko) Version/18.3 Safari/605.1.15"
103.179.11.137 - - [29/Oct/2025:01:34:49 +0500] "GET / HTTP/1.0" 200 6524 "-" "Mozilla/5.0 (Windows NT 6.3; Trident/7.0; rv:11.0) like Gecko"
188.170.73.187 - - [29/Oct/2025:01:40:01 +0500] "GET /wp-content/plugins/WordPressCore/include.php HTTP/1.0" 500 4512 "-" "Mozilla/5.0 (X11; Linux x86_64) AppleWebKit/537.36 (KHTML, like Gecko) Chrome/131.0.0.0 Safari/537.36"
104.210.140.129 - - [29/Oct/2025:04:57:56 +0500] "GET /robots.txt HTTP/1.0" 500 4512 "-" "Mozilla/5.0 (Macintosh; Intel Mac OS X 10_15_7) AppleWebKit/537.36 (KHTML, like Gecko) Chrome/131.0.0.0 Safari/537.36; compatible; OAI-SearchBot/1.0; +https://openai.com/searchbot"
104.210.140.140 - - [29/Oct/2025:04:57:57 +0500] "GET /robots.txt HTTP/1.0" 500 4512 "-" "Mozilla/5.0 (Macintosh; Intel Mac OS X 10_15_7) AppleWebKit/537.36 (KHTML, like Gecko) Chrome/131.0.0.0 Safari/537.36; compatible; OAI-SearchBot/1.0; +https://openai.com/searchbot"
104.210.140.140 - - [29/Oct/2025:04:57:59 +0500] "GET /robots.txt HTTP/1.0" 500 4512 "-" "Mozilla/5.0 (Macintosh; Intel Mac OS X 10_15_7) AppleWebKit/537.36 (KHTML, like Gecko) Chrome/131.0.0.0 Safari/537.36; compatible; OAI-SearchBot/1.0; +https://openai.com/searchbot"
104.210.140.140 - - [29/Oct/2025:04:58:02 +0500] "GET /robots.txt HTTP/1.0" 500 4512 "-" "Mozilla/5.0 (Macintosh; Intel Mac OS X 10_15_7) AppleWebKit/537.36 (KHTML, like Gecko) Chrome/131.0.0.0 Safari/537.36; compatible; OAI-SearchBot/1.0; +https://openai.com/searchbot"
3.140.182.19 - - [29/Oct/2025:11:39:51 +0500] "GET / HTTP/1.0" 200 6524 "-" "Mozilla/5.0 zgrab/0.x"
114.119.155.180 - - [29/Oct/2025:15:04:38 +0500] "GET /robots.txt HTTP/1.0" 500 4512 "-" "Mozilla/5.0 (compatible;PetalBot;+https://webmaster.petalsearch.com/site/petalbot)"
91.224.92.120 - - [29/Oct/2025:18:09:52 +0500] "GET /wp-login.php HTTP/1.0" 500 4512 "https://www.google.jp/search?q=wordpress" "Mozilla/5.0 (Macintosh; Intel Mac OS X 13_6_2) AppleWebKit/537.36 (KHTML, like Gecko) Chrome/121.0.6167.85 Safari/537.36"
91.224.92.120 - - [29/Oct/2025:18:09:52 +0500] "GET /wp-login.php HTTP/1.0" 500 4512 "https://www.reddit.com/" "Mozilla/5.0 (X11; Linux x86_64) Gecko/20100101 Firefox/121.0"
91.224.92.120 - - [29/Oct/2025:18:09:52 +0500] "GET /wp-admin/ HTTP/1.0" 500 4512 "https://twitter.com/" "Mozilla/5.0 (X11; Ubuntu; Linux x86_64) AppleWebKit/537.36 (KHTML, like Gecko) Chrome/118.0.5993.88 Safari/537.36"
37.77.110.5 - - [29/Oct/2025:18:40:44 +0500] "GET /wp-content/plugins/WordPressCore/include.php HTTP/1.0" 500 4512 "-" "Mozilla/5.0 (X11; Linux x86_64) AppleWebKit/537.36 (KHTML, like Gecko) Chrome/126.0.0.0 Safari/537.36"
45.94.31.238 - - [29/Oct/2025:19:57:10 +0500] "GET / HTTP/1.0" 200 6524 "-" "Mozlila/5.0 (Linux; Android 7.0; SM-G892A Bulid/NRD90M; wv) AppleWebKit/537.36 (KHTML, like Gecko) Version/4.0 Chrome/60.0.3112.107 Moblie Safari/537.36"
45.94.31.238 - - [29/Oct/2025:19:57:10 +0500] "POST /wp-plain.php HTTP/1.0" 403 4172 "www.google.com" "Mozilla/5.0 (Linux; Android 7.0; SM-G892A Bulid/NRD90M; wv) AppleWebKit/537.36 (KHTML, like Gecko) Version/4.0 Chrome/60.0.3112.107 Moblie Safari/537.36"
45.94.31.238 - - [29/Oct/2025:19:57:10 +0500] "GET /wp-content/themes/seotheme/db.php?u HTTP/1.0" 500 4512 "www.google.com" "Mozlila/5.0 (Linux; Android 7.0; SM-G892A Bulid/NRD90M; wv) AppleWebKit/537.36 (KHTML, like Gecko) Version/4.0 Chrome/60.0.3112.107 Moblie Safari/537.36"
45.94.31.238 - - [29/Oct/2025:19:57:10 +0500] "GET /wp-content/plugins/fix/up.php HTTP/1.0" 500 4512 "-" "Mozilla/5.0 (Windows NT 10.0; Win64; x64) AppleWebKit/537.36 (KHTML, like Gecko) Chrome/85.0.4183.102 Safari/537.36"
45.94.31.238 - - [29/Oct/2025:19:57:11 +0500] "GET /mjldkqzl.php?Fox=d3wL7 HTTP/1.0" 403 4172 "www.google.com" "Mozilla/5.0 (Linux; Android 7.0; SM-G892A Bulid/NRD90M; wv) AppleWebKit/537.36 (KHTML, like Gecko) Version/4.0 Chrome/60.0.3112.107 Moblie Safari/537.36"
45.94.31.238 - - [29/Oct/2025:19:57:11 +0500] "GET /wp-content/plugins/apikey/apikey.php?test=hello HTTP/1.0" 500 4512 "-" "Mozlila/5.0 (Linux; Android 7.0; SM-G892A Bulid/NRD90M; wv) AppleWebKit/537.36 (KHTML, like Gecko) Version/4.0 Chrome/60.0.3112.107 Moblie Safari/537.36"
45.94.31.238 - - [29/Oct/2025:19:57:11 +0500] "GET /wp-content/themes/seotheme/db.php?u HTTP/1.0" 500 4512 "www.google.com" "Mozlila/5.0 (Linux; Android 7.0; SM-G892A Bulid/NRD90M; wv) AppleWebKit/537.36 (KHTML, like Gecko) Version/4.0 Chrome/60.0.3112.107 Moblie Safari/537.36"
45.94.31.238 - - [29/Oct/2025:19:57:11 +0500] "GET /plugins/content/apismtp/apismtp.php?test=hello HTTP/1.0" 500 4512 "-" "Mozlila/5.0 (Linux; Android 7.0; SM-G892A Bulid/NRD90M; wv) AppleWebKit/537.36 (KHTML, like Gecko) Version/4.0 Chrome/60.0.3112.107 Moblie Safari/537.36"
45.94.31.238 - - [29/Oct/2025:19:57:11 +0500] "GET /wp-content/plugins/apikey/apikey.php.suspected?test=hello HTTP/1.0" 500 4512 "-" "Mozlila/5.0 (Linux; Android 7.0; SM-G892A Bulid/NRD90M; wv) AppleWebKit/537.36 (KHTML, like Gecko) Version/4.0 Chrome/60.0.3112.107 Moblie Safari/537.36"
45.94.31.238 - - [29/Oct/2025:19:57:11 +0500] "GET /plugins/content/apismtp/apismtp.php.suspected?test=hello HTTP/1.0" 500 4512 "-" "Mozlila/5.0 (Linux; Android 7.0; SM-G892A Bulid/NRD90M; wv) AppleWebKit/537.36 (KHTML, like Gecko) Version/4.0 Chrome/60.0.3112.107 Moblie Safari/537.36"
104.210.140.132 - - [30/Oct/2025:04:43:48 +0500] "GET /robots.txt HTTP/1.0" 500 4512 "-" "Mozilla/5.0 (Macintosh; Intel Mac OS X 10_15_7) AppleWebKit/537.36 (KHTML, like Gecko) Chrome/131.0.0.0 Safari/537.36; compatible; OAI-SearchBot/1.0; +https://openai.com/searchbot"
104.210.140.137 - - [30/Oct/2025:04:43:49 +0500] "GET /robots.txt HTTP/1.0" 500 4512 "-" "Mozilla/5.0 (Macintosh; Intel Mac OS X 10_15_7) AppleWebKit/537.36 (KHTML, like Gecko) Chrome/131.0.0.0 Safari/537.36; compatible; OAI-SearchBot/1.0; +https://openai.com/searchbot"
104.210.140.129 - - [30/Oct/2025:04:43:51 +0500] "GET /robots.txt HTTP/1.0" 500 4512 "-" "Mozilla/5.0 (Macintosh; Intel Mac OS X 10_15_7) AppleWebKit/537.36 (KHTML, like Gecko) Chrome/131.0.0.0 Safari/537.36; compatible; OAI-SearchBot/1.0; +https://openai.com/searchbot"
104.210.140.129 - - [30/Oct/2025:04:43:53 +0500] "GET /robots.txt HTTP/1.0" 500 4512 "-" "Mozilla/5.0 (Macintosh; Intel Mac OS X 10_15_7) AppleWebKit/537.36 (KHTML, like Gecko) Chrome/131.0.0.0 Safari/537.36; compatible; OAI-SearchBot/1.0; +https://openai.com/searchbot"
185.218.109.244 - - [30/Oct/2025:05:08:20 +0500] "GET /wp-content/plugins/WordPressCore/include.php HTTP/1.0" 500 4512 "-" "Mozilla/5.0 (Macintosh; Intel Mac OS X 10_15_7) AppleWebKit/537.36 (KHTML, like Gecko) Chrome/135.0.0.0 Safari/537.36"
192.162.251.107 - - [30/Oct/2025:07:41:13 +0500] "GET / HTTP/1.0" 200 6524 "-" "Mozilla/5.0 (Macintosh; Intel Mac OS X 10_15_7) AppleWebKit/537.36 (KHTML, like Gecko) Chrome/131.0.0.0 Safari/537.36"
46.150.173.36 - - [30/Oct/2025:07:42:45 +0500] "GET / HTTP/1.0" 200 6524 "-" "Mozilla/5.0 (Windows NT 10.0; Win64; x64) AppleWebKit/537.36 (KHTML, like Gecko) Chrome/79.0.3945.79 Safari/537.36"
74.176.42.231 - - [30/Oct/2025:14:51:30 +0500] "GET /wp-content/plugins/hellopress/wp_filemanager.php HTTP/1.0" 500 4512 "-" "-"
74.176.42.231 - - [30/Oct/2025:14:51:30 +0500] "GET /error.php HTTP/1.0" 403 4172 "-" "-"
74.176.42.231 - - [30/Oct/2025:14:51:31 +0500] "GET /wpo.php HTTP/1.0" 403 4172 "-" "-"
74.176.42.231 - - [30/Oct/2025:14:51:31 +0500] "GET /shellalfa.php HTTP/1.0" 403 4172 "-" "-"
74.176.42.231 - - [30/Oct/2025:14:51:32 +0500] "GET /owl.php HTTP/1.0" 403 4172 "-" "-"
74.176.42.231 - - [30/Oct/2025:14:51:33 +0500] "GET /php8.php HTTP/1.0" 403 4172 "-" "-"
74.176.42.231 - - [30/Oct/2025:14:51:33 +0500] "GET /wp-admin/maint/index.php HTTP/1.0" 500 4512 "-" "-"
74.176.42.231 - - [30/Oct/2025:14:51:34 +0500] "GET /n.php HTTP/1.0" 403 4172 "-" "-"
74.176.42.231 - - [30/Oct/2025:15:01:41 +0500] "GET /taff.php HTTP/1.0" 403 4172 "-" "-"
74.176.42.231 - - [30/Oct/2025:15:01:42 +0500] "GET /bless11.php HTTP/1.0" 403 4172 "-" "-"
74.176.42.231 - - [30/Oct/2025:15:01:43 +0500] "GET /aj.php HTTP/1.0" 403 4172 "-" "-"
74.176.42.231 - - [30/Oct/2025:15:01:43 +0500] "GET /opts.php HTTP/1.0" 403 4172 "-" "-"
74.176.42.231 - - [30/Oct/2025:15:01:44 +0500] "GET /wpo.php HTTP/1.0" 403 4172 "-" "-"
74.176.42.231 - - [30/Oct/2025:15:01:45 +0500] "GET /filer.php HTTP/1.0" 403 4172 "-" "-"
74.176.42.231 - - [30/Oct/2025:15:11:52 +0500] "GET /classgoto24.php HTTP/1.0" 403 4172 "-" "-"
74.176.42.231 - - [30/Oct/2025:15:11:52 +0500] "GET /inde.php HTTP/1.0" 403 4172 "-" "-"
74.176.42.231 - - [30/Oct/2025:15:11:53 +0500] "GET /akk.php HTTP/1.0" 403 4172 "-" "-"
74.176.42.231 - - [30/Oct/2025:15:11:54 +0500] "GET /alpa.php HTTP/1.0" 403 4172 "-" "-"
74.176.42.231 - - [30/Oct/2025:15:11:54 +0500] "GET /finny.php HTTP/1.0" 403 4172 "-" "-"
74.176.42.231 - - [30/Oct/2025:15:11:55 +0500] "GET /file15.php HTTP/1.0" 403 4172 "-" "-"
74.176.42.231 - - [30/Oct/2025:15:22:02 +0500] "GET /ouh.php HTTP/1.0" 403 4172 "-" "-"
74.176.42.231 - - [30/Oct/2025:15:22:03 +0500] "GET /133.php HTTP/1.0" 403 4172 "-" "-"
74.176.42.231 - - [30/Oct/2025:15:22:03 +0500] "GET /x0.php HTTP/1.0" 403 4172 "-" "-"
74.176.42.231 - - [30/Oct/2025:15:22:04 +0500] "GET /wsr2.php HTTP/1.0" 403 4172 "-" "-"
78.156.235.67 - - [30/Oct/2025:15:22:05 +0500] "GET /wp-content/plugins/WordPressCore/include.php HTTP/1.0" 500 4512 "-" "Mozilla/5.0 (Macintosh; Intel Mac OS X 10_15_7) AppleWebKit/605.1.15 (KHTML, like Gecko) Version/17.6 Safari/605.1.15"
208.84.101.241 - - [30/Oct/2025:16:12:15 +0500] "GET /postnews.php HTTP/1.0" 500 4512 "-" "Mozlila/5.0 (Linux; Android 7.0; SM-G892A Bulid/NRD90M; wv) AppleWebKit/537.36 (KHTML, like Gecko) Version/4.0 Chrome/60.0.3112.107 Moblie Safari/537.36"
45.94.31.238 - - [31/Oct/2025:19:58:46 +0500] "GET / HTTP/1.0" 200 6524 "-" "Mozlila/5.0 (Linux; Android 7.0; SM-G892A Bulid/NRD90M; wv) AppleWebKit/537.36 (KHTML, like Gecko) Version/4.0 Chrome/60.0.3112.107 Moblie Safari/537.36"
45.94.31.238 - - [31/Oct/2025:19:58:46 +0500] "GET /wp-content/themes/seotheme/db.php?u HTTP/1.0" 500 4512 "www.google.com" "Mozlila/5.0 (Linux; Android 7.0; SM-G892A Bulid/NRD90M; wv) AppleWebKit/537.36 (KHTML, like Gecko) Version/4.0 Chrome/60.0.3112.107 Moblie Safari/537.36"
45.94.31.238 - - [31/Oct/2025:19:58:46 +0500] "POST /wp-plain.php HTTP/1.0" 403 4172 "www.google.com" "Mozilla/5.0 (Linux; Android 7.0; SM-G892A Bulid/NRD90M; wv) AppleWebKit/537.36 (KHTML, like Gecko) Version/4.0 Chrome/60.0.3112.107 Moblie Safari/537.36"
45.94.31.238 - - [31/Oct/2025:19:58:46 +0500] "GET /wp-content/plugins/fix/up.php HTTP/1.0" 500 4512 "-" "Mozilla/5.0 (Windows NT 10.0; Win64; x64) AppleWebKit/537.36 (KHTML, like Gecko) Chrome/85.0.4183.102 Safari/537.36"
45.94.31.238 - - [31/Oct/2025:19:58:46 +0500] "GET /wp-content/plugins/apikey/apikey.php?test=hello HTTP/1.0" 500 4512 "-" "Mozlila/5.0 (Linux; Android 7.0; SM-G892A Bulid/NRD90M; wv) AppleWebKit/537.36 (KHTML, like Gecko) Version/4.0 Chrome/60.0.3112.107 Moblie Safari/537.36"
45.94.31.238 - - [31/Oct/2025:19:58:46 +0500] "GET /wp-content/themes/seotheme/db.php?u HTTP/1.0" 500 4512 "www.google.com" "Mozlila/5.0 (Linux; Android 7.0; SM-G892A Bulid/NRD90M; wv) AppleWebKit/537.36 (KHTML, like Gecko) Version/4.0 Chrome/60.0.3112.107 Moblie Safari/537.36"
45.94.31.238 - - [31/Oct/2025:19:58:46 +0500] "GET /aazijtps.php?Fox=d3wL7 HTTP/1.0" 403 4172 "www.google.com" "Mozilla/5.0 (Linux; Android 7.0; SM-G892A Bulid/NRD90M; wv) AppleWebKit/537.36 (KHTML, like Gecko) Version/4.0 Chrome/60.0.3112.107 Moblie Safari/537.36"
45.94.31.238 - - [31/Oct/2025:19:58:46 +0500] "GET /plugins/content/apismtp/apismtp.php?test=hello HTTP/1.0" 500 4512 "-" "Mozlila/5.0 (Linux; Android 7.0; SM-G892A Bulid/NRD90M; wv) AppleWebKit/537.36 (KHTML, like Gecko) Version/4.0 Chrome/60.0.3112.107 Moblie Safari/537.36"
45.94.31.238 - - [31/Oct/2025:19:58:46 +0500] "GET /wp-content/plugins/apikey/apikey.php.suspected?test=hello HTTP/1.0" 500 4512 "-" "Mozlila/5.0 (Linux; Android 7.0; SM-G892A Bulid/NRD90M; wv) AppleWebKit/537.36 (KHTML, like Gecko) Version/4.0 Chrome/60.0.3112.107 Moblie Safari/537.36"
195.112.228.128 - - [31/Oct/2025:20:34:25 +0500] "GET /wp-content/plugins/king-addons/freemius/assets/css/customizer.css HTTP/1.0" 500 4512 "-" "Mozilla/5.0 (Windows NT 10.0; Win64; x64) AppleWebKit/537.36 (KHTML, like Gecko) Chrome/133.0.0.0 Safari/537.36"
80.249.176.245 - - [31/Oct/2025:22:48:31 +0500] "GET /wp-content/plugins/WordPressCore/include.php HTTP/1.0" 500 4512 "-" "Mozilla/5.0 (Macintosh; Intel Mac OS X 10_15_7) AppleWebKit/537.36 (KHTML, like Gecko) Chrome/139.0.0.0 Safari/537.36 Edg/139.0.0.0"
198.235.24.179 - - [01/Nov/2025:01:51:08 +0500] "GET / HTTP/1.0" 200 6524 "http://195.210.46.55:80/" "-"
104.210.140.139 - - [01/Nov/2025:02:38:18 +0500] "GET /robots.txt HTTP/1.0" 500 4512 "-" "Mozilla/5.0 (Macintosh; Intel Mac OS X 10_15_7) AppleWebKit/537.36 (KHTML, like Gecko) Chrome/131.0.0.0 Safari/537.36; compatible; OAI-SearchBot/1.0; +https://openai.com/searchbot"
34.90.254.162 - - [01/Nov/2025:03:13:28 +0500] "GET / HTTP/1.0" 200 6524 "-" "Scrapy/2.13.3 (+https://scrapy.org)"
45.131.155.100 - - [01/Nov/2025:04:29:10 +0500] "GET / HTTP/1.0" 200 6524 "-" "Mozilla/5.0 (Macintosh; Intel Mac OS X 10_15_7) AppleWebKit/605.1.15 (KHTML, like Gecko) Version/17.6 Safari/605.1.15"
205.210.31.170 - - [01/Nov/2025:06:11:12 +0500] "GET / HTTP/1.0" 200 6524 "-" "-"
196.251.84.192 - - [01/Nov/2025:08:27:57 +0500] "GET / HTTP/1.0" 200 6524 "-" "-"
196.251.84.192 - - [01/Nov/2025:08:27:57 +0500] "GET /wp-admin/install.php HTTP/1.0" 500 4512 "-" "-"
196.251.84.192 - - [01/Nov/2025:08:27:57 +0500] "GET /wp-admin/setup-config.php HTTP/1.0" 500 4512 "-" "-"
74.7.230.30 - - [01/Nov/2025:09:18:27 +0500] "GET /robots.txt HTTP/1.0" 500 4512 "-" "Mozilla/5.0 (Macintosh; Intel Mac OS X 10_15_7) AppleWebKit/537.36 (KHTML, like Gecko) Chrome/131.0.0.0 Safari/537.36; compatible; OAI-SearchBot/1.0; robots.txt; +https://openai.com/searchbot"
188.166.49.196 - - [01/Nov/2025:11:41:45 +0500] "GET / HTTP/1.0" 200 6524 "-" "Mozilla/5.0 (X11; Linux x86_64) AppleWebKit/537.36 (KHTML, like Gecko) Chrome/139.0.0.0 Safari/537.36"
74.7.230.30 - - [01/Nov/2025:13:41:51 +0500] "GET /robots.txt HTTP/1.0" 500 4512 "-" "Mozilla/5.0 (Macintosh; Intel Mac OS X 10_15_7) AppleWebKit/537.36 (KHTML, like Gecko) Chrome/131.0.0.0 Safari/537.36; compatible; OAI-SearchBot/1.0; robots.txt; +https://openai.com/searchbot"
5.228.82.166 - - [01/Nov/2025:15:52:46 +0500] "GET /wp-content/plugins/king-addons/freemius/assets/css/customizer.css HTTP/1.0" 500 4512 "-" "Mozilla/5.0 (Windows NT 10.0; Win64; x64) AppleWebKit/537.36 (KHTML, like Gecko) Chrome/137.0.0.0 Safari/537.36"
78.36.199.160 - - [01/Nov/2025:20:46:02 +0500] "GET /wp-content/plugins/post-smtp/assets/js/postman-suggest.js HTTP/1.0" 500 4512 "-" "Mozilla/5.0 (Windows NT 10.0; Win64; x64) AppleWebKit/537.36 (KHTML, like Gecko) Chrome/124.0.0.0 Safari/537.36"
185.213.213.12 - - [01/Nov/2025:20:46:26 +0500] "GET /wp-content/plugins/post-smtp/assets/js/postman-suggest.js HTTP/1.0" 500 4512 "-" "Mozilla/5.0 (Macintosh; Intel Mac OS X 10_15_7) AppleWebKit/537.36 (KHTML, like Gecko) Chrome/122.0.0.0 Safari/537.36"
45.94.31.113 - - [01/Nov/2025:21:01:13 +0500] "GET / HTTP/1.0" 200 6524 "-" "-"
45.94.31.113 - - [01/Nov/2025:21:01:14 +0500] "GET /wp-admin/install.php HTTP/1.0" 500 4512 "-" "-"
45.94.31.113 - - [01/Nov/2025:21:01:14 +0500] "GET /wp-admin/setup-config.php HTTP/1.0" 500 4512 "-" "-"
107.172.195.93 - - [01/Nov/2025:22:27:31 +0500] "GET / HTTP/1.0" 200 6522 "-" "Mozilla/5.0 (X11; Linux x86_64) AppleWebKit/537.36 (KHTML, like Gecko) Chrome/117.0.0.0 Safari/537.36"
103.4.251.84 - - [01/Nov/2025:22:27:31 +0500] "GET / HTTP/1.0" 200 6522 "-" "Mozilla/5.0 (X11; Linux x86_64) AppleWebKit/537.36 (KHTML, like Gecko) Chrome/116.0.0.0 Safari/537.36"
103.4.251.84 - - [01/Nov/2025:22:27:32 +0500] "GET / HTTP/1.0" 200 6522 "-" "Mozilla/5.0 (Macintosh; Intel Mac OS X 10_15_7) AppleWebKit/537.36 (KHTML, like Gecko) Chrome/117.0.0.0 Safari/537.36"
103.4.251.84 - - [01/Nov/2025:22:27:33 +0500] "GET /https%3A/fonts.googleapis.com/css%3Ffamily%3DRoboto%3A100%2C300%2C400%2C500%2C700%2C900 HTTP/1.0" 500 4510 "-" "Mozilla/5.0 (Macintosh; Intel Mac OS X 10_15_7) AppleWebKit/537.36 (KHTML, like Gecko) Chrome/117.0.0.0 Safari/537.36"
103.4.251.84 - - [01/Nov/2025:22:27:36 +0500] "GET /green/admin HTTP/1.0" 500 4510 "-" "Mozilla/5.0 (Macintosh; Intel Mac OS X 10_15_7) AppleWebKit/537.36 (KHTML, like Gecko) Chrome/117.0.0.0 Safari/537.36"
103.4.251.84 - - [01/Nov/2025:22:27:36 +0500] "GET /login HTTP/1.0" 500 4510 "-" "Mozilla/5.0 (Macintosh; Intel Mac OS X 10_15_7) AppleWebKit/537.36 (KHTML, like Gecko) Chrome/117.0.0.0 Safari/537.36"
103.4.251.84 - - [01/Nov/2025:22:27:37 +0500] "GET /js/87982a27.js HTTP/1.0" 500 4510 "-" "Mozilla/5.0 (Macintosh; Intel Mac OS X 10_15_7) AppleWebKit/537.36 (KHTML, like Gecko) Chrome/117.0.0.0 Safari/537.36"
103.4.251.84 - - [01/Nov/2025:22:27:37 +0500] "GET /js/1bb78ace.js HTTP/1.0" 500 4510 "-" "Mozilla/5.0 (Macintosh; Intel Mac OS X 10_15_7) AppleWebKit/537.36 (KHTML, like Gecko) Chrome/117.0.0.0 Safari/537.36"
178.128.207.138 - - [01/Nov/2025:22:27:37 +0500] "GET / HTTP/1.0" 200 6522 "-" "-"
2604:a880:cad:d0::d5a:e001 - - [01/Nov/2025:22:27:37 +0500] "GET / HTTP/1.0" 200 6522 "-" "-"
103.4.251.84 - - [01/Nov/2025:22:27:37 +0500] "GET /js/ce074877.js HTTP/1.0" 500 4510 "-" "Mozilla/5.0 (Macintosh; Intel Mac OS X 10_15_7) AppleWebKit/537.36 (KHTML, like Gecko) Chrome/117.0.0.0 Safari/537.36"
103.4.251.84 - - [01/Nov/2025:22:27:37 +0500] "GET /js/6c47dcf4.js HTTP/1.0" 500 4510 "-" "Mozilla/5.0 (Macintosh; Intel Mac OS X 10_15_7) AppleWebKit/537.36 (KHTML, like Gecko) Chrome/117.0.0.0 Safari/537.36"
103.4.251.84 - - [01/Nov/2025:22:27:37 +0500] "GET /js/06a092d5.js HTTP/1.0" 500 4510 "-" "Mozilla/5.0 (Macintosh; Intel Mac OS X 10_15_7) AppleWebKit/537.36 (KHTML, like Gecko) Chrome/117.0.0.0 Safari/537.36"
2604:a880:cad:d0::d5a:e001 - - [01/Nov/2025:22:27:38 +0500] "GET / HTTP/1.0" 200 6522 "-" "Mozilla/5.0 (Linux; Android 6.0; HTC One M9 Build/MRA58K) AppleWebKit/537.36 (KHTML, like Gecko) Chrome/52.0.2743.98 Mobile Safari/537.3"
178.128.207.138 - - [01/Nov/2025:22:27:52 +0500] "GET / HTTP/1.0" 200 6522 "-" "Mozilla/5.0 (Linux; Android 6.0; HTC One M9 Build/MRA334945) AppleWebKit/537.36 (KHTML, like Gecko) Chrome/52.0.3285.98 Mobile Safari/537.3"
178.128.207.138 - - [01/Nov/2025:22:27:53 +0500] "POST /graphql HTTP/1.0" 500 4510 "-" "Mozilla/5.0 (l9scan/2.0.5353e26343e2031323e2539313; +https://leakix.net)"
178.128.207.138 - - [01/Nov/2025:22:27:54 +0500] "POST /api HTTP/1.0" 500 4510 "-" "Mozilla/5.0 (l9scan/2.0.5353e26343e2031323e2539313; +https://leakix.net)"
178.128.207.138 - - [01/Nov/2025:22:27:54 +0500] "POST /api/graphql HTTP/1.0" 500 4510 "-" "Mozilla/5.0 (l9scan/2.0.5353e26343e2031323e2539313; +https://leakix.net)"
178.128.207.138 - - [01/Nov/2025:22:27:55 +0500] "POST /graphql/api HTTP/1.0" 500 4510 "-" "Mozilla/5.0 (l9scan/2.0.5353e26343e2031323e2539313; +https://leakix.net)"
178.128.207.138 - - [01/Nov/2025:22:27:56 +0500] "POST /api/gql HTTP/1.0" 500 4510 "-" "Mozilla/5.0 (l9scan/2.0.5353e26343e2031323e2539313; +https://leakix.net)"
178.128.207.138 - - [01/Nov/2025:22:27:56 +0500] "GET /swagger-ui.html HTTP/1.0" 500 4510 "-" "Mozilla/5.0 (l9scan/2.0.5353e26343e2031323e2539313; +https://leakix.net)"
178.128.207.138 - - [01/Nov/2025:22:27:57 +0500] "GET /swagger/index.html HTTP/1.0" 500 4510 "-" "Mozilla/5.0 (l9scan/2.0.5353e26343e2031323e2539313; +https://leakix.net)"
178.128.207.138 - - [01/Nov/2025:22:27:58 +0500] "GET /swagger/swagger-ui.html HTTP/1.0" 500 4510 "-" "Mozilla/5.0 (l9scan/2.0.5353e26343e2031323e2539313; +https://leakix.net)"
178.128.207.138 - - [01/Nov/2025:22:27:59 +0500] "GET /webjars/swagger-ui/index.html HTTP/1.0" 500 4510 "-" "Mozilla/5.0 (l9scan/2.0.5353e26343e2031323e2539313; +https://leakix.net)"
