145.255.179.145 - - [29/Mar/2021:14:43:14 +0600] "GET /src/assets/jquery-3.3.1.min.js HTTP/1.0" 304 294 "https://purchases.greenclinic.kz/" "Mozilla/5.0 (Macintosh; Intel Mac OS X 10_11_6) AppleWebKit/537.36 (KHTML, like Gecko) Chrome/89.0.4389.90 Safari/537.36"
145.255.179.145 - - [29/Mar/2021:14:43:14 +0600] "GET /src/assets/jquery.maskedinput.min.js HTTP/1.0" 304 294 "https://purchases.greenclinic.kz/" "Mozilla/5.0 (Macintosh; Intel Mac OS X 10_11_6) AppleWebKit/537.36 (KHTML, like Gecko) Chrome/89.0.4389.90 Safari/537.36"
145.255.179.145 - - [29/Mar/2021:14:43:14 +0600] "GET /src/assets/modalEffects.js HTTP/1.0" 304 294 "https://purchases.greenclinic.kz/" "Mozilla/5.0 (Macintosh; Intel Mac OS X 10_11_6) AppleWebKit/537.36 (KHTML, like Gecko) Chrome/89.0.4389.90 Safari/537.36"
85.29.133.222 - - [29/Mar/2021:14:43:14 +0600] "GET /green/admin HTTP/1.0" 304 294 "-" "Mozilla/5.0 (Macintosh; Intel Mac OS X 10_15_7) AppleWebKit/537.36 (KHTML, like Gecko) Chrome/89.0.4389.90 Safari/537.36"
145.255.179.145 - - [29/Mar/2021:14:43:14 +0600] "GET /src/assets/swiper.min.js HTTP/1.0" 304 294 "https://purchases.greenclinic.kz/" "Mozilla/5.0 (Macintosh; Intel Mac OS X 10_11_6) AppleWebKit/537.36 (KHTML, like Gecko) Chrome/89.0.4389.90 Safari/537.36"
145.255.179.145 - - [29/Mar/2021:14:43:39 +0600] "GET /login HTTP/1.0" 200 3254 "-" "Mozilla/5.0 (Macintosh; Intel Mac OS X 10_11_6) AppleWebKit/537.36 (KHTML, like Gecko) Chrome/89.0.4389.90 Safari/537.36"
85.29.133.222 - - [29/Mar/2021:14:44:18 +0600] "GET / HTTP/1.0" 304 294 "-" "Mozilla/5.0 (Macintosh; Intel Mac OS X 10_15_7) AppleWebKit/537.36 (KHTML, like Gecko) Chrome/89.0.4389.90 Safari/537.36"
145.255.179.145 - - [29/Mar/2021:14:45:54 +0600] "GET /green/admin HTTP/1.0" 200 3254 "-" "Mozilla/5.0 (Macintosh; Intel Mac OS X 10_11_6) AppleWebKit/537.36 (KHTML, like Gecko) Chrome/89.0.4389.90 Safari/537.36"
145.255.179.145 - - [29/Mar/2021:14:45:54 +0600] "GET /green/src/assets/css/bootstrap.min.css HTTP/1.0" 200 3254 "https://purchases.greenclinic.kz/green/admin" "Mozilla/5.0 (Macintosh; Intel Mac OS X 10_11_6) AppleWebKit/537.36 (KHTML, like Gecko) Chrome/89.0.4389.90 Safari/537.36"
145.255.179.145 - - [29/Mar/2021:14:45:54 +0600] "GET /green/src/assets/css/component.css HTTP/1.0" 200 3254 "https://purchases.greenclinic.kz/green/admin" "Mozilla/5.0 (Macintosh; Intel Mac OS X 10_11_6) AppleWebKit/537.36 (KHTML, like Gecko) Chrome/89.0.4389.90 Safari/537.36"
145.255.179.145 - - [29/Mar/2021:14:45:54 +0600] "GET /green/src/assets/css/swiper.min.css HTTP/1.0" 200 3254 "https://purchases.greenclinic.kz/green/admin" "Mozilla/5.0 (Macintosh; Intel Mac OS X 10_11_6) AppleWebKit/537.36 (KHTML, like Gecko) Chrome/89.0.4389.90 Safari/537.36"
145.255.179.145 - - [29/Mar/2021:14:45:54 +0600] "GET /green/src/assets/css/style.css HTTP/1.0" 200 3254 "https://purchases.greenclinic.kz/green/admin" "Mozilla/5.0 (Macintosh; Intel Mac OS X 10_11_6) AppleWebKit/537.36 (KHTML, like Gecko) Chrome/89.0.4389.90 Safari/537.36"
145.255.179.145 - - [29/Mar/2021:14:45:54 +0600] "GET /green/src/assets/classie.js HTTP/1.0" 200 3254 "https://purchases.greenclinic.kz/green/admin" "Mozilla/5.0 (Macintosh; Intel Mac OS X 10_11_6) AppleWebKit/537.36 (KHTML, like Gecko) Chrome/89.0.4389.90 Safari/537.36"
145.255.179.145 - - [29/Mar/2021:14:45:54 +0600] "GET /green/src/assets/script.js HTTP/1.0" 200 3254 "https://purchases.greenclinic.kz/green/admin" "Mozilla/5.0 (Macintosh; Intel Mac OS X 10_11_6) AppleWebKit/537.36 (KHTML, like Gecko) Chrome/89.0.4389.90 Safari/537.36"
145.255.179.145 - - [29/Mar/2021:14:45:54 +0600] "GET /green/src/assets/jquery-3.3.1.min.js HTTP/1.0" 200 3254 "https://purchases.greenclinic.kz/green/admin" "Mozilla/5.0 (Macintosh; Intel Mac OS X 10_11_6) AppleWebKit/537.36 (KHTML, like Gecko) Chrome/89.0.4389.90 Safari/537.36"
145.255.179.145 - - [29/Mar/2021:14:45:54 +0600] "GET /green/src/assets/jquery.maskedinput.min.js HTTP/1.0" 200 3254 "https://purchases.greenclinic.kz/green/admin" "Mozilla/5.0 (Macintosh; Intel Mac OS X 10_11_6) AppleWebKit/537.36 (KHTML, like Gecko) Chrome/89.0.4389.90 Safari/537.36"
145.255.179.145 - - [29/Mar/2021:14:45:54 +0600] "GET /green/src/assets/modalEffects.js HTTP/1.0" 200 3254 "https://purchases.greenclinic.kz/green/admin" "Mozilla/5.0 (Macintosh; Intel Mac OS X 10_11_6) AppleWebKit/537.36 (KHTML, like Gecko) Chrome/89.0.4389.90 Safari/537.36"
145.255.179.145 - - [29/Mar/2021:14:45:54 +0600] "GET /green/src/assets/swiper.min.js HTTP/1.0" 200 3254 "https://purchases.greenclinic.kz/green/admin" "Mozilla/5.0 (Macintosh; Intel Mac OS X 10_11_6) AppleWebKit/537.36 (KHTML, like Gecko) Chrome/89.0.4389.90 Safari/537.36"
145.255.179.145 - - [29/Mar/2021:14:46:15 +0600] "GET / HTTP/1.0" 304 294 "-" "Mozilla/5.0 (Macintosh; Intel Mac OS X 10_11_6) AppleWebKit/537.36 (KHTML, like Gecko) Chrome/89.0.4389.90 Safari/537.36"
85.29.133.222 - - [29/Mar/2021:14:47:59 +0600] "GET /green/admin HTTP/1.0" 304 294 "-" "Mozilla/5.0 (Macintosh; Intel Mac OS X 10_15_7) AppleWebKit/537.36 (KHTML, like Gecko) Chrome/89.0.4389.90 Safari/537.36"
145.255.179.145 - - [29/Mar/2021:14:48:12 +0600] "GET / HTTP/1.0" 304 294 "-" "Mozilla/5.0 (Macintosh; Intel Mac OS X 10_11_6) AppleWebKit/537.36 (KHTML, like Gecko) Chrome/89.0.4389.90 Safari/537.36"
145.255.179.145 - - [29/Mar/2021:14:48:20 +0600] "GET / HTTP/1.0" 304 294 "-" "Mozilla/5.0 (Macintosh; Intel Mac OS X 10_11_6) AppleWebKit/537.36 (KHTML, like Gecko) Chrome/89.0.4389.90 Safari/537.36"
85.29.133.222 - - [29/Mar/2021:14:48:35 +0600] "GET / HTTP/1.0" 304 294 "-" "Mozilla/5.0 (Macintosh; Intel Mac OS X 10_15_7) AppleWebKit/537.36 (KHTML, like Gecko) Chrome/89.0.4389.90 Safari/537.36"
145.255.179.145 - - [29/Mar/2021:14:48:36 +0600] "GET /green/admin HTTP/1.0" 304 294 "-" "Mozilla/5.0 (Macintosh; Intel Mac OS X 10_11_6) AppleWebKit/537.36 (KHTML, like Gecko) Chrome/89.0.4389.90 Safari/537.36"
85.29.133.222 - - [29/Mar/2021:14:49:16 +0600] "GET / HTTP/1.0" 304 294 "-" "Mozilla/5.0 (Macintosh; Intel Mac OS X 10_15_7) AppleWebKit/537.36 (KHTML, like Gecko) Chrome/89.0.4389.90 Safari/537.36"
145.255.179.145 - - [29/Mar/2021:14:51:22 +0600] "GET / HTTP/1.0" 304 294 "-" "Mozilla/5.0 (Macintosh; Intel Mac OS X 10_11_6) AppleWebKit/537.36 (KHTML, like Gecko) Chrome/89.0.4389.90 Safari/537.36"
85.29.133.222 - - [29/Mar/2021:17:01:31 +0600] "GET / HTTP/1.0" 200 3254 "https://zakup.greenclinic.kz/" "Mozilla/5.0 (Macintosh; Intel Mac OS X 10_15_7) AppleWebKit/605.1.15 (KHTML, like Gecko) Version/14.0 Safari/605.1.15"
85.29.133.222 - - [29/Mar/2021:17:01:31 +0600] "GET /src/assets/css/bootstrap.min.css HTTP/1.0" 200 3254 "https://purchases.greenclinic.kz/" "Mozilla/5.0 (Macintosh; Intel Mac OS X 10_15_7) AppleWebKit/605.1.15 (KHTML, like Gecko) Version/14.0 Safari/605.1.15"
85.29.133.222 - - [29/Mar/2021:17:01:31 +0600] "GET /src/assets/css/component.css HTTP/1.0" 200 3254 "https://purchases.greenclinic.kz/" "Mozilla/5.0 (Macintosh; Intel Mac OS X 10_15_7) AppleWebKit/605.1.15 (KHTML, like Gecko) Version/14.0 Safari/605.1.15"
85.29.133.222 - - [29/Mar/2021:17:01:31 +0600] "GET /src/assets/css/style.css HTTP/1.0" 200 3254 "https://purchases.greenclinic.kz/" "Mozilla/5.0 (Macintosh; Intel Mac OS X 10_15_7) AppleWebKit/605.1.15 (KHTML, like Gecko) Version/14.0 Safari/605.1.15"
85.29.133.222 - - [29/Mar/2021:17:01:31 +0600] "GET /src/assets/css/swiper.min.css HTTP/1.0" 200 3254 "https://purchases.greenclinic.kz/" "Mozilla/5.0 (Macintosh; Intel Mac OS X 10_15_7) AppleWebKit/605.1.15 (KHTML, like Gecko) Version/14.0 Safari/605.1.15"
85.29.133.222 - - [29/Mar/2021:17:01:31 +0600] "GET /src/assets/classie.js HTTP/1.0" 200 3254 "https://purchases.greenclinic.kz/" "Mozilla/5.0 (Macintosh; Intel Mac OS X 10_15_7) AppleWebKit/605.1.15 (KHTML, like Gecko) Version/14.0 Safari/605.1.15"
85.29.133.222 - - [29/Mar/2021:17:01:31 +0600] "GET /src/assets/css/media.css HTTP/1.0" 200 3254 "https://purchases.greenclinic.kz/" "Mozilla/5.0 (Macintosh; Intel Mac OS X 10_15_7) AppleWebKit/605.1.15 (KHTML, like Gecko) Version/14.0 Safari/605.1.15"
85.29.133.222 - - [29/Mar/2021:17:01:31 +0600] "GET /src/assets/script.js HTTP/1.0" 200 3254 "https://purchases.greenclinic.kz/" "Mozilla/5.0 (Macintosh; Intel Mac OS X 10_15_7) AppleWebKit/605.1.15 (KHTML, like Gecko) Version/14.0 Safari/605.1.15"
85.29.133.222 - - [29/Mar/2021:17:01:31 +0600] "GET /src/assets/jquery-3.3.1.min.js HTTP/1.0" 200 3254 "https://purchases.greenclinic.kz/" "Mozilla/5.0 (Macintosh; Intel Mac OS X 10_15_7) AppleWebKit/605.1.15 (KHTML, like Gecko) Version/14.0 Safari/605.1.15"
85.29.133.222 - - [29/Mar/2021:17:01:31 +0600] "GET /src/assets/modalEffects.js HTTP/1.0" 200 3254 "https://purchases.greenclinic.kz/" "Mozilla/5.0 (Macintosh; Intel Mac OS X 10_15_7) AppleWebKit/605.1.15 (KHTML, like Gecko) Version/14.0 Safari/605.1.15"
85.29.133.222 - - [29/Mar/2021:17:01:31 +0600] "GET /src/assets/jquery.maskedinput.min.js HTTP/1.0" 200 3254 "https://purchases.greenclinic.kz/" "Mozilla/5.0 (Macintosh; Intel Mac OS X 10_15_7) AppleWebKit/605.1.15 (KHTML, like Gecko) Version/14.0 Safari/605.1.15"
85.29.133.222 - - [29/Mar/2021:17:01:31 +0600] "GET /src/assets/swiper.min.js HTTP/1.0" 200 3254 "https://purchases.greenclinic.kz/" "Mozilla/5.0 (Macintosh; Intel Mac OS X 10_15_7) AppleWebKit/605.1.15 (KHTML, like Gecko) Version/14.0 Safari/605.1.15"
85.29.133.222 - - [30/Mar/2021:09:04:29 +0600] "GET /green/admin HTTP/1.0" 200 3254 "-" "Mozilla/5.0 (Macintosh; Intel Mac OS X 10_15_7) AppleWebKit/537.36 (KHTML, like Gecko) Chrome/89.0.4389.90 Safari/537.36"
85.29.133.222 - - [30/Mar/2021:09:04:29 +0600] "GET /green/src/assets/css/bootstrap.min.css HTTP/1.0" 200 3254 "https://purchases.greenclinic.kz/green/admin" "Mozilla/5.0 (Macintosh; Intel Mac OS X 10_15_7) AppleWebKit/537.36 (KHTML, like Gecko) Chrome/89.0.4389.90 Safari/537.36"
85.29.133.222 - - [30/Mar/2021:09:04:29 +0600] "GET /green/src/assets/css/swiper.min.css HTTP/1.0" 200 3254 "https://purchases.greenclinic.kz/green/admin" "Mozilla/5.0 (Macintosh; Intel Mac OS X 10_15_7) AppleWebKit/537.36 (KHTML, like Gecko) Chrome/89.0.4389.90 Safari/537.36"
85.29.133.222 - - [30/Mar/2021:09:04:29 +0600] "GET /green/src/assets/css/component.css HTTP/1.0" 200 3254 "https://purchases.greenclinic.kz/green/admin" "Mozilla/5.0 (Macintosh; Intel Mac OS X 10_15_7) AppleWebKit/537.36 (KHTML, like Gecko) Chrome/89.0.4389.90 Safari/537.36"
85.29.133.222 - - [30/Mar/2021:09:04:29 +0600] "GET /green/src/assets/classie.js HTTP/1.0" 200 3254 "https://purchases.greenclinic.kz/green/admin" "Mozilla/5.0 (Macintosh; Intel Mac OS X 10_15_7) AppleWebKit/537.36 (KHTML, like Gecko) Chrome/89.0.4389.90 Safari/537.36"
85.29.133.222 - - [30/Mar/2021:09:04:29 +0600] "GET /green/src/assets/css/style.css HTTP/1.0" 200 3254 "https://purchases.greenclinic.kz/green/admin" "Mozilla/5.0 (Macintosh; Intel Mac OS X 10_15_7) AppleWebKit/537.36 (KHTML, like Gecko) Chrome/89.0.4389.90 Safari/537.36"
85.29.133.222 - - [30/Mar/2021:09:04:29 +0600] "GET /green/src/assets/script.js HTTP/1.0" 200 3254 "https://purchases.greenclinic.kz/green/admin" "Mozilla/5.0 (Macintosh; Intel Mac OS X 10_15_7) AppleWebKit/537.36 (KHTML, like Gecko) Chrome/89.0.4389.90 Safari/537.36"
85.29.133.222 - - [30/Mar/2021:09:04:29 +0600] "GET /green/src/assets/jquery-3.3.1.min.js HTTP/1.0" 200 3254 "https://purchases.greenclinic.kz/green/admin" "Mozilla/5.0 (Macintosh; Intel Mac OS X 10_15_7) AppleWebKit/537.36 (KHTML, like Gecko) Chrome/89.0.4389.90 Safari/537.36"
85.29.133.222 - - [30/Mar/2021:09:04:29 +0600] "GET /green/src/assets/modalEffects.js HTTP/1.0" 200 3254 "https://purchases.greenclinic.kz/green/admin" "Mozilla/5.0 (Macintosh; Intel Mac OS X 10_15_7) AppleWebKit/537.36 (KHTML, like Gecko) Chrome/89.0.4389.90 Safari/537.36"
85.29.133.222 - - [30/Mar/2021:09:04:29 +0600] "GET /green/src/assets/jquery.maskedinput.min.js HTTP/1.0" 200 3254 "https://purchases.greenclinic.kz/green/admin" "Mozilla/5.0 (Macintosh; Intel Mac OS X 10_15_7) AppleWebKit/537.36 (KHTML, like Gecko) Chrome/89.0.4389.90 Safari/537.36"
85.29.133.222 - - [30/Mar/2021:09:04:29 +0600] "GET /green/src/assets/swiper.min.js HTTP/1.0" 200 3254 "https://purchases.greenclinic.kz/green/admin" "Mozilla/5.0 (Macintosh; Intel Mac OS X 10_15_7) AppleWebKit/537.36 (KHTML, like Gecko) Chrome/89.0.4389.90 Safari/537.36"
34.77.162.12 - - [30/Mar/2021:10:25:17 +0600] "GET / HTTP/1.0" 200 3254 "-" "Expanse, a Palo Alto Networks company, searches across the global IPv4 space multiple times per day to identify customers' presences on the Internet. If you would like to be excluded from our scans, please send IP addresses/domains to: scaninfo@paloaltonetworks.com"
5.255.231.140 - - [31/Mar/2021:02:07:31 +0600] "GET /robots.txt HTTP/1.0" 200 5496 "-" "Mozilla/5.0 (compatible; YandexBot/3.0; +http://yandex.com/bots)"
5.255.231.140 - - [31/Mar/2021:02:07:34 +0600] "GET / HTTP/1.0" 200 3254 "-" "Mozilla/5.0 (compatible; YandexBot/3.0; +http://yandex.com/bots)"
5.255.231.140 - - [31/Mar/2021:04:53:43 +0600] "GET /robots.txt HTTP/1.0" 200 3254 "-" "Mozilla/5.0 (compatible; YandexBot/3.0; +http://yandex.com/bots)"
5.255.231.140 - - [31/Mar/2021:04:53:46 +0600] "GET / HTTP/1.0" 200 3254 "-" "Mozilla/5.0 (compatible; YandexBot/3.0; +http://yandex.com/bots)"
5.255.231.42 - - [31/Mar/2021:18:00:30 +0600] "GET /robots.txt HTTP/1.0" 200 3254 "-" "Mozilla/5.0 (compatible; YandexBot/3.0; +http://yandex.com/bots)"
5.255.231.184 - - [31/Mar/2021:18:00:34 +0600] "GET / HTTP/1.0" 200 3254 "-" "Mozilla/5.0 (compatible; YandexBot/3.0; +http://yandex.com/bots)"
34.86.35.32 - - [01/Apr/2021:05:12:00 +0600] "GET / HTTP/1.0" 200 3254 "-" "Expanse, a Palo Alto Networks company, searches across the global IPv4 space multiple times per day to identify customers' presences on the Internet. If you would like to be excluded from our scans, please send IP addresses/domains to: scaninfo@paloaltonetworks.com"
5.45.207.115 - - [01/Apr/2021:11:07:30 +0600] "GET /robots.txt HTTP/1.0" 200 3254 "-" "Mozilla/5.0 (compatible; YandexBot/3.0; +http://yandex.com/bots)"
5.255.231.42 - - [01/Apr/2021:11:07:33 +0600] "GET / HTTP/1.0" 200 3254 "-" "Mozilla/5.0 (compatible; YandexBot/3.0; +http://yandex.com/bots)"
5.255.231.140 - - [01/Apr/2021:21:28:40 +0600] "GET /robots.txt HTTP/1.0" 200 2816 "-" "Mozilla/5.0 (compatible; YandexBot/3.0; +http://yandex.com/bots)"
5.255.231.162 - - [01/Apr/2021:21:28:43 +0600] "GET / HTTP/1.0" 200 2816 "-" "Mozilla/5.0 (compatible; YandexBot/3.0; +http://yandex.com/bots)"
5.255.231.140 - - [02/Apr/2021:05:24:36 +0600] "GET /robots.txt HTTP/1.0" 200 2816 "-" "Mozilla/5.0 (compatible; YandexBot/3.0; +http://yandex.com/bots)"
5.255.231.140 - - [02/Apr/2021:05:24:40 +0600] "GET / HTTP/1.0" 200 2816 "-" "Mozilla/5.0 (compatible; YandexBot/3.0; +http://yandex.com/bots)"
85.29.133.222 - - [02/Apr/2021:13:21:33 +0600] "GET /login HTTP/1.0" 200 2816 "-" "Mozilla/5.0 (Macintosh; Intel Mac OS X 10_15_7) AppleWebKit/537.36 (KHTML, like Gecko) Chrome/89.0.4389.90 Safari/537.36"
85.29.133.222 - - [02/Apr/2021:13:21:34 +0600] "GET /src/assets/img/body__bg.png HTTP/1.0" 200 2816 "https://purchases.greenclinic.kz/src/assets/css/style.css" "Mozilla/5.0 (Macintosh; Intel Mac OS X 10_15_7) AppleWebKit/537.36 (KHTML, like Gecko) Chrome/89.0.4389.90 Safari/537.36"
85.29.133.222 - - [02/Apr/2021:13:21:34 +0600] "GET /src/assets/fonts/Montserrat-Regular.woff HTTP/1.0" 200 2816 "https://purchases.greenclinic.kz/src/assets/css/style.css" "Mozilla/5.0 (Macintosh; Intel Mac OS X 10_15_7) AppleWebKit/537.36 (KHTML, like Gecko) Chrome/89.0.4389.90 Safari/537.36"
85.29.133.222 - - [02/Apr/2021:13:21:35 +0600] "GET /src/assets/fonts/Montserrat-Regular.ttf HTTP/1.0" 200 2816 "https://purchases.greenclinic.kz/src/assets/css/style.css" "Mozilla/5.0 (Macintosh; Intel Mac OS X 10_15_7) AppleWebKit/537.36 (KHTML, like Gecko) Chrome/89.0.4389.90 Safari/537.36"
5.255.231.140 - - [02/Apr/2021:19:15:44 +0600] "GET /robots.txt HTTP/1.0" 200 2816 "-" "Mozilla/5.0 (compatible; YandexBot/3.0; +http://yandex.com/bots)"
5.255.231.140 - - [02/Apr/2021:19:15:48 +0600] "GET / HTTP/1.0" 200 2816 "-" "Mozilla/5.0 (compatible; YandexBot/3.0; +http://yandex.com/bots)"
34.77.162.16 - - [03/Apr/2021:00:24:08 +0600] "GET / HTTP/1.0" 200 2816 "-" "Expanse, a Palo Alto Networks company, searches across the global IPv4 space multiple times per day to identify customers' presences on the Internet. If you would like to be excluded from our scans, please send IP addresses/domains to: scaninfo@paloaltonetworks.com"
5.255.231.140 - - [03/Apr/2021:03:08:47 +0600] "GET /robots.txt HTTP/1.0" 200 2816 "-" "Mozilla/5.0 (compatible; YandexBot/3.0; +http://yandex.com/bots)"
5.255.231.140 - - [03/Apr/2021:03:08:47 +0600] "GET /robots.txt HTTP/1.0" 200 2816 "-" "Mozilla/5.0 (compatible; YandexBot/3.0; +http://yandex.com/bots)"
5.255.231.140 - - [03/Apr/2021:03:08:50 +0600] "GET / HTTP/1.0" 200 2816 "-" "Mozilla/5.0 (compatible; YandexBot/3.0; +http://yandex.com/bots)"
5.255.231.162 - - [03/Apr/2021:03:08:50 +0600] "GET / HTTP/1.0" 200 2816 "-" "Mozilla/5.0 (compatible; YandexBot/3.0; +http://yandex.com/bots)"
34.96.130.7 - - [03/Apr/2021:09:05:56 +0600] "GET / HTTP/1.0" 200 2816 "-" "Expanse, a Palo Alto Networks company, searches across the global IPv4 space multiple times per day to identify customers' presences on the Internet. If you would like to be excluded from our scans, please send IP addresses/domains to: scaninfo@paloaltonetworks.com"
34.86.35.20 - - [06/Apr/2021:04:15:11 +0600] "GET / HTTP/1.0" 200 2816 "-" "Expanse, a Palo Alto Networks company, searches across the global IPv4 space multiple times per day to identify customers' presences on the Internet. If you would like to be excluded from our scans, please send IP addresses/domains to: scaninfo@paloaltonetworks.com"
18.202.177.229 - - [06/Apr/2021:07:29:37 +0600] "GET /robots.txt HTTP/1.0" 200 2816 "-" "PleskBot"
18.202.177.229 - - [06/Apr/2021:07:29:37 +0600] "GET / HTTP/1.0" 200 2816 "-" "PleskBot"
34.77.162.14 - - [07/Apr/2021:17:53:15 +0600] "GET / HTTP/1.0" 200 2816 "-" "Expanse, a Palo Alto Networks company, searches across the global IPv4 space multiple times per day to identify customers' presences on the Internet. If you would like to be excluded from our scans, please send IP addresses/domains to: scaninfo@paloaltonetworks.com"
85.29.133.222 - - [09/Apr/2021:10:13:34 +0600] "GET / HTTP/1.0" 200 2816 "https://srv-plesk28.ps.kz:8443/" "Mozilla/5.0 (Windows NT 10.0; Win64; x64) AppleWebKit/537.36 (KHTML, like Gecko) Chrome/89.0.4389.90 Safari/537.36 OPR/75.0.3969.149 (Edition Campaign 34)"
85.29.133.222 - - [09/Apr/2021:10:13:34 +0600] "GET /src/assets/img/body__bg.png HTTP/1.0" 200 2816 "https://purchases.greenclinic.kz/src/assets/css/style.css" "Mozilla/5.0 (Windows NT 10.0; Win64; x64) AppleWebKit/537.36 (KHTML, like Gecko) Chrome/89.0.4389.90 Safari/537.36 OPR/75.0.3969.149 (Edition Campaign 34)"
34.96.130.11 - - [09/Apr/2021:22:29:01 +0600] "GET / HTTP/1.0" 200 2816 "-" "Expanse, a Palo Alto Networks company, searches across the global IPv4 space multiple times per day to identify customers' presences on the Internet. If you would like to be excluded from our scans, please send IP addresses/domains to: scaninfo@paloaltonetworks.com"
5.255.231.140 - - [10/Apr/2021:11:30:54 +0600] "GET /robots.txt HTTP/1.0" 200 2816 "-" "Mozilla/5.0 (compatible; YandexBot/3.0; +http://yandex.com/bots)"
5.255.231.162 - - [10/Apr/2021:11:30:54 +0600] "GET /robots.txt HTTP/1.0" 200 2816 "-" "Mozilla/5.0 (compatible; YandexBot/3.0; +http://yandex.com/bots)"
5.255.231.162 - - [10/Apr/2021:11:30:58 +0600] "GET / HTTP/1.0" 200 2816 "-" "Mozilla/5.0 (compatible; YandexBot/3.0; +http://yandex.com/bots)"
5.255.231.162 - - [10/Apr/2021:11:30:58 +0600] "GET / HTTP/1.0" 200 2816 "-" "Mozilla/5.0 (compatible; YandexBot/3.0; +http://yandex.com/bots)"
34.96.130.11 - - [10/Apr/2021:11:43:51 +0600] "GET / HTTP/1.0" 200 2816 "-" "Expanse, a Palo Alto Networks company, searches across the global IPv4 space multiple times per day to identify customers' presences on the Internet. If you would like to be excluded from our scans, please send IP addresses/domains to: scaninfo@paloaltonetworks.com"
92.118.160.5 - - [13/Apr/2021:06:51:46 +0600] "GET / HTTP/1.0" 200 2816 "-" "NetSystemsResearch studies the availability of various services across the internet. Our website is netsystemsresearch.com"
93.185.75.124 - - [14/Apr/2021:10:08:23 +0600] "GET / HTTP/1.0" 200 2816 "https://srv-plesk28.ps.kz:8443/" "Mozilla/5.0 (Windows NT 10.0; Win64; x64) AppleWebKit/537.36 (KHTML, like Gecko) Chrome/86.0.4240.75 Safari/537.36"
93.185.75.124 - - [14/Apr/2021:10:08:24 +0600] "GET /src/assets/img/body__bg.png HTTP/1.0" 200 2816 "https://purchases.greenclinic.kz/src/assets/css/style.css" "Mozilla/5.0 (Windows NT 10.0; Win64; x64) AppleWebKit/537.36 (KHTML, like Gecko) Chrome/86.0.4240.75 Safari/537.36"
34.244.43.171 - - [15/Apr/2021:08:53:27 +0600] "GET /robots.txt HTTP/1.0" 200 2816 "-" "PleskBot"
34.244.43.171 - - [15/Apr/2021:08:53:28 +0600] "GET / HTTP/1.0" 200 2816 "-" "PleskBot"
5.255.231.140 - - [18/Apr/2021:12:16:40 +0600] "GET /robots.txt HTTP/1.0" 200 2816 "-" "Mozilla/5.0 (compatible; YandexBot/3.0; +http://yandex.com/bots)"
5.255.231.162 - - [18/Apr/2021:12:16:40 +0600] "GET /robots.txt HTTP/1.0" 200 2816 "-" "Mozilla/5.0 (compatible; YandexBot/3.0; +http://yandex.com/bots)"
5.255.231.140 - - [18/Apr/2021:12:16:43 +0600] "GET / HTTP/1.0" 200 2816 "-" "Mozilla/5.0 (compatible; YandexBot/3.0; +http://yandex.com/bots)"
5.255.231.162 - - [18/Apr/2021:12:16:43 +0600] "GET / HTTP/1.0" 200 2816 "-" "Mozilla/5.0 (compatible; YandexBot/3.0; +http://yandex.com/bots)"
5.255.231.162 - - [23/Apr/2021:02:10:54 +0600] "GET /robots.txt HTTP/1.0" 200 2816 "-" "Mozilla/5.0 (compatible; YandexBot/3.0; +http://yandex.com/bots)"
5.255.231.140 - - [23/Apr/2021:02:10:54 +0600] "GET /robots.txt HTTP/1.0" 200 2816 "-" "Mozilla/5.0 (compatible; YandexBot/3.0; +http://yandex.com/bots)"
5.255.231.140 - - [23/Apr/2021:02:10:57 +0600] "GET / HTTP/1.0" 200 2816 "-" "Mozilla/5.0 (compatible; YandexBot/3.0; +http://yandex.com/bots)"
5.255.231.140 - - [23/Apr/2021:02:10:58 +0600] "GET / HTTP/1.0" 200 2816 "-" "Mozilla/5.0 (compatible; YandexBot/3.0; +http://yandex.com/bots)"
54.246.231.181 - - [23/Apr/2021:10:00:24 +0600] "GET / HTTP/1.0" 200 5058 "-" "PleskBot"
18.212.231.228 - - [27/Apr/2021:19:07:43 +0600] "GET / HTTP/1.0" 200 2816 "-" "Mozilla/5.0 (Windows NT 10.0; Win64; x64) AppleWebKit/537.36 (KHTML, like Gecko; compatible; BW/1.1; bit.ly/2W6Px8S) Chrome/84.0.4147.105 Safari/537.36"
18.212.231.228 - - [27/Apr/2021:19:07:44 +0600] "GET /robots.txt HTTP/1.0" 200 2816 "-" "Mozilla/5.0 (Windows NT 10.0; Win64; x64) AppleWebKit/537.36 (KHTML, like Gecko; compatible; BW/1.1; bit.ly/2W6Px8S) Chrome/84.0.4147.105 Safari/537.36"
5.255.231.206 - - [28/Apr/2021:08:51:59 +0600] "GET /robots.txt HTTP/1.0" 200 2816 "-" "Mozilla/5.0 (compatible; YandexBot/3.0; +http://yandex.com/bots)"
5.255.231.140 - - [28/Apr/2021:08:51:59 +0600] "GET /robots.txt HTTP/1.0" 200 2816 "-" "Mozilla/5.0 (compatible; YandexBot/3.0; +http://yandex.com/bots)"
5.255.231.42 - - [28/Apr/2021:08:52:03 +0600] "GET / HTTP/1.0" 200 2816 "-" "Mozilla/5.0 (compatible; YandexBot/3.0; +http://yandex.com/bots)"
5.45.207.115 - - [28/Apr/2021:08:52:03 +0600] "GET / HTTP/1.0" 200 2816 "-" "Mozilla/5.0 (compatible; YandexBot/3.0; +http://yandex.com/bots)"
3.249.130.207 - - [01/May/2021:09:23:36 +0600] "GET /robots.txt HTTP/1.0" 200 2816 "-" "PleskBot"
3.249.130.207 - - [01/May/2021:09:23:36 +0600] "GET / HTTP/1.0" 200 2816 "-" "PleskBot"
52.42.79.222 - - [04/May/2021:17:35:38 +0600] "GET / HTTP/1.0" 200 2816 "-" "Mozilla/5.0 (Macintosh; Intel Mac OS X 10_10_1) AppleWebKit/537.36 (KHTML, like Gecko) Chrome/41.0.2227.1 Safari/537.36"
52.42.79.222 - - [04/May/2021:17:35:41 +0600] "GET /wp-login.php HTTP/1.0" 200 2816 "-" "Mozilla/5.0 (Macintosh; Intel Mac OS X 10_10_1) AppleWebKit/537.36 (KHTML, like Gecko) Chrome/41.0.2227.1 Safari/537.36"
52.42.79.222 - - [04/May/2021:17:35:46 +0600] "GET /wordpress/wp-login.php HTTP/1.0" 200 2816 "-" "Mozilla/5.0 (Macintosh; Intel Mac OS X 10_10_1) AppleWebKit/537.36 (KHTML, like Gecko) Chrome/41.0.2227.1 Safari/537.36"
52.42.79.222 - - [04/May/2021:17:35:51 +0600] "GET /blog/wp-login.php HTTP/1.0" 200 5058 "-" "Mozilla/5.0 (Macintosh; Intel Mac OS X 10_10_1) AppleWebKit/537.36 (KHTML, like Gecko) Chrome/41.0.2227.1 Safari/537.36"
52.42.79.222 - - [04/May/2021:17:35:58 +0600] "GET /wp/wp-login.php HTTP/1.0" 200 2816 "-" "Mozilla/5.0 (Macintosh; Intel Mac OS X 10_10_1) AppleWebKit/537.36 (KHTML, like Gecko) Chrome/41.0.2227.1 Safari/537.36"
5.255.231.162 - - [05/May/2021:09:00:58 +0600] "GET /robots.txt HTTP/1.0" 200 2816 "-" "Mozilla/5.0 (compatible; YandexBot/3.0; +http://yandex.com/bots)"
141.8.142.69 - - [05/May/2021:09:00:58 +0600] "GET /robots.txt HTTP/1.0" 200 2816 "-" "Mozilla/5.0 (compatible; YandexBot/3.0; +http://yandex.com/bots)"
5.255.231.162 - - [05/May/2021:09:01:01 +0600] "GET / HTTP/1.0" 200 2816 "-" "Mozilla/5.0 (compatible; YandexBot/3.0; +http://yandex.com/bots)"
5.255.231.42 - - [05/May/2021:09:01:02 +0600] "GET / HTTP/1.0" 200 2816 "-" "Mozilla/5.0 (compatible; YandexBot/3.0; +http://yandex.com/bots)"
167.99.122.135 - - [05/May/2021:09:15:51 +0600] "GET / HTTP/1.0" 200 2816 "-" "Mozilla/5.0 (compatible; NetcraftSurveyAgent/1.0; +info@netcraft.com)"
167.99.56.104 - - [05/May/2021:09:44:50 +0600] "GET / HTTP/1.0" 200 2816 "-" "Mozilla/5.0 (compatible; NetcraftSurveyAgent/1.0; +info@netcraft.com)"
5.45.207.65 - - [06/May/2021:17:58:22 +0600] "GET /robots.txt HTTP/1.0" 200 2816 "-" "Mozilla/5.0 (compatible; YandexBot/3.0; +http://yandex.com/bots)"
5.45.207.131 - - [06/May/2021:17:58:26 +0600] "GET / HTTP/1.0" 200 2816 "-" "Mozilla/5.0 (compatible; YandexBot/3.0; +http://yandex.com/bots)"
54.176.188.51 - - [07/May/2021:16:04:38 +0600] "GET / HTTP/1.0" 200 2816 "-" "Mozilla/5.0 (Macintosh; Intel Mac OS X 10_9_2) AppleWebKit/537.36 (KHTML, like Gecko) Chrome/36.0.1944.0 Safari/537.36"
54.176.188.51 - - [07/May/2021:16:04:39 +0600] "GET /wp-login.php HTTP/1.0" 200 2816 "-" "Mozilla/5.0 (Macintosh; Intel Mac OS X 10_9_2) AppleWebKit/537.36 (KHTML, like Gecko) Chrome/36.0.1944.0 Safari/537.36"
54.176.188.51 - - [07/May/2021:16:04:41 +0600] "GET /wordpress/wp-login.php HTTP/1.0" 200 2816 "-" "Mozilla/5.0 (Macintosh; Intel Mac OS X 10_9_2) AppleWebKit/537.36 (KHTML, like Gecko) Chrome/36.0.1944.0 Safari/537.36"
54.176.188.51 - - [07/May/2021:16:04:42 +0600] "GET /blog/wp-login.php HTTP/1.0" 200 2816 "-" "Mozilla/5.0 (Macintosh; Intel Mac OS X 10_9_2) AppleWebKit/537.36 (KHTML, like Gecko) Chrome/36.0.1944.0 Safari/537.36"
54.176.188.51 - - [07/May/2021:16:04:44 +0600] "GET /wp/wp-login.php HTTP/1.0" 200 2816 "-" "Mozilla/5.0 (Macintosh; Intel Mac OS X 10_9_2) AppleWebKit/537.36 (KHTML, like Gecko) Chrome/36.0.1944.0 Safari/537.36"
34.77.162.7 - - [07/May/2021:20:35:30 +0600] "GET / HTTP/1.0" 200 2816 "-" "Expanse, a Palo Alto Networks company, searches across the global IPv4 space multiple times per day to identify customers' presences on the Internet. If you would like to be excluded from our scans, please send IP addresses/domains to: scaninfo@paloaltonetworks.com"
92.118.160.9 - - [08/May/2021:20:53:53 +0600] "GET / HTTP/1.0" 200 2816 "-" "NetSystemsResearch studies the availability of various services across the internet. Our website is netsystemsresearch.com"
192.151.156.189 - - [09/May/2021:20:46:24 +0600] "GET / HTTP/1.0" 200 2816 "http://www.google.com.hk" "Mozilla/5.0 (Windows NT 6.1; WOW64) AppleWebKit/537.36 (KHTML, like Gecko) Chrome/42.0.2311.90 Safari/537.36"
3.249.98.170 - - [10/May/2021:14:44:49 +0600] "GET /robots.txt HTTP/1.0" 200 2816 "-" "PleskBot"
3.249.98.170 - - [10/May/2021:14:45:00 +0600] "GET / HTTP/1.0" 200 2816 "-" "PleskBot"
18.197.125.181 - - [10/May/2021:19:50:10 +0600] "GET / HTTP/1.0" 200 2816 "-" "Mozilla/5.0 (Windows NT 5.1) AppleWebKit/537.36 (KHTML, like Gecko) Chrome/35.0.3319.102 Safari/537.36"
18.197.125.181 - - [10/May/2021:19:50:14 +0600] "GET /wp-login.php HTTP/1.0" 200 2816 "-" "Mozilla/5.0 (Windows NT 5.1) AppleWebKit/537.36 (KHTML, like Gecko) Chrome/35.0.3319.102 Safari/537.36"
18.197.125.181 - - [10/May/2021:19:50:17 +0600] "GET /wordpress/wp-login.php HTTP/1.0" 200 2816 "-" "Mozilla/5.0 (Windows NT 5.1) AppleWebKit/537.36 (KHTML, like Gecko) Chrome/35.0.3319.102 Safari/537.36"
18.197.125.181 - - [10/May/2021:19:50:21 +0600] "GET /blog/wp-login.php HTTP/1.0" 200 2816 "-" "Mozilla/5.0 (Windows NT 5.1) AppleWebKit/537.36 (KHTML, like Gecko) Chrome/35.0.3319.102 Safari/537.36"
18.197.125.181 - - [10/May/2021:19:50:21 +0600] "GET /wp/wp-login.php HTTP/1.0" 200 2816 "-" "Mozilla/5.0 (Windows NT 5.1) AppleWebKit/537.36 (KHTML, like Gecko) Chrome/35.0.3319.102 Safari/537.36"
34.77.162.7 - - [11/May/2021:06:57:44 +0600] "GET / HTTP/1.0" 200 2816 "-" "Expanse, a Palo Alto Networks company, searches across the global IPv4 space multiple times per day to identify customers' presences on the Internet. If you would like to be excluded from our scans, please send IP addresses/domains to: scaninfo@paloaltonetworks.com"
3.141.168.105 - - [12/May/2021:13:47:18 +0600] "GET / HTTP/1.0" 200 2816 "-" "Mozilla/5.0 (Windows NT 10.0; Win64; x64) AppleWebKit/537.36 (KHTML, like Gecko; compatible; BW/1.1; bit.ly/2W6Px8S) Chrome/84.0.4147.105 Safari/537.36"
3.141.168.105 - - [12/May/2021:13:47:19 +0600] "GET /robots.txt HTTP/1.0" 200 2816 "-" "Mozilla/5.0 (Windows NT 10.0; Win64; x64) AppleWebKit/537.36 (KHTML, like Gecko; compatible; BW/1.1; bit.ly/2W6Px8S) Chrome/84.0.4147.105 Safari/537.36"
5.255.231.140 - - [14/May/2021:03:32:46 +0600] "GET /robots.txt HTTP/1.0" 200 2816 "-" "Mozilla/5.0 (compatible; YandexBot/3.0; +http://yandex.com/bots)"
5.255.231.162 - - [14/May/2021:03:32:47 +0600] "GET /robots.txt HTTP/1.0" 200 2816 "-" "Mozilla/5.0 (compatible; YandexBot/3.0; +http://yandex.com/bots)"
5.255.231.140 - - [14/May/2021:03:32:50 +0600] "GET / HTTP/1.0" 200 2816 "-" "Mozilla/5.0 (compatible; YandexBot/3.0; +http://yandex.com/bots)"
5.255.231.162 - - [14/May/2021:03:32:50 +0600] "GET / HTTP/1.0" 200 2816 "-" "Mozilla/5.0 (compatible; YandexBot/3.0; +http://yandex.com/bots)"
34.96.130.6 - - [15/May/2021:12:59:17 +0600] "GET / HTTP/1.0" 200 2816 "-" "Expanse, a Palo Alto Networks company, searches across the global IPv4 space multiple times per day to identify customers' presences on the Internet. If you would like to be excluded from our scans, please send IP addresses/domains to: scaninfo@paloaltonetworks.com"
18.229.73.207 - - [17/May/2021:11:24:43 +0600] "GET / HTTP/1.0" 200 2816 "-" "Mozilla/5.0 (Windows NT 6.2) AppleWebKit/537.36 (KHTML, like Gecko) Chrome/28.0.1464.0 Safari/537.36"
18.229.73.207 - - [17/May/2021:11:24:45 +0600] "GET /wp-login.php HTTP/1.0" 200 2816 "-" "Mozilla/5.0 (Windows NT 6.2) AppleWebKit/537.36 (KHTML, like Gecko) Chrome/28.0.1464.0 Safari/537.36"
18.229.73.207 - - [17/May/2021:11:24:48 +0600] "GET /wordpress/wp-login.php HTTP/1.0" 200 2816 "-" "Mozilla/5.0 (Windows NT 6.2) AppleWebKit/537.36 (KHTML, like Gecko) Chrome/28.0.1464.0 Safari/537.36"
18.229.73.207 - - [17/May/2021:11:24:49 +0600] "GET /blog/wp-login.php HTTP/1.0" 200 2816 "-" "Mozilla/5.0 (Windows NT 6.2) AppleWebKit/537.36 (KHTML, like Gecko) Chrome/28.0.1464.0 Safari/537.36"
18.229.73.207 - - [17/May/2021:11:24:51 +0600] "GET /wp/wp-login.php HTTP/1.0" 200 2816 "-" "Mozilla/5.0 (Windows NT 6.2) AppleWebKit/537.36 (KHTML, like Gecko) Chrome/28.0.1464.0 Safari/537.36"
63.33.63.36 - - [18/May/2021:15:46:35 +0600] "GET /robots.txt HTTP/1.0" 200 2816 "-" "PleskBot"
63.33.63.36 - - [18/May/2021:15:46:45 +0600] "GET / HTTP/1.0" 200 2816 "-" "PleskBot"
51.158.127.119 - - [18/May/2021:23:13:10 +0600] "GET / HTTP/1.0" 200 2816 "-" "-"
34.96.130.18 - - [19/May/2021:06:17:40 +0600] "GET / HTTP/1.0" 200 2816 "-" "Expanse, a Palo Alto Networks company, searches across the global IPv4 space multiple times per day to identify customers' presences on the Internet. If you would like to be excluded from our scans, please send IP addresses/domains to: scaninfo@paloaltonetworks.com"
34.77.162.8 - - [21/May/2021:17:08:15 +0600] "GET / HTTP/1.0" 200 2816 "-" "Expanse, a Palo Alto Networks company, searches across the global IPv4 space multiple times per day to identify customers' presences on the Internet. If you would like to be excluded from our scans, please send IP addresses/domains to: scaninfo@paloaltonetworks.com"
35.180.147.121 - - [22/May/2021:10:57:45 +0600] "GET / HTTP/1.0" 200 2816 "-" "Mozilla/5.0 (Windows NT 6.1; WOW64) AppleWebKit/537.36 (KHTML, like Gecko) Chrome/31.0.1623.0 Safari/537.36"
35.180.147.121 - - [22/May/2021:10:57:46 +0600] "GET /wp-login.php HTTP/1.0" 200 2816 "-" "Mozilla/5.0 (Windows NT 6.1; WOW64) AppleWebKit/537.36 (KHTML, like Gecko) Chrome/31.0.1623.0 Safari/537.36"
35.180.147.121 - - [22/May/2021:10:57:46 +0600] "GET /wordpress/wp-login.php HTTP/1.0" 200 2816 "-" "Mozilla/5.0 (Windows NT 6.1; WOW64) AppleWebKit/537.36 (KHTML, like Gecko) Chrome/31.0.1623.0 Safari/537.36"
35.180.147.121 - - [22/May/2021:10:57:47 +0600] "GET /blog/wp-login.php HTTP/1.0" 200 2816 "-" "Mozilla/5.0 (Windows NT 6.1; WOW64) AppleWebKit/537.36 (KHTML, like Gecko) Chrome/31.0.1623.0 Safari/537.36"
35.180.147.121 - - [22/May/2021:10:57:47 +0600] "GET /wp/wp-login.php HTTP/1.0" 200 2816 "-" "Mozilla/5.0 (Windows NT 6.1; WOW64) AppleWebKit/537.36 (KHTML, like Gecko) Chrome/31.0.1623.0 Safari/537.36"
66.249.75.127 - - [22/May/2021:14:10:06 +0600] "GET /robots.txt HTTP/1.0" 200 2816 "-" "Mozilla/5.0 (compatible; Googlebot/2.1; +http://www.google.com/bot.html)"
66.249.75.96 - - [22/May/2021:14:10:10 +0600] "GET / HTTP/1.0" 200 2816 "-" "Mozilla/5.0 (Linux; Android 6.0.1; Nexus 5X Build/MMB29P) AppleWebKit/537.36 (KHTML, like Gecko) Chrome/90.0.4430.97 Mobile Safari/537.36 (compatible; Googlebot/2.1; +http://www.google.com/bot.html)"
5.255.231.85 - - [23/May/2021:00:34:39 +0600] "GET /robots.txt HTTP/1.0" 200 2816 "-" "Mozilla/5.0 (compatible; YandexBot/3.0; +http://yandex.com/bots)"
5.255.253.94 - - [23/May/2021:00:34:39 +0600] "GET /robots.txt HTTP/1.0" 200 2816 "-" "Mozilla/5.0 (compatible; YandexBot/3.0; +http://yandex.com/bots)"
141.8.142.79 - - [23/May/2021:00:34:43 +0600] "GET / HTTP/1.0" 200 2816 "-" "Mozilla/5.0 (compatible; YandexBot/3.0; +http://yandex.com/bots)"
5.255.231.155 - - [23/May/2021:00:34:43 +0600] "GET / HTTP/1.0" 200 2816 "-" "Mozilla/5.0 (compatible; YandexBot/3.0; +http://yandex.com/bots)"
192.151.156.188 - - [23/May/2021:15:05:57 +0600] "GET // HTTP/1.0" 200 2816 "http://www.google.com.hk" "Mozilla/5.0 (Windows NT 6.1; WOW64) AppleWebKit/537.36 (KHTML, like Gecko) Chrome/42.0.2311.90 Safari/537.36"
54.149.206.234 - - [24/May/2021:17:32:11 +0600] "GET / HTTP/1.0" 200 2816 "-" "colly - https://github.com/gocolly/colly/v2"
54.149.206.234 - - [24/May/2021:17:32:11 +0600] "GET /admin/login.php HTTP/1.0" 200 2816 "-" "colly - https://github.com/gocolly/colly/v2"
54.149.206.234 - - [24/May/2021:17:32:11 +0600] "GET /admin/login HTTP/1.0" 200 2816 "-" "colly - https://github.com/gocolly/colly/v2"
34.213.141.59 - - [24/May/2021:17:32:11 +0600] "GET / HTTP/1.0" 200 2816 "-" "Mozilla/5.0 (Windows NT 10.0; Win64; x64; rv:57.0) Gecko/20100101 Firefox/57.0"
54.149.206.234 - - [24/May/2021:17:32:12 +0600] "GET /admin/index.php HTTP/1.0" 200 2816 "-" "colly - https://github.com/gocolly/colly/v2"
54.149.206.234 - - [24/May/2021:17:32:12 +0600] "GET /HijaIyh_App/admin/login.php HTTP/1.0" 200 2816 "-" "colly - https://github.com/gocolly/colly/v2"
54.149.206.234 - - [24/May/2021:17:32:12 +0600] "GET /panel.php HTTP/1.0" 200 2816 "-" "colly - https://github.com/gocolly/colly/v2"
54.149.206.234 - - [24/May/2021:17:32:12 +0600] "GET /admin/ HTTP/1.0" 200 2816 "-" "colly - https://github.com/gocolly/colly/v2"
54.149.206.234 - - [24/May/2021:17:32:13 +0600] "GET /admin/auth.php HTTP/1.0" 200 2816 "-" "colly - https://github.com/gocolly/colly/v2"
34.213.141.59 - - [24/May/2021:17:32:13 +0600] "GET /src/assets/img/body__bg.png HTTP/1.0" 200 2816 "https://purchases.greenclinic.kz/src/assets/css/style.css" "Mozilla/5.0 (Windows NT 10.0; Win64; x64; rv:57.0) Gecko/20100101 Firefox/57.0"
54.149.206.234 - - [24/May/2021:17:32:13 +0600] "GET /access/ HTTP/1.0" 200 2816 "-" "colly - https://github.com/gocolly/colly/v2"
54.149.206.234 - - [24/May/2021:17:32:13 +0600] "GET /admin/?attempt=1 HTTP/1.0" 200 2816 "-" "colly - https://github.com/gocolly/colly/v2"
54.149.206.234 - - [24/May/2021:17:32:13 +0600] "GET /admin/dashboard.php HTTP/1.0" 200 2816 "-" "colly - https://github.com/gocolly/colly/v2"
54.149.206.234 - - [24/May/2021:17:32:14 +0600] "GET /panel/index.php HTTP/1.0" 200 2816 "-" "colly - https://github.com/gocolly/colly/v2"
54.149.206.234 - - [24/May/2021:17:32:14 +0600] "GET /adminnnnz/index.php HTTP/1.0" 200 2816 "-" "colly - https://github.com/gocolly/colly/v2"
179.43.169.181 - - [24/May/2021:17:32:46 +0600] "GET / HTTP/1.0" 200 2816 "-" "Mozilla/5.0 (X11; Linux i686; rv:10.0) Gecko/20100101 Firefox/10.0"
179.43.169.181 - - [24/May/2021:17:33:09 +0600] "GET / HTTP/1.0" 200 2816 "-" "Mozilla/5.0 (X11; Linux i686; rv:10.0) Gecko/20100101 Firefox/10.0"
52.40.234.105 - - [24/May/2021:17:33:20 +0600] "GET / HTTP/1.0" 200 2816 "-" "Mozilla/5.0 (X11; Linux x86_64) AppleWebKit/537.36 (KHTML, like Gecko) Chrome/80.0.3987.149 Safari/537.36"
52.40.234.105 - - [24/May/2021:17:33:21 +0600] "GET / HTTP/1.0" 200 2816 "-" "Mozilla/5.0 (X11; Linux x86_64) AppleWebKit/537.36 (KHTML, like Gecko) Chrome/80.0.3987.149 Safari/537.36"
179.43.169.181 - - [24/May/2021:17:34:15 +0600] "GET / HTTP/1.0" 200 2816 "-" "Mozilla/5.0 (X11; Linux i686; rv:10.0) Gecko/20100101 Firefox/10.0"
69.164.111.198 - - [24/May/2021:17:36:36 +0600] "GET / HTTP/1.0" 200 5058 "-" "Mozilla/5.0 (Windows NT 6.3; Trident/7.0; rv:11.0) like Gecko"
69.164.111.198 - - [24/May/2021:17:36:36 +0600] "GET / HTTP/1.0" 200 5058 "-" "Mozilla/5.0 (Windows NT 6.3; Trident/7.0; rv:11.0) like Gecko"
2a01:4f8:192:5414::2 - - [24/May/2021:18:37:38 +0600] "GET / HTTP/1.0" 200 2816 "-" "Mozilla/5.0 (Windows NT 10.0; Win64; x64) AppleWebKit/537.36 (KHTML, like Gecko) Chrome/89.0.4389.72 Safari/537.36"
2a01:4f8:192:5414::2 - - [24/May/2021:18:37:39 +0600] "GET /src/assets/img/body__bg.png HTTP/1.0" 200 2816 "https://purchases.greenclinic.kz/src/assets/css/style.css" "Mozilla/5.0 (Windows NT 10.0; Win64; x64) AppleWebKit/537.36 (KHTML, like Gecko) Chrome/89.0.4389.72 Safari/537.36"
52.40.234.105 - - [24/May/2021:18:38:41 +0600] "GET / HTTP/1.0" 200 2816 "-" "\"Mozilla/4.0 (compatible; MSIE 10.0; Windows NT 5.1; Trident/4.0; (R1 1.5); .NET CLR 1.1.4322; .NETCLR 2.0.50727)\""
52.40.234.105 - - [24/May/2021:18:38:43 +0600] "GET /src/assets/img/body__bg.png HTTP/1.0" 200 2816 "https://purchases.greenclinic.kz/src/assets/css/style.css" "\"Mozilla/4.0 (compatible; MSIE 10.0; Windows NT 5.1; Trident/4.0; (R1 1.5); .NET CLR 1.1.4322; .NETCLR 2.0.50727)\""
52.40.234.105 - - [24/May/2021:18:38:54 +0600] "GET / HTTP/1.0" 200 2816 "-" "Mozilla/4.0 (compatible; MSIE 10.0; Windows NT 5.1; Trident/4.0; (R1 1.5); .NET CLR 1.1.4322; .NET CLR 2.0.50727)"
52.40.234.105 - - [24/May/2021:18:38:56 +0600] "GET /src/assets/img/body__bg.png HTTP/1.0" 200 5058 "https://purchases.greenclinic.kz/" "Mozilla/4.0 (compatible; MSIE 10.0; Windows NT 5.1; Trident/4.0; (R1 1.5); .NET CLR 1.1.4322; .NET CLR 2.0.50727)"
52.40.234.105 - - [24/May/2021:18:38:59 +0600] "GET / HTTP/1.0" 200 5058 "-" "python-requests/2.25.1"
52.40.234.105 - - [24/May/2021:18:40:36 +0600] "GET / HTTP/1.0" 200 2816 "-" "\"Mozilla/4.0 (compatible; MSIE 10.0; Windows NT 5.1; Trident/4.0; (R1 1.5); .NET CLR 1.1.4322; .NETCLR 2.0.50727)\""
52.40.234.105 - - [24/May/2021:18:40:38 +0600] "GET /src/assets/img/body__bg.png HTTP/1.0" 200 2816 "https://purchases.greenclinic.kz/src/assets/css/style.css" "\"Mozilla/4.0 (compatible; MSIE 10.0; Windows NT 5.1; Trident/4.0; (R1 1.5); .NET CLR 1.1.4322; .NETCLR 2.0.50727)\""
52.40.234.105 - - [24/May/2021:18:40:45 +0600] "GET / HTTP/1.0" 200 2816 "-" "Mozilla/4.0 (compatible; MSIE 10.0; Windows NT 5.1; Trident/4.0; (R1 1.5); .NET CLR 1.1.4322; .NET CLR 2.0.50727)"
52.40.234.105 - - [24/May/2021:18:40:47 +0600] "GET /src/assets/img/body__bg.png HTTP/1.0" 200 2816 "https://purchases.greenclinic.kz/" "Mozilla/4.0 (compatible; MSIE 10.0; Windows NT 5.1; Trident/4.0; (R1 1.5); .NET CLR 1.1.4322; .NET CLR 2.0.50727)"
52.40.234.105 - - [24/May/2021:18:40:50 +0600] "GET / HTTP/1.0" 200 2816 "-" "python-requests/2.25.1"
69.25.58.56 - - [24/May/2021:18:43:12 +0600] "GET / HTTP/1.0" 200 2816 "-" "Mozilla/5.0 (Windows NT 10.0; WOW64) AppleWebKit/537.36 (KHTML, like Gecko) Chrome/67.0.3396.79 Safari/537.16"
69.25.58.56 - - [24/May/2021:18:43:14 +0600] "GET /src/assets/img/body__bg.png HTTP/1.0" 200 2816 "https://purchases.greenclinic.kz/src/assets/css/style.css" "Mozilla/5.0 (Windows NT 10.0; WOW64) AppleWebKit/537.36 (KHTML, like Gecko) Chrome/67.0.3396.79 Safari/537.16"
87.115.231.170 - - [24/May/2021:18:46:43 +0600] "GET / HTTP/1.0" 200 2816 "https://purchases.greenclinic.kz/" "Mozilla/5.0 (Linux; Android 7.1.1; Android SDK built for x86 Build/NYC) AppleWebKit/537.36 (KHTML, like Gecko) Chrome/55.0.2883.91 Mobile Safari/537.36"
38.101.74.25 - - [24/May/2021:18:46:44 +0600] "GET / HTTP/1.0" 200 2816 "https://purchases.greenclinic.kz/" "Mozilla/5.0 (Windows NT 10.0; Win64; x64) AppleWebKit/537.36 (KHTML, like Gecko) Chrome/90.0.4430.93 Safari/537.36"
5.62.56.185 - - [24/May/2021:18:46:44 +0600] "GET / HTTP/1.0" 200 2816 "https://purchases.greenclinic.kz/" "Mozilla/5.0 (Windows NT 10.0; Win64; x64) AppleWebKit/537.36 (KHTML, like Gecko) Chrome/90.0.4430.93 Safari/537.36 Edg/90.0.818.56"
2602:fea7:10:10:8000::59 - - [24/May/2021:18:46:47 +0600] "GET / HTTP/1.0" 200 2816 "https://purchases.greenclinic.kz/" "Mozilla/5.0 (Linux; Android 7.1.1; Android SDK built for x86 Build/NYC) AppleWebKit/537.36 (KHTML, like Gecko) Chrome/55.0.2883.91 Mobile Safari/537.36"
212.83.164.200 - - [24/May/2021:18:46:47 +0600] "GET / HTTP/1.0" 200 2816 "https://purchases.greenclinic.kz/" "Mozilla/5.0 (iPhone; CPU iPhone OS 13_7 like Mac OS X) AppleWebKit/605.1.15 (KHTML, like Gecko) Version/13.1.2 Mobile/15E148 Safari/604.1"
13.115.172.93 - - [24/May/2021:18:53:46 +0600] "HEAD / HTTP/1.0" 200 137 "-" "Mozilla/5.0 (iPhone; CPU iPhone OS 14_2 like Mac OS X) AppleWebKit/605.1.15 (KHTML, like Gecko) CriOS/83.0.4103.88 Mobile/15E148 Safari/604.1"
13.115.172.93 - - [24/May/2021:18:53:47 +0600] "GET / HTTP/1.0" 200 2816 "-" "Mozilla/5.0 (iPhone; CPU iPhone OS 14_2 like Mac OS X) AppleWebKit/605.1.15 (KHTML, like Gecko) CriOS/83.0.4103.88 Mobile/15E148 Safari/604.1"
69.4.89.106 - - [24/May/2021:20:24:26 +0600] "GET / HTTP/1.0" 200 2816 "-" "Mozilla/5.0 (Macintosh; Intel Mac OS X 10.13; rv:58.0) Gecko/20100101 Firefox/58.0"
93.119.227.91 - - [24/May/2021:20:34:15 +0600] "GET / HTTP/1.0" 200 2816 "-" "Mozilla/5.0 (Windows NT 10.0; Win64; x64) AppleWebKit/537.36 (KHTML, like Gecko) Chrome/58.0.3029.110 Safari/537.36 Edge/16.16299"
69.4.87.74 - - [24/May/2021:21:00:27 +0600] "GET / HTTP/1.0" 200 2816 "-" "Mozilla/5.0 (Macintosh; Intel Mac OS X 10.13; rv:58.0) Gecko/20100101 Firefox/58.0"
93.119.227.19 - - [24/May/2021:21:07:00 +0600] "GET / HTTP/1.0" 200 2816 "-" "Mozilla/5.0 (Windows NT 10.0; Win64; x64) AppleWebKit/537.36 (KHTML, like Gecko) Chrome/58.0.3029.110 Safari/537.36 Edge/16.16299"
54.221.27.173 - - [24/May/2021:23:55:39 +0600] "GET / HTTP/1.0" 200 2816 "http://purchases.greenclinic.kz" "Mozilla/5.0 (Windows NT 10.0; Win64; x64) AppleWebKit/537.36 (KHTML, like Gecko) Chrome/88.0.4324.150 Safari/537.36"
65.155.30.101 - - [25/May/2021:00:49:55 +0600] "GET / HTTP/1.0" 200 2816 "-" "Mozilla/5.0 (Windows NT 10.0; Win64; x64) AppleWebKit/537.36 (KHTML, like Gecko) Chrome/76.0.3809.71 Safari/537.36"
65.155.30.101 - - [25/May/2021:00:49:56 +0600] "GET /src/assets/img/body__bg.png HTTP/1.0" 200 2816 "https://purchases.greenclinic.kz/src/assets/css/style.css" "Mozilla/5.0 (Windows NT 10.0; Win64; x64) AppleWebKit/537.36 (KHTML, like Gecko) Chrome/76.0.3809.71 Safari/537.36"
34.251.241.226 - - [25/May/2021:11:42:38 +0600] "GET / HTTP/1.0" 200 2816 "-" "Mozilla/5.0 (Windows NT 5.1) AppleWebKit/537.36 (KHTML, like Gecko) Chrome/35.0.2117.157 Safari/537.36"
34.251.241.226 - - [25/May/2021:11:42:39 +0600] "GET /wp-login.php HTTP/1.0" 200 2816 "-" "Mozilla/5.0 (Windows NT 5.1) AppleWebKit/537.36 (KHTML, like Gecko) Chrome/35.0.2117.157 Safari/537.36"
34.251.241.226 - - [25/May/2021:11:42:39 +0600] "GET /wordpress/wp-login.php HTTP/1.0" 200 2816 "-" "Mozilla/5.0 (Windows NT 5.1) AppleWebKit/537.36 (KHTML, like Gecko) Chrome/35.0.2117.157 Safari/537.36"
34.251.241.226 - - [25/May/2021:11:42:40 +0600] "GET /blog/wp-login.php HTTP/1.0" 200 2816 "-" "Mozilla/5.0 (Windows NT 5.1) AppleWebKit/537.36 (KHTML, like Gecko) Chrome/35.0.2117.157 Safari/537.36"
34.251.241.226 - - [25/May/2021:11:42:41 +0600] "GET /wp/wp-login.php HTTP/1.0" 200 2816 "-" "Mozilla/5.0 (Windows NT 5.1) AppleWebKit/537.36 (KHTML, like Gecko) Chrome/35.0.2117.157 Safari/537.36"
34.77.162.4 - - [25/May/2021:15:54:17 +0600] "GET / HTTP/1.0" 200 2816 "-" "Expanse, a Palo Alto Networks company, searches across the global IPv4 space multiple times per day to identify customers' presences on the Internet. If you would like to be excluded from our scans, please send IP addresses/domains to: scaninfo@paloaltonetworks.com"
66.249.75.127 - - [26/May/2021:01:46:34 +0600] "GET /robots.txt HTTP/1.0" 200 2816 "-" "Mozilla/5.0 (compatible; Googlebot/2.1; +http://www.google.com/bot.html)"
54.246.252.83 - - [27/May/2021:07:21:18 +0600] "GET /robots.txt HTTP/1.0" 200 2816 "-" "PleskBot"
54.246.252.83 - - [27/May/2021:07:21:18 +0600] "GET / HTTP/1.0" 200 2816 "-" "PleskBot"
13.58.56.77 - - [27/May/2021:16:26:28 +0600] "GET / HTTP/1.0" 200 2816 "-" "Mozilla/5.0 (Macintosh; Intel Mac OS X 10_9_2) AppleWebKit/537.36 (KHTML, like Gecko) Chrome/36.0.1944.0 Safari/537.36"
13.58.56.77 - - [27/May/2021:16:26:32 +0600] "GET /wp-login.php HTTP/1.0" 200 2816 "-" "Mozilla/5.0 (Macintosh; Intel Mac OS X 10_9_2) AppleWebKit/537.36 (KHTML, like Gecko) Chrome/36.0.1944.0 Safari/537.36"
13.58.56.77 - - [27/May/2021:16:26:39 +0600] "GET /wordpress/wp-login.php HTTP/1.0" 200 2816 "-" "Mozilla/5.0 (Macintosh; Intel Mac OS X 10_9_2) AppleWebKit/537.36 (KHTML, like Gecko) Chrome/36.0.1944.0 Safari/537.36"
13.58.56.77 - - [27/May/2021:16:26:47 +0600] "GET /blog/wp-login.php HTTP/1.0" 200 2816 "-" "Mozilla/5.0 (Macintosh; Intel Mac OS X 10_9_2) AppleWebKit/537.36 (KHTML, like Gecko) Chrome/36.0.1944.0 Safari/537.36"
13.58.56.77 - - [27/May/2021:16:26:55 +0600] "GET /wp/wp-login.php HTTP/1.0" 200 2816 "-" "Mozilla/5.0 (Macintosh; Intel Mac OS X 10_9_2) AppleWebKit/537.36 (KHTML, like Gecko) Chrome/36.0.1944.0 Safari/537.36"
5.45.207.131 - - [27/May/2021:23:34:34 +0600] "GET /robots.txt HTTP/1.0" 200 5058 "-" "Mozilla/5.0 (compatible; YandexBot/3.0; +http://yandex.com/bots)"
5.255.231.160 - - [27/May/2021:23:34:34 +0600] "GET /robots.txt HTTP/1.0" 200 2816 "-" "Mozilla/5.0 (compatible; YandexBot/3.0; +http://yandex.com/bots)"
213.180.203.37 - - [27/May/2021:23:34:38 +0600] "GET / HTTP/1.0" 200 2816 "-" "Mozilla/5.0 (compatible; YandexBot/3.0; +http://yandex.com/bots)"
5.255.253.159 - - [27/May/2021:23:34:40 +0600] "GET / HTTP/1.0" 200 2816 "-" "Mozilla/5.0 (compatible; YandexBot/3.0; +http://yandex.com/bots)"
34.86.35.32 - - [28/May/2021:06:34:02 +0600] "GET / HTTP/1.0" 200 2816 "-" "Expanse, a Palo Alto Networks company, searches across the global IPv4 space multiple times per day to identify customers' presences on the Internet. If you would like to be excluded from our scans, please send IP addresses/domains to: scaninfo@paloaltonetworks.com"
5.255.253.74 - - [28/May/2021:19:10:17 +0600] "GET /robots.txt HTTP/1.0" 200 2816 "-" "Mozilla/5.0 (compatible; YandexBot/3.0; +http://yandex.com/bots)"
5.255.253.107 - - [28/May/2021:19:10:21 +0600] "GET / HTTP/1.0" 200 2816 "-" "Mozilla/5.0 (compatible; YandexBot/3.0; +http://yandex.com/bots)"
104.131.26.31 - - [28/May/2021:22:00:40 +0600] "GET / HTTP/1.0" 200 2816 "-" "got (https://github.com/sindresorhus/got)"
141.8.142.65 - - [29/May/2021:07:27:09 +0600] "GET /robots.txt HTTP/1.0" 200 2816 "-" "Mozilla/5.0 (compatible; YandexBot/3.0; +http://yandex.com/bots)"
66.249.75.109 - - [29/May/2021:09:31:30 +0600] "GET /robots.txt HTTP/1.0" 200 2816 "-" "Mozilla/5.0 (compatible; Googlebot/2.1; +http://www.google.com/bot.html)"
143.110.226.199 - - [29/May/2021:18:36:57 +0600] "GET / HTTP/1.0" 200 2816 "-" "Mozilla/5.0 (Windows NT 10.0; Win64; x64) AppleWebKit/537.36 (KHTML, like Gecko) Chrome/90.0.4430.93 Safari/537.36"
143.110.226.199 - - [29/May/2021:18:36:58 +0600] "GET /src/assets/img/body__bg.png HTTP/1.0" 200 2816 "https://purchases.greenclinic.kz/src/assets/css/style.css" "Mozilla/5.0 (Windows NT 10.0; Win64; x64) AppleWebKit/537.36 (KHTML, like Gecko) Chrome/90.0.4430.93 Safari/537.36"
143.110.226.199 - - [29/May/2021:18:37:04 +0600] "GET /src/assets/fonts/Montserrat-Regular.woff HTTP/1.0" 200 2816 "https://purchases.greenclinic.kz/src/assets/css/style.css" "Mozilla/5.0 (Windows NT 10.0; Win64; x64) AppleWebKit/537.36 (KHTML, like Gecko) Chrome/90.0.4430.93 Safari/537.36"
143.110.226.199 - - [29/May/2021:18:37:04 +0600] "GET /src/assets/fonts/Montserrat-Regular.ttf HTTP/1.0" 200 2816 "https://purchases.greenclinic.kz/src/assets/css/style.css" "Mozilla/5.0 (Windows NT 10.0; Win64; x64) AppleWebKit/537.36 (KHTML, like Gecko) Chrome/90.0.4430.93 Safari/537.36"
18.231.94.162 - - [30/May/2021:10:45:38 +0600] "GET / HTTP/1.0" 200 2816 "-" "Mozilla/5.0 (Windows NT 6.1; WOW64) AppleWebKit/537.36 (KHTML, like Gecko) Chrome/36.0.1985.67 Safari/537.36"
18.231.94.162 - - [30/May/2021:10:45:40 +0600] "GET /wp-login.php HTTP/1.0" 200 2816 "-" "Mozilla/5.0 (Windows NT 6.1; WOW64) AppleWebKit/537.36 (KHTML, like Gecko) Chrome/36.0.1985.67 Safari/537.36"
